The Swift Package Index logo.Swift Package Index

Build Information

Failed to build GoogleUtilities, reference 8.1.5 (5459ee), with Swift 6.3 for Linux on 15 Oct 2026 21:02:17 UTC.

Build Command

bash -c docker run --pull=always --rm -v "checkouts-53886770-0":/host -w "$PWD" -e JAVA_HOME="/root/.sdkman/candidates/java/current" -e SPI_BUILD="1" -e SPI_PROCESSING="1" registry.gitlab.com/saguaro1/spi-images:linux-6.3-latest swift build --triple x86_64-unknown-linux-gnu 2>&1

Build Log

========================================
RunAll
========================================
Builder version: 5.1.3
Interrupt handler set up.
========================================
Checkout
========================================
Clone URL: https://github.com/google/GoogleUtilities.git
Reference: 8.1.5
Initialized empty Git repository in /host/spi-builder-workspace/.git/
hint: Using 'master' as the name for the initial branch. This default branch name
hint: is subject to change. To configure the initial branch name to use in all
hint: of your new repositories, which will suppress this warning, call:
hint:
hint: 	git config --global init.defaultBranch <name>
hint:
hint: Names commonly chosen instead of 'master' are 'main', 'trunk' and
hint: 'development'. The just-created branch can be renamed via this command:
hint:
hint: 	git branch -m <name>
From https://github.com/google/GoogleUtilities
 * tag               8.1.5      -> FETCH_HEAD
HEAD is now at 5459ee5 chore: prep 815 release (#256)
Cloned https://github.com/google/GoogleUtilities.git
Revision (git rev-parse @):
5459ee5603def3db0fe14ca522185f42c48d978e
SUCCESS checkout https://github.com/google/GoogleUtilities.git at 8.1.5
========================================
Build
========================================
Selected platform:         linux
Swift version:             6.3
Building package at path:  $PWD
https://github.com/google/GoogleUtilities.git
Running build ...
bash -c docker run --pull=always --rm -v "checkouts-53886770-0":/host -w "$PWD" -e JAVA_HOME="/root/.sdkman/candidates/java/current" -e SPI_BUILD="1" -e SPI_PROCESSING="1" registry.gitlab.com/saguaro1/spi-images:linux-6.3-latest swift build --triple x86_64-unknown-linux-gnu 2>&1
linux-6.3-latest: Pulling from saguaro1/spi-images
Digest: sha256:1b75f3338690e1611bd07d393b988f1cb6c72bd2655b61306c710afc67bb9c44
Status: Image is up to date for registry.gitlab.com/saguaro1/spi-images:linux-6.3-latest
warning: 'spi-builder-workspace': ignoring target 'objc-import-test' in package 'spi-builder-workspace'; C language in tests is not yet supported
warning: 'spi-builder-workspace': ignoring target 'UtilitiesUnit' in package 'spi-builder-workspace'; C language in tests is not yet supported
Building for debugging...
In file included from /host/spi-builder-workspace/GoogleUtilities/SwizzlerTestHelpers/GULRuntimeStateHelper.m:15:
/host/spi-builder-workspace/GoogleUtilities/SwizzlerTestHelpers/GULRuntimeStateHelper.h:17:9: fatal error: 'Foundation/Foundation.h' file not found
   17 | #import <Foundation/Foundation.h>
      |         ^~~~~~~~~~~~~~~~~~~~~~~~~
1 error generated.
[0/39] Compiling GoogleUtilities-SwizzlerTestHelpers GULRuntimeStateHelper.m
[0/39] Compiling third-party-IsAppEncrypted IsAppEncrypted.m
In file included from /host/spi-builder-workspace/GoogleUtilities/SwizzlerTestHelpers/GULRuntimeSnapshot.m:15:
/host/spi-builder-workspace/GoogleUtilities/SwizzlerTestHelpers/GULRuntimeSnapshot.h:17:9: fatal error: 'Foundation/Foundation.h' file not found
   17 | #import <Foundation/Foundation.h>
      |         ^~~~~~~~~~~~~~~~~~~~~~~~~
[0/39] Compiling GoogleUtilities-SwizzlerTestHelpers GULRuntimeSnapshot.m
In file included from /host/spi-builder-workspace/GoogleUtilities/SwizzlerTestHelpers/GULSwizzlingCache.m:15:
/host/spi-builder-workspace/GoogleUtilities/SwizzlerTestHelpers/GULSwizzlingCache.h:17:9: fatal error: 'Foundation/Foundation.h' file not found
   17 | #import <Foundation/Foundation.h>
      |         ^~~~~~~~~~~~~~~~~~~~~~~~~
[0/39] Compiling GoogleUtilities-SwizzlerTestHelpers GULSwizzlingCache.m
In file included from /host/spi-builder-workspace/GoogleUtilities/SwizzlerTestHelpers/GULRuntimeClassSnapshot.m:15:
/host/spi-builder-workspace/GoogleUtilities/SwizzlerTestHelpers/GULRuntimeClassSnapshot.h:17:9: fatal error: 'Foundation/Foundation.h' file not found
   17 | #import <Foundation/Foundation.h>
      |         ^~~~~~~~~~~~~~~~~~~~~~~~~
[0/39] Compiling GoogleUtilities-SwizzlerTestHelpers GULRuntimeClassSnapshot.m
In file included from /host/spi-builder-workspace/GoogleUtilities/SwizzlerTestHelpers/GULRuntimeClassDiff.m:15:
/host/spi-builder-workspace/GoogleUtilities/SwizzlerTestHelpers/GULRuntimeClassDiff.h:17:9: fatal error: 'Foundation/Foundation.h' file not found
   17 | #import <Foundation/Foundation.h>
      |         ^~~~~~~~~~~~~~~~~~~~~~~~~
[0/39] Compiling GoogleUtilities-SwizzlerTestHelpers GULRuntimeClassDiff.m
In file included from /host/spi-builder-workspace/GoogleUtilities/SwizzlerTestHelpers/GULSwizzler+Unswizzle.m:15:
/host/spi-builder-workspace/GoogleUtilities/MethodSwizzler/Public/GoogleUtilities/GULSwizzler.h:17:9: fatal error: 'Foundation/Foundation.h' file not found
   17 | #import <Foundation/Foundation.h>
      |         ^~~~~~~~~~~~~~~~~~~~~~~~~
[0/39] Compiling GoogleUtilities-SwizzlerTestHelpers GULSwizzler+Unswizzle.m
[0/39] Compiling GoogleUtilities-SwizzlerTestHelpers GULRuntimeDiff.m
BUILD FAILURE 6.3 linux