Build Information
Failed to build SwiftBeanCountSheetSync, reference v1.1.1 (7cd150), with Swift 6.4 for watchOS using Xcode 27.0 on 23 Sep 2026 09:46:21 UTC.
Build Command
env DEVELOPER_DIR=/Applications/Xcode-27.0.0-Release.Candidate.app xcrun xcodebuild -IDEClonedSourcePackagesDirPathOverride=$PWD/.dependencies -skipMacroValidation -skipPackagePluginValidation -derivedDataPath $PWD/.derivedData build -scheme SwiftBeanCountSheetSync -destination generic/platform=watchOSBuild Log
Ld /Users/admin/builder/spi-builder-workspace/.derivedData/Build/Intermediates.noindex/SwiftBeanCountModel.build/Debug-watchos/SwiftBeanCountModel-t.build/Objects-normal/arm64_32/Binary/SwiftBeanCountModel.o normal arm64_32 (in target 'SwiftBeanCountModel' from project 'SwiftBeanCountModel')
cd /Users/admin/builder/spi-builder-workspace/.dependencies/checkouts/SwiftBeanCountModel
/Applications/Xcode-27.0.0-Release.Candidate.app/Contents/Developer/Toolchains/XcodeDefault.xctoolchain/usr/bin/clang -Xlinker -reproducible -target arm64_32-apple-watchos9.0 -r -isysroot /Applications/Xcode-27.0.0-Release.Candidate.app/Contents/Developer/Platforms/WatchOS.platform/Developer/SDKs/WatchOS27.0.sdk -O0 -w -Xlinker -no_warn_duplicate_libraries -F/Users/admin/builder/spi-builder-workspace/.derivedData/Build/Intermediates.noindex/EagerLinkingTBDs/Debug-watchos -F/Users/admin/builder/spi-builder-workspace/.derivedData/Build/Products/Debug-watchos -iframework /Applications/Xcode-27.0.0-Release.Candidate.app/Contents/Developer/Platforms/WatchOS.platform/Developer/Library/Frameworks -iframework /Applications/Xcode-27.0.0-Release.Candidate.app/Contents/Developer/Platforms/WatchOS.platform/Developer/SDKs/WatchOS27.0.sdk/Developer/Library/Frameworks -filelist /Users/admin/builder/spi-builder-workspace/.derivedData/Build/Intermediates.noindex/SwiftBeanCountModel.build/Debug-watchos/SwiftBeanCountModel-t.build/Objects-normal/arm64_32/SwiftBeanCountModel.LinkFileList -nostdlib -Xlinker -object_path_lto -Xlinker /Users/admin/builder/spi-builder-workspace/.derivedData/Build/Intermediates.noindex/SwiftBeanCountModel.build/Debug-watchos/SwiftBeanCountModel-t.build/Objects-normal/arm64_32/SwiftBeanCountModel_lto.o -Xlinker -no_deduplicate -Xlinker -debug_variant -Xlinker -dependency_info -Xlinker /Users/admin/builder/spi-builder-workspace/.derivedData/Build/Intermediates.noindex/SwiftBeanCountModel.build/Debug-watchos/SwiftBeanCountModel-t.build/Objects-normal/arm64_32/SwiftBeanCountModel_dependency_info.dat -fobjc-link-runtime -L/Applications/Xcode-27.0.0-Release.Candidate.app/Contents/Developer/Toolchains/XcodeDefault.xctoolchain/usr/lib/swift/watchos -L/usr/lib/swift -Xlinker -add_ast_path -Xlinker /Users/admin/builder/spi-builder-workspace/.derivedData/Build/Intermediates.noindex/SwiftBeanCountModel.build/Debug-watchos/SwiftBeanCountModel-t.build/Objects-normal/arm64_32/SwiftBeanCountModel.swiftmodule -o /Users/admin/builder/spi-builder-workspace/.derivedData/Build/Intermediates.noindex/SwiftBeanCountModel.build/Debug-watchos/SwiftBeanCountModel-t.build/Objects-normal/arm64_32/Binary/SwiftBeanCountModel.o
CreateUniversalBinary /Users/admin/builder/spi-builder-workspace/.derivedData/Build/Products/Debug-watchos/SwiftBeanCountParserUtils.o normal arm64\ arm64_32 (in target 'SwiftBeanCountParserUtils' from project 'SwiftBeanCountParserUtils')
cd /Users/admin/builder/spi-builder-workspace/.dependencies/checkouts/SwiftBeanCountParserUtils
/Applications/Xcode-27.0.0-Release.Candidate.app/Contents/Developer/Toolchains/XcodeDefault.xctoolchain/usr/bin/lipo -create /Users/admin/builder/spi-builder-workspace/.derivedData/Build/Intermediates.noindex/SwiftBeanCountParserUtils.build/Debug-watchos/SwiftBeanCountParserUtils-t.build/Objects-normal/arm64/Binary/SwiftBeanCountParserUtils.o /Users/admin/builder/spi-builder-workspace/.derivedData/Build/Intermediates.noindex/SwiftBeanCountParserUtils.build/Debug-watchos/SwiftBeanCountParserUtils-t.build/Objects-normal/arm64_32/Binary/SwiftBeanCountParserUtils.o -output /Users/admin/builder/spi-builder-workspace/.derivedData/Build/Products/Debug-watchos/SwiftBeanCountParserUtils.o
Ld /Users/admin/builder/spi-builder-workspace/.derivedData/Build/Intermediates.noindex/SwiftBeanCountModel.build/Debug-watchos/SwiftBeanCountModel-t.build/Objects-normal/arm64/Binary/SwiftBeanCountModel.o normal arm64 (in target 'SwiftBeanCountModel' from project 'SwiftBeanCountModel')
cd /Users/admin/builder/spi-builder-workspace/.dependencies/checkouts/SwiftBeanCountModel
/Applications/Xcode-27.0.0-Release.Candidate.app/Contents/Developer/Toolchains/XcodeDefault.xctoolchain/usr/bin/clang -Xlinker -reproducible -target arm64-apple-watchos9.0 -r -isysroot /Applications/Xcode-27.0.0-Release.Candidate.app/Contents/Developer/Platforms/WatchOS.platform/Developer/SDKs/WatchOS27.0.sdk -O0 -w -Xlinker -no_warn_duplicate_libraries -F/Users/admin/builder/spi-builder-workspace/.derivedData/Build/Intermediates.noindex/EagerLinkingTBDs/Debug-watchos -F/Users/admin/builder/spi-builder-workspace/.derivedData/Build/Products/Debug-watchos -iframework /Applications/Xcode-27.0.0-Release.Candidate.app/Contents/Developer/Platforms/WatchOS.platform/Developer/Library/Frameworks -iframework /Applications/Xcode-27.0.0-Release.Candidate.app/Contents/Developer/Platforms/WatchOS.platform/Developer/SDKs/WatchOS27.0.sdk/Developer/Library/Frameworks -filelist /Users/admin/builder/spi-builder-workspace/.derivedData/Build/Intermediates.noindex/SwiftBeanCountModel.build/Debug-watchos/SwiftBeanCountModel-t.build/Objects-normal/arm64/SwiftBeanCountModel.LinkFileList -nostdlib -Xlinker -object_path_lto -Xlinker /Users/admin/builder/spi-builder-workspace/.derivedData/Build/Intermediates.noindex/SwiftBeanCountModel.build/Debug-watchos/SwiftBeanCountModel-t.build/Objects-normal/arm64/SwiftBeanCountModel_lto.o -Xlinker -no_deduplicate -Xlinker -debug_variant -Xlinker -dependency_info -Xlinker /Users/admin/builder/spi-builder-workspace/.derivedData/Build/Intermediates.noindex/SwiftBeanCountModel.build/Debug-watchos/SwiftBeanCountModel-t.build/Objects-normal/arm64/SwiftBeanCountModel_dependency_info.dat -fobjc-link-runtime -L/Applications/Xcode-27.0.0-Release.Candidate.app/Contents/Developer/Toolchains/XcodeDefault.xctoolchain/usr/lib/swift/watchos -L/usr/lib/swift -Xlinker -add_ast_path -Xlinker /Users/admin/builder/spi-builder-workspace/.derivedData/Build/Intermediates.noindex/SwiftBeanCountModel.build/Debug-watchos/SwiftBeanCountModel-t.build/Objects-normal/arm64/SwiftBeanCountModel.swiftmodule -o /Users/admin/builder/spi-builder-workspace/.derivedData/Build/Intermediates.noindex/SwiftBeanCountModel.build/Debug-watchos/SwiftBeanCountModel-t.build/Objects-normal/arm64/Binary/SwiftBeanCountModel.o
CreateUniversalBinary /Users/admin/builder/spi-builder-workspace/.derivedData/Build/Products/Debug-watchos/SwiftBeanCountModel.o normal arm64\ arm64_32 (in target 'SwiftBeanCountModel' from project 'SwiftBeanCountModel')
cd /Users/admin/builder/spi-builder-workspace/.dependencies/checkouts/SwiftBeanCountModel
/Applications/Xcode-27.0.0-Release.Candidate.app/Contents/Developer/Toolchains/XcodeDefault.xctoolchain/usr/bin/lipo -create /Users/admin/builder/spi-builder-workspace/.derivedData/Build/Intermediates.noindex/SwiftBeanCountModel.build/Debug-watchos/SwiftBeanCountModel-t.build/Objects-normal/arm64/Binary/SwiftBeanCountModel.o /Users/admin/builder/spi-builder-workspace/.derivedData/Build/Intermediates.noindex/SwiftBeanCountModel.build/Debug-watchos/SwiftBeanCountModel-t.build/Objects-normal/arm64_32/Binary/SwiftBeanCountModel.o -output /Users/admin/builder/spi-builder-workspace/.derivedData/Build/Products/Debug-watchos/SwiftBeanCountModel.o
SwiftDriverJobDiscovery normal arm64 Compiling OAuthSwiftURLHandlerProxy.swift, OAuthWebViewController.swift, SFAuthenticationURLHandler.swift (in target 'OAuthSwift' from project 'OAuthSwift')
ExtractAppIntentsMetadata (in target 'SwiftBeanCountParserUtils' from project 'SwiftBeanCountParserUtils')
cd /Users/admin/builder/spi-builder-workspace/.dependencies/checkouts/SwiftBeanCountParserUtils
/Applications/Xcode-27.0.0-Release.Candidate.app/Contents/Developer/Toolchains/XcodeDefault.xctoolchain/usr/bin/appintentsmetadataprocessor --toolchain-dir /var/run/com.apple.security.cryptexd/mnt/com.apple.MobileAsset.MetalToolchain-v27.1.266.1.Xz6cOE/Metal.xctoolchain --module-name SwiftBeanCountParserUtils --sdk-root /Applications/Xcode-27.0.0-Release.Candidate.app/Contents/Developer/Platforms/WatchOS.platform/Developer/SDKs/WatchOS27.0.sdk --xcode-version 27A266a --platform-family watchOS --deployment-target 9.0 --bundle-identifier swiftbeancountparserutils.SwiftBeanCountParserUtils --output /Users/admin/builder/spi-builder-workspace/.derivedData/Build/Products/Debug-watchos/SwiftBeanCountParserUtils.appintents --target-triple arm64-apple-watchos9.0 --target-triple arm64_32-apple-watchos9.0 --binary-file /Users/admin/builder/spi-builder-workspace/.derivedData/Build/Products/Debug-watchos/SwiftBeanCountParserUtils.o --dependency-file /Users/admin/builder/spi-builder-workspace/.derivedData/Build/Intermediates.noindex/SwiftBeanCountParserUtils.build/Debug-watchos/SwiftBeanCountParserUtils-t.build/Objects-normal/arm64/SwiftBeanCountParserUtils_dependency_info.dat --dependency-file /Users/admin/builder/spi-builder-workspace/.derivedData/Build/Intermediates.noindex/SwiftBeanCountParserUtils.build/Debug-watchos/SwiftBeanCountParserUtils-t.build/Objects-normal/arm64_32/SwiftBeanCountParserUtils_dependency_info.dat --stringsdata-file /Users/admin/builder/spi-builder-workspace/.derivedData/Build/Intermediates.noindex/SwiftBeanCountParserUtils.build/Debug-watchos/SwiftBeanCountParserUtils-t.build/Objects-normal/arm64/ExtractedAppShortcutsMetadata.stringsdata --stringsdata-file /Users/admin/builder/spi-builder-workspace/.derivedData/Build/Intermediates.noindex/SwiftBeanCountParserUtils.build/Debug-watchos/SwiftBeanCountParserUtils-t.build/Objects-normal/arm64_32/ExtractedAppShortcutsMetadata.stringsdata --source-file-list /Users/admin/builder/spi-builder-workspace/.derivedData/Build/Intermediates.noindex/SwiftBeanCountParserUtils.build/Debug-watchos/SwiftBeanCountParserUtils-t.build/Objects-normal/arm64/SwiftBeanCountParserUtils.SwiftFileList --source-file-list /Users/admin/builder/spi-builder-workspace/.derivedData/Build/Intermediates.noindex/SwiftBeanCountParserUtils.build/Debug-watchos/SwiftBeanCountParserUtils-t.build/Objects-normal/arm64_32/SwiftBeanCountParserUtils.SwiftFileList --metadata-file-list /Users/admin/builder/spi-builder-workspace/.derivedData/Build/Intermediates.noindex/SwiftBeanCountParserUtils.build/Debug-watchos/SwiftBeanCountParserUtils-t.build/SwiftBeanCountParserUtils.DependencyMetadataFileList --static-metadata-file-list /Users/admin/builder/spi-builder-workspace/.derivedData/Build/Intermediates.noindex/SwiftBeanCountParserUtils.build/Debug-watchos/SwiftBeanCountParserUtils-t.build/SwiftBeanCountParserUtils.DependencyStaticMetadataFileList --swift-const-vals-list /Users/admin/builder/spi-builder-workspace/.derivedData/Build/Intermediates.noindex/SwiftBeanCountParserUtils.build/Debug-watchos/SwiftBeanCountParserUtils-t.build/Objects-normal/arm64/SwiftBeanCountParserUtils.SwiftConstValuesFileList --swift-const-vals-list /Users/admin/builder/spi-builder-workspace/.derivedData/Build/Intermediates.noindex/SwiftBeanCountParserUtils.build/Debug-watchos/SwiftBeanCountParserUtils-t.build/Objects-normal/arm64_32/SwiftBeanCountParserUtils.SwiftConstValuesFileList --force --compile-time-extraction --deployment-aware-processing --no-app-shortcuts-localization
2026-09-23 05:46:14.740 appintentsmetadataprocessor[1351:7277] Starting appintentsmetadataprocessor export
2026-09-23 05:46:14.861 appintentsmetadataprocessor[1351:7277] Extracted no relevant App Intents symbols, skipping writing output
ExtractAppIntentsMetadata (in target 'SwiftBeanCountModel' from project 'SwiftBeanCountModel')
cd /Users/admin/builder/spi-builder-workspace/.dependencies/checkouts/SwiftBeanCountModel
/Applications/Xcode-27.0.0-Release.Candidate.app/Contents/Developer/Toolchains/XcodeDefault.xctoolchain/usr/bin/appintentsmetadataprocessor --toolchain-dir /var/run/com.apple.security.cryptexd/mnt/com.apple.MobileAsset.MetalToolchain-v27.1.266.1.Xz6cOE/Metal.xctoolchain --module-name SwiftBeanCountModel --sdk-root /Applications/Xcode-27.0.0-Release.Candidate.app/Contents/Developer/Platforms/WatchOS.platform/Developer/SDKs/WatchOS27.0.sdk --xcode-version 27A266a --platform-family watchOS --deployment-target 9.0 --bundle-identifier swiftbeancountmodel.SwiftBeanCountModel --output /Users/admin/builder/spi-builder-workspace/.derivedData/Build/Products/Debug-watchos/SwiftBeanCountModel.appintents --target-triple arm64-apple-watchos9.0 --target-triple arm64_32-apple-watchos9.0 --binary-file /Users/admin/builder/spi-builder-workspace/.derivedData/Build/Products/Debug-watchos/SwiftBeanCountModel.o --dependency-file /Users/admin/builder/spi-builder-workspace/.derivedData/Build/Intermediates.noindex/SwiftBeanCountModel.build/Debug-watchos/SwiftBeanCountModel-t.build/Objects-normal/arm64/SwiftBeanCountModel_dependency_info.dat --dependency-file /Users/admin/builder/spi-builder-workspace/.derivedData/Build/Intermediates.noindex/SwiftBeanCountModel.build/Debug-watchos/SwiftBeanCountModel-t.build/Objects-normal/arm64_32/SwiftBeanCountModel_dependency_info.dat --stringsdata-file /Users/admin/builder/spi-builder-workspace/.derivedData/Build/Intermediates.noindex/SwiftBeanCountModel.build/Debug-watchos/SwiftBeanCountModel-t.build/Objects-normal/arm64/ExtractedAppShortcutsMetadata.stringsdata --stringsdata-file /Users/admin/builder/spi-builder-workspace/.derivedData/Build/Intermediates.noindex/SwiftBeanCountModel.build/Debug-watchos/SwiftBeanCountModel-t.build/Objects-normal/arm64_32/ExtractedAppShortcutsMetadata.stringsdata --source-file-list /Users/admin/builder/spi-builder-workspace/.derivedData/Build/Intermediates.noindex/SwiftBeanCountModel.build/Debug-watchos/SwiftBeanCountModel-t.build/Objects-normal/arm64/SwiftBeanCountModel.SwiftFileList --source-file-list /Users/admin/builder/spi-builder-workspace/.derivedData/Build/Intermediates.noindex/SwiftBeanCountModel.build/Debug-watchos/SwiftBeanCountModel-t.build/Objects-normal/arm64_32/SwiftBeanCountModel.SwiftFileList --metadata-file-list /Users/admin/builder/spi-builder-workspace/.derivedData/Build/Intermediates.noindex/SwiftBeanCountModel.build/Debug-watchos/SwiftBeanCountModel-t.build/SwiftBeanCountModel.DependencyMetadataFileList --static-metadata-file-list /Users/admin/builder/spi-builder-workspace/.derivedData/Build/Intermediates.noindex/SwiftBeanCountModel.build/Debug-watchos/SwiftBeanCountModel-t.build/SwiftBeanCountModel.DependencyStaticMetadataFileList --swift-const-vals-list /Users/admin/builder/spi-builder-workspace/.derivedData/Build/Intermediates.noindex/SwiftBeanCountModel.build/Debug-watchos/SwiftBeanCountModel-t.build/Objects-normal/arm64/SwiftBeanCountModel.SwiftConstValuesFileList --swift-const-vals-list /Users/admin/builder/spi-builder-workspace/.derivedData/Build/Intermediates.noindex/SwiftBeanCountModel.build/Debug-watchos/SwiftBeanCountModel-t.build/Objects-normal/arm64_32/SwiftBeanCountModel.SwiftConstValuesFileList --force --compile-time-extraction --deployment-aware-processing --no-app-shortcuts-localization
2026-09-23 05:46:14.740 appintentsmetadataprocessor[1352:7278] Starting appintentsmetadataprocessor export
2026-09-23 05:46:14.861 appintentsmetadataprocessor[1352:7278] Extracted no relevant App Intents symbols, skipping writing output
SwiftDriverJobDiscovery normal arm64_32 Compiling OAuthSwiftCredential.swift, OAuthSwiftError.swift, OAuthSwiftHTTPRequest.swift (in target 'OAuthSwift' from project 'OAuthSwift')
SwiftDriver SwiftBeanCountParser normal arm64_32 com.apple.xcode.tools.swift.compiler (in target 'SwiftBeanCountParser' from project 'SwiftBeanCountParser')
cd /Users/admin/builder/spi-builder-workspace/.swiftpm/xcode
builtin-SwiftDriver -- /Applications/Xcode-27.0.0-Release.Candidate.app/Contents/Developer/Toolchains/XcodeDefault.xctoolchain/usr/bin/swiftc -parse-as-library -module-name SwiftBeanCountParser -Onone @/Users/admin/builder/spi-builder-workspace/.derivedData/Build/Intermediates.noindex/SwiftBeanCountParser.build/Debug-watchos/SwiftBeanCountParser-t.build/Objects-normal/arm64_32/SwiftBeanCountParser.SwiftFileList -DSWIFT_PACKAGE -DDEBUG -DSWIFT_MODULE_RESOURCE_BUNDLE_UNAVAILABLE -DXcode -plugin-path /Applications/Xcode-27.0.0-Release.Candidate.app/Contents/Developer/Toolchains/XcodeDefault.xctoolchain/usr/lib/swift/host/plugins/testing -enable-experimental-feature DebugDescriptionMacro -sdk /Applications/Xcode-27.0.0-Release.Candidate.app/Contents/Developer/Platforms/WatchOS.platform/Developer/SDKs/WatchOS27.0.sdk -target arm64_32-apple-watchos9.0 -g -module-cache-path /Users/admin/builder/spi-builder-workspace/.derivedData/ModuleCache.noindex -Xfrontend -serialize-debugging-options -profile-coverage-mapping -profile-generate -enable-testing -suppress-warnings -index-store-path /Users/admin/builder/spi-builder-workspace/.derivedData/Index.noindex/DataStore -Xcc -D_LIBCPP_HARDENING_MODE\=_LIBCPP_HARDENING_MODE_DEBUG -swift-version 5 -I /Users/admin/builder/spi-builder-workspace/.derivedData/Build/Products/Debug-watchos -Isystem /Applications/Xcode-27.0.0-Release.Candidate.app/Contents/Developer/Platforms/WatchOS.platform/Developer/usr/lib -F /Users/admin/builder/spi-builder-workspace/.derivedData/Build/Products/Debug-watchos/PackageFrameworks -F /Users/admin/builder/spi-builder-workspace/.derivedData/Build/Products/Debug-watchos -F /Applications/Xcode-27.0.0-Release.Candidate.app/Contents/Developer/Platforms/WatchOS.platform/Developer/Library/Frameworks -F /Applications/Xcode-27.0.0-Release.Candidate.app/Contents/Developer/Platforms/WatchOS.platform/Developer/SDKs/WatchOS27.0.sdk/Developer/Library/Frameworks -c -j10 -enable-batch-mode -incremental -Xcc -ivfsstatcache -Xcc /Users/admin/builder/spi-builder-workspace/.derivedData/SDKStatCaches.noindex/watchos27.0-24R360-e829b21a6f8c9b70876ba0858053c04477534ef55a1706bf4c1112bbb242f0a2.sdkstatcache -output-file-map /Users/admin/builder/spi-builder-workspace/.derivedData/Build/Intermediates.noindex/SwiftBeanCountParser.build/Debug-watchos/SwiftBeanCountParser-t.build/Objects-normal/arm64_32/SwiftBeanCountParser-OutputFileMap.json -save-temps -no-color-diagnostics -explicit-module-build -module-cache-path /Users/admin/builder/spi-builder-workspace/.derivedData/Build/Intermediates.noindex/SwiftExplicitPrecompiledModules -clang-scanner-module-cache-path /Users/admin/builder/spi-builder-workspace/.derivedData/ModuleCache.noindex -sdk-module-cache-path /Users/admin/builder/spi-builder-workspace/.derivedData/SDKExplicitPrecompiledModules -emit-dependencies -emit-module -emit-module-path /Users/admin/builder/spi-builder-workspace/.derivedData/Build/Intermediates.noindex/SwiftBeanCountParser.build/Debug-watchos/SwiftBeanCountParser-t.build/Objects-normal/arm64_32/SwiftBeanCountParser.swiftmodule -serialize-diagnostics -dependency-scan-serialize-diagnostics-path /Users/admin/builder/spi-builder-workspace/.derivedData/Build/Intermediates.noindex/SwiftBeanCountParser.build/Debug-watchos/SwiftBeanCountParser-t.build/Objects-normal/arm64_32/SwiftBeanCountParser-dependency-scan.dia -validate-clang-modules-once -clang-build-session-file /Users/admin/builder/spi-builder-workspace/.derivedData/ModuleCache.noindex/Session.modulevalidation -Xcc -fmodules-prune-interval\=86400 -Xcc -fmodules-prune-after\=345600 -emit-const-values -const-gather-protocols-list /Users/admin/builder/spi-builder-workspace/.derivedData/Build/Intermediates.noindex/SwiftBeanCountParser.build/Debug-watchos/SwiftBeanCountParser-t.build/Objects-normal/arm64_32/SwiftBeanCountParser_const_extract_protocols.json -Xcc -I/Users/admin/builder/spi-builder-workspace/.derivedData/Build/Products/Debug-watchos/include -Xcc -I/Users/admin/builder/spi-builder-workspace/.derivedData/Build/Intermediates.noindex/SwiftBeanCountParser.build/Debug-watchos/SwiftBeanCountParser-t.build/DerivedSources-normal/arm64_32 -Xcc -I/Users/admin/builder/spi-builder-workspace/.derivedData/Build/Intermediates.noindex/SwiftBeanCountParser.build/Debug-watchos/SwiftBeanCountParser-t.build/DerivedSources/arm64_32 -Xcc -I/Users/admin/builder/spi-builder-workspace/.derivedData/Build/Intermediates.noindex/SwiftBeanCountParser.build/Debug-watchos/SwiftBeanCountParser-t.build/DerivedSources -Xcc -DSWIFT_PACKAGE -Xcc -DDEBUG\=1 -emit-objc-header -emit-objc-header-path /Users/admin/builder/spi-builder-workspace/.derivedData/Build/Intermediates.noindex/SwiftBeanCountParser.build/Debug-watchos/SwiftBeanCountParser-t.build/Objects-normal/arm64_32/SwiftBeanCountParser-Swift.h -working-directory /Users/admin/builder/spi-builder-workspace/.swiftpm/xcode -experimental-emit-module-separately -disable-cmo
SwiftDriver SwiftBeanCountParser normal arm64 com.apple.xcode.tools.swift.compiler (in target 'SwiftBeanCountParser' from project 'SwiftBeanCountParser')
cd /Users/admin/builder/spi-builder-workspace/.swiftpm/xcode
builtin-SwiftDriver -- /Applications/Xcode-27.0.0-Release.Candidate.app/Contents/Developer/Toolchains/XcodeDefault.xctoolchain/usr/bin/swiftc -parse-as-library -module-name SwiftBeanCountParser -Onone @/Users/admin/builder/spi-builder-workspace/.derivedData/Build/Intermediates.noindex/SwiftBeanCountParser.build/Debug-watchos/SwiftBeanCountParser-t.build/Objects-normal/arm64/SwiftBeanCountParser.SwiftFileList -DSWIFT_PACKAGE -DDEBUG -DSWIFT_MODULE_RESOURCE_BUNDLE_UNAVAILABLE -DXcode -plugin-path /Applications/Xcode-27.0.0-Release.Candidate.app/Contents/Developer/Toolchains/XcodeDefault.xctoolchain/usr/lib/swift/host/plugins/testing -enable-experimental-feature DebugDescriptionMacro -sdk /Applications/Xcode-27.0.0-Release.Candidate.app/Contents/Developer/Platforms/WatchOS.platform/Developer/SDKs/WatchOS27.0.sdk -target arm64-apple-watchos9.0 -g -module-cache-path /Users/admin/builder/spi-builder-workspace/.derivedData/ModuleCache.noindex -Xfrontend -serialize-debugging-options -profile-coverage-mapping -profile-generate -enable-testing -suppress-warnings -index-store-path /Users/admin/builder/spi-builder-workspace/.derivedData/Index.noindex/DataStore -Xcc -D_LIBCPP_HARDENING_MODE\=_LIBCPP_HARDENING_MODE_DEBUG -swift-version 5 -I /Users/admin/builder/spi-builder-workspace/.derivedData/Build/Products/Debug-watchos -Isystem /Applications/Xcode-27.0.0-Release.Candidate.app/Contents/Developer/Platforms/WatchOS.platform/Developer/usr/lib -F /Users/admin/builder/spi-builder-workspace/.derivedData/Build/Products/Debug-watchos/PackageFrameworks -F /Users/admin/builder/spi-builder-workspace/.derivedData/Build/Products/Debug-watchos -F /Applications/Xcode-27.0.0-Release.Candidate.app/Contents/Developer/Platforms/WatchOS.platform/Developer/Library/Frameworks -F /Applications/Xcode-27.0.0-Release.Candidate.app/Contents/Developer/Platforms/WatchOS.platform/Developer/SDKs/WatchOS27.0.sdk/Developer/Library/Frameworks -c -j10 -enable-batch-mode -incremental -Xcc -ivfsstatcache -Xcc /Users/admin/builder/spi-builder-workspace/.derivedData/SDKStatCaches.noindex/watchos27.0-24R360-e829b21a6f8c9b70876ba0858053c04477534ef55a1706bf4c1112bbb242f0a2.sdkstatcache -output-file-map /Users/admin/builder/spi-builder-workspace/.derivedData/Build/Intermediates.noindex/SwiftBeanCountParser.build/Debug-watchos/SwiftBeanCountParser-t.build/Objects-normal/arm64/SwiftBeanCountParser-OutputFileMap.json -save-temps -no-color-diagnostics -explicit-module-build -module-cache-path /Users/admin/builder/spi-builder-workspace/.derivedData/Build/Intermediates.noindex/SwiftExplicitPrecompiledModules -clang-scanner-module-cache-path /Users/admin/builder/spi-builder-workspace/.derivedData/ModuleCache.noindex -sdk-module-cache-path /Users/admin/builder/spi-builder-workspace/.derivedData/SDKExplicitPrecompiledModules -emit-dependencies -emit-module -emit-module-path /Users/admin/builder/spi-builder-workspace/.derivedData/Build/Intermediates.noindex/SwiftBeanCountParser.build/Debug-watchos/SwiftBeanCountParser-t.build/Objects-normal/arm64/SwiftBeanCountParser.swiftmodule -serialize-diagnostics -dependency-scan-serialize-diagnostics-path /Users/admin/builder/spi-builder-workspace/.derivedData/Build/Intermediates.noindex/SwiftBeanCountParser.build/Debug-watchos/SwiftBeanCountParser-t.build/Objects-normal/arm64/SwiftBeanCountParser-dependency-scan.dia -validate-clang-modules-once -clang-build-session-file /Users/admin/builder/spi-builder-workspace/.derivedData/ModuleCache.noindex/Session.modulevalidation -Xcc -fmodules-prune-interval\=86400 -Xcc -fmodules-prune-after\=345600 -emit-const-values -const-gather-protocols-list /Users/admin/builder/spi-builder-workspace/.derivedData/Build/Intermediates.noindex/SwiftBeanCountParser.build/Debug-watchos/SwiftBeanCountParser-t.build/Objects-normal/arm64/SwiftBeanCountParser_const_extract_protocols.json -Xcc -I/Users/admin/builder/spi-builder-workspace/.derivedData/Build/Products/Debug-watchos/include -Xcc -I/Users/admin/builder/spi-builder-workspace/.derivedData/Build/Intermediates.noindex/SwiftBeanCountParser.build/Debug-watchos/SwiftBeanCountParser-t.build/DerivedSources-normal/arm64 -Xcc -I/Users/admin/builder/spi-builder-workspace/.derivedData/Build/Intermediates.noindex/SwiftBeanCountParser.build/Debug-watchos/SwiftBeanCountParser-t.build/DerivedSources/arm64 -Xcc -I/Users/admin/builder/spi-builder-workspace/.derivedData/Build/Intermediates.noindex/SwiftBeanCountParser.build/Debug-watchos/SwiftBeanCountParser-t.build/DerivedSources -Xcc -DSWIFT_PACKAGE -Xcc -DDEBUG\=1 -emit-objc-header -emit-objc-header-path /Users/admin/builder/spi-builder-workspace/.derivedData/Build/Intermediates.noindex/SwiftBeanCountParser.build/Debug-watchos/SwiftBeanCountParser-t.build/Objects-normal/arm64/SwiftBeanCountParser-Swift.h -working-directory /Users/admin/builder/spi-builder-workspace/.swiftpm/xcode -experimental-emit-module-separately -disable-cmo
SwiftDriverJobDiscovery normal arm64 Compiling NotificationCenter+OAuthSwift.swift, OAuth1Swift.swift, OAuth2Swift.swift (in target 'OAuthSwift' from project 'OAuthSwift')
SwiftDriverJobDiscovery normal arm64 Compiling SHA1.swift, String+OAuthSwift.swift, UIApplication+OAuthSwift.swift (in target 'OAuthSwift' from project 'OAuthSwift')
SwiftDriverJobDiscovery normal arm64 Compiling URL+OAuthSwift.swift, URLConvertible.swift, Utils.swift (in target 'OAuthSwift' from project 'OAuthSwift')
SwiftDriver GoogleAuthentication normal arm64 com.apple.xcode.tools.swift.compiler (in target 'GoogleAuthentication' from project 'GoogleAuthentication')
cd /Users/admin/builder/spi-builder-workspace/.swiftpm/xcode
builtin-SwiftDriver -- /Applications/Xcode-27.0.0-Release.Candidate.app/Contents/Developer/Toolchains/XcodeDefault.xctoolchain/usr/bin/swiftc -parse-as-library -module-name GoogleAuthentication -Onone @/Users/admin/builder/spi-builder-workspace/.derivedData/Build/Intermediates.noindex/GoogleAuthentication.build/Debug-watchos/GoogleAuthentication-t.build/Objects-normal/arm64/GoogleAuthentication.SwiftFileList -DSWIFT_PACKAGE -DDEBUG -DSWIFT_MODULE_RESOURCE_BUNDLE_UNAVAILABLE -DXcode -plugin-path /Applications/Xcode-27.0.0-Release.Candidate.app/Contents/Developer/Toolchains/XcodeDefault.xctoolchain/usr/lib/swift/host/plugins/testing -enable-experimental-feature DebugDescriptionMacro -sdk /Applications/Xcode-27.0.0-Release.Candidate.app/Contents/Developer/Platforms/WatchOS.platform/Developer/SDKs/WatchOS27.0.sdk -target arm64-apple-watchos9.0 -g -module-cache-path /Users/admin/builder/spi-builder-workspace/.derivedData/ModuleCache.noindex -Xfrontend -serialize-debugging-options -profile-coverage-mapping -profile-generate -enable-testing -suppress-warnings -index-store-path /Users/admin/builder/spi-builder-workspace/.derivedData/Index.noindex/DataStore -Xcc -D_LIBCPP_HARDENING_MODE\=_LIBCPP_HARDENING_MODE_DEBUG -swift-version 5 -I /Users/admin/builder/spi-builder-workspace/.derivedData/Build/Products/Debug-watchos -Isystem /Applications/Xcode-27.0.0-Release.Candidate.app/Contents/Developer/Platforms/WatchOS.platform/Developer/usr/lib -F /Users/admin/builder/spi-builder-workspace/.derivedData/Build/Products/Debug-watchos/PackageFrameworks -F /Users/admin/builder/spi-builder-workspace/.derivedData/Build/Products/Debug-watchos -F /Applications/Xcode-27.0.0-Release.Candidate.app/Contents/Developer/Platforms/WatchOS.platform/Developer/Library/Frameworks -F /Applications/Xcode-27.0.0-Release.Candidate.app/Contents/Developer/Platforms/WatchOS.platform/Developer/SDKs/WatchOS27.0.sdk/Developer/Library/Frameworks -c -j10 -enable-batch-mode -incremental -Xcc -ivfsstatcache -Xcc /Users/admin/builder/spi-builder-workspace/.derivedData/SDKStatCaches.noindex/watchos27.0-24R360-e829b21a6f8c9b70876ba0858053c04477534ef55a1706bf4c1112bbb242f0a2.sdkstatcache -output-file-map /Users/admin/builder/spi-builder-workspace/.derivedData/Build/Intermediates.noindex/GoogleAuthentication.build/Debug-watchos/GoogleAuthentication-t.build/Objects-normal/arm64/GoogleAuthentication-OutputFileMap.json -save-temps -no-color-diagnostics -explicit-module-build -module-cache-path /Users/admin/builder/spi-builder-workspace/.derivedData/Build/Intermediates.noindex/SwiftExplicitPrecompiledModules -clang-scanner-module-cache-path /Users/admin/builder/spi-builder-workspace/.derivedData/ModuleCache.noindex -sdk-module-cache-path /Users/admin/builder/spi-builder-workspace/.derivedData/SDKExplicitPrecompiledModules -emit-dependencies -emit-module -emit-module-path /Users/admin/builder/spi-builder-workspace/.derivedData/Build/Intermediates.noindex/GoogleAuthentication.build/Debug-watchos/GoogleAuthentication-t.build/Objects-normal/arm64/GoogleAuthentication.swiftmodule -serialize-diagnostics -dependency-scan-serialize-diagnostics-path /Users/admin/builder/spi-builder-workspace/.derivedData/Build/Intermediates.noindex/GoogleAuthentication.build/Debug-watchos/GoogleAuthentication-t.build/Objects-normal/arm64/GoogleAuthentication-dependency-scan.dia -validate-clang-modules-once -clang-build-session-file /Users/admin/builder/spi-builder-workspace/.derivedData/ModuleCache.noindex/Session.modulevalidation -Xcc -fmodules-prune-interval\=86400 -Xcc -fmodules-prune-after\=345600 -emit-const-values -const-gather-protocols-list /Users/admin/builder/spi-builder-workspace/.derivedData/Build/Intermediates.noindex/GoogleAuthentication.build/Debug-watchos/GoogleAuthentication-t.build/Objects-normal/arm64/GoogleAuthentication_const_extract_protocols.json -Xcc -I/Users/admin/builder/spi-builder-workspace/.derivedData/Build/Products/Debug-watchos/include -Xcc -I/Users/admin/builder/spi-builder-workspace/.derivedData/Build/Intermediates.noindex/GoogleAuthentication.build/Debug-watchos/GoogleAuthentication-t.build/DerivedSources-normal/arm64 -Xcc -I/Users/admin/builder/spi-builder-workspace/.derivedData/Build/Intermediates.noindex/GoogleAuthentication.build/Debug-watchos/GoogleAuthentication-t.build/DerivedSources/arm64 -Xcc -I/Users/admin/builder/spi-builder-workspace/.derivedData/Build/Intermediates.noindex/GoogleAuthentication.build/Debug-watchos/GoogleAuthentication-t.build/DerivedSources -Xcc -DSWIFT_PACKAGE -Xcc -DDEBUG\=1 -emit-objc-header -emit-objc-header-path /Users/admin/builder/spi-builder-workspace/.derivedData/Build/Intermediates.noindex/GoogleAuthentication.build/Debug-watchos/GoogleAuthentication-t.build/Objects-normal/arm64/GoogleAuthentication-Swift.h -working-directory /Users/admin/builder/spi-builder-workspace/.swiftpm/xcode -experimental-emit-module-separately -disable-cmo
SwiftDriver GoogleAuthentication normal arm64_32 com.apple.xcode.tools.swift.compiler (in target 'GoogleAuthentication' from project 'GoogleAuthentication')
cd /Users/admin/builder/spi-builder-workspace/.swiftpm/xcode
builtin-SwiftDriver -- /Applications/Xcode-27.0.0-Release.Candidate.app/Contents/Developer/Toolchains/XcodeDefault.xctoolchain/usr/bin/swiftc -parse-as-library -module-name GoogleAuthentication -Onone @/Users/admin/builder/spi-builder-workspace/.derivedData/Build/Intermediates.noindex/GoogleAuthentication.build/Debug-watchos/GoogleAuthentication-t.build/Objects-normal/arm64_32/GoogleAuthentication.SwiftFileList -DSWIFT_PACKAGE -DDEBUG -DSWIFT_MODULE_RESOURCE_BUNDLE_UNAVAILABLE -DXcode -plugin-path /Applications/Xcode-27.0.0-Release.Candidate.app/Contents/Developer/Toolchains/XcodeDefault.xctoolchain/usr/lib/swift/host/plugins/testing -enable-experimental-feature DebugDescriptionMacro -sdk /Applications/Xcode-27.0.0-Release.Candidate.app/Contents/Developer/Platforms/WatchOS.platform/Developer/SDKs/WatchOS27.0.sdk -target arm64_32-apple-watchos9.0 -g -module-cache-path /Users/admin/builder/spi-builder-workspace/.derivedData/ModuleCache.noindex -Xfrontend -serialize-debugging-options -profile-coverage-mapping -profile-generate -enable-testing -suppress-warnings -index-store-path /Users/admin/builder/spi-builder-workspace/.derivedData/Index.noindex/DataStore -Xcc -D_LIBCPP_HARDENING_MODE\=_LIBCPP_HARDENING_MODE_DEBUG -swift-version 5 -I /Users/admin/builder/spi-builder-workspace/.derivedData/Build/Products/Debug-watchos -Isystem /Applications/Xcode-27.0.0-Release.Candidate.app/Contents/Developer/Platforms/WatchOS.platform/Developer/usr/lib -F /Users/admin/builder/spi-builder-workspace/.derivedData/Build/Products/Debug-watchos/PackageFrameworks -F /Users/admin/builder/spi-builder-workspace/.derivedData/Build/Products/Debug-watchos -F /Applications/Xcode-27.0.0-Release.Candidate.app/Contents/Developer/Platforms/WatchOS.platform/Developer/Library/Frameworks -F /Applications/Xcode-27.0.0-Release.Candidate.app/Contents/Developer/Platforms/WatchOS.platform/Developer/SDKs/WatchOS27.0.sdk/Developer/Library/Frameworks -c -j10 -enable-batch-mode -incremental -Xcc -ivfsstatcache -Xcc /Users/admin/builder/spi-builder-workspace/.derivedData/SDKStatCaches.noindex/watchos27.0-24R360-e829b21a6f8c9b70876ba0858053c04477534ef55a1706bf4c1112bbb242f0a2.sdkstatcache -output-file-map /Users/admin/builder/spi-builder-workspace/.derivedData/Build/Intermediates.noindex/GoogleAuthentication.build/Debug-watchos/GoogleAuthentication-t.build/Objects-normal/arm64_32/GoogleAuthentication-OutputFileMap.json -save-temps -no-color-diagnostics -explicit-module-build -module-cache-path /Users/admin/builder/spi-builder-workspace/.derivedData/Build/Intermediates.noindex/SwiftExplicitPrecompiledModules -clang-scanner-module-cache-path /Users/admin/builder/spi-builder-workspace/.derivedData/ModuleCache.noindex -sdk-module-cache-path /Users/admin/builder/spi-builder-workspace/.derivedData/SDKExplicitPrecompiledModules -emit-dependencies -emit-module -emit-module-path /Users/admin/builder/spi-builder-workspace/.derivedData/Build/Intermediates.noindex/GoogleAuthentication.build/Debug-watchos/GoogleAuthentication-t.build/Objects-normal/arm64_32/GoogleAuthentication.swiftmodule -serialize-diagnostics -dependency-scan-serialize-diagnostics-path /Users/admin/builder/spi-builder-workspace/.derivedData/Build/Intermediates.noindex/GoogleAuthentication.build/Debug-watchos/GoogleAuthentication-t.build/Objects-normal/arm64_32/GoogleAuthentication-dependency-scan.dia -validate-clang-modules-once -clang-build-session-file /Users/admin/builder/spi-builder-workspace/.derivedData/ModuleCache.noindex/Session.modulevalidation -Xcc -fmodules-prune-interval\=86400 -Xcc -fmodules-prune-after\=345600 -emit-const-values -const-gather-protocols-list /Users/admin/builder/spi-builder-workspace/.derivedData/Build/Intermediates.noindex/GoogleAuthentication.build/Debug-watchos/GoogleAuthentication-t.build/Objects-normal/arm64_32/GoogleAuthentication_const_extract_protocols.json -Xcc -I/Users/admin/builder/spi-builder-workspace/.derivedData/Build/Products/Debug-watchos/include -Xcc -I/Users/admin/builder/spi-builder-workspace/.derivedData/Build/Intermediates.noindex/GoogleAuthentication.build/Debug-watchos/GoogleAuthentication-t.build/DerivedSources-normal/arm64_32 -Xcc -I/Users/admin/builder/spi-builder-workspace/.derivedData/Build/Intermediates.noindex/GoogleAuthentication.build/Debug-watchos/GoogleAuthentication-t.build/DerivedSources/arm64_32 -Xcc -I/Users/admin/builder/spi-builder-workspace/.derivedData/Build/Intermediates.noindex/GoogleAuthentication.build/Debug-watchos/GoogleAuthentication-t.build/DerivedSources -Xcc -DSWIFT_PACKAGE -Xcc -DDEBUG\=1 -emit-objc-header -emit-objc-header-path /Users/admin/builder/spi-builder-workspace/.derivedData/Build/Intermediates.noindex/GoogleAuthentication.build/Debug-watchos/GoogleAuthentication-t.build/Objects-normal/arm64_32/GoogleAuthentication-Swift.h -working-directory /Users/admin/builder/spi-builder-workspace/.swiftpm/xcode -experimental-emit-module-separately -disable-cmo
SwiftDriverJobDiscovery normal arm64_32 Compiling OAuthLogProtocol.swift, OAuthSwift.swift, OAuthSwiftClient.swift (in target 'OAuthSwift' from project 'OAuthSwift')
SwiftDriver\ Compilation OAuthSwift normal arm64_32 com.apple.xcode.tools.swift.compiler (in target 'OAuthSwift' from project 'OAuthSwift')
cd /Users/admin/builder/spi-builder-workspace/.swiftpm/xcode
builtin-Swift-Compilation -- /Applications/Xcode-27.0.0-Release.Candidate.app/Contents/Developer/Toolchains/XcodeDefault.xctoolchain/usr/bin/swiftc -parse-as-library -module-name OAuthSwift -Onone @/Users/admin/builder/spi-builder-workspace/.derivedData/Build/Intermediates.noindex/OAuthSwift.build/Debug-watchos/OAuthSwift-t.build/Objects-normal/arm64_32/OAuthSwift.SwiftFileList -DSWIFT_PACKAGE -DDEBUG -DSWIFT_MODULE_RESOURCE_BUNDLE_UNAVAILABLE -DXcode -plugin-path /Applications/Xcode-27.0.0-Release.Candidate.app/Contents/Developer/Toolchains/XcodeDefault.xctoolchain/usr/lib/swift/host/plugins/testing -enable-experimental-feature DebugDescriptionMacro -sdk /Applications/Xcode-27.0.0-Release.Candidate.app/Contents/Developer/Platforms/WatchOS.platform/Developer/SDKs/WatchOS27.0.sdk -target arm64_32-apple-watchos9.0 -g -module-cache-path /Users/admin/builder/spi-builder-workspace/.derivedData/ModuleCache.noindex -Xfrontend -serialize-debugging-options -profile-coverage-mapping -profile-generate -enable-testing -suppress-warnings -index-store-path /Users/admin/builder/spi-builder-workspace/.derivedData/Index.noindex/DataStore -Xcc -D_LIBCPP_HARDENING_MODE\=_LIBCPP_HARDENING_MODE_DEBUG -swift-version 5 -I /Users/admin/builder/spi-builder-workspace/.derivedData/Build/Products/Debug-watchos -Isystem /Applications/Xcode-27.0.0-Release.Candidate.app/Contents/Developer/Platforms/WatchOS.platform/Developer/usr/lib -F /Users/admin/builder/spi-builder-workspace/.derivedData/Build/Products/Debug-watchos -F /Applications/Xcode-27.0.0-Release.Candidate.app/Contents/Developer/Platforms/WatchOS.platform/Developer/Library/Frameworks -F /Applications/Xcode-27.0.0-Release.Candidate.app/Contents/Developer/Platforms/WatchOS.platform/Developer/SDKs/WatchOS27.0.sdk/Developer/Library/Frameworks -c -j10 -enable-batch-mode -incremental -Xcc -ivfsstatcache -Xcc /Users/admin/builder/spi-builder-workspace/.derivedData/SDKStatCaches.noindex/watchos27.0-24R360-e829b21a6f8c9b70876ba0858053c04477534ef55a1706bf4c1112bbb242f0a2.sdkstatcache -output-file-map /Users/admin/builder/spi-builder-workspace/.derivedData/Build/Intermediates.noindex/OAuthSwift.build/Debug-watchos/OAuthSwift-t.build/Objects-normal/arm64_32/OAuthSwift-OutputFileMap.json -save-temps -no-color-diagnostics -explicit-module-build -module-cache-path /Users/admin/builder/spi-builder-workspace/.derivedData/Build/Intermediates.noindex/SwiftExplicitPrecompiledModules -clang-scanner-module-cache-path /Users/admin/builder/spi-builder-workspace/.derivedData/ModuleCache.noindex -sdk-module-cache-path /Users/admin/builder/spi-builder-workspace/.derivedData/SDKExplicitPrecompiledModules -emit-dependencies -emit-module -emit-module-path /Users/admin/builder/spi-builder-workspace/.derivedData/Build/Intermediates.noindex/OAuthSwift.build/Debug-watchos/OAuthSwift-t.build/Objects-normal/arm64_32/OAuthSwift.swiftmodule -serialize-diagnostics -dependency-scan-serialize-diagnostics-path /Users/admin/builder/spi-builder-workspace/.derivedData/Build/Intermediates.noindex/OAuthSwift.build/Debug-watchos/OAuthSwift-t.build/Objects-normal/arm64_32/OAuthSwift-dependency-scan.dia -validate-clang-modules-once -clang-build-session-file /Users/admin/builder/spi-builder-workspace/.derivedData/ModuleCache.noindex/Session.modulevalidation -Xcc -fmodules-prune-interval\=86400 -Xcc -fmodules-prune-after\=345600 -emit-const-values -const-gather-protocols-list /Users/admin/builder/spi-builder-workspace/.derivedData/Build/Intermediates.noindex/OAuthSwift.build/Debug-watchos/OAuthSwift-t.build/Objects-normal/arm64_32/OAuthSwift_const_extract_protocols.json -Xcc -I/Users/admin/builder/spi-builder-workspace/.derivedData/Build/Products/Debug-watchos/include -Xcc -I/Users/admin/builder/spi-builder-workspace/.derivedData/Build/Intermediates.noindex/OAuthSwift.build/Debug-watchos/OAuthSwift-t.build/DerivedSources-normal/arm64_32 -Xcc -I/Users/admin/builder/spi-builder-workspace/.derivedData/Build/Intermediates.noindex/OAuthSwift.build/Debug-watchos/OAuthSwift-t.build/DerivedSources/arm64_32 -Xcc -I/Users/admin/builder/spi-builder-workspace/.derivedData/Build/Intermediates.noindex/OAuthSwift.build/Debug-watchos/OAuthSwift-t.build/DerivedSources -Xcc -DSWIFT_PACKAGE -Xcc -DDEBUG\=1 -emit-objc-header -emit-objc-header-path /Users/admin/builder/spi-builder-workspace/.derivedData/Build/Intermediates.noindex/OAuthSwift.build/Debug-watchos/OAuthSwift-t.build/Objects-normal/arm64_32/OAuthSwift-Swift.h -working-directory /Users/admin/builder/spi-builder-workspace/.swiftpm/xcode -experimental-emit-module-separately -disable-cmo
Ld /Users/admin/builder/spi-builder-workspace/.derivedData/Build/Intermediates.noindex/OAuthSwift.build/Debug-watchos/OAuthSwift-t.build/Objects-normal/arm64_32/Binary/OAuthSwift.o normal arm64_32 (in target 'OAuthSwift' from project 'OAuthSwift')
cd /Users/admin/builder/spi-builder-workspace/.dependencies/checkouts/OAuthSwift
/Applications/Xcode-27.0.0-Release.Candidate.app/Contents/Developer/Toolchains/XcodeDefault.xctoolchain/usr/bin/clang -Xlinker -reproducible -target arm64_32-apple-watchos9.0 -r -isysroot /Applications/Xcode-27.0.0-Release.Candidate.app/Contents/Developer/Platforms/WatchOS.platform/Developer/SDKs/WatchOS27.0.sdk -O0 -w -Xlinker -no_warn_duplicate_libraries -F/Users/admin/builder/spi-builder-workspace/.derivedData/Build/Intermediates.noindex/EagerLinkingTBDs/Debug-watchos -F/Users/admin/builder/spi-builder-workspace/.derivedData/Build/Products/Debug-watchos -iframework /Applications/Xcode-27.0.0-Release.Candidate.app/Contents/Developer/Platforms/WatchOS.platform/Developer/Library/Frameworks -iframework /Applications/Xcode-27.0.0-Release.Candidate.app/Contents/Developer/Platforms/WatchOS.platform/Developer/SDKs/WatchOS27.0.sdk/Developer/Library/Frameworks -filelist /Users/admin/builder/spi-builder-workspace/.derivedData/Build/Intermediates.noindex/OAuthSwift.build/Debug-watchos/OAuthSwift-t.build/Objects-normal/arm64_32/OAuthSwift.LinkFileList -nostdlib -Xlinker -object_path_lto -Xlinker /Users/admin/builder/spi-builder-workspace/.derivedData/Build/Intermediates.noindex/OAuthSwift.build/Debug-watchos/OAuthSwift-t.build/Objects-normal/arm64_32/OAuthSwift_lto.o -Xlinker -no_deduplicate -Xlinker -debug_variant -Xlinker -dependency_info -Xlinker /Users/admin/builder/spi-builder-workspace/.derivedData/Build/Intermediates.noindex/OAuthSwift.build/Debug-watchos/OAuthSwift-t.build/Objects-normal/arm64_32/OAuthSwift_dependency_info.dat -fobjc-link-runtime -L/Applications/Xcode-27.0.0-Release.Candidate.app/Contents/Developer/Toolchains/XcodeDefault.xctoolchain/usr/lib/swift/watchos -L/usr/lib/swift -Xlinker -add_ast_path -Xlinker /Users/admin/builder/spi-builder-workspace/.derivedData/Build/Intermediates.noindex/OAuthSwift.build/Debug-watchos/OAuthSwift-t.build/Objects-normal/arm64_32/OAuthSwift.swiftmodule -o /Users/admin/builder/spi-builder-workspace/.derivedData/Build/Intermediates.noindex/OAuthSwift.build/Debug-watchos/OAuthSwift-t.build/Objects-normal/arm64_32/Binary/OAuthSwift.o
SwiftEmitModule normal arm64_32 Emitting\ module\ for\ SwiftBeanCountParser (in target 'SwiftBeanCountParser' from project 'SwiftBeanCountParser')
SwiftCompile normal arm64_32 (in target 'SwiftBeanCountParser' from project 'SwiftBeanCountParser')
cd /Users/admin/builder/spi-builder-workspace/.swiftpm/xcode
SwiftCompile normal arm64_32 Compiling\ CommodityParser.swift,\ CostParser.swift /Users/admin/builder/spi-builder-workspace/.dependencies/checkouts/SwiftBeanCountParser/Sources/SwiftBeanCountParser/CommodityParser.swift /Users/admin/builder/spi-builder-workspace/.dependencies/checkouts/SwiftBeanCountParser/Sources/SwiftBeanCountParser/CostParser.swift (in target 'SwiftBeanCountParser' from project 'SwiftBeanCountParser')
SwiftCompile normal arm64_32 /Users/admin/builder/spi-builder-workspace/.dependencies/checkouts/SwiftBeanCountParser/Sources/SwiftBeanCountParser/CommodityParser.swift (in target 'SwiftBeanCountParser' from project 'SwiftBeanCountParser')
cd /Users/admin/builder/spi-builder-workspace/.swiftpm/xcode
builtin-SwiftPerFileCompile CommodityParser.swift
SwiftCompile normal arm64_32 /Users/admin/builder/spi-builder-workspace/.dependencies/checkouts/SwiftBeanCountParser/Sources/SwiftBeanCountParser/CostParser.swift (in target 'SwiftBeanCountParser' from project 'SwiftBeanCountParser')
cd /Users/admin/builder/spi-builder-workspace/.swiftpm/xcode
builtin-SwiftPerFileCompile CostParser.swift
SwiftCompile normal arm64_32 Compiling\ EventParser.swift,\ Collection.swift /Users/admin/builder/spi-builder-workspace/.dependencies/checkouts/SwiftBeanCountParser/Sources/SwiftBeanCountParser/EventParser.swift /Users/admin/builder/spi-builder-workspace/.dependencies/checkouts/SwiftBeanCountParser/Sources/SwiftBeanCountParser/Extensions/Collection.swift (in target 'SwiftBeanCountParser' from project 'SwiftBeanCountParser')
SwiftCompile normal arm64_32 /Users/admin/builder/spi-builder-workspace/.dependencies/checkouts/SwiftBeanCountParser/Sources/SwiftBeanCountParser/EventParser.swift (in target 'SwiftBeanCountParser' from project 'SwiftBeanCountParser')
cd /Users/admin/builder/spi-builder-workspace/.swiftpm/xcode
builtin-SwiftPerFileCompile EventParser.swift
SwiftCompile normal arm64_32 /Users/admin/builder/spi-builder-workspace/.dependencies/checkouts/SwiftBeanCountParser/Sources/SwiftBeanCountParser/Extensions/Collection.swift (in target 'SwiftBeanCountParser' from project 'SwiftBeanCountParser')
cd /Users/admin/builder/spi-builder-workspace/.swiftpm/xcode
builtin-SwiftPerFileCompile Collection.swift
SwiftCompile normal arm64_32 Compiling\ TransactionMetaDataParser.swift /Users/admin/builder/spi-builder-workspace/.dependencies/checkouts/SwiftBeanCountParser/Sources/SwiftBeanCountParser/TransactionMetaDataParser.swift (in target 'SwiftBeanCountParser' from project 'SwiftBeanCountParser')
SwiftCompile normal arm64_32 /Users/admin/builder/spi-builder-workspace/.dependencies/checkouts/SwiftBeanCountParser/Sources/SwiftBeanCountParser/TransactionMetaDataParser.swift (in target 'SwiftBeanCountParser' from project 'SwiftBeanCountParser')
cd /Users/admin/builder/spi-builder-workspace/.swiftpm/xcode
builtin-SwiftPerFileCompile TransactionMetaDataParser.swift
SwiftCompile normal arm64_32 Compiling\ AccountParser.swift,\ BalanceParser.swift /Users/admin/builder/spi-builder-workspace/.dependencies/checkouts/SwiftBeanCountParser/Sources/SwiftBeanCountParser/AccountParser.swift /Users/admin/builder/spi-builder-workspace/.dependencies/checkouts/SwiftBeanCountParser/Sources/SwiftBeanCountParser/BalanceParser.swift (in target 'SwiftBeanCountParser' from project 'SwiftBeanCountParser')
SwiftCompile normal arm64_32 /Users/admin/builder/spi-builder-workspace/.dependencies/checkouts/SwiftBeanCountParser/Sources/SwiftBeanCountParser/AccountParser.swift (in target 'SwiftBeanCountParser' from project 'SwiftBeanCountParser')
cd /Users/admin/builder/spi-builder-workspace/.swiftpm/xcode
builtin-SwiftPerFileCompile AccountParser.swift
SwiftCompile normal arm64_32 /Users/admin/builder/spi-builder-workspace/.dependencies/checkouts/SwiftBeanCountParser/Sources/SwiftBeanCountParser/BalanceParser.swift (in target 'SwiftBeanCountParser' from project 'SwiftBeanCountParser')
cd /Users/admin/builder/spi-builder-workspace/.swiftpm/xcode
builtin-SwiftPerFileCompile BalanceParser.swift
SwiftEmitModule normal arm64 Emitting\ module\ for\ SwiftBeanCountParser (in target 'SwiftBeanCountParser' from project 'SwiftBeanCountParser')
SwiftCompile normal arm64 (in target 'SwiftBeanCountParser' from project 'SwiftBeanCountParser')
cd /Users/admin/builder/spi-builder-workspace/.swiftpm/xcode
SwiftDriverJobDiscovery normal arm64 Compiling OAuthSwiftCredential.swift, OAuthSwiftError.swift, OAuthSwiftHTTPRequest.swift (in target 'OAuthSwift' from project 'OAuthSwift')
SwiftCompile normal arm64 Compiling\ PostingParser.swift /Users/admin/builder/spi-builder-workspace/.dependencies/checkouts/SwiftBeanCountParser/Sources/SwiftBeanCountParser/PostingParser.swift (in target 'SwiftBeanCountParser' from project 'SwiftBeanCountParser')
SwiftCompile normal arm64 /Users/admin/builder/spi-builder-workspace/.dependencies/checkouts/SwiftBeanCountParser/Sources/SwiftBeanCountParser/PostingParser.swift (in target 'SwiftBeanCountParser' from project 'SwiftBeanCountParser')
cd /Users/admin/builder/spi-builder-workspace/.swiftpm/xcode
builtin-SwiftPerFileCompile PostingParser.swift
SwiftDriverJobDiscovery normal arm64_32 Compiling EventParser.swift, Collection.swift (in target 'SwiftBeanCountParser' from project 'SwiftBeanCountParser')
SwiftCompile normal arm64 Compiling\ CommodityParser.swift,\ CostParser.swift /Users/admin/builder/spi-builder-workspace/.dependencies/checkouts/SwiftBeanCountParser/Sources/SwiftBeanCountParser/CommodityParser.swift /Users/admin/builder/spi-builder-workspace/.dependencies/checkouts/SwiftBeanCountParser/Sources/SwiftBeanCountParser/CostParser.swift (in target 'SwiftBeanCountParser' from project 'SwiftBeanCountParser')
SwiftCompile normal arm64 /Users/admin/builder/spi-builder-workspace/.dependencies/checkouts/SwiftBeanCountParser/Sources/SwiftBeanCountParser/CommodityParser.swift (in target 'SwiftBeanCountParser' from project 'SwiftBeanCountParser')
cd /Users/admin/builder/spi-builder-workspace/.swiftpm/xcode
builtin-SwiftPerFileCompile CommodityParser.swift
SwiftCompile normal arm64 /Users/admin/builder/spi-builder-workspace/.dependencies/checkouts/SwiftBeanCountParser/Sources/SwiftBeanCountParser/CostParser.swift (in target 'SwiftBeanCountParser' from project 'SwiftBeanCountParser')
cd /Users/admin/builder/spi-builder-workspace/.swiftpm/xcode
builtin-SwiftPerFileCompile CostParser.swift
SwiftDriverJobDiscovery normal arm64_32 Emitting module for SwiftBeanCountParser (in target 'SwiftBeanCountParser' from project 'SwiftBeanCountParser')
SwiftDriver\ Compilation\ Requirements SwiftBeanCountParser normal arm64_32 com.apple.xcode.tools.swift.compiler (in target 'SwiftBeanCountParser' from project 'SwiftBeanCountParser')
cd /Users/admin/builder/spi-builder-workspace/.swiftpm/xcode
builtin-Swift-Compilation-Requirements -- /Applications/Xcode-27.0.0-Release.Candidate.app/Contents/Developer/Toolchains/XcodeDefault.xctoolchain/usr/bin/swiftc -parse-as-library -module-name SwiftBeanCountParser -Onone @/Users/admin/builder/spi-builder-workspace/.derivedData/Build/Intermediates.noindex/SwiftBeanCountParser.build/Debug-watchos/SwiftBeanCountParser-t.build/Objects-normal/arm64_32/SwiftBeanCountParser.SwiftFileList -DSWIFT_PACKAGE -DDEBUG -DSWIFT_MODULE_RESOURCE_BUNDLE_UNAVAILABLE -DXcode -plugin-path /Applications/Xcode-27.0.0-Release.Candidate.app/Contents/Developer/Toolchains/XcodeDefault.xctoolchain/usr/lib/swift/host/plugins/testing -enable-experimental-feature DebugDescriptionMacro -sdk /Applications/Xcode-27.0.0-Release.Candidate.app/Contents/Developer/Platforms/WatchOS.platform/Developer/SDKs/WatchOS27.0.sdk -target arm64_32-apple-watchos9.0 -g -module-cache-path /Users/admin/builder/spi-builder-workspace/.derivedData/ModuleCache.noindex -Xfrontend -serialize-debugging-options -profile-coverage-mapping -profile-generate -enable-testing -suppress-warnings -index-store-path /Users/admin/builder/spi-builder-workspace/.derivedData/Index.noindex/DataStore -Xcc -D_LIBCPP_HARDENING_MODE\=_LIBCPP_HARDENING_MODE_DEBUG -swift-version 5 -I /Users/admin/builder/spi-builder-workspace/.derivedData/Build/Products/Debug-watchos -Isystem /Applications/Xcode-27.0.0-Release.Candidate.app/Contents/Developer/Platforms/WatchOS.platform/Developer/usr/lib -F /Users/admin/builder/spi-builder-workspace/.derivedData/Build/Products/Debug-watchos/PackageFrameworks -F /Users/admin/builder/spi-builder-workspace/.derivedData/Build/Products/Debug-watchos -F /Applications/Xcode-27.0.0-Release.Candidate.app/Contents/Developer/Platforms/WatchOS.platform/Developer/Library/Frameworks -F /Applications/Xcode-27.0.0-Release.Candidate.app/Contents/Developer/Platforms/WatchOS.platform/Developer/SDKs/WatchOS27.0.sdk/Developer/Library/Frameworks -c -j10 -enable-batch-mode -incremental -Xcc -ivfsstatcache -Xcc /Users/admin/builder/spi-builder-workspace/.derivedData/SDKStatCaches.noindex/watchos27.0-24R360-e829b21a6f8c9b70876ba0858053c04477534ef55a1706bf4c1112bbb242f0a2.sdkstatcache -output-file-map /Users/admin/builder/spi-builder-workspace/.derivedData/Build/Intermediates.noindex/SwiftBeanCountParser.build/Debug-watchos/SwiftBeanCountParser-t.build/Objects-normal/arm64_32/SwiftBeanCountParser-OutputFileMap.json -save-temps -no-color-diagnostics -explicit-module-build -module-cache-path /Users/admin/builder/spi-builder-workspace/.derivedData/Build/Intermediates.noindex/SwiftExplicitPrecompiledModules -clang-scanner-module-cache-path /Users/admin/builder/spi-builder-workspace/.derivedData/ModuleCache.noindex -sdk-module-cache-path /Users/admin/builder/spi-builder-workspace/.derivedData/SDKExplicitPrecompiledModules -emit-dependencies -emit-module -emit-module-path /Users/admin/builder/spi-builder-workspace/.derivedData/Build/Intermediates.noindex/SwiftBeanCountParser.build/Debug-watchos/SwiftBeanCountParser-t.build/Objects-normal/arm64_32/SwiftBeanCountParser.swiftmodule -serialize-diagnostics -dependency-scan-serialize-diagnostics-path /Users/admin/builder/spi-builder-workspace/.derivedData/Build/Intermediates.noindex/SwiftBeanCountParser.build/Debug-watchos/SwiftBeanCountParser-t.build/Objects-normal/arm64_32/SwiftBeanCountParser-dependency-scan.dia -validate-clang-modules-once -clang-build-session-file /Users/admin/builder/spi-builder-workspace/.derivedData/ModuleCache.noindex/Session.modulevalidation -Xcc -fmodules-prune-interval\=86400 -Xcc -fmodules-prune-after\=345600 -emit-const-values -const-gather-protocols-list /Users/admin/builder/spi-builder-workspace/.derivedData/Build/Intermediates.noindex/SwiftBeanCountParser.build/Debug-watchos/SwiftBeanCountParser-t.build/Objects-normal/arm64_32/SwiftBeanCountParser_const_extract_protocols.json -Xcc -I/Users/admin/builder/spi-builder-workspace/.derivedData/Build/Products/Debug-watchos/include -Xcc -I/Users/admin/builder/spi-builder-workspace/.derivedData/Build/Intermediates.noindex/SwiftBeanCountParser.build/Debug-watchos/SwiftBeanCountParser-t.build/DerivedSources-normal/arm64_32 -Xcc -I/Users/admin/builder/spi-builder-workspace/.derivedData/Build/Intermediates.noindex/SwiftBeanCountParser.build/Debug-watchos/SwiftBeanCountParser-t.build/DerivedSources/arm64_32 -Xcc -I/Users/admin/builder/spi-builder-workspace/.derivedData/Build/Intermediates.noindex/SwiftBeanCountParser.build/Debug-watchos/SwiftBeanCountParser-t.build/DerivedSources -Xcc -DSWIFT_PACKAGE -Xcc -DDEBUG\=1 -emit-objc-header -emit-objc-header-path /Users/admin/builder/spi-builder-workspace/.derivedData/Build/Intermediates.noindex/SwiftBeanCountParser.build/Debug-watchos/SwiftBeanCountParser-t.build/Objects-normal/arm64_32/SwiftBeanCountParser-Swift.h -working-directory /Users/admin/builder/spi-builder-workspace/.swiftpm/xcode -experimental-emit-module-separately -disable-cmo
SwiftDriverJobDiscovery normal arm64_32 Compiling TransactionMetaDataParser.swift (in target 'SwiftBeanCountParser' from project 'SwiftBeanCountParser')
SwiftCompile normal arm64 Compiling\ MetaDataParser.swift,\ OptionParser.swift /Users/admin/builder/spi-builder-workspace/.dependencies/checkouts/SwiftBeanCountParser/Sources/SwiftBeanCountParser/MetaDataParser.swift /Users/admin/builder/spi-builder-workspace/.dependencies/checkouts/SwiftBeanCountParser/Sources/SwiftBeanCountParser/OptionParser.swift (in target 'SwiftBeanCountParser' from project 'SwiftBeanCountParser')
SwiftCompile normal arm64 /Users/admin/builder/spi-builder-workspace/.dependencies/checkouts/SwiftBeanCountParser/Sources/SwiftBeanCountParser/MetaDataParser.swift (in target 'SwiftBeanCountParser' from project 'SwiftBeanCountParser')
cd /Users/admin/builder/spi-builder-workspace/.swiftpm/xcode
builtin-SwiftPerFileCompile MetaDataParser.swift
SwiftCompile normal arm64 /Users/admin/builder/spi-builder-workspace/.dependencies/checkouts/SwiftBeanCountParser/Sources/SwiftBeanCountParser/OptionParser.swift (in target 'SwiftBeanCountParser' from project 'SwiftBeanCountParser')
cd /Users/admin/builder/spi-builder-workspace/.swiftpm/xcode
builtin-SwiftPerFileCompile OptionParser.swift
SwiftDriverJobDiscovery normal arm64_32 Compiling CommodityParser.swift, CostParser.swift (in target 'SwiftBeanCountParser' from project 'SwiftBeanCountParser')
Copy /Users/admin/builder/spi-builder-workspace/.derivedData/Build/Products/Debug-watchos/SwiftBeanCountParser.swiftmodule/arm64_32-apple-watchos.swiftmodule /Users/admin/builder/spi-builder-workspace/.derivedData/Build/Intermediates.noindex/SwiftBeanCountParser.build/Debug-watchos/SwiftBeanCountParser-t.build/Objects-normal/arm64_32/SwiftBeanCountParser.swiftmodule (in target 'SwiftBeanCountParser' from project 'SwiftBeanCountParser')
cd /Users/admin/builder/spi-builder-workspace/.dependencies/checkouts/SwiftBeanCountParser
builtin-copy -exclude .DS_Store -exclude CVS -exclude .svn -exclude .git -exclude .hg -resolve-src-symlinks -rename /Users/admin/builder/spi-builder-workspace/.derivedData/Build/Intermediates.noindex/SwiftBeanCountParser.build/Debug-watchos/SwiftBeanCountParser-t.build/Objects-normal/arm64_32/SwiftBeanCountParser.swiftmodule /Users/admin/builder/spi-builder-workspace/.derivedData/Build/Products/Debug-watchos/SwiftBeanCountParser.swiftmodule/arm64_32-apple-watchos.swiftmodule
Copy /Users/admin/builder/spi-builder-workspace/.derivedData/Build/Products/Debug-watchos/SwiftBeanCountParser.swiftmodule/arm64_32-apple-watchos.swiftdoc /Users/admin/builder/spi-builder-workspace/.derivedData/Build/Intermediates.noindex/SwiftBeanCountParser.build/Debug-watchos/SwiftBeanCountParser-t.build/Objects-normal/arm64_32/SwiftBeanCountParser.swiftdoc (in target 'SwiftBeanCountParser' from project 'SwiftBeanCountParser')
cd /Users/admin/builder/spi-builder-workspace/.dependencies/checkouts/SwiftBeanCountParser
builtin-copy -exclude .DS_Store -exclude CVS -exclude .svn -exclude .git -exclude .hg -resolve-src-symlinks -rename /Users/admin/builder/spi-builder-workspace/.derivedData/Build/Intermediates.noindex/SwiftBeanCountParser.build/Debug-watchos/SwiftBeanCountParser-t.build/Objects-normal/arm64_32/SwiftBeanCountParser.swiftdoc /Users/admin/builder/spi-builder-workspace/.derivedData/Build/Products/Debug-watchos/SwiftBeanCountParser.swiftmodule/arm64_32-apple-watchos.swiftdoc
Copy /Users/admin/builder/spi-builder-workspace/.derivedData/Build/Products/Debug-watchos/SwiftBeanCountParser.swiftmodule/arm64_32-apple-watchos.abi.json /Users/admin/builder/spi-builder-workspace/.derivedData/Build/Intermediates.noindex/SwiftBeanCountParser.build/Debug-watchos/SwiftBeanCountParser-t.build/Objects-normal/arm64_32/SwiftBeanCountParser.abi.json (in target 'SwiftBeanCountParser' from project 'SwiftBeanCountParser')
cd /Users/admin/builder/spi-builder-workspace/.dependencies/checkouts/SwiftBeanCountParser
builtin-copy -exclude .DS_Store -exclude CVS -exclude .svn -exclude .git -exclude .hg -resolve-src-symlinks -rename /Users/admin/builder/spi-builder-workspace/.derivedData/Build/Intermediates.noindex/SwiftBeanCountParser.build/Debug-watchos/SwiftBeanCountParser-t.build/Objects-normal/arm64_32/SwiftBeanCountParser.abi.json /Users/admin/builder/spi-builder-workspace/.derivedData/Build/Products/Debug-watchos/SwiftBeanCountParser.swiftmodule/arm64_32-apple-watchos.abi.json
Copy /Users/admin/builder/spi-builder-workspace/.derivedData/Build/Products/Debug-watchos/SwiftBeanCountParser.swiftmodule/Project/arm64_32-apple-watchos.swiftsourceinfo /Users/admin/builder/spi-builder-workspace/.derivedData/Build/Intermediates.noindex/SwiftBeanCountParser.build/Debug-watchos/SwiftBeanCountParser-t.build/Objects-normal/arm64_32/SwiftBeanCountParser.swiftsourceinfo (in target 'SwiftBeanCountParser' from project 'SwiftBeanCountParser')
cd /Users/admin/builder/spi-builder-workspace/.dependencies/checkouts/SwiftBeanCountParser
builtin-copy -exclude .DS_Store -exclude CVS -exclude .svn -exclude .git -exclude .hg -resolve-src-symlinks -rename /Users/admin/builder/spi-builder-workspace/.derivedData/Build/Intermediates.noindex/SwiftBeanCountParser.build/Debug-watchos/SwiftBeanCountParser-t.build/Objects-normal/arm64_32/SwiftBeanCountParser.swiftsourceinfo /Users/admin/builder/spi-builder-workspace/.derivedData/Build/Products/Debug-watchos/SwiftBeanCountParser.swiftmodule/Project/arm64_32-apple-watchos.swiftsourceinfo
SwiftCompile normal arm64 Compiling\ EventParser.swift,\ Collection.swift /Users/admin/builder/spi-builder-workspace/.dependencies/checkouts/SwiftBeanCountParser/Sources/SwiftBeanCountParser/EventParser.swift /Users/admin/builder/spi-builder-workspace/.dependencies/checkouts/SwiftBeanCountParser/Sources/SwiftBeanCountParser/Extensions/Collection.swift (in target 'SwiftBeanCountParser' from project 'SwiftBeanCountParser')
SwiftCompile normal arm64 /Users/admin/builder/spi-builder-workspace/.dependencies/checkouts/SwiftBeanCountParser/Sources/SwiftBeanCountParser/EventParser.swift (in target 'SwiftBeanCountParser' from project 'SwiftBeanCountParser')
cd /Users/admin/builder/spi-builder-workspace/.swiftpm/xcode
builtin-SwiftPerFileCompile EventParser.swift
SwiftCompile normal arm64 /Users/admin/builder/spi-builder-workspace/.dependencies/checkouts/SwiftBeanCountParser/Sources/SwiftBeanCountParser/Extensions/Collection.swift (in target 'SwiftBeanCountParser' from project 'SwiftBeanCountParser')
cd /Users/admin/builder/spi-builder-workspace/.swiftpm/xcode
builtin-SwiftPerFileCompile Collection.swift
SwiftCompile normal arm64 Compiling\ TransactionMetaDataParser.swift /Users/admin/builder/spi-builder-workspace/.dependencies/checkouts/SwiftBeanCountParser/Sources/SwiftBeanCountParser/TransactionMetaDataParser.swift (in target 'SwiftBeanCountParser' from project 'SwiftBeanCountParser')
SwiftCompile normal arm64 /Users/admin/builder/spi-builder-workspace/.dependencies/checkouts/SwiftBeanCountParser/Sources/SwiftBeanCountParser/TransactionMetaDataParser.swift (in target 'SwiftBeanCountParser' from project 'SwiftBeanCountParser')
cd /Users/admin/builder/spi-builder-workspace/.swiftpm/xcode
builtin-SwiftPerFileCompile TransactionMetaDataParser.swift
SwiftDriverJobDiscovery normal arm64 Emitting module for SwiftBeanCountParser (in target 'SwiftBeanCountParser' from project 'SwiftBeanCountParser')
SwiftDriver\ Compilation\ Requirements SwiftBeanCountParser normal arm64 com.apple.xcode.tools.swift.compiler (in target 'SwiftBeanCountParser' from project 'SwiftBeanCountParser')
cd /Users/admin/builder/spi-builder-workspace/.swiftpm/xcode
builtin-Swift-Compilation-Requirements -- /Applications/Xcode-27.0.0-Release.Candidate.app/Contents/Developer/Toolchains/XcodeDefault.xctoolchain/usr/bin/swiftc -parse-as-library -module-name SwiftBeanCountParser -Onone @/Users/admin/builder/spi-builder-workspace/.derivedData/Build/Intermediates.noindex/SwiftBeanCountParser.build/Debug-watchos/SwiftBeanCountParser-t.build/Objects-normal/arm64/SwiftBeanCountParser.SwiftFileList -DSWIFT_PACKAGE -DDEBUG -DSWIFT_MODULE_RESOURCE_BUNDLE_UNAVAILABLE -DXcode -plugin-path /Applications/Xcode-27.0.0-Release.Candidate.app/Contents/Developer/Toolchains/XcodeDefault.xctoolchain/usr/lib/swift/host/plugins/testing -enable-experimental-feature DebugDescriptionMacro -sdk /Applications/Xcode-27.0.0-Release.Candidate.app/Contents/Developer/Platforms/WatchOS.platform/Developer/SDKs/WatchOS27.0.sdk -target arm64-apple-watchos9.0 -g -module-cache-path /Users/admin/builder/spi-builder-workspace/.derivedData/ModuleCache.noindex -Xfrontend -serialize-debugging-options -profile-coverage-mapping -profile-generate -enable-testing -suppress-warnings -index-store-path /Users/admin/builder/spi-builder-workspace/.derivedData/Index.noindex/DataStore -Xcc -D_LIBCPP_HARDENING_MODE\=_LIBCPP_HARDENING_MODE_DEBUG -swift-version 5 -I /Users/admin/builder/spi-builder-workspace/.derivedData/Build/Products/Debug-watchos -Isystem /Applications/Xcode-27.0.0-Release.Candidate.app/Contents/Developer/Platforms/WatchOS.platform/Developer/usr/lib -F /Users/admin/builder/spi-builder-workspace/.derivedData/Build/Products/Debug-watchos/PackageFrameworks -F /Users/admin/builder/spi-builder-workspace/.derivedData/Build/Products/Debug-watchos -F /Applications/Xcode-27.0.0-Release.Candidate.app/Contents/Developer/Platforms/WatchOS.platform/Developer/Library/Frameworks -F /Applications/Xcode-27.0.0-Release.Candidate.app/Contents/Developer/Platforms/WatchOS.platform/Developer/SDKs/WatchOS27.0.sdk/Developer/Library/Frameworks -c -j10 -enable-batch-mode -incremental -Xcc -ivfsstatcache -Xcc /Users/admin/builder/spi-builder-workspace/.derivedData/SDKStatCaches.noindex/watchos27.0-24R360-e829b21a6f8c9b70876ba0858053c04477534ef55a1706bf4c1112bbb242f0a2.sdkstatcache -output-file-map /Users/admin/builder/spi-builder-workspace/.derivedData/Build/Intermediates.noindex/SwiftBeanCountParser.build/Debug-watchos/SwiftBeanCountParser-t.build/Objects-normal/arm64/SwiftBeanCountParser-OutputFileMap.json -save-temps -no-color-diagnostics -explicit-module-build -module-cache-path /Users/admin/builder/spi-builder-workspace/.derivedData/Build/Intermediates.noindex/SwiftExplicitPrecompiledModules -clang-scanner-module-cache-path /Users/admin/builder/spi-builder-workspace/.derivedData/ModuleCache.noindex -sdk-module-cache-path /Users/admin/builder/spi-builder-workspace/.derivedData/SDKExplicitPrecompiledModules -emit-dependencies -emit-module -emit-module-path /Users/admin/builder/spi-builder-workspace/.derivedData/Build/Intermediates.noindex/SwiftBeanCountParser.build/Debug-watchos/SwiftBeanCountParser-t.build/Objects-normal/arm64/SwiftBeanCountParser.swiftmodule -serialize-diagnostics -dependency-scan-serialize-diagnostics-path /Users/admin/builder/spi-builder-workspace/.derivedData/Build/Intermediates.noindex/SwiftBeanCountParser.build/Debug-watchos/SwiftBeanCountParser-t.build/Objects-normal/arm64/SwiftBeanCountParser-dependency-scan.dia -validate-clang-modules-once -clang-build-session-file /Users/admin/builder/spi-builder-workspace/.derivedData/ModuleCache.noindex/Session.modulevalidation -Xcc -fmodules-prune-interval\=86400 -Xcc -fmodules-prune-after\=345600 -emit-const-values -const-gather-protocols-list /Users/admin/builder/spi-builder-workspace/.derivedData/Build/Intermediates.noindex/SwiftBeanCountParser.build/Debug-watchos/SwiftBeanCountParser-t.build/Objects-normal/arm64/SwiftBeanCountParser_const_extract_protocols.json -Xcc -I/Users/admin/builder/spi-builder-workspace/.derivedData/Build/Products/Debug-watchos/include -Xcc -I/Users/admin/builder/spi-builder-workspace/.derivedData/Build/Intermediates.noindex/SwiftBeanCountParser.build/Debug-watchos/SwiftBeanCountParser-t.build/DerivedSources-normal/arm64 -Xcc -I/Users/admin/builder/spi-builder-workspace/.derivedData/Build/Intermediates.noindex/SwiftBeanCountParser.build/Debug-watchos/SwiftBeanCountParser-t.build/DerivedSources/arm64 -Xcc -I/Users/admin/builder/spi-builder-workspace/.derivedData/Build/Intermediates.noindex/SwiftBeanCountParser.build/Debug-watchos/SwiftBeanCountParser-t.build/DerivedSources -Xcc -DSWIFT_PACKAGE -Xcc -DDEBUG\=1 -emit-objc-header -emit-objc-header-path /Users/admin/builder/spi-builder-workspace/.derivedData/Build/Intermediates.noindex/SwiftBeanCountParser.build/Debug-watchos/SwiftBeanCountParser-t.build/Objects-normal/arm64/SwiftBeanCountParser-Swift.h -working-directory /Users/admin/builder/spi-builder-workspace/.swiftpm/xcode -experimental-emit-module-separately -disable-cmo
SwiftDriverJobDiscovery normal arm64_32 Compiling AccountParser.swift, BalanceParser.swift (in target 'SwiftBeanCountParser' from project 'SwiftBeanCountParser')
SwiftCompile normal arm64 Compiling\ Parser.swift,\ ParserUtils.swift /Users/admin/builder/spi-builder-workspace/.dependencies/checkouts/SwiftBeanCountParser/Sources/SwiftBeanCountParser/Parser.swift /Users/admin/builder/spi-builder-workspace/.dependencies/checkouts/SwiftBeanCountParser/Sources/SwiftBeanCountParser/ParserUtils.swift (in target 'SwiftBeanCountParser' from project 'SwiftBeanCountParser')
SwiftCompile normal arm64 /Users/admin/builder/spi-builder-workspace/.dependencies/checkouts/SwiftBeanCountParser/Sources/SwiftBeanCountParser/Parser.swift (in target 'SwiftBeanCountParser' from project 'SwiftBeanCountParser')
cd /Users/admin/builder/spi-builder-workspace/.swiftpm/xcode
builtin-SwiftPerFileCompile Parser.swift
SwiftCompile normal arm64 /Users/admin/builder/spi-builder-workspace/.dependencies/checkouts/SwiftBeanCountParser/Sources/SwiftBeanCountParser/ParserUtils.swift (in target 'SwiftBeanCountParser' from project 'SwiftBeanCountParser')
cd /Users/admin/builder/spi-builder-workspace/.swiftpm/xcode
builtin-SwiftPerFileCompile ParserUtils.swift
SwiftMergeGeneratedHeaders /Users/admin/builder/spi-builder-workspace/.derivedData/Build/Intermediates.noindex/GeneratedModuleMaps-watchos/SwiftBeanCountParser-Swift.h /Users/admin/builder/spi-builder-workspace/.derivedData/Build/Intermediates.noindex/SwiftBeanCountParser.build/Debug-watchos/SwiftBeanCountParser-t.build/Objects-normal/arm64/SwiftBeanCountParser-Swift.h /Users/admin/builder/spi-builder-workspace/.derivedData/Build/Intermediates.noindex/SwiftBeanCountParser.build/Debug-watchos/SwiftBeanCountParser-t.build/Objects-normal/arm64_32/SwiftBeanCountParser-Swift.h (in target 'SwiftBeanCountParser' from project 'SwiftBeanCountParser')
cd /Users/admin/builder/spi-builder-workspace/.dependencies/checkouts/SwiftBeanCountParser
builtin-swiftHeaderTool -arch arm64 /Users/admin/builder/spi-builder-workspace/.derivedData/Build/Intermediates.noindex/SwiftBeanCountParser.build/Debug-watchos/SwiftBeanCountParser-t.build/Objects-normal/arm64/SwiftBeanCountParser-Swift.h -arch arm64_32 /Users/admin/builder/spi-builder-workspace/.derivedData/Build/Intermediates.noindex/SwiftBeanCountParser.build/Debug-watchos/SwiftBeanCountParser-t.build/Objects-normal/arm64_32/SwiftBeanCountParser-Swift.h -o /Users/admin/builder/spi-builder-workspace/.derivedData/Build/Intermediates.noindex/GeneratedModuleMaps-watchos/SwiftBeanCountParser-Swift.h
SwiftDriverJobDiscovery normal arm64 Compiling PostingParser.swift (in target 'SwiftBeanCountParser' from project 'SwiftBeanCountParser')
Copy /Users/admin/builder/spi-builder-workspace/.derivedData/Build/Products/Debug-watchos/SwiftBeanCountParser.swiftmodule/arm64-apple-watchos.swiftmodule /Users/admin/builder/spi-builder-workspace/.derivedData/Build/Intermediates.noindex/SwiftBeanCountParser.build/Debug-watchos/SwiftBeanCountParser-t.build/Objects-normal/arm64/SwiftBeanCountParser.swiftmodule (in target 'SwiftBeanCountParser' from project 'SwiftBeanCountParser')
cd /Users/admin/builder/spi-builder-workspace/.dependencies/checkouts/SwiftBeanCountParser
builtin-copy -exclude .DS_Store -exclude CVS -exclude .svn -exclude .git -exclude .hg -resolve-src-symlinks -rename /Users/admin/builder/spi-builder-workspace/.derivedData/Build/Intermediates.noindex/SwiftBeanCountParser.build/Debug-watchos/SwiftBeanCountParser-t.build/Objects-normal/arm64/SwiftBeanCountParser.swiftmodule /Users/admin/builder/spi-builder-workspace/.derivedData/Build/Products/Debug-watchos/SwiftBeanCountParser.swiftmodule/arm64-apple-watchos.swiftmodule
Copy /Users/admin/builder/spi-builder-workspace/.derivedData/Build/Products/Debug-watchos/SwiftBeanCountParser.swiftmodule/arm64-apple-watchos.swiftdoc /Users/admin/builder/spi-builder-workspace/.derivedData/Build/Intermediates.noindex/SwiftBeanCountParser.build/Debug-watchos/SwiftBeanCountParser-t.build/Objects-normal/arm64/SwiftBeanCountParser.swiftdoc (in target 'SwiftBeanCountParser' from project 'SwiftBeanCountParser')
cd /Users/admin/builder/spi-builder-workspace/.dependencies/checkouts/SwiftBeanCountParser
builtin-copy -exclude .DS_Store -exclude CVS -exclude .svn -exclude .git -exclude .hg -resolve-src-symlinks -rename /Users/admin/builder/spi-builder-workspace/.derivedData/Build/Intermediates.noindex/SwiftBeanCountParser.build/Debug-watchos/SwiftBeanCountParser-t.build/Objects-normal/arm64/SwiftBeanCountParser.swiftdoc /Users/admin/builder/spi-builder-workspace/.derivedData/Build/Products/Debug-watchos/SwiftBeanCountParser.swiftmodule/arm64-apple-watchos.swiftdoc
Copy /Users/admin/builder/spi-builder-workspace/.derivedData/Build/Products/Debug-watchos/SwiftBeanCountParser.swiftmodule/arm64-apple-watchos.abi.json /Users/admin/builder/spi-builder-workspace/.derivedData/Build/Intermediates.noindex/SwiftBeanCountParser.build/Debug-watchos/SwiftBeanCountParser-t.build/Objects-normal/arm64/SwiftBeanCountParser.abi.json (in target 'SwiftBeanCountParser' from project 'SwiftBeanCountParser')
cd /Users/admin/builder/spi-builder-workspace/.dependencies/checkouts/SwiftBeanCountParser
builtin-copy -exclude .DS_Store -exclude CVS -exclude .svn -exclude .git -exclude .hg -resolve-src-symlinks -rename /Users/admin/builder/spi-builder-workspace/.derivedData/Build/Intermediates.noindex/SwiftBeanCountParser.build/Debug-watchos/SwiftBeanCountParser-t.build/Objects-normal/arm64/SwiftBeanCountParser.abi.json /Users/admin/builder/spi-builder-workspace/.derivedData/Build/Products/Debug-watchos/SwiftBeanCountParser.swiftmodule/arm64-apple-watchos.abi.json
Copy /Users/admin/builder/spi-builder-workspace/.derivedData/Build/Products/Debug-watchos/SwiftBeanCountParser.swiftmodule/Project/arm64-apple-watchos.swiftsourceinfo /Users/admin/builder/spi-builder-workspace/.derivedData/Build/Intermediates.noindex/SwiftBeanCountParser.build/Debug-watchos/SwiftBeanCountParser-t.build/Objects-normal/arm64/SwiftBeanCountParser.swiftsourceinfo (in target 'SwiftBeanCountParser' from project 'SwiftBeanCountParser')
cd /Users/admin/builder/spi-builder-workspace/.dependencies/checkouts/SwiftBeanCountParser
builtin-copy -exclude .DS_Store -exclude CVS -exclude .svn -exclude .git -exclude .hg -resolve-src-symlinks -rename /Users/admin/builder/spi-builder-workspace/.derivedData/Build/Intermediates.noindex/SwiftBeanCountParser.build/Debug-watchos/SwiftBeanCountParser-t.build/Objects-normal/arm64/SwiftBeanCountParser.swiftsourceinfo /Users/admin/builder/spi-builder-workspace/.derivedData/Build/Products/Debug-watchos/SwiftBeanCountParser.swiftmodule/Project/arm64-apple-watchos.swiftsourceinfo
SwiftCompile normal arm64 Compiling\ PriceParser.swift /Users/admin/builder/spi-builder-workspace/.dependencies/checkouts/SwiftBeanCountParser/Sources/SwiftBeanCountParser/PriceParser.swift (in target 'SwiftBeanCountParser' from project 'SwiftBeanCountParser')
SwiftCompile normal arm64 /Users/admin/builder/spi-builder-workspace/.dependencies/checkouts/SwiftBeanCountParser/Sources/SwiftBeanCountParser/PriceParser.swift (in target 'SwiftBeanCountParser' from project 'SwiftBeanCountParser')
cd /Users/admin/builder/spi-builder-workspace/.swiftpm/xcode
builtin-SwiftPerFileCompile PriceParser.swift
SwiftCompile normal arm64_32 Compiling\ PostingParser.swift /Users/admin/builder/spi-builder-workspace/.dependencies/checkouts/SwiftBeanCountParser/Sources/SwiftBeanCountParser/PostingParser.swift (in target 'SwiftBeanCountParser' from project 'SwiftBeanCountParser')
SwiftCompile normal arm64_32 /Users/admin/builder/spi-builder-workspace/.dependencies/checkouts/SwiftBeanCountParser/Sources/SwiftBeanCountParser/PostingParser.swift (in target 'SwiftBeanCountParser' from project 'SwiftBeanCountParser')
cd /Users/admin/builder/spi-builder-workspace/.swiftpm/xcode
builtin-SwiftPerFileCompile PostingParser.swift
SwiftCompile normal arm64_32 Compiling\ PriceParser.swift /Users/admin/builder/spi-builder-workspace/.dependencies/checkouts/SwiftBeanCountParser/Sources/SwiftBeanCountParser/PriceParser.swift (in target 'SwiftBeanCountParser' from project 'SwiftBeanCountParser')
SwiftCompile normal arm64_32 /Users/admin/builder/spi-builder-workspace/.dependencies/checkouts/SwiftBeanCountParser/Sources/SwiftBeanCountParser/PriceParser.swift (in target 'SwiftBeanCountParser' from project 'SwiftBeanCountParser')
cd /Users/admin/builder/spi-builder-workspace/.swiftpm/xcode
builtin-SwiftPerFileCompile PriceParser.swift
SwiftExplicitDependencyGeneratePcm arm64_32 /Users/admin/builder/spi-builder-workspace/.derivedData/SDKExplicitPrecompiledModules/AuthenticationServices-U4ZM8YNANM5QPRY57SHT95HW.pcm
SwiftDriverJobDiscovery normal arm64 Compiling MetaDataParser.swift, OptionParser.swift (in target 'SwiftBeanCountParser' from project 'SwiftBeanCountParser')
SwiftExplicitDependencyGeneratePcm arm64 /Users/admin/builder/spi-builder-workspace/.derivedData/SDKExplicitPrecompiledModules/LocalAuthentication-E2VERNNN1K2IWY24TR43TU59K.pcm
SwiftDriverJobDiscovery normal arm64 Compiling CommodityParser.swift, CostParser.swift (in target 'SwiftBeanCountParser' from project 'SwiftBeanCountParser')
SwiftExplicitDependencyGeneratePcm arm64 /Users/admin/builder/spi-builder-workspace/.derivedData/SDKExplicitPrecompiledModules/AuthenticationServices-CRT9U3VZ0PIZDSKOUKI4X74QT.pcm
SwiftDriverJobDiscovery normal arm64 Compiling Keychain.swift (in target 'KeychainAccess' from project 'KeychainAccess')
SwiftExplicitDependencyGeneratePcm arm64_32 /Users/admin/builder/spi-builder-workspace/.derivedData/SDKExplicitPrecompiledModules/LocalAuthentication-ATD947DC6Q0HA129OWBMG6HNP.pcm
SwiftDriverJobDiscovery normal arm64 Compiling EventParser.swift, Collection.swift (in target 'SwiftBeanCountParser' from project 'SwiftBeanCountParser')
SwiftDriverJobDiscovery normal arm64_32 Compiling Keychain.swift (in target 'KeychainAccess' from project 'KeychainAccess')
SwiftCompile normal arm64 Compiling\ AccountParser.swift,\ BalanceParser.swift /Users/admin/builder/spi-builder-workspace/.dependencies/checkouts/SwiftBeanCountParser/Sources/SwiftBeanCountParser/AccountParser.swift /Users/admin/builder/spi-builder-workspace/.dependencies/checkouts/SwiftBeanCountParser/Sources/SwiftBeanCountParser/BalanceParser.swift (in target 'SwiftBeanCountParser' from project 'SwiftBeanCountParser')
SwiftCompile normal arm64 /Users/admin/builder/spi-builder-workspace/.dependencies/checkouts/SwiftBeanCountParser/Sources/SwiftBeanCountParser/AccountParser.swift (in target 'SwiftBeanCountParser' from project 'SwiftBeanCountParser')
cd /Users/admin/builder/spi-builder-workspace/.swiftpm/xcode
builtin-SwiftPerFileCompile AccountParser.swift
SwiftCompile normal arm64 /Users/admin/builder/spi-builder-workspace/.dependencies/checkouts/SwiftBeanCountParser/Sources/SwiftBeanCountParser/BalanceParser.swift (in target 'SwiftBeanCountParser' from project 'SwiftBeanCountParser')
cd /Users/admin/builder/spi-builder-workspace/.swiftpm/xcode
builtin-SwiftPerFileCompile BalanceParser.swift
SwiftCompile normal arm64_32 Compiling\ Parser.swift,\ ParserUtils.swift /Users/admin/builder/spi-builder-workspace/.dependencies/checkouts/SwiftBeanCountParser/Sources/SwiftBeanCountParser/Parser.swift /Users/admin/builder/spi-builder-workspace/.dependencies/checkouts/SwiftBeanCountParser/Sources/SwiftBeanCountParser/ParserUtils.swift (in target 'SwiftBeanCountParser' from project 'SwiftBeanCountParser')
SwiftCompile normal arm64_32 /Users/admin/builder/spi-builder-workspace/.dependencies/checkouts/SwiftBeanCountParser/Sources/SwiftBeanCountParser/Parser.swift (in target 'SwiftBeanCountParser' from project 'SwiftBeanCountParser')
cd /Users/admin/builder/spi-builder-workspace/.swiftpm/xcode
builtin-SwiftPerFileCompile Parser.swift
SwiftCompile normal arm64_32 /Users/admin/builder/spi-builder-workspace/.dependencies/checkouts/SwiftBeanCountParser/Sources/SwiftBeanCountParser/ParserUtils.swift (in target 'SwiftBeanCountParser' from project 'SwiftBeanCountParser')
cd /Users/admin/builder/spi-builder-workspace/.swiftpm/xcode
builtin-SwiftPerFileCompile ParserUtils.swift
SwiftDriverJobDiscovery normal arm64 Compiling TransactionMetaDataParser.swift (in target 'SwiftBeanCountParser' from project 'SwiftBeanCountParser')
SwiftCompile normal arm64_32 Compiling\ CustomsParser.swift,\ DateParser.swift /Users/admin/builder/spi-builder-workspace/.dependencies/checkouts/SwiftBeanCountParser/Sources/SwiftBeanCountParser/CustomsParser.swift /Users/admin/builder/spi-builder-workspace/.dependencies/checkouts/SwiftBeanCountParser/Sources/SwiftBeanCountParser/DateParser.swift (in target 'SwiftBeanCountParser' from project 'SwiftBeanCountParser')
SwiftCompile normal arm64_32 /Users/admin/builder/spi-builder-workspace/.dependencies/checkouts/SwiftBeanCountParser/Sources/SwiftBeanCountParser/CustomsParser.swift (in target 'SwiftBeanCountParser' from project 'SwiftBeanCountParser')
cd /Users/admin/builder/spi-builder-workspace/.swiftpm/xcode
builtin-SwiftPerFileCompile CustomsParser.swift
SwiftCompile normal arm64_32 /Users/admin/builder/spi-builder-workspace/.dependencies/checkouts/SwiftBeanCountParser/Sources/SwiftBeanCountParser/DateParser.swift (in target 'SwiftBeanCountParser' from project 'SwiftBeanCountParser')
cd /Users/admin/builder/spi-builder-workspace/.swiftpm/xcode
builtin-SwiftPerFileCompile DateParser.swift
SwiftCompile normal arm64 Compiling\ PluginParser.swift /Users/admin/builder/spi-builder-workspace/.dependencies/checkouts/SwiftBeanCountParser/Sources/SwiftBeanCountParser/PluginParser.swift (in target 'SwiftBeanCountParser' from project 'SwiftBeanCountParser')
SwiftCompile normal arm64 /Users/admin/builder/spi-builder-workspace/.dependencies/checkouts/SwiftBeanCountParser/Sources/SwiftBeanCountParser/PluginParser.swift (in target 'SwiftBeanCountParser' from project 'SwiftBeanCountParser')
cd /Users/admin/builder/spi-builder-workspace/.swiftpm/xcode
builtin-SwiftPerFileCompile PluginParser.swift
SwiftCompile normal arm64_32 Compiling\ MetaDataParser.swift,\ OptionParser.swift /Users/admin/builder/spi-builder-workspace/.dependencies/checkouts/SwiftBeanCountParser/Sources/SwiftBeanCountParser/MetaDataParser.swift /Users/admin/builder/spi-builder-workspace/.dependencies/checkouts/SwiftBeanCountParser/Sources/SwiftBeanCountParser/OptionParser.swift (in target 'SwiftBeanCountParser' from project 'SwiftBeanCountParser')
SwiftCompile normal arm64_32 /Users/admin/builder/spi-builder-workspace/.dependencies/checkouts/SwiftBeanCountParser/Sources/SwiftBeanCountParser/MetaDataParser.swift (in target 'SwiftBeanCountParser' from project 'SwiftBeanCountParser')
cd /Users/admin/builder/spi-builder-workspace/.swiftpm/xcode
builtin-SwiftPerFileCompile MetaDataParser.swift
SwiftCompile normal arm64_32 /Users/admin/builder/spi-builder-workspace/.dependencies/checkouts/SwiftBeanCountParser/Sources/SwiftBeanCountParser/OptionParser.swift (in target 'SwiftBeanCountParser' from project 'SwiftBeanCountParser')
cd /Users/admin/builder/spi-builder-workspace/.swiftpm/xcode
builtin-SwiftPerFileCompile OptionParser.swift
SwiftDriverJobDiscovery normal arm64 Compiling PriceParser.swift (in target 'SwiftBeanCountParser' from project 'SwiftBeanCountParser')
SwiftCompile normal arm64 Compiling\ CustomsParser.swift,\ DateParser.swift /Users/admin/builder/spi-builder-workspace/.dependencies/checkouts/SwiftBeanCountParser/Sources/SwiftBeanCountParser/CustomsParser.swift /Users/admin/builder/spi-builder-workspace/.dependencies/checkouts/SwiftBeanCountParser/Sources/SwiftBeanCountParser/DateParser.swift (in target 'SwiftBeanCountParser' from project 'SwiftBeanCountParser')
SwiftCompile normal arm64 /Users/admin/builder/spi-builder-workspace/.dependencies/checkouts/SwiftBeanCountParser/Sources/SwiftBeanCountParser/CustomsParser.swift (in target 'SwiftBeanCountParser' from project 'SwiftBeanCountParser')
cd /Users/admin/builder/spi-builder-workspace/.swiftpm/xcode
builtin-SwiftPerFileCompile CustomsParser.swift
SwiftCompile normal arm64 /Users/admin/builder/spi-builder-workspace/.dependencies/checkouts/SwiftBeanCountParser/Sources/SwiftBeanCountParser/DateParser.swift (in target 'SwiftBeanCountParser' from project 'SwiftBeanCountParser')
cd /Users/admin/builder/spi-builder-workspace/.swiftpm/xcode
builtin-SwiftPerFileCompile DateParser.swift
SwiftDriverJobDiscovery normal arm64_32 Compiling PriceParser.swift (in target 'SwiftBeanCountParser' from project 'SwiftBeanCountParser')
SwiftCompile normal arm64_32 Compiling\ PluginParser.swift /Users/admin/builder/spi-builder-workspace/.dependencies/checkouts/SwiftBeanCountParser/Sources/SwiftBeanCountParser/PluginParser.swift (in target 'SwiftBeanCountParser' from project 'SwiftBeanCountParser')
SwiftCompile normal arm64_32 /Users/admin/builder/spi-builder-workspace/.dependencies/checkouts/SwiftBeanCountParser/Sources/SwiftBeanCountParser/PluginParser.swift (in target 'SwiftBeanCountParser' from project 'SwiftBeanCountParser')
cd /Users/admin/builder/spi-builder-workspace/.swiftpm/xcode
builtin-SwiftPerFileCompile PluginParser.swift
SwiftDriverJobDiscovery normal arm64_32 Compiling PostingParser.swift (in target 'SwiftBeanCountParser' from project 'SwiftBeanCountParser')
SwiftDriver\ Compilation OAuthSwift normal arm64 com.apple.xcode.tools.swift.compiler (in target 'OAuthSwift' from project 'OAuthSwift')
cd /Users/admin/builder/spi-builder-workspace/.swiftpm/xcode
builtin-Swift-Compilation -- /Applications/Xcode-27.0.0-Release.Candidate.app/Contents/Developer/Toolchains/XcodeDefault.xctoolchain/usr/bin/swiftc -parse-as-library -module-name OAuthSwift -Onone @/Users/admin/builder/spi-builder-workspace/.derivedData/Build/Intermediates.noindex/OAuthSwift.build/Debug-watchos/OAuthSwift-t.build/Objects-normal/arm64/OAuthSwift.SwiftFileList -DSWIFT_PACKAGE -DDEBUG -DSWIFT_MODULE_RESOURCE_BUNDLE_UNAVAILABLE -DXcode -plugin-path /Applications/Xcode-27.0.0-Release.Candidate.app/Contents/Developer/Toolchains/XcodeDefault.xctoolchain/usr/lib/swift/host/plugins/testing -enable-experimental-feature DebugDescriptionMacro -sdk /Applications/Xcode-27.0.0-Release.Candidate.app/Contents/Developer/Platforms/WatchOS.platform/Developer/SDKs/WatchOS27.0.sdk -target arm64-apple-watchos9.0 -g -module-cache-path /Users/admin/builder/spi-builder-workspace/.derivedData/ModuleCache.noindex -Xfrontend -serialize-debugging-options -profile-coverage-mapping -profile-generate -enable-testing -suppress-warnings -index-store-path /Users/admin/builder/spi-builder-workspace/.derivedData/Index.noindex/DataStore -Xcc -D_LIBCPP_HARDENING_MODE\=_LIBCPP_HARDENING_MODE_DEBUG -swift-version 5 -I /Users/admin/builder/spi-builder-workspace/.derivedData/Build/Products/Debug-watchos -Isystem /Applications/Xcode-27.0.0-Release.Candidate.app/Contents/Developer/Platforms/WatchOS.platform/Developer/usr/lib -F /Users/admin/builder/spi-builder-workspace/.derivedData/Build/Products/Debug-watchos -F /Applications/Xcode-27.0.0-Release.Candidate.app/Contents/Developer/Platforms/WatchOS.platform/Developer/Library/Frameworks -F /Applications/Xcode-27.0.0-Release.Candidate.app/Contents/Developer/Platforms/WatchOS.platform/Developer/SDKs/WatchOS27.0.sdk/Developer/Library/Frameworks -c -j10 -enable-batch-mode -incremental -Xcc -ivfsstatcache -Xcc /Users/admin/builder/spi-builder-workspace/.derivedData/SDKStatCaches.noindex/watchos27.0-24R360-e829b21a6f8c9b70876ba0858053c04477534ef55a1706bf4c1112bbb242f0a2.sdkstatcache -output-file-map /Users/admin/builder/spi-builder-workspace/.derivedData/Build/Intermediates.noindex/OAuthSwift.build/Debug-watchos/OAuthSwift-t.build/Objects-normal/arm64/OAuthSwift-OutputFileMap.json -save-temps -no-color-diagnostics -explicit-module-build -module-cache-path /Users/admin/builder/spi-builder-workspace/.derivedData/Build/Intermediates.noindex/SwiftExplicitPrecompiledModules -clang-scanner-module-cache-path /Users/admin/builder/spi-builder-workspace/.derivedData/ModuleCache.noindex -sdk-module-cache-path /Users/admin/builder/spi-builder-workspace/.derivedData/SDKExplicitPrecompiledModules -emit-dependencies -emit-module -emit-module-path /Users/admin/builder/spi-builder-workspace/.derivedData/Build/Intermediates.noindex/OAuthSwift.build/Debug-watchos/OAuthSwift-t.build/Objects-normal/arm64/OAuthSwift.swiftmodule -serialize-diagnostics -dependency-scan-serialize-diagnostics-path /Users/admin/builder/spi-builder-workspace/.derivedData/Build/Intermediates.noindex/OAuthSwift.build/Debug-watchos/OAuthSwift-t.build/Objects-normal/arm64/OAuthSwift-dependency-scan.dia -validate-clang-modules-once -clang-build-session-file /Users/admin/builder/spi-builder-workspace/.derivedData/ModuleCache.noindex/Session.modulevalidation -Xcc -fmodules-prune-interval\=86400 -Xcc -fmodules-prune-after\=345600 -emit-const-values -const-gather-protocols-list /Users/admin/builder/spi-builder-workspace/.derivedData/Build/Intermediates.noindex/OAuthSwift.build/Debug-watchos/OAuthSwift-t.build/Objects-normal/arm64/OAuthSwift_const_extract_protocols.json -Xcc -I/Users/admin/builder/spi-builder-workspace/.derivedData/Build/Products/Debug-watchos/include -Xcc -I/Users/admin/builder/spi-builder-workspace/.derivedData/Build/Intermediates.noindex/OAuthSwift.build/Debug-watchos/OAuthSwift-t.build/DerivedSources-normal/arm64 -Xcc -I/Users/admin/builder/spi-builder-workspace/.derivedData/Build/Intermediates.noindex/OAuthSwift.build/Debug-watchos/OAuthSwift-t.build/DerivedSources/arm64 -Xcc -I/Users/admin/builder/spi-builder-workspace/.derivedData/Build/Intermediates.noindex/OAuthSwift.build/Debug-watchos/OAuthSwift-t.build/DerivedSources -Xcc -DSWIFT_PACKAGE -Xcc -DDEBUG\=1 -emit-objc-header -emit-objc-header-path /Users/admin/builder/spi-builder-workspace/.derivedData/Build/Intermediates.noindex/OAuthSwift.build/Debug-watchos/OAuthSwift-t.build/Objects-normal/arm64/OAuthSwift-Swift.h -working-directory /Users/admin/builder/spi-builder-workspace/.swiftpm/xcode -experimental-emit-module-separately -disable-cmo
SwiftEmitModule normal arm64_32 Emitting\ module\ for\ GoogleAuthentication (in target 'GoogleAuthentication' from project 'GoogleAuthentication')
/Users/admin/builder/spi-builder-workspace/.dependencies/checkouts/GoogleAuthentication/Sources/GoogleAuthentication/ASWebAuthenticationURLHandler.swift:17:57: error: 'ASWebAuthenticationPresentationContextProviding' is unavailable in watchOS
15 | let callbackURLScheme: String
16 |
17 | weak var authenticationPresentationContextProvider: ASWebAuthenticationPresentationContextProviding?
| `- error: 'ASWebAuthenticationPresentationContextProviding' is unavailable in watchOS
18 |
19 | public init(callbackURLScheme: String, authenticationPresentationContextProvider: ASWebAuthenticationPresentationContextProviding?) {
/Applications/Xcode-27.0.0-Release.Candidate.app/Contents/Developer/Platforms/WatchOS.platform/Developer/SDKs/WatchOS27.0.sdk/System/Library/Frameworks/AuthenticationServices.framework/Headers/ASWebAuthenticationSession.h:115:11: note: 'ASWebAuthenticationPresentationContextProviding' has been explicitly marked unavailable here
113 | API_AVAILABLE(ios(13.0), macos(10.15)) API_UNAVAILABLE(tvos, watchos)
114 | NS_SWIFT_UI_ACTOR
115 | @protocol ASWebAuthenticationPresentationContextProviding <NSObject>
| `- note: 'ASWebAuthenticationPresentationContextProviding' has been explicitly marked unavailable here
116 |
117 | #if !TARGET_OS_WATCH
/Users/admin/builder/spi-builder-workspace/.dependencies/checkouts/GoogleAuthentication/Sources/GoogleAuthentication/ASWebAuthenticationURLHandler.swift:19:87: error: 'ASWebAuthenticationPresentationContextProviding' is unavailable in watchOS
17 | weak var authenticationPresentationContextProvider: ASWebAuthenticationPresentationContextProviding?
18 |
19 | public init(callbackURLScheme: String, authenticationPresentationContextProvider: ASWebAuthenticationPresentationContextProviding?) {
| `- error: 'ASWebAuthenticationPresentationContextProviding' is unavailable in watchOS
20 | self.callbackURLScheme = callbackURLScheme
21 | self.authenticationPresentationContextProvider = authenticationPresentationContextProvider
/Applications/Xcode-27.0.0-Release.Candidate.app/Contents/Developer/Platforms/WatchOS.platform/Developer/SDKs/WatchOS27.0.sdk/System/Library/Frameworks/AuthenticationServices.framework/Headers/ASWebAuthenticationSession.h:115:11: note: 'ASWebAuthenticationPresentationContextProviding' has been explicitly marked unavailable here
113 | API_AVAILABLE(ios(13.0), macos(10.15)) API_UNAVAILABLE(tvos, watchos)
114 | NS_SWIFT_UI_ACTOR
115 | @protocol ASWebAuthenticationPresentationContextProviding <NSObject>
| `- note: 'ASWebAuthenticationPresentationContextProviding' has been explicitly marked unavailable here
116 |
117 | #if !TARGET_OS_WATCH
/Users/admin/builder/spi-builder-workspace/.dependencies/checkouts/GoogleAuthentication/Sources/GoogleAuthentication/Authentication.swift:60:52: error: 'ASWebAuthenticationPresentationContextProviding' is unavailable in watchOS
58 | /// - completion: OAuthSwift.TokenCompletionHandler
59 | public func authenticate(
60 | authenticationPresentationContextProvider: ASWebAuthenticationPresentationContextProviding,
| `- error: 'ASWebAuthenticationPresentationContextProviding' is unavailable in watchOS
61 | completion: @escaping OAuthSwift.TokenCompletionHandler
62 | ) {
/Applications/Xcode-27.0.0-Release.Candidate.app/Contents/Developer/Platforms/WatchOS.platform/Developer/SDKs/WatchOS27.0.sdk/System/Library/Frameworks/AuthenticationServices.framework/Headers/ASWebAuthenticationSession.h:115:11: note: 'ASWebAuthenticationPresentationContextProviding' has been explicitly marked unavailable here
113 | API_AVAILABLE(ios(13.0), macos(10.15)) API_UNAVAILABLE(tvos, watchos)
114 | NS_SWIFT_UI_ACTOR
115 | @protocol ASWebAuthenticationPresentationContextProviding <NSObject>
| `- note: 'ASWebAuthenticationPresentationContextProviding' has been explicitly marked unavailable here
116 |
117 | #if !TARGET_OS_WATCH
Failed frontend command:
/Applications/Xcode-27.0.0-Release.Candidate.app/Contents/Developer/Toolchains/XcodeDefault.xctoolchain/usr/bin/swift-frontend -frontend -emit-module -experimental-skip-non-inlinable-function-bodies-without-types /Users/admin/builder/spi-builder-workspace/.dependencies/checkouts/GoogleAuthentication/Sources/GoogleAuthentication/ASWebAuthenticationURLHandler.swift /Users/admin/builder/spi-builder-workspace/.dependencies/checkouts/GoogleAuthentication/Sources/GoogleAuthentication/Authentication.swift -target arm64_32-apple-watchos9.0 -disable-cross-import-overlay-search -swift-module-cross-import AuthenticationServices /Applications/Xcode-27.0.0-Release.Candidate.app/Contents/Developer/Platforms/WatchOS.platform/Developer/SDKs/WatchOS.sdk/System/Library/Frameworks/AuthenticationServices.framework/Modules/AuthenticationServices.swiftcrossimport/SwiftUI.swiftoverlay -swift-module-cross-import AuthenticationServices /Applications/Xcode-27.0.0-Release.Candidate.app/Contents/Developer/Platforms/WatchOS.platform/Developer/SDKs/WatchOS27.0.sdk/System/Library/Frameworks/AuthenticationServices.framework/Modules/AuthenticationServices.swiftcrossimport/SwiftUI.swiftoverlay -load-resolved-plugin /Applications/Xcode-27.0.0-Release.Candidate.app/Contents/Developer/Platforms/WatchOS.platform/Developer/usr/lib/swift/host/plugins/libFoundationMacros.dylib\#/Applications/Xcode-27.0.0-Release.Candidate.app/Contents/Developer/Platforms/WatchOS.platform/Developer/usr/bin/swift-plugin-server\#FoundationMacros -load-resolved-plugin /Applications/Xcode-27.0.0-Release.Candidate.app/Contents/Developer/Platforms/WatchOS.platform/Developer/usr/lib/swift/host/plugins/libObservationMacros.dylib\#/Applications/Xcode-27.0.0-Release.Candidate.app/Contents/Developer/Platforms/WatchOS.platform/Developer/usr/bin/swift-plugin-server\#ObservationMacros -load-resolved-plugin /Applications/Xcode-27.0.0-Release.Candidate.app/Contents/Developer/Platforms/WatchOS.platform/Developer/usr/lib/swift/host/plugins/libSwiftMacros.dylib\#/Applications/Xcode-27.0.0-Release.Candidate.app/Contents/Developer/Platforms/WatchOS.platform/Developer/usr/bin/swift-plugin-server\#SwiftMacros -load-resolved-plugin /Applications/Xcode-27.0.0-Release.Candidate.app/Contents/Developer/Platforms/WatchOS.platform/Developer/usr/lib/swift/host/plugins/libSwiftUIMacros.dylib\#/Applications/Xcode-27.0.0-Release.Candidate.app/Contents/Developer/Platforms/WatchOS.platform/Developer/usr/bin/swift-plugin-server\#SwiftUIMacros -disable-implicit-swift-modules -Xcc -fno-implicit-modules -Xcc -fno-implicit-module-maps -explicit-swift-module-map-file /Users/admin/builder/spi-builder-workspace/.derivedData/Build/Intermediates.noindex/GoogleAuthentication.build/Debug-watchos/GoogleAuthentication-t.build/Objects-normal/arm64_32/GoogleAuthentication-dependencies-1.json -enable-objc-interop -sdk /Applications/Xcode-27.0.0-Release.Candidate.app/Contents/Developer/Platforms/WatchOS.platform/Developer/SDKs/WatchOS27.0.sdk -I /Users/admin/builder/spi-builder-workspace/.derivedData/Build/Products/Debug-watchos -Isystem /Applications/Xcode-27.0.0-Release.Candidate.app/Contents/Developer/Platforms/WatchOS.platform/Developer/usr/lib -F /Users/admin/builder/spi-builder-workspace/.derivedData/Build/Products/Debug-watchos/PackageFrameworks -F /Users/admin/builder/spi-builder-workspace/.derivedData/Build/Products/Debug-watchos -F /Applications/Xcode-27.0.0-Release.Candidate.app/Contents/Developer/Platforms/WatchOS.platform/Developer/Library/Frameworks -F /Applications/Xcode-27.0.0-Release.Candidate.app/Contents/Developer/Platforms/WatchOS.platform/Developer/SDKs/WatchOS27.0.sdk/Developer/Library/Frameworks -module-cache-path /Users/admin/builder/spi-builder-workspace/.derivedData/Build/Intermediates.noindex/SwiftExplicitPrecompiledModules -no-color-diagnostics -Xcc -fno-color-diagnostics -enable-testing -g -debug-info-format\=dwarf -dwarf-version\=4 -suppress-warnings -profile-generate -profile-coverage-mapping -swift-version 5 -Onone -D SWIFT_PACKAGE -D DEBUG -D SWIFT_MODULE_RESOURCE_BUNDLE_UNAVAILABLE -D Xcode -serialize-debugging-options -enable-experimental-feature DebugDescriptionMacro -empty-abi-descriptor -validate-clang-modules-once -clang-build-session-file /Users/admin/builder/spi-builder-workspace/.derivedData/ModuleCache.noindex/Session.modulevalidation -Xcc -working-directory -Xcc /Users/admin/builder/spi-builder-workspace/.swiftpm/xcode -enable-anonymous-context-mangled-names -file-compilation-dir /Users/admin/builder/spi-builder-workspace/.swiftpm/xcode -Xcc -D_LIBCPP_HARDENING_MODE\=_LIBCPP_HARDENING_MODE_DEBUG -Xcc -ivfsstatcache -Xcc /Users/admin/builder/spi-builder-workspace/.derivedData/SDKStatCaches.noindex/watchos27.0-24R360-e829b21a6f8c9b70876ba0858053c04477534ef55a1706bf4c1112bbb242f0a2.sdkstatcache -Xcc -fmodules-prune-interval\=86400 -Xcc -fmodules-prune-after\=345600 -Xcc -I/Users/admin/builder/spi-builder-workspace/.derivedData/Build/Products/Debug-watchos/include -Xcc -I/Users/admin/builder/spi-builder-workspace/.derivedData/Build/Intermediates.noindex/GoogleAuthentication.build/Debug-watchos/GoogleAuthentication-t.build/DerivedSources-normal/arm64_32 -Xcc -I/Users/admin/builder/spi-builder-workspace/.derivedData/Build/Intermediates.noindex/GoogleAuthentication.build/Debug-watchos/GoogleAuthentication-t.build/DerivedSources/arm64_32 -Xcc -I/Users/admin/builder/spi-builder-workspace/.derivedData/Build/Intermediates.noindex/GoogleAuthentication.build/Debug-watchos/GoogleAuthentication-t.build/DerivedSources -Xcc -DSWIFT_PACKAGE -Xcc -DDEBUG\=1 -no-auto-bridging-header-chaining -module-name GoogleAuthentication -const-gather-protocols-file /Users/admin/builder/spi-builder-workspace/.derivedData/Build/Intermediates.noindex/GoogleAuthentication.build/Debug-watchos/GoogleAuthentication-t.build/Objects-normal/arm64_32/GoogleAuthentication_const_extract_protocols.json -disable-clang-spi -clang-target arm64_32-apple-watchos27.0 -target-sdk-version 27.0 -target-sdk-name watchos27.0 -in-process-plugin-server-path /Applications/Xcode-27.0.0-Release.Candidate.app/Contents/Developer/Toolchains/XcodeDefault.xctoolchain/usr/lib/swift/host/libSwiftInProcPluginServer.dylib -emit-module-doc-path /Users/admin/builder/spi-builder-workspace/.derivedData/Build/Intermediates.noindex/GoogleAuthentication.build/Debug-watchos/GoogleAuthentication-t.build/Objects-normal/arm64_32/GoogleAuthentication.swiftdoc -emit-module-source-info-path /Users/admin/builder/spi-builder-workspace/.derivedData/Build/Intermediates.noindex/GoogleAuthentication.build/Debug-watchos/GoogleAuthentication-t.build/Objects-normal/arm64_32/GoogleAuthentication.swiftsourceinfo -emit-objc-header-path /Users/admin/builder/spi-builder-workspace/.derivedData/Build/Intermediates.noindex/GoogleAuthentication.build/Debug-watchos/GoogleAuthentication-t.build/Objects-normal/arm64_32/GoogleAuthentication-Swift.h -serialize-diagnostics-path /Users/admin/builder/spi-builder-workspace/.derivedData/Build/Intermediates.noindex/GoogleAuthentication.build/Debug-watchos/GoogleAuthentication-t.build/Objects-normal/arm64_32/GoogleAuthentication-primary-emit-module.dia -emit-dependencies-path /Users/admin/builder/spi-builder-workspace/.derivedData/Build/Intermediates.noindex/GoogleAuthentication.build/Debug-watchos/GoogleAuthentication-t.build/Objects-normal/arm64_32/GoogleAuthentication-primary-emit-module.d -parse-as-library -o /Users/admin/builder/spi-builder-workspace/.derivedData/Build/Intermediates.noindex/GoogleAuthentication.build/Debug-watchos/GoogleAuthentication-t.build/Objects-normal/arm64_32/GoogleAuthentication.swiftmodule -emit-abi-descriptor-path /Users/admin/builder/spi-builder-workspace/.derivedData/Build/Intermediates.noindex/GoogleAuthentication.build/Debug-watchos/GoogleAuthentication-t.build/Objects-normal/arm64_32/GoogleAuthentication.abi.json
SwiftCompile normal arm64_32 (in target 'GoogleAuthentication' from project 'GoogleAuthentication')
cd /Users/admin/builder/spi-builder-workspace/.swiftpm/xcode
Ld /Users/admin/builder/spi-builder-workspace/.derivedData/Build/Intermediates.noindex/OAuthSwift.build/Debug-watchos/OAuthSwift-t.build/Objects-normal/arm64/Binary/OAuthSwift.o normal arm64 (in target 'OAuthSwift' from project 'OAuthSwift')
cd /Users/admin/builder/spi-builder-workspace/.dependencies/checkouts/OAuthSwift
/Applications/Xcode-27.0.0-Release.Candidate.app/Contents/Developer/Toolchains/XcodeDefault.xctoolchain/usr/bin/clang -Xlinker -reproducible -target arm64-apple-watchos9.0 -r -isysroot /Applications/Xcode-27.0.0-Release.Candidate.app/Contents/Developer/Platforms/WatchOS.platform/Developer/SDKs/WatchOS27.0.sdk -O0 -w -Xlinker -no_warn_duplicate_libraries -F/Users/admin/builder/spi-builder-workspace/.derivedData/Build/Intermediates.noindex/EagerLinkingTBDs/Debug-watchos -F/Users/admin/builder/spi-builder-workspace/.derivedData/Build/Products/Debug-watchos -iframework /Applications/Xcode-27.0.0-Release.Candidate.app/Contents/Developer/Platforms/WatchOS.platform/Developer/Library/Frameworks -iframework /Applications/Xcode-27.0.0-Release.Candidate.app/Contents/Developer/Platforms/WatchOS.platform/Developer/SDKs/WatchOS27.0.sdk/Developer/Library/Frameworks -filelist /Users/admin/builder/spi-builder-workspace/.derivedData/Build/Intermediates.noindex/OAuthSwift.build/Debug-watchos/OAuthSwift-t.build/Objects-normal/arm64/OAuthSwift.LinkFileList -nostdlib -Xlinker -object_path_lto -Xlinker /Users/admin/builder/spi-builder-workspace/.derivedData/Build/Intermediates.noindex/OAuthSwift.build/Debug-watchos/OAuthSwift-t.build/Objects-normal/arm64/OAuthSwift_lto.o -Xlinker -no_deduplicate -Xlinker -debug_variant -Xlinker -dependency_info -Xlinker /Users/admin/builder/spi-builder-workspace/.derivedData/Build/Intermediates.noindex/OAuthSwift.build/Debug-watchos/OAuthSwift-t.build/Objects-normal/arm64/OAuthSwift_dependency_info.dat -fobjc-link-runtime -L/Applications/Xcode-27.0.0-Release.Candidate.app/Contents/Developer/Toolchains/XcodeDefault.xctoolchain/usr/lib/swift/watchos -L/usr/lib/swift -Xlinker -add_ast_path -Xlinker /Users/admin/builder/spi-builder-workspace/.derivedData/Build/Intermediates.noindex/OAuthSwift.build/Debug-watchos/OAuthSwift-t.build/Objects-normal/arm64/OAuthSwift.swiftmodule -o /Users/admin/builder/spi-builder-workspace/.derivedData/Build/Intermediates.noindex/OAuthSwift.build/Debug-watchos/OAuthSwift-t.build/Objects-normal/arm64/Binary/OAuthSwift.o
SwiftEmitModule normal arm64 Emitting\ module\ for\ GoogleAuthentication (in target 'GoogleAuthentication' from project 'GoogleAuthentication')
SwiftCompile normal arm64 (in target 'GoogleAuthentication' from project 'GoogleAuthentication')
cd /Users/admin/builder/spi-builder-workspace/.swiftpm/xcode
CreateUniversalBinary /Users/admin/builder/spi-builder-workspace/.derivedData/Build/Products/Debug-watchos/OAuthSwift.o normal arm64\ arm64_32 (in target 'OAuthSwift' from project 'OAuthSwift')
cd /Users/admin/builder/spi-builder-workspace/.dependencies/checkouts/OAuthSwift
/Applications/Xcode-27.0.0-Release.Candidate.app/Contents/Developer/Toolchains/XcodeDefault.xctoolchain/usr/bin/lipo -create /Users/admin/builder/spi-builder-workspace/.derivedData/Build/Intermediates.noindex/OAuthSwift.build/Debug-watchos/OAuthSwift-t.build/Objects-normal/arm64/Binary/OAuthSwift.o /Users/admin/builder/spi-builder-workspace/.derivedData/Build/Intermediates.noindex/OAuthSwift.build/Debug-watchos/OAuthSwift-t.build/Objects-normal/arm64_32/Binary/OAuthSwift.o -output /Users/admin/builder/spi-builder-workspace/.derivedData/Build/Products/Debug-watchos/OAuthSwift.o
SwiftDriverJobDiscovery normal arm64 Compiling PluginParser.swift (in target 'SwiftBeanCountParser' from project 'SwiftBeanCountParser')
SwiftDriver\ Compilation KeychainAccess normal arm64_32 com.apple.xcode.tools.swift.compiler (in target 'KeychainAccess' from project 'KeychainAccess')
cd /Users/admin/builder/spi-builder-workspace/.swiftpm/xcode
builtin-Swift-Compilation -- /Applications/Xcode-27.0.0-Release.Candidate.app/Contents/Developer/Toolchains/XcodeDefault.xctoolchain/usr/bin/swiftc -parse-as-library -module-name KeychainAccess -Onone @/Users/admin/builder/spi-builder-workspace/.derivedData/Build/Intermediates.noindex/KeychainAccess.build/Debug-watchos/KeychainAccess-t.build/Objects-normal/arm64_32/KeychainAccess.SwiftFileList -DSWIFT_PACKAGE -DDEBUG -DSWIFT_MODULE_RESOURCE_BUNDLE_UNAVAILABLE -DXcode -plugin-path /Applications/Xcode-27.0.0-Release.Candidate.app/Contents/Developer/Toolchains/XcodeDefault.xctoolchain/usr/lib/swift/host/plugins/testing -enable-experimental-feature DebugDescriptionMacro -sdk /Applications/Xcode-27.0.0-Release.Candidate.app/Contents/Developer/Platforms/WatchOS.platform/Developer/SDKs/WatchOS27.0.sdk -target arm64_32-apple-watchos9.0 -g -module-cache-path /Users/admin/builder/spi-builder-workspace/.derivedData/ModuleCache.noindex -Xfrontend -serialize-debugging-options -profile-coverage-mapping -profile-generate -enable-testing -suppress-warnings -index-store-path /Users/admin/builder/spi-builder-workspace/.derivedData/Index.noindex/DataStore -Xcc -D_LIBCPP_HARDENING_MODE\=_LIBCPP_HARDENING_MODE_DEBUG -swift-version 5 -I /Users/admin/builder/spi-builder-workspace/.derivedData/Build/Products/Debug-watchos -Isystem /Applications/Xcode-27.0.0-Release.Candidate.app/Contents/Developer/Platforms/WatchOS.platform/Developer/usr/lib -F /Users/admin/builder/spi-builder-workspace/.derivedData/Build/Products/Debug-watchos -F /Applications/Xcode-27.0.0-Release.Candidate.app/Contents/Developer/Platforms/WatchOS.platform/Developer/Library/Frameworks -F /Applications/Xcode-27.0.0-Release.Candidate.app/Contents/Developer/Platforms/WatchOS.platform/Developer/SDKs/WatchOS27.0.sdk/Developer/Library/Frameworks -c -j10 -enable-batch-mode -incremental -Xcc -ivfsstatcache -Xcc /Users/admin/builder/spi-builder-workspace/.derivedData/SDKStatCaches.noindex/watchos27.0-24R360-e829b21a6f8c9b70876ba0858053c04477534ef55a1706bf4c1112bbb242f0a2.sdkstatcache -output-file-map /Users/admin/builder/spi-builder-workspace/.derivedData/Build/Intermediates.noindex/KeychainAccess.build/Debug-watchos/KeychainAccess-t.build/Objects-normal/arm64_32/KeychainAccess-OutputFileMap.json -save-temps -no-color-diagnostics -explicit-module-build -module-cache-path /Users/admin/builder/spi-builder-workspace/.derivedData/Build/Intermediates.noindex/SwiftExplicitPrecompiledModules -clang-scanner-module-cache-path /Users/admin/builder/spi-builder-workspace/.derivedData/ModuleCache.noindex -sdk-module-cache-path /Users/admin/builder/spi-builder-workspace/.derivedData/SDKExplicitPrecompiledModules -emit-dependencies -emit-module -emit-module-path /Users/admin/builder/spi-builder-workspace/.derivedData/Build/Intermediates.noindex/KeychainAccess.build/Debug-watchos/KeychainAccess-t.build/Objects-normal/arm64_32/KeychainAccess.swiftmodule -serialize-diagnostics -dependency-scan-serialize-diagnostics-path /Users/admin/builder/spi-builder-workspace/.derivedData/Build/Intermediates.noindex/KeychainAccess.build/Debug-watchos/KeychainAccess-t.build/Objects-normal/arm64_32/KeychainAccess-dependency-scan.dia -validate-clang-modules-once -clang-build-session-file /Users/admin/builder/spi-builder-workspace/.derivedData/ModuleCache.noindex/Session.modulevalidation -Xcc -fmodules-prune-interval\=86400 -Xcc -fmodules-prune-after\=345600 -emit-const-values -const-gather-protocols-list /Users/admin/builder/spi-builder-workspace/.derivedData/Build/Intermediates.noindex/KeychainAccess.build/Debug-watchos/KeychainAccess-t.build/Objects-normal/arm64_32/KeychainAccess_const_extract_protocols.json -Xcc -I/Users/admin/builder/spi-builder-workspace/.derivedData/Build/Products/Debug-watchos/include -Xcc -I/Users/admin/builder/spi-builder-workspace/.derivedData/Build/Intermediates.noindex/KeychainAccess.build/Debug-watchos/KeychainAccess-t.build/DerivedSources-normal/arm64_32 -Xcc -I/Users/admin/builder/spi-builder-workspace/.derivedData/Build/Intermediates.noindex/KeychainAccess.build/Debug-watchos/KeychainAccess-t.build/DerivedSources/arm64_32 -Xcc -I/Users/admin/builder/spi-builder-workspace/.derivedData/Build/Intermediates.noindex/KeychainAccess.build/Debug-watchos/KeychainAccess-t.build/DerivedSources -Xcc -DSWIFT_PACKAGE -Xcc -DDEBUG\=1 -emit-objc-header -emit-objc-header-path /Users/admin/builder/spi-builder-workspace/.derivedData/Build/Intermediates.noindex/KeychainAccess.build/Debug-watchos/KeychainAccess-t.build/Objects-normal/arm64_32/KeychainAccess-Swift.h -working-directory /Users/admin/builder/spi-builder-workspace/.swiftpm/xcode -experimental-emit-module-separately -disable-cmo
SwiftDriver\ Compilation KeychainAccess normal arm64 com.apple.xcode.tools.swift.compiler (in target 'KeychainAccess' from project 'KeychainAccess')
cd /Users/admin/builder/spi-builder-workspace/.swiftpm/xcode
builtin-Swift-Compilation -- /Applications/Xcode-27.0.0-Release.Candidate.app/Contents/Developer/Toolchains/XcodeDefault.xctoolchain/usr/bin/swiftc -parse-as-library -module-name KeychainAccess -Onone @/Users/admin/builder/spi-builder-workspace/.derivedData/Build/Intermediates.noindex/KeychainAccess.build/Debug-watchos/KeychainAccess-t.build/Objects-normal/arm64/KeychainAccess.SwiftFileList -DSWIFT_PACKAGE -DDEBUG -DSWIFT_MODULE_RESOURCE_BUNDLE_UNAVAILABLE -DXcode -plugin-path /Applications/Xcode-27.0.0-Release.Candidate.app/Contents/Developer/Toolchains/XcodeDefault.xctoolchain/usr/lib/swift/host/plugins/testing -enable-experimental-feature DebugDescriptionMacro -sdk /Applications/Xcode-27.0.0-Release.Candidate.app/Contents/Developer/Platforms/WatchOS.platform/Developer/SDKs/WatchOS27.0.sdk -target arm64-apple-watchos9.0 -g -module-cache-path /Users/admin/builder/spi-builder-workspace/.derivedData/ModuleCache.noindex -Xfrontend -serialize-debugging-options -profile-coverage-mapping -profile-generate -enable-testing -suppress-warnings -index-store-path /Users/admin/builder/spi-builder-workspace/.derivedData/Index.noindex/DataStore -Xcc -D_LIBCPP_HARDENING_MODE\=_LIBCPP_HARDENING_MODE_DEBUG -swift-version 5 -I /Users/admin/builder/spi-builder-workspace/.derivedData/Build/Products/Debug-watchos -Isystem /Applications/Xcode-27.0.0-Release.Candidate.app/Contents/Developer/Platforms/WatchOS.platform/Developer/usr/lib -F /Users/admin/builder/spi-builder-workspace/.derivedData/Build/Products/Debug-watchos -F /Applications/Xcode-27.0.0-Release.Candidate.app/Contents/Developer/Platforms/WatchOS.platform/Developer/Library/Frameworks -F /Applications/Xcode-27.0.0-Release.Candidate.app/Contents/Developer/Platforms/WatchOS.platform/Developer/SDKs/WatchOS27.0.sdk/Developer/Library/Frameworks -c -j10 -enable-batch-mode -incremental -Xcc -ivfsstatcache -Xcc /Users/admin/builder/spi-builder-workspace/.derivedData/SDKStatCaches.noindex/watchos27.0-24R360-e829b21a6f8c9b70876ba0858053c04477534ef55a1706bf4c1112bbb242f0a2.sdkstatcache -output-file-map /Users/admin/builder/spi-builder-workspace/.derivedData/Build/Intermediates.noindex/KeychainAccess.build/Debug-watchos/KeychainAccess-t.build/Objects-normal/arm64/KeychainAccess-OutputFileMap.json -save-temps -no-color-diagnostics -explicit-module-build -module-cache-path /Users/admin/builder/spi-builder-workspace/.derivedData/Build/Intermediates.noindex/SwiftExplicitPrecompiledModules -clang-scanner-module-cache-path /Users/admin/builder/spi-builder-workspace/.derivedData/ModuleCache.noindex -sdk-module-cache-path /Users/admin/builder/spi-builder-workspace/.derivedData/SDKExplicitPrecompiledModules -emit-dependencies -emit-module -emit-module-path /Users/admin/builder/spi-builder-workspace/.derivedData/Build/Intermediates.noindex/KeychainAccess.build/Debug-watchos/KeychainAccess-t.build/Objects-normal/arm64/KeychainAccess.swiftmodule -serialize-diagnostics -dependency-scan-serialize-diagnostics-path /Users/admin/builder/spi-builder-workspace/.derivedData/Build/Intermediates.noindex/KeychainAccess.build/Debug-watchos/KeychainAccess-t.build/Objects-normal/arm64/KeychainAccess-dependency-scan.dia -validate-clang-modules-once -clang-build-session-file /Users/admin/builder/spi-builder-workspace/.derivedData/ModuleCache.noindex/Session.modulevalidation -Xcc -fmodules-prune-interval\=86400 -Xcc -fmodules-prune-after\=345600 -emit-const-values -const-gather-protocols-list /Users/admin/builder/spi-builder-workspace/.derivedData/Build/Intermediates.noindex/KeychainAccess.build/Debug-watchos/KeychainAccess-t.build/Objects-normal/arm64/KeychainAccess_const_extract_protocols.json -Xcc -I/Users/admin/builder/spi-builder-workspace/.derivedData/Build/Products/Debug-watchos/include -Xcc -I/Users/admin/builder/spi-builder-workspace/.derivedData/Build/Intermediates.noindex/KeychainAccess.build/Debug-watchos/KeychainAccess-t.build/DerivedSources-normal/arm64 -Xcc -I/Users/admin/builder/spi-builder-workspace/.derivedData/Build/Intermediates.noindex/KeychainAccess.build/Debug-watchos/KeychainAccess-t.build/DerivedSources/arm64 -Xcc -I/Users/admin/builder/spi-builder-workspace/.derivedData/Build/Intermediates.noindex/KeychainAccess.build/Debug-watchos/KeychainAccess-t.build/DerivedSources -Xcc -DSWIFT_PACKAGE -Xcc -DDEBUG\=1 -emit-objc-header -emit-objc-header-path /Users/admin/builder/spi-builder-workspace/.derivedData/Build/Intermediates.noindex/KeychainAccess.build/Debug-watchos/KeychainAccess-t.build/Objects-normal/arm64/KeychainAccess-Swift.h -working-directory /Users/admin/builder/spi-builder-workspace/.swiftpm/xcode -experimental-emit-module-separately -disable-cmo
PruneExplicitPrecompiledModules /Users/admin/builder/spi-builder-workspace/.derivedData/Build/Intermediates.noindex/ExplicitPrecompiledModules
PruneExplicitPrecompiledModules /Users/admin/builder/spi-builder-workspace/.derivedData/Build/Intermediates.noindex/SwiftExplicitPrecompiledModules
PruneExplicitPrecompiledModules /Users/admin/builder/spi-builder-workspace/.derivedData/SDKExplicitPrecompiledModules
2026-09-23 05:46:06.538 xcodebuild[1074:5884] [MT] IDERunDestination: Supported platforms for the buildables in the current scheme is empty.
** BUILD FAILED **
The following build commands failed:
SwiftEmitModule normal arm64_32 Emitting\ module\ for\ GoogleAuthentication (in target 'GoogleAuthentication' from project 'GoogleAuthentication')
SwiftCompile normal arm64_32 (in target 'GoogleAuthentication' from project 'GoogleAuthentication')
Building workspace SwiftBeanCountSheetSync with scheme SwiftBeanCountSheetSync
(3 failures)
Command line invocation:
/Applications/Xcode-27.0.0-Release.Candidate.app/Contents/Developer/usr/bin/xcodebuild -IDEClonedSourcePackagesDirPathOverride=/Users/admin/builder/spi-builder-workspace/.dependencies -resolvePackageDependencies
Resolve Package Graph
Resolved source packages:
GoogleAuthentication: https://github.com/Nef10/GoogleAuthentication.git @ 1.1.0
SwiftBeanCountParser: https://github.com/Nef10/SwiftBeanCountParser.git @ 0.1.9
Erik: https://github.com/phimage/Erik.git @ 5.1.0
Kanna: https://github.com/tid-kijyun/Kanna.git @ 5.3.0
FileKit: https://github.com/nvzqz/FileKit.git @ 6.1.0
SwiftBeanCountParserUtils: https://github.com/Nef10/SwiftBeanCountParserUtils.git @ 1.0.0
SwiftBeanCountModel: https://github.com/Nef10/SwiftBeanCountModel.git @ 0.2.0
KeychainAccess: https://github.com/kishikawakatsumi/KeychainAccess.git @ 4.2.2
BrightFutures: https://github.com/Thomvis/BrightFutures.git @ 8.2.0
Swifter: https://github.com/httpswift/swifter.git @ 1.5.0
OAuthSwift: https://github.com/OAuthSwift/OAuthSwift.git @ 2.2.0
SwiftBeanCountSheetSync: /Users/admin/builder/spi-builder-workspace
resolved source packages: GoogleAuthentication, SwiftBeanCountParser, Erik, Kanna, FileKit, SwiftBeanCountParserUtils, SwiftBeanCountModel, KeychainAccess, BrightFutures, Swifter, OAuthSwift, SwiftBeanCountSheetSync
2026-09-23 05:46:16.972 xcodebuild[1386:7649] [MT] IDERunDestination: Supported platforms for the buildables in the current scheme is empty.
{
"dependencies" : [
{
"identity" : "swiftbeancountmodel",
"requirement" : {
"exact" : [
"0.2.0"
]
},
"type" : "sourceControl",
"url" : "https://github.com/Nef10/SwiftBeanCountModel.git"
},
{
"identity" : "swiftbeancountparser",
"requirement" : {
"exact" : [
"0.1.9"
]
},
"type" : "sourceControl",
"url" : "https://github.com/Nef10/SwiftBeanCountParser.git"
},
{
"identity" : "googleauthentication",
"requirement" : {
"range" : [
{
"lower_bound" : "1.0.3",
"upper_bound" : "2.0.0"
}
]
},
"type" : "sourceControl",
"url" : "https://github.com/Nef10/GoogleAuthentication.git"
}
],
"manifest_display_name" : "SwiftBeanCountSheetSync",
"name" : "SwiftBeanCountSheetSync",
"path" : "/Users/admin/builder/spi-builder-workspace",
"platforms" : [
{
"name" : "macos",
"version" : "10.15"
}
],
"products" : [
{
"name" : "SwiftBeanCountSheetSync",
"targets" : [
"SwiftBeanCountSheetSync"
],
"type" : {
"library" : [
"automatic"
]
}
}
],
"targets" : [
{
"c99name" : "SwiftBeanCountSheetSyncTests",
"module_type" : "SwiftTarget",
"name" : "SwiftBeanCountSheetSyncTests",
"path" : "Tests/SwiftBeanCountSheetSyncTests",
"sources" : [
"SwiftBeanCountSheetSyncTests.swift"
],
"target_dependencies" : [
"SwiftBeanCountSheetSync"
],
"type" : "test"
},
{
"c99name" : "SwiftBeanCountSheetSync",
"module_type" : "SwiftTarget",
"name" : "SwiftBeanCountSheetSync",
"path" : "Sources/SwiftBeanCountSheetSync",
"product_dependencies" : [
"SwiftBeanCountModel",
"SwiftBeanCountParser",
"GoogleAuthentication"
],
"product_memberships" : [
"SwiftBeanCountSheetSync"
],
"sources" : [
"Downloader.swift",
"LedgerReader.swift",
"LedgerSettings.swift",
"SheetDownloader.swift",
"SheetParser.swift",
"Syncer.swift",
"TransactionMapper.swift",
"Uploader.swift"
],
"type" : "library"
}
],
"tools_version" : "5.3"
}
{
"workspace" : {
"name" : "SwiftBeanCountSheetSync",
"schemes" : [
"SwiftBeanCountSheetSync"
]
}
}
2026-09-23 05:46:18.309 xcodebuild[1394:7725] [MT] IDERunDestination: Supported platforms for the buildables in the current scheme is empty.
Running build ...
env DEVELOPER_DIR=/Applications/Xcode-27.0.0-Release.Candidate.app xcrun xcodebuild -IDEClonedSourcePackagesDirPathOverride=$PWD/.dependencies -skipMacroValidation -skipPackagePluginValidation -derivedDataPath $PWD/.derivedData build -scheme SwiftBeanCountSheetSync -destination generic/platform=watchOS
Command line invocation:
/Applications/Xcode-27.0.0-Release.Candidate.app/Contents/Developer/usr/bin/xcodebuild -IDEClonedSourcePackagesDirPathOverride=/Users/admin/builder/spi-builder-workspace/.dependencies -skipMacroValidation -skipPackagePluginValidation -derivedDataPath /Users/admin/builder/spi-builder-workspace/.derivedData build -scheme SwiftBeanCountSheetSync -destination generic/platform=watchOS
Resolve Package Graph
Resolved source packages:
Erik: https://github.com/phimage/Erik.git @ 5.1.0
SwiftBeanCountModel: https://github.com/Nef10/SwiftBeanCountModel.git @ 0.2.0
KeychainAccess: https://github.com/kishikawakatsumi/KeychainAccess.git @ 4.2.2
SwiftBeanCountParser: https://github.com/Nef10/SwiftBeanCountParser.git @ 0.1.9
GoogleAuthentication: https://github.com/Nef10/GoogleAuthentication.git @ 1.1.0
OAuthSwift: https://github.com/OAuthSwift/OAuthSwift.git @ 2.2.0
SwiftBeanCountSheetSync: /Users/admin/builder/spi-builder-workspace
FileKit: https://github.com/nvzqz/FileKit.git @ 6.1.0
BrightFutures: https://github.com/Thomvis/BrightFutures.git @ 8.2.0
Swifter: https://github.com/httpswift/swifter.git @ 1.5.0
Kanna: https://github.com/tid-kijyun/Kanna.git @ 5.3.0
SwiftBeanCountParserUtils: https://github.com/Nef10/SwiftBeanCountParserUtils.git @ 1.0.0
ComputePackagePrebuildTargetDependencyGraph
Prepare packages
CreateBuildRequest
SendProjectDescription
CreateBuildOperation
ComputeTargetDependencyGraph
note: Building targets in dependency order
note: Target dependency graph (14 targets)
Target 'SwiftBeanCountSheetSync-product' in project 'SwiftBeanCountSheetSync'
➜ Explicit dependency on target 'SwiftBeanCountSheetSync' in project 'SwiftBeanCountSheetSync'
➜ Explicit dependency on target 'SwiftBeanCountModel-product' in project 'SwiftBeanCountModel'
➜ Explicit dependency on target 'SwiftBeanCountParser-product' in project 'SwiftBeanCountParser'
➜ Explicit dependency on target 'GoogleAuthentication-product' in project 'GoogleAuthentication'
Target 'SwiftBeanCountSheetSync' in project 'SwiftBeanCountSheetSync'
➜ Explicit dependency on target 'SwiftBeanCountModel-product' in project 'SwiftBeanCountModel'
➜ Explicit dependency on target 'SwiftBeanCountParser-product' in project 'SwiftBeanCountParser'
➜ Explicit dependency on target 'GoogleAuthentication-product' in project 'GoogleAuthentication'
Target 'GoogleAuthentication-product' in project 'GoogleAuthentication'
➜ Explicit dependency on target 'GoogleAuthentication' in project 'GoogleAuthentication'
➜ Explicit dependency on target 'OAuthSwift-product' in project 'OAuthSwift'
➜ Explicit dependency on target 'KeychainAccess-product' in project 'KeychainAccess'
Target 'GoogleAuthentication' in project 'GoogleAuthentication'
➜ Explicit dependency on target 'OAuthSwift-product' in project 'OAuthSwift'
➜ Explicit dependency on target 'KeychainAccess-product' in project 'KeychainAccess'
Target 'KeychainAccess-product' in project 'KeychainAccess'
➜ Explicit dependency on target 'KeychainAccess' in project 'KeychainAccess'
Target 'KeychainAccess' in project 'KeychainAccess' (no dependencies)
Target 'OAuthSwift-product' in project 'OAuthSwift'
➜ Explicit dependency on target 'OAuthSwift' in project 'OAuthSwift'
Target 'OAuthSwift' in project 'OAuthSwift' (no dependencies)
Target 'SwiftBeanCountParser-product' in project 'SwiftBeanCountParser'
➜ Explicit dependency on target 'SwiftBeanCountParser' in project 'SwiftBeanCountParser'
➜ Explicit dependency on target 'SwiftBeanCountModel-product' in project 'SwiftBeanCountModel'
➜ Explicit dependency on target 'SwiftBeanCountParserUtils-product' in project 'SwiftBeanCountParserUtils'
Target 'SwiftBeanCountParser' in project 'SwiftBeanCountParser'
➜ Explicit dependency on target 'SwiftBeanCountModel-product' in project 'SwiftBeanCountModel'
➜ Explicit dependency on target 'SwiftBeanCountParserUtils-product' in project 'SwiftBeanCountParserUtils'
Target 'SwiftBeanCountParserUtils-product' in project 'SwiftBeanCountParserUtils'
➜ Explicit dependency on target 'SwiftBeanCountParserUtils' in project 'SwiftBeanCountParserUtils'
Target 'SwiftBeanCountParserUtils' in project 'SwiftBeanCountParserUtils' (no dependencies)
Target 'SwiftBeanCountModel-product' in project 'SwiftBeanCountModel'
➜ Explicit dependency on target 'SwiftBeanCountModel' in project 'SwiftBeanCountModel'
Target 'SwiftBeanCountModel' in project 'SwiftBeanCountModel' (no dependencies)
GatherProvisioningInputs
CreateBuildDescription
ClangStatCache /Applications/Xcode-27.0.0-Release.Candidate.app/Contents/Developer/Toolchains/XcodeDefault.xctoolchain/usr/bin/clang-stat-cache /Applications/Xcode-27.0.0-Release.Candidate.app/Contents/Developer/Platforms/WatchOS.platform/Developer/SDKs/WatchOS27.0.sdk /Users/admin/builder/spi-builder-workspace/.derivedData/SDKStatCaches.noindex/watchos27.0-24R360-e829b21a6f8c9b70876ba0858053c04477534ef55a1706bf4c1112bbb242f0a2.sdkstatcache
cd /Users/admin/builder/spi-builder-workspace/.swiftpm/xcode
/Applications/Xcode-27.0.0-Release.Candidate.app/Contents/Developer/Toolchains/XcodeDefault.xctoolchain/usr/bin/clang-stat-cache /Applications/Xcode-27.0.0-Release.Candidate.app/Contents/Developer/Platforms/WatchOS.platform/Developer/SDKs/WatchOS27.0.sdk -o /Users/admin/builder/spi-builder-workspace/.derivedData/SDKStatCaches.noindex/watchos27.0-24R360-e829b21a6f8c9b70876ba0858053c04477534ef55a1706bf4c1112bbb242f0a2.sdkstatcache
SwiftDriver SwiftBeanCountParser normal arm64_32 com.apple.xcode.tools.swift.compiler (in target 'SwiftBeanCountParser' from project 'SwiftBeanCountParser')
cd /Users/admin/builder/spi-builder-workspace/.swiftpm/xcode
builtin-SwiftDriver -- /Applications/Xcode-27.0.0-Release.Candidate.app/Contents/Developer/Toolchains/XcodeDefault.xctoolchain/usr/bin/swiftc -parse-as-library -module-name SwiftBeanCountParser -Onone @/Users/admin/builder/spi-builder-workspace/.derivedData/Build/Intermediates.noindex/SwiftBeanCountParser.build/Debug-watchos/SwiftBeanCountParser-t.build/Objects-normal/arm64_32/SwiftBeanCountParser.SwiftFileList -DSWIFT_PACKAGE -DDEBUG -DSWIFT_MODULE_RESOURCE_BUNDLE_UNAVAILABLE -DXcode -plugin-path /Applications/Xcode-27.0.0-Release.Candidate.app/Contents/Developer/Toolchains/XcodeDefault.xctoolchain/usr/lib/swift/host/plugins/testing -enable-experimental-feature DebugDescriptionMacro -sdk /Applications/Xcode-27.0.0-Release.Candidate.app/Contents/Developer/Platforms/WatchOS.platform/Developer/SDKs/WatchOS27.0.sdk -target arm64_32-apple-watchos9.0 -g -module-cache-path /Users/admin/builder/spi-builder-workspace/.derivedData/ModuleCache.noindex -Xfrontend -serialize-debugging-options -profile-coverage-mapping -profile-generate -enable-testing -suppress-warnings -index-store-path /Users/admin/builder/spi-builder-workspace/.derivedData/Index.noindex/DataStore -Xcc -D_LIBCPP_HARDENING_MODE\=_LIBCPP_HARDENING_MODE_DEBUG -swift-version 5 -I /Users/admin/builder/spi-builder-workspace/.derivedData/Build/Products/Debug-watchos -Isystem /Applications/Xcode-27.0.0-Release.Candidate.app/Contents/Developer/Platforms/WatchOS.platform/Developer/usr/lib -F /Users/admin/builder/spi-builder-workspace/.derivedData/Build/Products/Debug-watchos/PackageFrameworks -F /Users/admin/builder/spi-builder-workspace/.derivedData/Build/Products/Debug-watchos -F /Applications/Xcode-27.0.0-Release.Candidate.app/Contents/Developer/Platforms/WatchOS.platform/Developer/Library/Frameworks -F /Applications/Xcode-27.0.0-Release.Candidate.app/Contents/Developer/Platforms/WatchOS.platform/Developer/SDKs/WatchOS27.0.sdk/Developer/Library/Frameworks -c -j10 -enable-batch-mode -incremental -Xcc -ivfsstatcache -Xcc /Users/admin/builder/spi-builder-workspace/.derivedData/SDKStatCaches.noindex/watchos27.0-24R360-e829b21a6f8c9b70876ba0858053c04477534ef55a1706bf4c1112bbb242f0a2.sdkstatcache -output-file-map /Users/admin/builder/spi-builder-workspace/.derivedData/Build/Intermediates.noindex/SwiftBeanCountParser.build/Debug-watchos/SwiftBeanCountParser-t.build/Objects-normal/arm64_32/SwiftBeanCountParser-OutputFileMap.json -save-temps -no-color-diagnostics -explicit-module-build -module-cache-path /Users/admin/builder/spi-builder-workspace/.derivedData/Build/Intermediates.noindex/SwiftExplicitPrecompiledModules -clang-scanner-module-cache-path /Users/admin/builder/spi-builder-workspace/.derivedData/ModuleCache.noindex -sdk-module-cache-path /Users/admin/builder/spi-builder-workspace/.derivedData/SDKExplicitPrecompiledModules -emit-dependencies -emit-module -emit-module-path /Users/admin/builder/spi-builder-workspace/.derivedData/Build/Intermediates.noindex/SwiftBeanCountParser.build/Debug-watchos/SwiftBeanCountParser-t.build/Objects-normal/arm64_32/SwiftBeanCountParser.swiftmodule -serialize-diagnostics -dependency-scan-serialize-diagnostics-path /Users/admin/builder/spi-builder-workspace/.derivedData/Build/Intermediates.noindex/SwiftBeanCountParser.build/Debug-watchos/SwiftBeanCountParser-t.build/Objects-normal/arm64_32/SwiftBeanCountParser-dependency-scan.dia -validate-clang-modules-once -clang-build-session-file /Users/admin/builder/spi-builder-workspace/.derivedData/ModuleCache.noindex/Session.modulevalidation -Xcc -fmodules-prune-interval\=86400 -Xcc -fmodules-prune-after\=345600 -emit-const-values -const-gather-protocols-list /Users/admin/builder/spi-builder-workspace/.derivedData/Build/Intermediates.noindex/SwiftBeanCountParser.build/Debug-watchos/SwiftBeanCountParser-t.build/Objects-normal/arm64_32/SwiftBeanCountParser_const_extract_protocols.json -Xcc -I/Users/admin/builder/spi-builder-workspace/.derivedData/Build/Products/Debug-watchos/include -Xcc -I/Users/admin/builder/spi-builder-workspace/.derivedData/Build/Intermediates.noindex/SwiftBeanCountParser.build/Debug-watchos/SwiftBeanCountParser-t.build/DerivedSources-normal/arm64_32 -Xcc -I/Users/admin/builder/spi-builder-workspace/.derivedData/Build/Intermediates.noindex/SwiftBeanCountParser.build/Debug-watchos/SwiftBeanCountParser-t.build/DerivedSources/arm64_32 -Xcc -I/Users/admin/builder/spi-builder-workspace/.derivedData/Build/Intermediates.noindex/SwiftBeanCountParser.build/Debug-watchos/SwiftBeanCountParser-t.build/DerivedSources -Xcc -DSWIFT_PACKAGE -Xcc -DDEBUG\=1 -emit-objc-header -emit-objc-header-path /Users/admin/builder/spi-builder-workspace/.derivedData/Build/Intermediates.noindex/SwiftBeanCountParser.build/Debug-watchos/SwiftBeanCountParser-t.build/Objects-normal/arm64_32/SwiftBeanCountParser-Swift.h -working-directory /Users/admin/builder/spi-builder-workspace/.swiftpm/xcode -experimental-emit-module-separately -disable-cmo
SwiftDriver KeychainAccess normal arm64_32 com.apple.xcode.tools.swift.compiler (in target 'KeychainAccess' from project 'KeychainAccess')
cd /Users/admin/builder/spi-builder-workspace/.swiftpm/xcode
builtin-SwiftDriver -- /Applications/Xcode-27.0.0-Release.Candidate.app/Contents/Developer/Toolchains/XcodeDefault.xctoolchain/usr/bin/swiftc -parse-as-library -module-name KeychainAccess -Onone @/Users/admin/builder/spi-builder-workspace/.derivedData/Build/Intermediates.noindex/KeychainAccess.build/Debug-watchos/KeychainAccess-t.build/Objects-normal/arm64_32/KeychainAccess.SwiftFileList -DSWIFT_PACKAGE -DDEBUG -DSWIFT_MODULE_RESOURCE_BUNDLE_UNAVAILABLE -DXcode -plugin-path /Applications/Xcode-27.0.0-Release.Candidate.app/Contents/Developer/Toolchains/XcodeDefault.xctoolchain/usr/lib/swift/host/plugins/testing -enable-experimental-feature DebugDescriptionMacro -sdk /Applications/Xcode-27.0.0-Release.Candidate.app/Contents/Developer/Platforms/WatchOS.platform/Developer/SDKs/WatchOS27.0.sdk -target arm64_32-apple-watchos9.0 -g -module-cache-path /Users/admin/builder/spi-builder-workspace/.derivedData/ModuleCache.noindex -Xfrontend -serialize-debugging-options -profile-coverage-mapping -profile-generate -enable-testing -suppress-warnings -index-store-path /Users/admin/builder/spi-builder-workspace/.derivedData/Index.noindex/DataStore -Xcc -D_LIBCPP_HARDENING_MODE\=_LIBCPP_HARDENING_MODE_DEBUG -swift-version 5 -I /Users/admin/builder/spi-builder-workspace/.derivedData/Build/Products/Debug-watchos -Isystem /Applications/Xcode-27.0.0-Release.Candidate.app/Contents/Developer/Platforms/WatchOS.platform/Developer/usr/lib -F /Users/admin/builder/spi-builder-workspace/.derivedData/Build/Products/Debug-watchos -F /Applications/Xcode-27.0.0-Release.Candidate.app/Contents/Developer/Platforms/WatchOS.platform/Developer/Library/Frameworks -F /Applications/Xcode-27.0.0-Release.Candidate.app/Contents/Developer/Platforms/WatchOS.platform/Developer/SDKs/WatchOS27.0.sdk/Developer/Library/Frameworks -c -j10 -enable-batch-mode -incremental -Xcc -ivfsstatcache -Xcc /Users/admin/builder/spi-builder-workspace/.derivedData/SDKStatCaches.noindex/watchos27.0-24R360-e829b21a6f8c9b70876ba0858053c04477534ef55a1706bf4c1112bbb242f0a2.sdkstatcache -output-file-map /Users/admin/builder/spi-builder-workspace/.derivedData/Build/Intermediates.noindex/KeychainAccess.build/Debug-watchos/KeychainAccess-t.build/Objects-normal/arm64_32/KeychainAccess-OutputFileMap.json -save-temps -no-color-diagnostics -explicit-module-build -module-cache-path /Users/admin/builder/spi-builder-workspace/.derivedData/Build/Intermediates.noindex/SwiftExplicitPrecompiledModules -clang-scanner-module-cache-path /Users/admin/builder/spi-builder-workspace/.derivedData/ModuleCache.noindex -sdk-module-cache-path /Users/admin/builder/spi-builder-workspace/.derivedData/SDKExplicitPrecompiledModules -emit-dependencies -emit-module -emit-module-path /Users/admin/builder/spi-builder-workspace/.derivedData/Build/Intermediates.noindex/KeychainAccess.build/Debug-watchos/KeychainAccess-t.build/Objects-normal/arm64_32/KeychainAccess.swiftmodule -serialize-diagnostics -dependency-scan-serialize-diagnostics-path /Users/admin/builder/spi-builder-workspace/.derivedData/Build/Intermediates.noindex/KeychainAccess.build/Debug-watchos/KeychainAccess-t.build/Objects-normal/arm64_32/KeychainAccess-dependency-scan.dia -validate-clang-modules-once -clang-build-session-file /Users/admin/builder/spi-builder-workspace/.derivedData/ModuleCache.noindex/Session.modulevalidation -Xcc -fmodules-prune-interval\=86400 -Xcc -fmodules-prune-after\=345600 -emit-const-values -const-gather-protocols-list /Users/admin/builder/spi-builder-workspace/.derivedData/Build/Intermediates.noindex/KeychainAccess.build/Debug-watchos/KeychainAccess-t.build/Objects-normal/arm64_32/KeychainAccess_const_extract_protocols.json -Xcc -I/Users/admin/builder/spi-builder-workspace/.derivedData/Build/Products/Debug-watchos/include -Xcc -I/Users/admin/builder/spi-builder-workspace/.derivedData/Build/Intermediates.noindex/KeychainAccess.build/Debug-watchos/KeychainAccess-t.build/DerivedSources-normal/arm64_32 -Xcc -I/Users/admin/builder/spi-builder-workspace/.derivedData/Build/Intermediates.noindex/KeychainAccess.build/Debug-watchos/KeychainAccess-t.build/DerivedSources/arm64_32 -Xcc -I/Users/admin/builder/spi-builder-workspace/.derivedData/Build/Intermediates.noindex/KeychainAccess.build/Debug-watchos/KeychainAccess-t.build/DerivedSources -Xcc -DSWIFT_PACKAGE -Xcc -DDEBUG\=1 -emit-objc-header -emit-objc-header-path /Users/admin/builder/spi-builder-workspace/.derivedData/Build/Intermediates.noindex/KeychainAccess.build/Debug-watchos/KeychainAccess-t.build/Objects-normal/arm64_32/KeychainAccess-Swift.h -working-directory /Users/admin/builder/spi-builder-workspace/.swiftpm/xcode -experimental-emit-module-separately -disable-cmo
SwiftDriver GoogleAuthentication normal arm64_32 com.apple.xcode.tools.swift.compiler (in target 'GoogleAuthentication' from project 'GoogleAuthentication')
cd /Users/admin/builder/spi-builder-workspace/.swiftpm/xcode
builtin-SwiftDriver -- /Applications/Xcode-27.0.0-Release.Candidate.app/Contents/Developer/Toolchains/XcodeDefault.xctoolchain/usr/bin/swiftc -parse-as-library -module-name GoogleAuthentication -Onone @/Users/admin/builder/spi-builder-workspace/.derivedData/Build/Intermediates.noindex/GoogleAuthentication.build/Debug-watchos/GoogleAuthentication-t.build/Objects-normal/arm64_32/GoogleAuthentication.SwiftFileList -DSWIFT_PACKAGE -DDEBUG -DSWIFT_MODULE_RESOURCE_BUNDLE_UNAVAILABLE -DXcode -plugin-path /Applications/Xcode-27.0.0-Release.Candidate.app/Contents/Developer/Toolchains/XcodeDefault.xctoolchain/usr/lib/swift/host/plugins/testing -enable-experimental-feature DebugDescriptionMacro -sdk /Applications/Xcode-27.0.0-Release.Candidate.app/Contents/Developer/Platforms/WatchOS.platform/Developer/SDKs/WatchOS27.0.sdk -target arm64_32-apple-watchos9.0 -g -module-cache-path /Users/admin/builder/spi-builder-workspace/.derivedData/ModuleCache.noindex -Xfrontend -serialize-debugging-options -profile-coverage-mapping -profile-generate -enable-testing -suppress-warnings -index-store-path /Users/admin/builder/spi-builder-workspace/.derivedData/Index.noindex/DataStore -Xcc -D_LIBCPP_HARDENING_MODE\=_LIBCPP_HARDENING_MODE_DEBUG -swift-version 5 -I /Users/admin/builder/spi-builder-workspace/.derivedData/Build/Products/Debug-watchos -Isystem /Applications/Xcode-27.0.0-Release.Candidate.app/Contents/Developer/Platforms/WatchOS.platform/Developer/usr/lib -F /Users/admin/builder/spi-builder-workspace/.derivedData/Build/Products/Debug-watchos/PackageFrameworks -F /Users/admin/builder/spi-builder-workspace/.derivedData/Build/Products/Debug-watchos -F /Applications/Xcode-27.0.0-Release.Candidate.app/Contents/Developer/Platforms/WatchOS.platform/Developer/Library/Frameworks -F /Applications/Xcode-27.0.0-Release.Candidate.app/Contents/Developer/Platforms/WatchOS.platform/Developer/SDKs/WatchOS27.0.sdk/Developer/Library/Frameworks -c -j10 -enable-batch-mode -incremental -Xcc -ivfsstatcache -Xcc /Users/admin/builder/spi-builder-workspace/.derivedData/SDKStatCaches.noindex/watchos27.0-24R360-e829b21a6f8c9b70876ba0858053c04477534ef55a1706bf4c1112bbb242f0a2.sdkstatcache -output-file-map /Users/admin/builder/spi-builder-workspace/.derivedData/Build/Intermediates.noindex/GoogleAuthentication.build/Debug-watchos/GoogleAuthentication-t.build/Objects-normal/arm64_32/GoogleAuthentication-OutputFileMap.json -save-temps -no-color-diagnostics -explicit-module-build -module-cache-path /Users/admin/builder/spi-builder-workspace/.derivedData/Build/Intermediates.noindex/SwiftExplicitPrecompiledModules -clang-scanner-module-cache-path /Users/admin/builder/spi-builder-workspace/.derivedData/ModuleCache.noindex -sdk-module-cache-path /Users/admin/builder/spi-builder-workspace/.derivedData/SDKExplicitPrecompiledModules -emit-dependencies -emit-module -emit-module-path /Users/admin/builder/spi-builder-workspace/.derivedData/Build/Intermediates.noindex/GoogleAuthentication.build/Debug-watchos/GoogleAuthentication-t.build/Objects-normal/arm64_32/GoogleAuthentication.swiftmodule -serialize-diagnostics -dependency-scan-serialize-diagnostics-path /Users/admin/builder/spi-builder-workspace/.derivedData/Build/Intermediates.noindex/GoogleAuthentication.build/Debug-watchos/GoogleAuthentication-t.build/Objects-normal/arm64_32/GoogleAuthentication-dependency-scan.dia -validate-clang-modules-once -clang-build-session-file /Users/admin/builder/spi-builder-workspace/.derivedData/ModuleCache.noindex/Session.modulevalidation -Xcc -fmodules-prune-interval\=86400 -Xcc -fmodules-prune-after\=345600 -emit-const-values -const-gather-protocols-list /Users/admin/builder/spi-builder-workspace/.derivedData/Build/Intermediates.noindex/GoogleAuthentication.build/Debug-watchos/GoogleAuthentication-t.build/Objects-normal/arm64_32/GoogleAuthentication_const_extract_protocols.json -Xcc -I/Users/admin/builder/spi-builder-workspace/.derivedData/Build/Products/Debug-watchos/include -Xcc -I/Users/admin/builder/spi-builder-workspace/.derivedData/Build/Intermediates.noindex/GoogleAuthentication.build/Debug-watchos/GoogleAuthentication-t.build/DerivedSources-normal/arm64_32 -Xcc -I/Users/admin/builder/spi-builder-workspace/.derivedData/Build/Intermediates.noindex/GoogleAuthentication.build/Debug-watchos/GoogleAuthentication-t.build/DerivedSources/arm64_32 -Xcc -I/Users/admin/builder/spi-builder-workspace/.derivedData/Build/Intermediates.noindex/GoogleAuthentication.build/Debug-watchos/GoogleAuthentication-t.build/DerivedSources -Xcc -DSWIFT_PACKAGE -Xcc -DDEBUG\=1 -emit-objc-header -emit-objc-header-path /Users/admin/builder/spi-builder-workspace/.derivedData/Build/Intermediates.noindex/GoogleAuthentication.build/Debug-watchos/GoogleAuthentication-t.build/Objects-normal/arm64_32/GoogleAuthentication-Swift.h -working-directory /Users/admin/builder/spi-builder-workspace/.swiftpm/xcode -experimental-emit-module-separately -disable-cmo
SwiftDriver GoogleAuthentication normal arm64 com.apple.xcode.tools.swift.compiler (in target 'GoogleAuthentication' from project 'GoogleAuthentication')
cd /Users/admin/builder/spi-builder-workspace/.swiftpm/xcode
builtin-SwiftDriver -- /Applications/Xcode-27.0.0-Release.Candidate.app/Contents/Developer/Toolchains/XcodeDefault.xctoolchain/usr/bin/swiftc -parse-as-library -module-name GoogleAuthentication -Onone @/Users/admin/builder/spi-builder-workspace/.derivedData/Build/Intermediates.noindex/GoogleAuthentication.build/Debug-watchos/GoogleAuthentication-t.build/Objects-normal/arm64/GoogleAuthentication.SwiftFileList -DSWIFT_PACKAGE -DDEBUG -DSWIFT_MODULE_RESOURCE_BUNDLE_UNAVAILABLE -DXcode -plugin-path /Applications/Xcode-27.0.0-Release.Candidate.app/Contents/Developer/Toolchains/XcodeDefault.xctoolchain/usr/lib/swift/host/plugins/testing -enable-experimental-feature DebugDescriptionMacro -sdk /Applications/Xcode-27.0.0-Release.Candidate.app/Contents/Developer/Platforms/WatchOS.platform/Developer/SDKs/WatchOS27.0.sdk -target arm64-apple-watchos9.0 -g -module-cache-path /Users/admin/builder/spi-builder-workspace/.derivedData/ModuleCache.noindex -Xfrontend -serialize-debugging-options -profile-coverage-mapping -profile-generate -enable-testing -suppress-warnings -index-store-path /Users/admin/builder/spi-builder-workspace/.derivedData/Index.noindex/DataStore -Xcc -D_LIBCPP_HARDENING_MODE\=_LIBCPP_HARDENING_MODE_DEBUG -swift-version 5 -I /Users/admin/builder/spi-builder-workspace/.derivedData/Build/Products/Debug-watchos -Isystem /Applications/Xcode-27.0.0-Release.Candidate.app/Contents/Developer/Platforms/WatchOS.platform/Developer/usr/lib -F /Users/admin/builder/spi-builder-workspace/.derivedData/Build/Products/Debug-watchos/PackageFrameworks -F /Users/admin/builder/spi-builder-workspace/.derivedData/Build/Products/Debug-watchos -F /Applications/Xcode-27.0.0-Release.Candidate.app/Contents/Developer/Platforms/WatchOS.platform/Developer/Library/Frameworks -F /Applications/Xcode-27.0.0-Release.Candidate.app/Contents/Developer/Platforms/WatchOS.platform/Developer/SDKs/WatchOS27.0.sdk/Developer/Library/Frameworks -c -j10 -enable-batch-mode -incremental -Xcc -ivfsstatcache -Xcc /Users/admin/builder/spi-builder-workspace/.derivedData/SDKStatCaches.noindex/watchos27.0-24R360-e829b21a6f8c9b70876ba0858053c04477534ef55a1706bf4c1112bbb242f0a2.sdkstatcache -output-file-map /Users/admin/builder/spi-builder-workspace/.derivedData/Build/Intermediates.noindex/GoogleAuthentication.build/Debug-watchos/GoogleAuthentication-t.build/Objects-normal/arm64/GoogleAuthentication-OutputFileMap.json -save-temps -no-color-diagnostics -explicit-module-build -module-cache-path /Users/admin/builder/spi-builder-workspace/.derivedData/Build/Intermediates.noindex/SwiftExplicitPrecompiledModules -clang-scanner-module-cache-path /Users/admin/builder/spi-builder-workspace/.derivedData/ModuleCache.noindex -sdk-module-cache-path /Users/admin/builder/spi-builder-workspace/.derivedData/SDKExplicitPrecompiledModules -emit-dependencies -emit-module -emit-module-path /Users/admin/builder/spi-builder-workspace/.derivedData/Build/Intermediates.noindex/GoogleAuthentication.build/Debug-watchos/GoogleAuthentication-t.build/Objects-normal/arm64/GoogleAuthentication.swiftmodule -serialize-diagnostics -dependency-scan-serialize-diagnostics-path /Users/admin/builder/spi-builder-workspace/.derivedData/Build/Intermediates.noindex/GoogleAuthentication.build/Debug-watchos/GoogleAuthentication-t.build/Objects-normal/arm64/GoogleAuthentication-dependency-scan.dia -validate-clang-modules-once -clang-build-session-file /Users/admin/builder/spi-builder-workspace/.derivedData/ModuleCache.noindex/Session.modulevalidation -Xcc -fmodules-prune-interval\=86400 -Xcc -fmodules-prune-after\=345600 -emit-const-values -const-gather-protocols-list /Users/admin/builder/spi-builder-workspace/.derivedData/Build/Intermediates.noindex/GoogleAuthentication.build/Debug-watchos/GoogleAuthentication-t.build/Objects-normal/arm64/GoogleAuthentication_const_extract_protocols.json -Xcc -I/Users/admin/builder/spi-builder-workspace/.derivedData/Build/Products/Debug-watchos/include -Xcc -I/Users/admin/builder/spi-builder-workspace/.derivedData/Build/Intermediates.noindex/GoogleAuthentication.build/Debug-watchos/GoogleAuthentication-t.build/DerivedSources-normal/arm64 -Xcc -I/Users/admin/builder/spi-builder-workspace/.derivedData/Build/Intermediates.noindex/GoogleAuthentication.build/Debug-watchos/GoogleAuthentication-t.build/DerivedSources/arm64 -Xcc -I/Users/admin/builder/spi-builder-workspace/.derivedData/Build/Intermediates.noindex/GoogleAuthentication.build/Debug-watchos/GoogleAuthentication-t.build/DerivedSources -Xcc -DSWIFT_PACKAGE -Xcc -DDEBUG\=1 -emit-objc-header -emit-objc-header-path /Users/admin/builder/spi-builder-workspace/.derivedData/Build/Intermediates.noindex/GoogleAuthentication.build/Debug-watchos/GoogleAuthentication-t.build/Objects-normal/arm64/GoogleAuthentication-Swift.h -working-directory /Users/admin/builder/spi-builder-workspace/.swiftpm/xcode -experimental-emit-module-separately -disable-cmo
SwiftDriver SwiftBeanCountParser normal arm64 com.apple.xcode.tools.swift.compiler (in target 'SwiftBeanCountParser' from project 'SwiftBeanCountParser')
cd /Users/admin/builder/spi-builder-workspace/.swiftpm/xcode
builtin-SwiftDriver -- /Applications/Xcode-27.0.0-Release.Candidate.app/Contents/Developer/Toolchains/XcodeDefault.xctoolchain/usr/bin/swiftc -parse-as-library -module-name SwiftBeanCountParser -Onone @/Users/admin/builder/spi-builder-workspace/.derivedData/Build/Intermediates.noindex/SwiftBeanCountParser.build/Debug-watchos/SwiftBeanCountParser-t.build/Objects-normal/arm64/SwiftBeanCountParser.SwiftFileList -DSWIFT_PACKAGE -DDEBUG -DSWIFT_MODULE_RESOURCE_BUNDLE_UNAVAILABLE -DXcode -plugin-path /Applications/Xcode-27.0.0-Release.Candidate.app/Contents/Developer/Toolchains/XcodeDefault.xctoolchain/usr/lib/swift/host/plugins/testing -enable-experimental-feature DebugDescriptionMacro -sdk /Applications/Xcode-27.0.0-Release.Candidate.app/Contents/Developer/Platforms/WatchOS.platform/Developer/SDKs/WatchOS27.0.sdk -target arm64-apple-watchos9.0 -g -module-cache-path /Users/admin/builder/spi-builder-workspace/.derivedData/ModuleCache.noindex -Xfrontend -serialize-debugging-options -profile-coverage-mapping -profile-generate -enable-testing -suppress-warnings -index-store-path /Users/admin/builder/spi-builder-workspace/.derivedData/Index.noindex/DataStore -Xcc -D_LIBCPP_HARDENING_MODE\=_LIBCPP_HARDENING_MODE_DEBUG -swift-version 5 -I /Users/admin/builder/spi-builder-workspace/.derivedData/Build/Products/Debug-watchos -Isystem /Applications/Xcode-27.0.0-Release.Candidate.app/Contents/Developer/Platforms/WatchOS.platform/Developer/usr/lib -F /Users/admin/builder/spi-builder-workspace/.derivedData/Build/Products/Debug-watchos/PackageFrameworks -F /Users/admin/builder/spi-builder-workspace/.derivedData/Build/Products/Debug-watchos -F /Applications/Xcode-27.0.0-Release.Candidate.app/Contents/Developer/Platforms/WatchOS.platform/Developer/Library/Frameworks -F /Applications/Xcode-27.0.0-Release.Candidate.app/Contents/Developer/Platforms/WatchOS.platform/Developer/SDKs/WatchOS27.0.sdk/Developer/Library/Frameworks -c -j10 -enable-batch-mode -incremental -Xcc -ivfsstatcache -Xcc /Users/admin/builder/spi-builder-workspace/.derivedData/SDKStatCaches.noindex/watchos27.0-24R360-e829b21a6f8c9b70876ba0858053c04477534ef55a1706bf4c1112bbb242f0a2.sdkstatcache -output-file-map /Users/admin/builder/spi-builder-workspace/.derivedData/Build/Intermediates.noindex/SwiftBeanCountParser.build/Debug-watchos/SwiftBeanCountParser-t.build/Objects-normal/arm64/SwiftBeanCountParser-OutputFileMap.json -save-temps -no-color-diagnostics -explicit-module-build -module-cache-path /Users/admin/builder/spi-builder-workspace/.derivedData/Build/Intermediates.noindex/SwiftExplicitPrecompiledModules -clang-scanner-module-cache-path /Users/admin/builder/spi-builder-workspace/.derivedData/ModuleCache.noindex -sdk-module-cache-path /Users/admin/builder/spi-builder-workspace/.derivedData/SDKExplicitPrecompiledModules -emit-dependencies -emit-module -emit-module-path /Users/admin/builder/spi-builder-workspace/.derivedData/Build/Intermediates.noindex/SwiftBeanCountParser.build/Debug-watchos/SwiftBeanCountParser-t.build/Objects-normal/arm64/SwiftBeanCountParser.swiftmodule -serialize-diagnostics -dependency-scan-serialize-diagnostics-path /Users/admin/builder/spi-builder-workspace/.derivedData/Build/Intermediates.noindex/SwiftBeanCountParser.build/Debug-watchos/SwiftBeanCountParser-t.build/Objects-normal/arm64/SwiftBeanCountParser-dependency-scan.dia -validate-clang-modules-once -clang-build-session-file /Users/admin/builder/spi-builder-workspace/.derivedData/ModuleCache.noindex/Session.modulevalidation -Xcc -fmodules-prune-interval\=86400 -Xcc -fmodules-prune-after\=345600 -emit-const-values -const-gather-protocols-list /Users/admin/builder/spi-builder-workspace/.derivedData/Build/Intermediates.noindex/SwiftBeanCountParser.build/Debug-watchos/SwiftBeanCountParser-t.build/Objects-normal/arm64/SwiftBeanCountParser_const_extract_protocols.json -Xcc -I/Users/admin/builder/spi-builder-workspace/.derivedData/Build/Products/Debug-watchos/include -Xcc -I/Users/admin/builder/spi-builder-workspace/.derivedData/Build/Intermediates.noindex/SwiftBeanCountParser.build/Debug-watchos/SwiftBeanCountParser-t.build/DerivedSources-normal/arm64 -Xcc -I/Users/admin/builder/spi-builder-workspace/.derivedData/Build/Intermediates.noindex/SwiftBeanCountParser.build/Debug-watchos/SwiftBeanCountParser-t.build/DerivedSources/arm64 -Xcc -I/Users/admin/builder/spi-builder-workspace/.derivedData/Build/Intermediates.noindex/SwiftBeanCountParser.build/Debug-watchos/SwiftBeanCountParser-t.build/DerivedSources -Xcc -DSWIFT_PACKAGE -Xcc -DDEBUG\=1 -emit-objc-header -emit-objc-header-path /Users/admin/builder/spi-builder-workspace/.derivedData/Build/Intermediates.noindex/SwiftBeanCountParser.build/Debug-watchos/SwiftBeanCountParser-t.build/Objects-normal/arm64/SwiftBeanCountParser-Swift.h -working-directory /Users/admin/builder/spi-builder-workspace/.swiftpm/xcode -experimental-emit-module-separately -disable-cmo
SwiftDriver KeychainAccess normal arm64 com.apple.xcode.tools.swift.compiler (in target 'KeychainAccess' from project 'KeychainAccess')
cd /Users/admin/builder/spi-builder-workspace/.swiftpm/xcode
builtin-SwiftDriver -- /Applications/Xcode-27.0.0-Release.Candidate.app/Contents/Developer/Toolchains/XcodeDefault.xctoolchain/usr/bin/swiftc -parse-as-library -module-name KeychainAccess -Onone @/Users/admin/builder/spi-builder-workspace/.derivedData/Build/Intermediates.noindex/KeychainAccess.build/Debug-watchos/KeychainAccess-t.build/Objects-normal/arm64/KeychainAccess.SwiftFileList -DSWIFT_PACKAGE -DDEBUG -DSWIFT_MODULE_RESOURCE_BUNDLE_UNAVAILABLE -DXcode -plugin-path /Applications/Xcode-27.0.0-Release.Candidate.app/Contents/Developer/Toolchains/XcodeDefault.xctoolchain/usr/lib/swift/host/plugins/testing -enable-experimental-feature DebugDescriptionMacro -sdk /Applications/Xcode-27.0.0-Release.Candidate.app/Contents/Developer/Platforms/WatchOS.platform/Developer/SDKs/WatchOS27.0.sdk -target arm64-apple-watchos9.0 -g -module-cache-path /Users/admin/builder/spi-builder-workspace/.derivedData/ModuleCache.noindex -Xfrontend -serialize-debugging-options -profile-coverage-mapping -profile-generate -enable-testing -suppress-warnings -index-store-path /Users/admin/builder/spi-builder-workspace/.derivedData/Index.noindex/DataStore -Xcc -D_LIBCPP_HARDENING_MODE\=_LIBCPP_HARDENING_MODE_DEBUG -swift-version 5 -I /Users/admin/builder/spi-builder-workspace/.derivedData/Build/Products/Debug-watchos -Isystem /Applications/Xcode-27.0.0-Release.Candidate.app/Contents/Developer/Platforms/WatchOS.platform/Developer/usr/lib -F /Users/admin/builder/spi-builder-workspace/.derivedData/Build/Products/Debug-watchos -F /Applications/Xcode-27.0.0-Release.Candidate.app/Contents/Developer/Platforms/WatchOS.platform/Developer/Library/Frameworks -F /Applications/Xcode-27.0.0-Release.Candidate.app/Contents/Developer/Platforms/WatchOS.platform/Developer/SDKs/WatchOS27.0.sdk/Developer/Library/Frameworks -c -j10 -enable-batch-mode -incremental -Xcc -ivfsstatcache -Xcc /Users/admin/builder/spi-builder-workspace/.derivedData/SDKStatCaches.noindex/watchos27.0-24R360-e829b21a6f8c9b70876ba0858053c04477534ef55a1706bf4c1112bbb242f0a2.sdkstatcache -output-file-map /Users/admin/builder/spi-builder-workspace/.derivedData/Build/Intermediates.noindex/KeychainAccess.build/Debug-watchos/KeychainAccess-t.build/Objects-normal/arm64/KeychainAccess-OutputFileMap.json -save-temps -no-color-diagnostics -explicit-module-build -module-cache-path /Users/admin/builder/spi-builder-workspace/.derivedData/Build/Intermediates.noindex/SwiftExplicitPrecompiledModules -clang-scanner-module-cache-path /Users/admin/builder/spi-builder-workspace/.derivedData/ModuleCache.noindex -sdk-module-cache-path /Users/admin/builder/spi-builder-workspace/.derivedData/SDKExplicitPrecompiledModules -emit-dependencies -emit-module -emit-module-path /Users/admin/builder/spi-builder-workspace/.derivedData/Build/Intermediates.noindex/KeychainAccess.build/Debug-watchos/KeychainAccess-t.build/Objects-normal/arm64/KeychainAccess.swiftmodule -serialize-diagnostics -dependency-scan-serialize-diagnostics-path /Users/admin/builder/spi-builder-workspace/.derivedData/Build/Intermediates.noindex/KeychainAccess.build/Debug-watchos/KeychainAccess-t.build/Objects-normal/arm64/KeychainAccess-dependency-scan.dia -validate-clang-modules-once -clang-build-session-file /Users/admin/builder/spi-builder-workspace/.derivedData/ModuleCache.noindex/Session.modulevalidation -Xcc -fmodules-prune-interval\=86400 -Xcc -fmodules-prune-after\=345600 -emit-const-values -const-gather-protocols-list /Users/admin/builder/spi-builder-workspace/.derivedData/Build/Intermediates.noindex/KeychainAccess.build/Debug-watchos/KeychainAccess-t.build/Objects-normal/arm64/KeychainAccess_const_extract_protocols.json -Xcc -I/Users/admin/builder/spi-builder-workspace/.derivedData/Build/Products/Debug-watchos/include -Xcc -I/Users/admin/builder/spi-builder-workspace/.derivedData/Build/Intermediates.noindex/KeychainAccess.build/Debug-watchos/KeychainAccess-t.build/DerivedSources-normal/arm64 -Xcc -I/Users/admin/builder/spi-builder-workspace/.derivedData/Build/Intermediates.noindex/KeychainAccess.build/Debug-watchos/KeychainAccess-t.build/DerivedSources/arm64 -Xcc -I/Users/admin/builder/spi-builder-workspace/.derivedData/Build/Intermediates.noindex/KeychainAccess.build/Debug-watchos/KeychainAccess-t.build/DerivedSources -Xcc -DSWIFT_PACKAGE -Xcc -DDEBUG\=1 -emit-objc-header -emit-objc-header-path /Users/admin/builder/spi-builder-workspace/.derivedData/Build/Intermediates.noindex/KeychainAccess.build/Debug-watchos/KeychainAccess-t.build/Objects-normal/arm64/KeychainAccess-Swift.h -working-directory /Users/admin/builder/spi-builder-workspace/.swiftpm/xcode -experimental-emit-module-separately -disable-cmo
ExtractAppIntentsMetadata (in target 'OAuthSwift' from project 'OAuthSwift')
cd /Users/admin/builder/spi-builder-workspace/.dependencies/checkouts/OAuthSwift
/Applications/Xcode-27.0.0-Release.Candidate.app/Contents/Developer/Toolchains/XcodeDefault.xctoolchain/usr/bin/appintentsmetadataprocessor --toolchain-dir /var/run/com.apple.security.cryptexd/mnt/com.apple.MobileAsset.MetalToolchain-v27.1.266.1.Xz6cOE/Metal.xctoolchain --module-name OAuthSwift --sdk-root /Applications/Xcode-27.0.0-Release.Candidate.app/Contents/Developer/Platforms/WatchOS.platform/Developer/SDKs/WatchOS27.0.sdk --xcode-version 27A266a --platform-family watchOS --deployment-target 9.0 --bundle-identifier oauthswift.OAuthSwift --output /Users/admin/builder/spi-builder-workspace/.derivedData/Build/Products/Debug-watchos/OAuthSwift.appintents --target-triple arm64-apple-watchos9.0 --target-triple arm64_32-apple-watchos9.0 --binary-file /Users/admin/builder/spi-builder-workspace/.derivedData/Build/Products/Debug-watchos/OAuthSwift.o --dependency-file /Users/admin/builder/spi-builder-workspace/.derivedData/Build/Intermediates.noindex/OAuthSwift.build/Debug-watchos/OAuthSwift-t.build/Objects-normal/arm64/OAuthSwift_dependency_info.dat --dependency-file /Users/admin/builder/spi-builder-workspace/.derivedData/Build/Intermediates.noindex/OAuthSwift.build/Debug-watchos/OAuthSwift-t.build/Objects-normal/arm64_32/OAuthSwift_dependency_info.dat --stringsdata-file /Users/admin/builder/spi-builder-workspace/.derivedData/Build/Intermediates.noindex/OAuthSwift.build/Debug-watchos/OAuthSwift-t.build/Objects-normal/arm64/ExtractedAppShortcutsMetadata.stringsdata --stringsdata-file /Users/admin/builder/spi-builder-workspace/.derivedData/Build/Intermediates.noindex/OAuthSwift.build/Debug-watchos/OAuthSwift-t.build/Objects-normal/arm64_32/ExtractedAppShortcutsMetadata.stringsdata --source-file-list /Users/admin/builder/spi-builder-workspace/.derivedData/Build/Intermediates.noindex/OAuthSwift.build/Debug-watchos/OAuthSwift-t.build/Objects-normal/arm64/OAuthSwift.SwiftFileList --source-file-list /Users/admin/builder/spi-builder-workspace/.derivedData/Build/Intermediates.noindex/OAuthSwift.build/Debug-watchos/OAuthSwift-t.build/Objects-normal/arm64_32/OAuthSwift.SwiftFileList --metadata-file-list /Users/admin/builder/spi-builder-workspace/.derivedData/Build/Intermediates.noindex/OAuthSwift.build/Debug-watchos/OAuthSwift-t.build/OAuthSwift.DependencyMetadataFileList --static-metadata-file-list /Users/admin/builder/spi-builder-workspace/.derivedData/Build/Intermediates.noindex/OAuthSwift.build/Debug-watchos/OAuthSwift-t.build/OAuthSwift.DependencyStaticMetadataFileList --swift-const-vals-list /Users/admin/builder/spi-builder-workspace/.derivedData/Build/Intermediates.noindex/OAuthSwift.build/Debug-watchos/OAuthSwift-t.build/Objects-normal/arm64/OAuthSwift.SwiftConstValuesFileList --swift-const-vals-list /Users/admin/builder/spi-builder-workspace/.derivedData/Build/Intermediates.noindex/OAuthSwift.build/Debug-watchos/OAuthSwift-t.build/Objects-normal/arm64_32/OAuthSwift.SwiftConstValuesFileList --force --compile-time-extraction --deployment-aware-processing --no-app-shortcuts-localization
2026-09-23 05:46:20.387 appintentsmetadataprocessor[1398:7790] Starting appintentsmetadataprocessor export
2026-09-23 05:46:20.448 appintentsmetadataprocessor[1398:7790] Extracted no relevant App Intents symbols, skipping writing output
SwiftDriver\ Compilation KeychainAccess normal arm64_32 com.apple.xcode.tools.swift.compiler (in target 'KeychainAccess' from project 'KeychainAccess')
cd /Users/admin/builder/spi-builder-workspace/.swiftpm/xcode
builtin-Swift-Compilation -- /Applications/Xcode-27.0.0-Release.Candidate.app/Contents/Developer/Toolchains/XcodeDefault.xctoolchain/usr/bin/swiftc -parse-as-library -module-name KeychainAccess -Onone @/Users/admin/builder/spi-builder-workspace/.derivedData/Build/Intermediates.noindex/KeychainAccess.build/Debug-watchos/KeychainAccess-t.build/Objects-normal/arm64_32/KeychainAccess.SwiftFileList -DSWIFT_PACKAGE -DDEBUG -DSWIFT_MODULE_RESOURCE_BUNDLE_UNAVAILABLE -DXcode -plugin-path /Applications/Xcode-27.0.0-Release.Candidate.app/Contents/Developer/Toolchains/XcodeDefault.xctoolchain/usr/lib/swift/host/plugins/testing -enable-experimental-feature DebugDescriptionMacro -sdk /Applications/Xcode-27.0.0-Release.Candidate.app/Contents/Developer/Platforms/WatchOS.platform/Developer/SDKs/WatchOS27.0.sdk -target arm64_32-apple-watchos9.0 -g -module-cache-path /Users/admin/builder/spi-builder-workspace/.derivedData/ModuleCache.noindex -Xfrontend -serialize-debugging-options -profile-coverage-mapping -profile-generate -enable-testing -suppress-warnings -index-store-path /Users/admin/builder/spi-builder-workspace/.derivedData/Index.noindex/DataStore -Xcc -D_LIBCPP_HARDENING_MODE\=_LIBCPP_HARDENING_MODE_DEBUG -swift-version 5 -I /Users/admin/builder/spi-builder-workspace/.derivedData/Build/Products/Debug-watchos -Isystem /Applications/Xcode-27.0.0-Release.Candidate.app/Contents/Developer/Platforms/WatchOS.platform/Developer/usr/lib -F /Users/admin/builder/spi-builder-workspace/.derivedData/Build/Products/Debug-watchos -F /Applications/Xcode-27.0.0-Release.Candidate.app/Contents/Developer/Platforms/WatchOS.platform/Developer/Library/Frameworks -F /Applications/Xcode-27.0.0-Release.Candidate.app/Contents/Developer/Platforms/WatchOS.platform/Developer/SDKs/WatchOS27.0.sdk/Developer/Library/Frameworks -c -j10 -enable-batch-mode -incremental -Xcc -ivfsstatcache -Xcc /Users/admin/builder/spi-builder-workspace/.derivedData/SDKStatCaches.noindex/watchos27.0-24R360-e829b21a6f8c9b70876ba0858053c04477534ef55a1706bf4c1112bbb242f0a2.sdkstatcache -output-file-map /Users/admin/builder/spi-builder-workspace/.derivedData/Build/Intermediates.noindex/KeychainAccess.build/Debug-watchos/KeychainAccess-t.build/Objects-normal/arm64_32/KeychainAccess-OutputFileMap.json -save-temps -no-color-diagnostics -explicit-module-build -module-cache-path /Users/admin/builder/spi-builder-workspace/.derivedData/Build/Intermediates.noindex/SwiftExplicitPrecompiledModules -clang-scanner-module-cache-path /Users/admin/builder/spi-builder-workspace/.derivedData/ModuleCache.noindex -sdk-module-cache-path /Users/admin/builder/spi-builder-workspace/.derivedData/SDKExplicitPrecompiledModules -emit-dependencies -emit-module -emit-module-path /Users/admin/builder/spi-builder-workspace/.derivedData/Build/Intermediates.noindex/KeychainAccess.build/Debug-watchos/KeychainAccess-t.build/Objects-normal/arm64_32/KeychainAccess.swiftmodule -serialize-diagnostics -dependency-scan-serialize-diagnostics-path /Users/admin/builder/spi-builder-workspace/.derivedData/Build/Intermediates.noindex/KeychainAccess.build/Debug-watchos/KeychainAccess-t.build/Objects-normal/arm64_32/KeychainAccess-dependency-scan.dia -validate-clang-modules-once -clang-build-session-file /Users/admin/builder/spi-builder-workspace/.derivedData/ModuleCache.noindex/Session.modulevalidation -Xcc -fmodules-prune-interval\=86400 -Xcc -fmodules-prune-after\=345600 -emit-const-values -const-gather-protocols-list /Users/admin/builder/spi-builder-workspace/.derivedData/Build/Intermediates.noindex/KeychainAccess.build/Debug-watchos/KeychainAccess-t.build/Objects-normal/arm64_32/KeychainAccess_const_extract_protocols.json -Xcc -I/Users/admin/builder/spi-builder-workspace/.derivedData/Build/Products/Debug-watchos/include -Xcc -I/Users/admin/builder/spi-builder-workspace/.derivedData/Build/Intermediates.noindex/KeychainAccess.build/Debug-watchos/KeychainAccess-t.build/DerivedSources-normal/arm64_32 -Xcc -I/Users/admin/builder/spi-builder-workspace/.derivedData/Build/Intermediates.noindex/KeychainAccess.build/Debug-watchos/KeychainAccess-t.build/DerivedSources/arm64_32 -Xcc -I/Users/admin/builder/spi-builder-workspace/.derivedData/Build/Intermediates.noindex/KeychainAccess.build/Debug-watchos/KeychainAccess-t.build/DerivedSources -Xcc -DSWIFT_PACKAGE -Xcc -DDEBUG\=1 -emit-objc-header -emit-objc-header-path /Users/admin/builder/spi-builder-workspace/.derivedData/Build/Intermediates.noindex/KeychainAccess.build/Debug-watchos/KeychainAccess-t.build/Objects-normal/arm64_32/KeychainAccess-Swift.h -working-directory /Users/admin/builder/spi-builder-workspace/.swiftpm/xcode -experimental-emit-module-separately -disable-cmo
SwiftDriver\ Compilation KeychainAccess normal arm64 com.apple.xcode.tools.swift.compiler (in target 'KeychainAccess' from project 'KeychainAccess')
cd /Users/admin/builder/spi-builder-workspace/.swiftpm/xcode
builtin-Swift-Compilation -- /Applications/Xcode-27.0.0-Release.Candidate.app/Contents/Developer/Toolchains/XcodeDefault.xctoolchain/usr/bin/swiftc -parse-as-library -module-name KeychainAccess -Onone @/Users/admin/builder/spi-builder-workspace/.derivedData/Build/Intermediates.noindex/KeychainAccess.build/Debug-watchos/KeychainAccess-t.build/Objects-normal/arm64/KeychainAccess.SwiftFileList -DSWIFT_PACKAGE -DDEBUG -DSWIFT_MODULE_RESOURCE_BUNDLE_UNAVAILABLE -DXcode -plugin-path /Applications/Xcode-27.0.0-Release.Candidate.app/Contents/Developer/Toolchains/XcodeDefault.xctoolchain/usr/lib/swift/host/plugins/testing -enable-experimental-feature DebugDescriptionMacro -sdk /Applications/Xcode-27.0.0-Release.Candidate.app/Contents/Developer/Platforms/WatchOS.platform/Developer/SDKs/WatchOS27.0.sdk -target arm64-apple-watchos9.0 -g -module-cache-path /Users/admin/builder/spi-builder-workspace/.derivedData/ModuleCache.noindex -Xfrontend -serialize-debugging-options -profile-coverage-mapping -profile-generate -enable-testing -suppress-warnings -index-store-path /Users/admin/builder/spi-builder-workspace/.derivedData/Index.noindex/DataStore -Xcc -D_LIBCPP_HARDENING_MODE\=_LIBCPP_HARDENING_MODE_DEBUG -swift-version 5 -I /Users/admin/builder/spi-builder-workspace/.derivedData/Build/Products/Debug-watchos -Isystem /Applications/Xcode-27.0.0-Release.Candidate.app/Contents/Developer/Platforms/WatchOS.platform/Developer/usr/lib -F /Users/admin/builder/spi-builder-workspace/.derivedData/Build/Products/Debug-watchos -F /Applications/Xcode-27.0.0-Release.Candidate.app/Contents/Developer/Platforms/WatchOS.platform/Developer/Library/Frameworks -F /Applications/Xcode-27.0.0-Release.Candidate.app/Contents/Developer/Platforms/WatchOS.platform/Developer/SDKs/WatchOS27.0.sdk/Developer/Library/Frameworks -c -j10 -enable-batch-mode -incremental -Xcc -ivfsstatcache -Xcc /Users/admin/builder/spi-builder-workspace/.derivedData/SDKStatCaches.noindex/watchos27.0-24R360-e829b21a6f8c9b70876ba0858053c04477534ef55a1706bf4c1112bbb242f0a2.sdkstatcache -output-file-map /Users/admin/builder/spi-builder-workspace/.derivedData/Build/Intermediates.noindex/KeychainAccess.build/Debug-watchos/KeychainAccess-t.build/Objects-normal/arm64/KeychainAccess-OutputFileMap.json -save-temps -no-color-diagnostics -explicit-module-build -module-cache-path /Users/admin/builder/spi-builder-workspace/.derivedData/Build/Intermediates.noindex/SwiftExplicitPrecompiledModules -clang-scanner-module-cache-path /Users/admin/builder/spi-builder-workspace/.derivedData/ModuleCache.noindex -sdk-module-cache-path /Users/admin/builder/spi-builder-workspace/.derivedData/SDKExplicitPrecompiledModules -emit-dependencies -emit-module -emit-module-path /Users/admin/builder/spi-builder-workspace/.derivedData/Build/Intermediates.noindex/KeychainAccess.build/Debug-watchos/KeychainAccess-t.build/Objects-normal/arm64/KeychainAccess.swiftmodule -serialize-diagnostics -dependency-scan-serialize-diagnostics-path /Users/admin/builder/spi-builder-workspace/.derivedData/Build/Intermediates.noindex/KeychainAccess.build/Debug-watchos/KeychainAccess-t.build/Objects-normal/arm64/KeychainAccess-dependency-scan.dia -validate-clang-modules-once -clang-build-session-file /Users/admin/builder/spi-builder-workspace/.derivedData/ModuleCache.noindex/Session.modulevalidation -Xcc -fmodules-prune-interval\=86400 -Xcc -fmodules-prune-after\=345600 -emit-const-values -const-gather-protocols-list /Users/admin/builder/spi-builder-workspace/.derivedData/Build/Intermediates.noindex/KeychainAccess.build/Debug-watchos/KeychainAccess-t.build/Objects-normal/arm64/KeychainAccess_const_extract_protocols.json -Xcc -I/Users/admin/builder/spi-builder-workspace/.derivedData/Build/Products/Debug-watchos/include -Xcc -I/Users/admin/builder/spi-builder-workspace/.derivedData/Build/Intermediates.noindex/KeychainAccess.build/Debug-watchos/KeychainAccess-t.build/DerivedSources-normal/arm64 -Xcc -I/Users/admin/builder/spi-builder-workspace/.derivedData/Build/Intermediates.noindex/KeychainAccess.build/Debug-watchos/KeychainAccess-t.build/DerivedSources/arm64 -Xcc -I/Users/admin/builder/spi-builder-workspace/.derivedData/Build/Intermediates.noindex/KeychainAccess.build/Debug-watchos/KeychainAccess-t.build/DerivedSources -Xcc -DSWIFT_PACKAGE -Xcc -DDEBUG\=1 -emit-objc-header -emit-objc-header-path /Users/admin/builder/spi-builder-workspace/.derivedData/Build/Intermediates.noindex/KeychainAccess.build/Debug-watchos/KeychainAccess-t.build/Objects-normal/arm64/KeychainAccess-Swift.h -working-directory /Users/admin/builder/spi-builder-workspace/.swiftpm/xcode -experimental-emit-module-separately -disable-cmo
Ld /Users/admin/builder/spi-builder-workspace/.derivedData/Build/Intermediates.noindex/KeychainAccess.build/Debug-watchos/KeychainAccess-t.build/Objects-normal/arm64_32/Binary/KeychainAccess.o normal arm64_32 (in target 'KeychainAccess' from project 'KeychainAccess')
cd /Users/admin/builder/spi-builder-workspace/.dependencies/checkouts/KeychainAccess
/Applications/Xcode-27.0.0-Release.Candidate.app/Contents/Developer/Toolchains/XcodeDefault.xctoolchain/usr/bin/clang -Xlinker -reproducible -target arm64_32-apple-watchos9.0 -r -isysroot /Applications/Xcode-27.0.0-Release.Candidate.app/Contents/Developer/Platforms/WatchOS.platform/Developer/SDKs/WatchOS27.0.sdk -O0 -w -Xlinker -no_warn_duplicate_libraries -F/Users/admin/builder/spi-builder-workspace/.derivedData/Build/Intermediates.noindex/EagerLinkingTBDs/Debug-watchos -F/Users/admin/builder/spi-builder-workspace/.derivedData/Build/Products/Debug-watchos -iframework /Applications/Xcode-27.0.0-Release.Candidate.app/Contents/Developer/Platforms/WatchOS.platform/Developer/Library/Frameworks -iframework /Applications/Xcode-27.0.0-Release.Candidate.app/Contents/Developer/Platforms/WatchOS.platform/Developer/SDKs/WatchOS27.0.sdk/Developer/Library/Frameworks -filelist /Users/admin/builder/spi-builder-workspace/.derivedData/Build/Intermediates.noindex/KeychainAccess.build/Debug-watchos/KeychainAccess-t.build/Objects-normal/arm64_32/KeychainAccess.LinkFileList -nostdlib -Xlinker -object_path_lto -Xlinker /Users/admin/builder/spi-builder-workspace/.derivedData/Build/Intermediates.noindex/KeychainAccess.build/Debug-watchos/KeychainAccess-t.build/Objects-normal/arm64_32/KeychainAccess_lto.o -Xlinker -no_deduplicate -Xlinker -debug_variant -Xlinker -dependency_info -Xlinker /Users/admin/builder/spi-builder-workspace/.derivedData/Build/Intermediates.noindex/KeychainAccess.build/Debug-watchos/KeychainAccess-t.build/Objects-normal/arm64_32/KeychainAccess_dependency_info.dat -fobjc-link-runtime -L/Applications/Xcode-27.0.0-Release.Candidate.app/Contents/Developer/Toolchains/XcodeDefault.xctoolchain/usr/lib/swift/watchos -L/usr/lib/swift -Xlinker -add_ast_path -Xlinker /Users/admin/builder/spi-builder-workspace/.derivedData/Build/Intermediates.noindex/KeychainAccess.build/Debug-watchos/KeychainAccess-t.build/Objects-normal/arm64_32/KeychainAccess.swiftmodule -o /Users/admin/builder/spi-builder-workspace/.derivedData/Build/Intermediates.noindex/KeychainAccess.build/Debug-watchos/KeychainAccess-t.build/Objects-normal/arm64_32/Binary/KeychainAccess.o
Ld /Users/admin/builder/spi-builder-workspace/.derivedData/Build/Intermediates.noindex/KeychainAccess.build/Debug-watchos/KeychainAccess-t.build/Objects-normal/arm64/Binary/KeychainAccess.o normal arm64 (in target 'KeychainAccess' from project 'KeychainAccess')
cd /Users/admin/builder/spi-builder-workspace/.dependencies/checkouts/KeychainAccess
/Applications/Xcode-27.0.0-Release.Candidate.app/Contents/Developer/Toolchains/XcodeDefault.xctoolchain/usr/bin/clang -Xlinker -reproducible -target arm64-apple-watchos9.0 -r -isysroot /Applications/Xcode-27.0.0-Release.Candidate.app/Contents/Developer/Platforms/WatchOS.platform/Developer/SDKs/WatchOS27.0.sdk -O0 -w -Xlinker -no_warn_duplicate_libraries -F/Users/admin/builder/spi-builder-workspace/.derivedData/Build/Intermediates.noindex/EagerLinkingTBDs/Debug-watchos -F/Users/admin/builder/spi-builder-workspace/.derivedData/Build/Products/Debug-watchos -iframework /Applications/Xcode-27.0.0-Release.Candidate.app/Contents/Developer/Platforms/WatchOS.platform/Developer/Library/Frameworks -iframework /Applications/Xcode-27.0.0-Release.Candidate.app/Contents/Developer/Platforms/WatchOS.platform/Developer/SDKs/WatchOS27.0.sdk/Developer/Library/Frameworks -filelist /Users/admin/builder/spi-builder-workspace/.derivedData/Build/Intermediates.noindex/KeychainAccess.build/Debug-watchos/KeychainAccess-t.build/Objects-normal/arm64/KeychainAccess.LinkFileList -nostdlib -Xlinker -object_path_lto -Xlinker /Users/admin/builder/spi-builder-workspace/.derivedData/Build/Intermediates.noindex/KeychainAccess.build/Debug-watchos/KeychainAccess-t.build/Objects-normal/arm64/KeychainAccess_lto.o -Xlinker -no_deduplicate -Xlinker -debug_variant -Xlinker -dependency_info -Xlinker /Users/admin/builder/spi-builder-workspace/.derivedData/Build/Intermediates.noindex/KeychainAccess.build/Debug-watchos/KeychainAccess-t.build/Objects-normal/arm64/KeychainAccess_dependency_info.dat -fobjc-link-runtime -L/Applications/Xcode-27.0.0-Release.Candidate.app/Contents/Developer/Toolchains/XcodeDefault.xctoolchain/usr/lib/swift/watchos -L/usr/lib/swift -Xlinker -add_ast_path -Xlinker /Users/admin/builder/spi-builder-workspace/.derivedData/Build/Intermediates.noindex/KeychainAccess.build/Debug-watchos/KeychainAccess-t.build/Objects-normal/arm64/KeychainAccess.swiftmodule -o /Users/admin/builder/spi-builder-workspace/.derivedData/Build/Intermediates.noindex/KeychainAccess.build/Debug-watchos/KeychainAccess-t.build/Objects-normal/arm64/Binary/KeychainAccess.o
SwiftCompile normal arm64_32 Compiling\ DateParser.swift /Users/admin/builder/spi-builder-workspace/.dependencies/checkouts/SwiftBeanCountParser/Sources/SwiftBeanCountParser/DateParser.swift (in target 'SwiftBeanCountParser' from project 'SwiftBeanCountParser')
SwiftCompile normal arm64_32 /Users/admin/builder/spi-builder-workspace/.dependencies/checkouts/SwiftBeanCountParser/Sources/SwiftBeanCountParser/DateParser.swift (in target 'SwiftBeanCountParser' from project 'SwiftBeanCountParser')
cd /Users/admin/builder/spi-builder-workspace/.swiftpm/xcode
builtin-SwiftPerFileCompile DateParser.swift
SwiftCompile normal arm64_32 Compiling\ MetaDataParser.swift /Users/admin/builder/spi-builder-workspace/.dependencies/checkouts/SwiftBeanCountParser/Sources/SwiftBeanCountParser/MetaDataParser.swift (in target 'SwiftBeanCountParser' from project 'SwiftBeanCountParser')
SwiftCompile normal arm64_32 /Users/admin/builder/spi-builder-workspace/.dependencies/checkouts/SwiftBeanCountParser/Sources/SwiftBeanCountParser/MetaDataParser.swift (in target 'SwiftBeanCountParser' from project 'SwiftBeanCountParser')
cd /Users/admin/builder/spi-builder-workspace/.swiftpm/xcode
builtin-SwiftPerFileCompile MetaDataParser.swift
SwiftCompile normal arm64_32 Compiling\ CustomsParser.swift /Users/admin/builder/spi-builder-workspace/.dependencies/checkouts/SwiftBeanCountParser/Sources/SwiftBeanCountParser/CustomsParser.swift (in target 'SwiftBeanCountParser' from project 'SwiftBeanCountParser')
SwiftCompile normal arm64_32 /Users/admin/builder/spi-builder-workspace/.dependencies/checkouts/SwiftBeanCountParser/Sources/SwiftBeanCountParser/CustomsParser.swift (in target 'SwiftBeanCountParser' from project 'SwiftBeanCountParser')
cd /Users/admin/builder/spi-builder-workspace/.swiftpm/xcode
builtin-SwiftPerFileCompile CustomsParser.swift
SwiftCompile normal arm64_32 Compiling\ OptionParser.swift /Users/admin/builder/spi-builder-workspace/.dependencies/checkouts/SwiftBeanCountParser/Sources/SwiftBeanCountParser/OptionParser.swift (in target 'SwiftBeanCountParser' from project 'SwiftBeanCountParser')
SwiftCompile normal arm64_32 /Users/admin/builder/spi-builder-workspace/.dependencies/checkouts/SwiftBeanCountParser/Sources/SwiftBeanCountParser/OptionParser.swift (in target 'SwiftBeanCountParser' from project 'SwiftBeanCountParser')
cd /Users/admin/builder/spi-builder-workspace/.swiftpm/xcode
builtin-SwiftPerFileCompile OptionParser.swift
SwiftCompile normal arm64_32 Compiling\ ParserUtils.swift /Users/admin/builder/spi-builder-workspace/.dependencies/checkouts/SwiftBeanCountParser/Sources/SwiftBeanCountParser/ParserUtils.swift (in target 'SwiftBeanCountParser' from project 'SwiftBeanCountParser')
SwiftCompile normal arm64_32 /Users/admin/builder/spi-builder-workspace/.dependencies/checkouts/SwiftBeanCountParser/Sources/SwiftBeanCountParser/ParserUtils.swift (in target 'SwiftBeanCountParser' from project 'SwiftBeanCountParser')
cd /Users/admin/builder/spi-builder-workspace/.swiftpm/xcode
builtin-SwiftPerFileCompile ParserUtils.swift
SwiftCompile normal arm64_32 Compiling\ Parser.swift /Users/admin/builder/spi-builder-workspace/.dependencies/checkouts/SwiftBeanCountParser/Sources/SwiftBeanCountParser/Parser.swift (in target 'SwiftBeanCountParser' from project 'SwiftBeanCountParser')
SwiftCompile normal arm64_32 /Users/admin/builder/spi-builder-workspace/.dependencies/checkouts/SwiftBeanCountParser/Sources/SwiftBeanCountParser/Parser.swift (in target 'SwiftBeanCountParser' from project 'SwiftBeanCountParser')
cd /Users/admin/builder/spi-builder-workspace/.swiftpm/xcode
builtin-SwiftPerFileCompile Parser.swift
SwiftEmitModule normal arm64_32 Emitting\ module\ for\ SwiftBeanCountParser (in target 'SwiftBeanCountParser' from project 'SwiftBeanCountParser')
SwiftCompile normal arm64_32 (in target 'SwiftBeanCountParser' from project 'SwiftBeanCountParser')
cd /Users/admin/builder/spi-builder-workspace/.swiftpm/xcode
SwiftCompile normal arm64_32 Compiling\ PluginParser.swift /Users/admin/builder/spi-builder-workspace/.dependencies/checkouts/SwiftBeanCountParser/Sources/SwiftBeanCountParser/PluginParser.swift (in target 'SwiftBeanCountParser' from project 'SwiftBeanCountParser')
SwiftCompile normal arm64_32 /Users/admin/builder/spi-builder-workspace/.dependencies/checkouts/SwiftBeanCountParser/Sources/SwiftBeanCountParser/PluginParser.swift (in target 'SwiftBeanCountParser' from project 'SwiftBeanCountParser')
cd /Users/admin/builder/spi-builder-workspace/.swiftpm/xcode
builtin-SwiftPerFileCompile PluginParser.swift
SwiftEmitModule normal arm64 Emitting\ module\ for\ SwiftBeanCountParser (in target 'SwiftBeanCountParser' from project 'SwiftBeanCountParser')
SwiftCompile normal arm64 (in target 'SwiftBeanCountParser' from project 'SwiftBeanCountParser')
cd /Users/admin/builder/spi-builder-workspace/.swiftpm/xcode
CreateUniversalBinary /Users/admin/builder/spi-builder-workspace/.derivedData/Build/Products/Debug-watchos/KeychainAccess.o normal arm64\ arm64_32 (in target 'KeychainAccess' from project 'KeychainAccess')
cd /Users/admin/builder/spi-builder-workspace/.dependencies/checkouts/KeychainAccess
/Applications/Xcode-27.0.0-Release.Candidate.app/Contents/Developer/Toolchains/XcodeDefault.xctoolchain/usr/bin/lipo -create /Users/admin/builder/spi-builder-workspace/.derivedData/Build/Intermediates.noindex/KeychainAccess.build/Debug-watchos/KeychainAccess-t.build/Objects-normal/arm64/Binary/KeychainAccess.o /Users/admin/builder/spi-builder-workspace/.derivedData/Build/Intermediates.noindex/KeychainAccess.build/Debug-watchos/KeychainAccess-t.build/Objects-normal/arm64_32/Binary/KeychainAccess.o -output /Users/admin/builder/spi-builder-workspace/.derivedData/Build/Products/Debug-watchos/KeychainAccess.o
SwiftEmitModule normal arm64 Emitting\ module\ for\ GoogleAuthentication (in target 'GoogleAuthentication' from project 'GoogleAuthentication')
/Users/admin/builder/spi-builder-workspace/.dependencies/checkouts/GoogleAuthentication/Sources/GoogleAuthentication/ASWebAuthenticationURLHandler.swift:17:57: error: 'ASWebAuthenticationPresentationContextProviding' is unavailable in watchOS
15 | let callbackURLScheme: String
16 |
17 | weak var authenticationPresentationContextProvider: ASWebAuthenticationPresentationContextProviding?
| `- error: 'ASWebAuthenticationPresentationContextProviding' is unavailable in watchOS
18 |
19 | public init(callbackURLScheme: String, authenticationPresentationContextProvider: ASWebAuthenticationPresentationContextProviding?) {
/Applications/Xcode-27.0.0-Release.Candidate.app/Contents/Developer/Platforms/WatchOS.platform/Developer/SDKs/WatchOS27.0.sdk/System/Library/Frameworks/AuthenticationServices.framework/Headers/ASWebAuthenticationSession.h:115:11: note: 'ASWebAuthenticationPresentationContextProviding' has been explicitly marked unavailable here
113 | API_AVAILABLE(ios(13.0), macos(10.15)) API_UNAVAILABLE(tvos, watchos)
114 | NS_SWIFT_UI_ACTOR
115 | @protocol ASWebAuthenticationPresentationContextProviding <NSObject>
| `- note: 'ASWebAuthenticationPresentationContextProviding' has been explicitly marked unavailable here
116 |
117 | #if !TARGET_OS_WATCH
/Users/admin/builder/spi-builder-workspace/.dependencies/checkouts/GoogleAuthentication/Sources/GoogleAuthentication/ASWebAuthenticationURLHandler.swift:19:87: error: 'ASWebAuthenticationPresentationContextProviding' is unavailable in watchOS
17 | weak var authenticationPresentationContextProvider: ASWebAuthenticationPresentationContextProviding?
18 |
19 | public init(callbackURLScheme: String, authenticationPresentationContextProvider: ASWebAuthenticationPresentationContextProviding?) {
| `- error: 'ASWebAuthenticationPresentationContextProviding' is unavailable in watchOS
20 | self.callbackURLScheme = callbackURLScheme
21 | self.authenticationPresentationContextProvider = authenticationPresentationContextProvider
/Applications/Xcode-27.0.0-Release.Candidate.app/Contents/Developer/Platforms/WatchOS.platform/Developer/SDKs/WatchOS27.0.sdk/System/Library/Frameworks/AuthenticationServices.framework/Headers/ASWebAuthenticationSession.h:115:11: note: 'ASWebAuthenticationPresentationContextProviding' has been explicitly marked unavailable here
113 | API_AVAILABLE(ios(13.0), macos(10.15)) API_UNAVAILABLE(tvos, watchos)
114 | NS_SWIFT_UI_ACTOR
115 | @protocol ASWebAuthenticationPresentationContextProviding <NSObject>
| `- note: 'ASWebAuthenticationPresentationContextProviding' has been explicitly marked unavailable here
116 |
117 | #if !TARGET_OS_WATCH
/Users/admin/builder/spi-builder-workspace/.dependencies/checkouts/GoogleAuthentication/Sources/GoogleAuthentication/Authentication.swift:60:52: error: 'ASWebAuthenticationPresentationContextProviding' is unavailable in watchOS
58 | /// - completion: OAuthSwift.TokenCompletionHandler
59 | public func authenticate(
60 | authenticationPresentationContextProvider: ASWebAuthenticationPresentationContextProviding,
| `- error: 'ASWebAuthenticationPresentationContextProviding' is unavailable in watchOS
61 | completion: @escaping OAuthSwift.TokenCompletionHandler
62 | ) {
/Applications/Xcode-27.0.0-Release.Candidate.app/Contents/Developer/Platforms/WatchOS.platform/Developer/SDKs/WatchOS27.0.sdk/System/Library/Frameworks/AuthenticationServices.framework/Headers/ASWebAuthenticationSession.h:115:11: note: 'ASWebAuthenticationPresentationContextProviding' has been explicitly marked unavailable here
113 | API_AVAILABLE(ios(13.0), macos(10.15)) API_UNAVAILABLE(tvos, watchos)
114 | NS_SWIFT_UI_ACTOR
115 | @protocol ASWebAuthenticationPresentationContextProviding <NSObject>
| `- note: 'ASWebAuthenticationPresentationContextProviding' has been explicitly marked unavailable here
116 |
117 | #if !TARGET_OS_WATCH
Failed frontend command:
/Applications/Xcode-27.0.0-Release.Candidate.app/Contents/Developer/Toolchains/XcodeDefault.xctoolchain/usr/bin/swift-frontend -frontend -emit-module -experimental-skip-non-inlinable-function-bodies-without-types /Users/admin/builder/spi-builder-workspace/.dependencies/checkouts/GoogleAuthentication/Sources/GoogleAuthentication/ASWebAuthenticationURLHandler.swift /Users/admin/builder/spi-builder-workspace/.dependencies/checkouts/GoogleAuthentication/Sources/GoogleAuthentication/Authentication.swift -target arm64-apple-watchos9.0 -disable-cross-import-overlay-search -swift-module-cross-import AuthenticationServices /Applications/Xcode-27.0.0-Release.Candidate.app/Contents/Developer/Platforms/WatchOS.platform/Developer/SDKs/WatchOS.sdk/System/Library/Frameworks/AuthenticationServices.framework/Modules/AuthenticationServices.swiftcrossimport/SwiftUI.swiftoverlay -swift-module-cross-import AuthenticationServices /Applications/Xcode-27.0.0-Release.Candidate.app/Contents/Developer/Platforms/WatchOS.platform/Developer/SDKs/WatchOS27.0.sdk/System/Library/Frameworks/AuthenticationServices.framework/Modules/AuthenticationServices.swiftcrossimport/SwiftUI.swiftoverlay -load-resolved-plugin /Applications/Xcode-27.0.0-Release.Candidate.app/Contents/Developer/Platforms/WatchOS.platform/Developer/usr/lib/swift/host/plugins/libFoundationMacros.dylib\#/Applications/Xcode-27.0.0-Release.Candidate.app/Contents/Developer/Platforms/WatchOS.platform/Developer/usr/bin/swift-plugin-server\#FoundationMacros -load-resolved-plugin /Applications/Xcode-27.0.0-Release.Candidate.app/Contents/Developer/Platforms/WatchOS.platform/Developer/usr/lib/swift/host/plugins/libObservationMacros.dylib\#/Applications/Xcode-27.0.0-Release.Candidate.app/Contents/Developer/Platforms/WatchOS.platform/Developer/usr/bin/swift-plugin-server\#ObservationMacros -load-resolved-plugin /Applications/Xcode-27.0.0-Release.Candidate.app/Contents/Developer/Platforms/WatchOS.platform/Developer/usr/lib/swift/host/plugins/libSwiftMacros.dylib\#/Applications/Xcode-27.0.0-Release.Candidate.app/Contents/Developer/Platforms/WatchOS.platform/Developer/usr/bin/swift-plugin-server\#SwiftMacros -load-resolved-plugin /Applications/Xcode-27.0.0-Release.Candidate.app/Contents/Developer/Platforms/WatchOS.platform/Developer/usr/lib/swift/host/plugins/libSwiftUIMacros.dylib\#/Applications/Xcode-27.0.0-Release.Candidate.app/Contents/Developer/Platforms/WatchOS.platform/Developer/usr/bin/swift-plugin-server\#SwiftUIMacros -disable-implicit-swift-modules -Xcc -fno-implicit-modules -Xcc -fno-implicit-module-maps -explicit-swift-module-map-file /Users/admin/builder/spi-builder-workspace/.derivedData/Build/Intermediates.noindex/GoogleAuthentication.build/Debug-watchos/GoogleAuthentication-t.build/Objects-normal/arm64/GoogleAuthentication-dependencies-2.json -Xllvm -aarch64-use-tbi -enable-objc-interop -stack-check -sdk /Applications/Xcode-27.0.0-Release.Candidate.app/Contents/Developer/Platforms/WatchOS.platform/Developer/SDKs/WatchOS27.0.sdk -I /Users/admin/builder/spi-builder-workspace/.derivedData/Build/Products/Debug-watchos -Isystem /Applications/Xcode-27.0.0-Release.Candidate.app/Contents/Developer/Platforms/WatchOS.platform/Developer/usr/lib -F /Users/admin/builder/spi-builder-workspace/.derivedData/Build/Products/Debug-watchos/PackageFrameworks -F /Users/admin/builder/spi-builder-workspace/.derivedData/Build/Products/Debug-watchos -F /Applications/Xcode-27.0.0-Release.Candidate.app/Contents/Developer/Platforms/WatchOS.platform/Developer/Library/Frameworks -F /Applications/Xcode-27.0.0-Release.Candidate.app/Contents/Developer/Platforms/WatchOS.platform/Developer/SDKs/WatchOS27.0.sdk/Developer/Library/Frameworks -module-cache-path /Users/admin/builder/spi-builder-workspace/.derivedData/Build/Intermediates.noindex/SwiftExplicitPrecompiledModules -no-color-diagnostics -Xcc -fno-color-diagnostics -enable-testing -g -debug-info-format\=dwarf -dwarf-version\=4 -suppress-warnings -profile-generate -profile-coverage-mapping -swift-version 5 -Onone -D SWIFT_PACKAGE -D DEBUG -D SWIFT_MODULE_RESOURCE_BUNDLE_UNAVAILABLE -D Xcode -serialize-debugging-options -enable-experimental-feature DebugDescriptionMacro -empty-abi-descriptor -validate-clang-modules-once -clang-build-session-file /Users/admin/builder/spi-builder-workspace/.derivedData/ModuleCache.noindex/Session.modulevalidation -Xcc -working-directory -Xcc /Users/admin/builder/spi-builder-workspace/.swiftpm/xcode -enable-anonymous-context-mangled-names -file-compilation-dir /Users/admin/builder/spi-builder-workspace/.swiftpm/xcode -Xcc -D_LIBCPP_HARDENING_MODE\=_LIBCPP_HARDENING_MODE_DEBUG -Xcc -ivfsstatcache -Xcc /Users/admin/builder/spi-builder-workspace/.derivedData/SDKStatCaches.noindex/watchos27.0-24R360-e829b21a6f8c9b70876ba0858053c04477534ef55a1706bf4c1112bbb242f0a2.sdkstatcache -Xcc -fmodules-prune-interval\=86400 -Xcc -fmodules-prune-after\=345600 -Xcc -I/Users/admin/builder/spi-builder-workspace/.derivedData/Build/Products/Debug-watchos/include -Xcc -I/Users/admin/builder/spi-builder-workspace/.derivedData/Build/Intermediates.noindex/GoogleAuthentication.build/Debug-watchos/GoogleAuthentication-t.build/DerivedSources-normal/arm64 -Xcc -I/Users/admin/builder/spi-builder-workspace/.derivedData/Build/Intermediates.noindex/GoogleAuthentication.build/Debug-watchos/GoogleAuthentication-t.build/DerivedSources/arm64 -Xcc -I/Users/admin/builder/spi-builder-workspace/.derivedData/Build/Intermediates.noindex/GoogleAuthentication.build/Debug-watchos/GoogleAuthentication-t.build/DerivedSources -Xcc -DSWIFT_PACKAGE -Xcc -DDEBUG\=1 -no-auto-bridging-header-chaining -module-name GoogleAuthentication -const-gather-protocols-file /Users/admin/builder/spi-builder-workspace/.derivedData/Build/Intermediates.noindex/GoogleAuthentication.build/Debug-watchos/GoogleAuthentication-t.build/Objects-normal/arm64/GoogleAuthentication_const_extract_protocols.json -disable-clang-spi -clang-target arm64-apple-watchos27.0 -target-sdk-version 27.0 -target-sdk-name watchos27.0 -in-process-plugin-server-path /Applications/Xcode-27.0.0-Release.Candidate.app/Contents/Developer/Toolchains/XcodeDefault.xctoolchain/usr/lib/swift/host/libSwiftInProcPluginServer.dylib -emit-module-doc-path /Users/admin/builder/spi-builder-workspace/.derivedData/Build/Intermediates.noindex/GoogleAuthentication.build/Debug-watchos/GoogleAuthentication-t.build/Objects-normal/arm64/GoogleAuthentication.swiftdoc -emit-module-source-info-path /Users/admin/builder/spi-builder-workspace/.derivedData/Build/Intermediates.noindex/GoogleAuthentication.build/Debug-watchos/GoogleAuthentication-t.build/Objects-normal/arm64/GoogleAuthentication.swiftsourceinfo -emit-objc-header-path /Users/admin/builder/spi-builder-workspace/.derivedData/Build/Intermediates.noindex/GoogleAuthentication.build/Debug-watchos/GoogleAuthentication-t.build/Objects-normal/arm64/GoogleAuthentication-Swift.h -serialize-diagnostics-path /Users/admin/builder/spi-builder-workspace/.derivedData/Build/Intermediates.noindex/GoogleAuthentication.build/Debug-watchos/GoogleAuthentication-t.build/Objects-normal/arm64/GoogleAuthentication-primary-emit-module.dia -emit-dependencies-path /Users/admin/builder/spi-builder-workspace/.derivedData/Build/Intermediates.noindex/GoogleAuthentication.build/Debug-watchos/GoogleAuthentication-t.build/Objects-normal/arm64/GoogleAuthentication-primary-emit-module.d -parse-as-library -o /Users/admin/builder/spi-builder-workspace/.derivedData/Build/Intermediates.noindex/GoogleAuthentication.build/Debug-watchos/GoogleAuthentication-t.build/Objects-normal/arm64/GoogleAuthentication.swiftmodule -emit-abi-descriptor-path /Users/admin/builder/spi-builder-workspace/.derivedData/Build/Intermediates.noindex/GoogleAuthentication.build/Debug-watchos/GoogleAuthentication-t.build/Objects-normal/arm64/GoogleAuthentication.abi.json
SwiftCompile normal arm64 (in target 'GoogleAuthentication' from project 'GoogleAuthentication')
cd /Users/admin/builder/spi-builder-workspace/.swiftpm/xcode
SwiftEmitModule normal arm64_32 Emitting\ module\ for\ GoogleAuthentication (in target 'GoogleAuthentication' from project 'GoogleAuthentication')
SwiftCompile normal arm64_32 (in target 'GoogleAuthentication' from project 'GoogleAuthentication')
cd /Users/admin/builder/spi-builder-workspace/.swiftpm/xcode
SwiftDriverJobDiscovery normal arm64_32 Compiling ParserUtils.swift (in target 'SwiftBeanCountParser' from project 'SwiftBeanCountParser')
SwiftCompile normal arm64 Compiling\ DateParser.swift /Users/admin/builder/spi-builder-workspace/.dependencies/checkouts/SwiftBeanCountParser/Sources/SwiftBeanCountParser/DateParser.swift (in target 'SwiftBeanCountParser' from project 'SwiftBeanCountParser')
SwiftCompile normal arm64 /Users/admin/builder/spi-builder-workspace/.dependencies/checkouts/SwiftBeanCountParser/Sources/SwiftBeanCountParser/DateParser.swift (in target 'SwiftBeanCountParser' from project 'SwiftBeanCountParser')
cd /Users/admin/builder/spi-builder-workspace/.swiftpm/xcode
builtin-SwiftPerFileCompile DateParser.swift
SwiftDriverJobDiscovery normal arm64_32 Compiling MetaDataParser.swift (in target 'SwiftBeanCountParser' from project 'SwiftBeanCountParser')
SwiftCompile normal arm64 Compiling\ AccountParser.swift /Users/admin/builder/spi-builder-workspace/.dependencies/checkouts/SwiftBeanCountParser/Sources/SwiftBeanCountParser/AccountParser.swift (in target 'SwiftBeanCountParser' from project 'SwiftBeanCountParser')
SwiftCompile normal arm64 /Users/admin/builder/spi-builder-workspace/.dependencies/checkouts/SwiftBeanCountParser/Sources/SwiftBeanCountParser/AccountParser.swift (in target 'SwiftBeanCountParser' from project 'SwiftBeanCountParser')
cd /Users/admin/builder/spi-builder-workspace/.swiftpm/xcode
builtin-SwiftPerFileCompile AccountParser.swift
SwiftDriverJobDiscovery normal arm64_32 Compiling DateParser.swift (in target 'SwiftBeanCountParser' from project 'SwiftBeanCountParser')
SwiftCompile normal arm64 Compiling\ CustomsParser.swift /Users/admin/builder/spi-builder-workspace/.dependencies/checkouts/SwiftBeanCountParser/Sources/SwiftBeanCountParser/CustomsParser.swift (in target 'SwiftBeanCountParser' from project 'SwiftBeanCountParser')
SwiftCompile normal arm64 /Users/admin/builder/spi-builder-workspace/.dependencies/checkouts/SwiftBeanCountParser/Sources/SwiftBeanCountParser/CustomsParser.swift (in target 'SwiftBeanCountParser' from project 'SwiftBeanCountParser')
cd /Users/admin/builder/spi-builder-workspace/.swiftpm/xcode
builtin-SwiftPerFileCompile CustomsParser.swift
SwiftDriverJobDiscovery normal arm64_32 Compiling PluginParser.swift (in target 'SwiftBeanCountParser' from project 'SwiftBeanCountParser')
SwiftCompile normal arm64 Compiling\ ParserUtils.swift /Users/admin/builder/spi-builder-workspace/.dependencies/checkouts/SwiftBeanCountParser/Sources/SwiftBeanCountParser/ParserUtils.swift (in target 'SwiftBeanCountParser' from project 'SwiftBeanCountParser')
SwiftCompile normal arm64 /Users/admin/builder/spi-builder-workspace/.dependencies/checkouts/SwiftBeanCountParser/Sources/SwiftBeanCountParser/ParserUtils.swift (in target 'SwiftBeanCountParser' from project 'SwiftBeanCountParser')
cd /Users/admin/builder/spi-builder-workspace/.swiftpm/xcode
builtin-SwiftPerFileCompile ParserUtils.swift
SwiftDriverJobDiscovery normal arm64_32 Compiling OptionParser.swift (in target 'SwiftBeanCountParser' from project 'SwiftBeanCountParser')
SwiftCompile normal arm64 Compiling\ Parser.swift /Users/admin/builder/spi-builder-workspace/.dependencies/checkouts/SwiftBeanCountParser/Sources/SwiftBeanCountParser/Parser.swift (in target 'SwiftBeanCountParser' from project 'SwiftBeanCountParser')
SwiftCompile normal arm64 /Users/admin/builder/spi-builder-workspace/.dependencies/checkouts/SwiftBeanCountParser/Sources/SwiftBeanCountParser/Parser.swift (in target 'SwiftBeanCountParser' from project 'SwiftBeanCountParser')
cd /Users/admin/builder/spi-builder-workspace/.swiftpm/xcode
builtin-SwiftPerFileCompile Parser.swift
PruneExplicitPrecompiledModules /Users/admin/builder/spi-builder-workspace/.derivedData/SDKExplicitPrecompiledModules
PruneExplicitPrecompiledModules /Users/admin/builder/spi-builder-workspace/.derivedData/Build/Intermediates.noindex/ExplicitPrecompiledModules
PruneExplicitPrecompiledModules /Users/admin/builder/spi-builder-workspace/.derivedData/Build/Intermediates.noindex/SwiftExplicitPrecompiledModules
2026-09-23 05:46:19.390 xcodebuild[1395:7749] [MT] IDERunDestination: Supported platforms for the buildables in the current scheme is empty.
** BUILD FAILED **
The following build commands failed:
SwiftEmitModule normal arm64 Emitting\ module\ for\ GoogleAuthentication (in target 'GoogleAuthentication' from project 'GoogleAuthentication')
SwiftCompile normal arm64 (in target 'GoogleAuthentication' from project 'GoogleAuthentication')
Building workspace SwiftBeanCountSheetSync with scheme SwiftBeanCountSheetSync
(3 failures)
BUILD FAILURE 6.4 watchOS