The Swift Package Index logo.Swift Package Index

Build Information

Failed to build SelfSignedCert, reference 3.1.0 (a43228), with Swift 6.4 for watchOS using Xcode 27.0 on 18 Sep 2026 04:12:17 UTC.

Build Command

env DEVELOPER_DIR=/Applications/Xcode-27.0.0-Release.Candidate.app xcrun xcodebuild -IDEClonedSourcePackagesDirPathOverride=$PWD/.dependencies -skipMacroValidation -skipPackagePluginValidation -derivedDataPath $PWD/.derivedData build -scheme SelfSignedCert -destination generic/platform=watchOS

Build Log

SwiftDriver\ Compilation\ Requirements IDZSwiftCommonCrypto normal arm64_32 com.apple.xcode.tools.swift.compiler (in target 'IDZSwiftCommonCrypto' from project 'IDZSwiftCommonCrypto')
    cd /Users/admin/builder/spi-builder-workspace/.swiftpm/xcode
    builtin-Swift-Compilation-Requirements -- /Applications/Xcode-27.0.0-Release.Candidate.app/Contents/Developer/Toolchains/XcodeDefault.xctoolchain/usr/bin/swiftc -parse-as-library -module-name IDZSwiftCommonCrypto -Onone @/Users/admin/builder/spi-builder-workspace/.derivedData/Build/Intermediates.noindex/IDZSwiftCommonCrypto.build/Debug-watchos/IDZSwiftCommonCrypto-t.build/Objects-normal/arm64_32/IDZSwiftCommonCrypto.SwiftFileList -DSWIFT_PACKAGE -DDEBUG -DSWIFT_MODULE_RESOURCE_BUNDLE_UNAVAILABLE -DXcode -plugin-path /Applications/Xcode-27.0.0-Release.Candidate.app/Contents/Developer/Toolchains/XcodeDefault.xctoolchain/usr/lib/swift/host/plugins/testing -enable-experimental-feature DebugDescriptionMacro -sdk /Applications/Xcode-27.0.0-Release.Candidate.app/Contents/Developer/Platforms/WatchOS.platform/Developer/SDKs/WatchOS27.0.sdk -target arm64_32-apple-watchos9.0 -g -module-cache-path /Users/admin/builder/spi-builder-workspace/.derivedData/ModuleCache.noindex -Xfrontend -serialize-debugging-options -enable-testing -suppress-warnings -index-store-path /Users/admin/builder/spi-builder-workspace/.derivedData/Index.noindex/DataStore -Xcc -D_LIBCPP_HARDENING_MODE\=_LIBCPP_HARDENING_MODE_DEBUG -swift-version 5 -I /Users/admin/builder/spi-builder-workspace/.derivedData/Build/Products/Debug-watchos -Isystem /Applications/Xcode-27.0.0-Release.Candidate.app/Contents/Developer/Platforms/WatchOS.platform/Developer/usr/lib -F /Users/admin/builder/spi-builder-workspace/.derivedData/Build/Products/Debug-watchos -F /Applications/Xcode-27.0.0-Release.Candidate.app/Contents/Developer/Platforms/WatchOS.platform/Developer/Library/Frameworks -F /Applications/Xcode-27.0.0-Release.Candidate.app/Contents/Developer/Platforms/WatchOS.platform/Developer/SDKs/WatchOS27.0.sdk/Developer/Library/Frameworks -c -j10 -enable-batch-mode -incremental -Xcc -ivfsstatcache -Xcc /Users/admin/builder/spi-builder-workspace/.derivedData/SDKStatCaches.noindex/watchos27.0-24R360-e829b21a6f8c9b70876ba0858053c04477534ef55a1706bf4c1112bbb242f0a2.sdkstatcache -output-file-map /Users/admin/builder/spi-builder-workspace/.derivedData/Build/Intermediates.noindex/IDZSwiftCommonCrypto.build/Debug-watchos/IDZSwiftCommonCrypto-t.build/Objects-normal/arm64_32/IDZSwiftCommonCrypto-OutputFileMap.json -save-temps -no-color-diagnostics -explicit-module-build -module-cache-path /Users/admin/builder/spi-builder-workspace/.derivedData/Build/Intermediates.noindex/SwiftExplicitPrecompiledModules -clang-scanner-module-cache-path /Users/admin/builder/spi-builder-workspace/.derivedData/ModuleCache.noindex -sdk-module-cache-path /Users/admin/builder/spi-builder-workspace/.derivedData/SDKExplicitPrecompiledModules -emit-dependencies -emit-module -emit-module-path /Users/admin/builder/spi-builder-workspace/.derivedData/Build/Intermediates.noindex/IDZSwiftCommonCrypto.build/Debug-watchos/IDZSwiftCommonCrypto-t.build/Objects-normal/arm64_32/IDZSwiftCommonCrypto.swiftmodule -serialize-diagnostics -dependency-scan-serialize-diagnostics-path /Users/admin/builder/spi-builder-workspace/.derivedData/Build/Intermediates.noindex/IDZSwiftCommonCrypto.build/Debug-watchos/IDZSwiftCommonCrypto-t.build/Objects-normal/arm64_32/IDZSwiftCommonCrypto-dependency-scan.dia -validate-clang-modules-once -clang-build-session-file /Users/admin/builder/spi-builder-workspace/.derivedData/ModuleCache.noindex/Session.modulevalidation -Xcc -fmodules-prune-interval\=86400 -Xcc -fmodules-prune-after\=345600 -emit-const-values -const-gather-protocols-list /Users/admin/builder/spi-builder-workspace/.derivedData/Build/Intermediates.noindex/IDZSwiftCommonCrypto.build/Debug-watchos/IDZSwiftCommonCrypto-t.build/Objects-normal/arm64_32/IDZSwiftCommonCrypto_const_extract_protocols.json -Xcc -I/Users/admin/builder/spi-builder-workspace/.derivedData/Build/Products/Debug-watchos/include -Xcc -I/Users/admin/builder/spi-builder-workspace/.derivedData/Build/Intermediates.noindex/IDZSwiftCommonCrypto.build/Debug-watchos/IDZSwiftCommonCrypto-t.build/DerivedSources-normal/arm64_32 -Xcc -I/Users/admin/builder/spi-builder-workspace/.derivedData/Build/Intermediates.noindex/IDZSwiftCommonCrypto.build/Debug-watchos/IDZSwiftCommonCrypto-t.build/DerivedSources/arm64_32 -Xcc -I/Users/admin/builder/spi-builder-workspace/.derivedData/Build/Intermediates.noindex/IDZSwiftCommonCrypto.build/Debug-watchos/IDZSwiftCommonCrypto-t.build/DerivedSources -Xcc -DSWIFT_PACKAGE -Xcc -DDEBUG\=1 -emit-objc-header -emit-objc-header-path /Users/admin/builder/spi-builder-workspace/.derivedData/Build/Intermediates.noindex/IDZSwiftCommonCrypto.build/Debug-watchos/IDZSwiftCommonCrypto-t.build/Objects-normal/arm64_32/IDZSwiftCommonCrypto-Swift.h -working-directory /Users/admin/builder/spi-builder-workspace/.swiftpm/xcode -experimental-emit-module-separately -disable-cmo
SwiftMergeGeneratedHeaders /Users/admin/builder/spi-builder-workspace/.derivedData/Build/Intermediates.noindex/GeneratedModuleMaps-watchos/IDZSwiftCommonCrypto-Swift.h /Users/admin/builder/spi-builder-workspace/.derivedData/Build/Intermediates.noindex/IDZSwiftCommonCrypto.build/Debug-watchos/IDZSwiftCommonCrypto-t.build/Objects-normal/arm64/IDZSwiftCommonCrypto-Swift.h /Users/admin/builder/spi-builder-workspace/.derivedData/Build/Intermediates.noindex/IDZSwiftCommonCrypto.build/Debug-watchos/IDZSwiftCommonCrypto-t.build/Objects-normal/arm64_32/IDZSwiftCommonCrypto-Swift.h (in target 'IDZSwiftCommonCrypto' from project 'IDZSwiftCommonCrypto')
    cd /Users/admin/builder/spi-builder-workspace/.dependencies/checkouts/IDZSwiftCommonCrypto
    builtin-swiftHeaderTool -arch arm64 /Users/admin/builder/spi-builder-workspace/.derivedData/Build/Intermediates.noindex/IDZSwiftCommonCrypto.build/Debug-watchos/IDZSwiftCommonCrypto-t.build/Objects-normal/arm64/IDZSwiftCommonCrypto-Swift.h -arch arm64_32 /Users/admin/builder/spi-builder-workspace/.derivedData/Build/Intermediates.noindex/IDZSwiftCommonCrypto.build/Debug-watchos/IDZSwiftCommonCrypto-t.build/Objects-normal/arm64_32/IDZSwiftCommonCrypto-Swift.h -o /Users/admin/builder/spi-builder-workspace/.derivedData/Build/Intermediates.noindex/GeneratedModuleMaps-watchos/IDZSwiftCommonCrypto-Swift.h
Copy /Users/admin/builder/spi-builder-workspace/.derivedData/Build/Products/Debug-watchos/IDZSwiftCommonCrypto.swiftmodule/arm64_32-apple-watchos.swiftmodule /Users/admin/builder/spi-builder-workspace/.derivedData/Build/Intermediates.noindex/IDZSwiftCommonCrypto.build/Debug-watchos/IDZSwiftCommonCrypto-t.build/Objects-normal/arm64_32/IDZSwiftCommonCrypto.swiftmodule (in target 'IDZSwiftCommonCrypto' from project 'IDZSwiftCommonCrypto')
    cd /Users/admin/builder/spi-builder-workspace/.dependencies/checkouts/IDZSwiftCommonCrypto
    builtin-copy -exclude .DS_Store -exclude CVS -exclude .svn -exclude .git -exclude .hg -resolve-src-symlinks -rename /Users/admin/builder/spi-builder-workspace/.derivedData/Build/Intermediates.noindex/IDZSwiftCommonCrypto.build/Debug-watchos/IDZSwiftCommonCrypto-t.build/Objects-normal/arm64_32/IDZSwiftCommonCrypto.swiftmodule /Users/admin/builder/spi-builder-workspace/.derivedData/Build/Products/Debug-watchos/IDZSwiftCommonCrypto.swiftmodule/arm64_32-apple-watchos.swiftmodule
Copy /Users/admin/builder/spi-builder-workspace/.derivedData/Build/Products/Debug-watchos/IDZSwiftCommonCrypto.swiftmodule/arm64_32-apple-watchos.swiftdoc /Users/admin/builder/spi-builder-workspace/.derivedData/Build/Intermediates.noindex/IDZSwiftCommonCrypto.build/Debug-watchos/IDZSwiftCommonCrypto-t.build/Objects-normal/arm64_32/IDZSwiftCommonCrypto.swiftdoc (in target 'IDZSwiftCommonCrypto' from project 'IDZSwiftCommonCrypto')
    cd /Users/admin/builder/spi-builder-workspace/.dependencies/checkouts/IDZSwiftCommonCrypto
    builtin-copy -exclude .DS_Store -exclude CVS -exclude .svn -exclude .git -exclude .hg -resolve-src-symlinks -rename /Users/admin/builder/spi-builder-workspace/.derivedData/Build/Intermediates.noindex/IDZSwiftCommonCrypto.build/Debug-watchos/IDZSwiftCommonCrypto-t.build/Objects-normal/arm64_32/IDZSwiftCommonCrypto.swiftdoc /Users/admin/builder/spi-builder-workspace/.derivedData/Build/Products/Debug-watchos/IDZSwiftCommonCrypto.swiftmodule/arm64_32-apple-watchos.swiftdoc
Copy /Users/admin/builder/spi-builder-workspace/.derivedData/Build/Products/Debug-watchos/IDZSwiftCommonCrypto.swiftmodule/arm64_32-apple-watchos.abi.json /Users/admin/builder/spi-builder-workspace/.derivedData/Build/Intermediates.noindex/IDZSwiftCommonCrypto.build/Debug-watchos/IDZSwiftCommonCrypto-t.build/Objects-normal/arm64_32/IDZSwiftCommonCrypto.abi.json (in target 'IDZSwiftCommonCrypto' from project 'IDZSwiftCommonCrypto')
    cd /Users/admin/builder/spi-builder-workspace/.dependencies/checkouts/IDZSwiftCommonCrypto
    builtin-copy -exclude .DS_Store -exclude CVS -exclude .svn -exclude .git -exclude .hg -resolve-src-symlinks -rename /Users/admin/builder/spi-builder-workspace/.derivedData/Build/Intermediates.noindex/IDZSwiftCommonCrypto.build/Debug-watchos/IDZSwiftCommonCrypto-t.build/Objects-normal/arm64_32/IDZSwiftCommonCrypto.abi.json /Users/admin/builder/spi-builder-workspace/.derivedData/Build/Products/Debug-watchos/IDZSwiftCommonCrypto.swiftmodule/arm64_32-apple-watchos.abi.json
Copy /Users/admin/builder/spi-builder-workspace/.derivedData/Build/Products/Debug-watchos/IDZSwiftCommonCrypto.swiftmodule/Project/arm64_32-apple-watchos.swiftsourceinfo /Users/admin/builder/spi-builder-workspace/.derivedData/Build/Intermediates.noindex/IDZSwiftCommonCrypto.build/Debug-watchos/IDZSwiftCommonCrypto-t.build/Objects-normal/arm64_32/IDZSwiftCommonCrypto.swiftsourceinfo (in target 'IDZSwiftCommonCrypto' from project 'IDZSwiftCommonCrypto')
    cd /Users/admin/builder/spi-builder-workspace/.dependencies/checkouts/IDZSwiftCommonCrypto
    builtin-copy -exclude .DS_Store -exclude CVS -exclude .svn -exclude .git -exclude .hg -resolve-src-symlinks -rename /Users/admin/builder/spi-builder-workspace/.derivedData/Build/Intermediates.noindex/IDZSwiftCommonCrypto.build/Debug-watchos/IDZSwiftCommonCrypto-t.build/Objects-normal/arm64_32/IDZSwiftCommonCrypto.swiftsourceinfo /Users/admin/builder/spi-builder-workspace/.derivedData/Build/Products/Debug-watchos/IDZSwiftCommonCrypto.swiftmodule/Project/arm64_32-apple-watchos.swiftsourceinfo
SwiftCompile normal arm64_32 Compiling\ HMAC.swift /Users/admin/builder/spi-builder-workspace/.dependencies/checkouts/IDZSwiftCommonCrypto/IDZSwiftCommonCrypto/HMAC.swift (in target 'IDZSwiftCommonCrypto' from project 'IDZSwiftCommonCrypto')
SwiftCompile normal arm64_32 /Users/admin/builder/spi-builder-workspace/.dependencies/checkouts/IDZSwiftCommonCrypto/IDZSwiftCommonCrypto/HMAC.swift (in target 'IDZSwiftCommonCrypto' from project 'IDZSwiftCommonCrypto')
    cd /Users/admin/builder/spi-builder-workspace/.swiftpm/xcode
    builtin-SwiftPerFileCompile HMAC.swift
SwiftCompile normal arm64_32 Compiling\ Updateable.swift /Users/admin/builder/spi-builder-workspace/.dependencies/checkouts/IDZSwiftCommonCrypto/IDZSwiftCommonCrypto/Updateable.swift (in target 'IDZSwiftCommonCrypto' from project 'IDZSwiftCommonCrypto')
SwiftCompile normal arm64_32 /Users/admin/builder/spi-builder-workspace/.dependencies/checkouts/IDZSwiftCommonCrypto/IDZSwiftCommonCrypto/Updateable.swift (in target 'IDZSwiftCommonCrypto' from project 'IDZSwiftCommonCrypto')
    cd /Users/admin/builder/spi-builder-workspace/.swiftpm/xcode
    builtin-SwiftPerFileCompile Updateable.swift
SwiftDriverJobDiscovery normal arm64 Compiling Random.swift (in target 'IDZSwiftCommonCrypto' from project 'IDZSwiftCommonCrypto')
SwiftCompile normal arm64_32 Compiling\ StreamCryptor.swift /Users/admin/builder/spi-builder-workspace/.dependencies/checkouts/IDZSwiftCommonCrypto/IDZSwiftCommonCrypto/StreamCryptor.swift (in target 'IDZSwiftCommonCrypto' from project 'IDZSwiftCommonCrypto')
SwiftCompile normal arm64_32 /Users/admin/builder/spi-builder-workspace/.dependencies/checkouts/IDZSwiftCommonCrypto/IDZSwiftCommonCrypto/StreamCryptor.swift (in target 'IDZSwiftCommonCrypto' from project 'IDZSwiftCommonCrypto')
    cd /Users/admin/builder/spi-builder-workspace/.swiftpm/xcode
    builtin-SwiftPerFileCompile StreamCryptor.swift
SwiftDriverJobDiscovery normal arm64 Compiling Updateable.swift (in target 'IDZSwiftCommonCrypto' from project 'IDZSwiftCommonCrypto')
SwiftCompile normal arm64_32 Compiling\ Crypto.swift /Users/admin/builder/spi-builder-workspace/.dependencies/checkouts/IDZSwiftCommonCrypto/IDZSwiftCommonCrypto/Crypto.swift (in target 'IDZSwiftCommonCrypto' from project 'IDZSwiftCommonCrypto')
SwiftCompile normal arm64_32 /Users/admin/builder/spi-builder-workspace/.dependencies/checkouts/IDZSwiftCommonCrypto/IDZSwiftCommonCrypto/Crypto.swift (in target 'IDZSwiftCommonCrypto' from project 'IDZSwiftCommonCrypto')
    cd /Users/admin/builder/spi-builder-workspace/.swiftpm/xcode
    builtin-SwiftPerFileCompile Crypto.swift
SwiftDriverJobDiscovery normal arm64 Compiling Status.swift (in target 'IDZSwiftCommonCrypto' from project 'IDZSwiftCommonCrypto')
SwiftDriverJobDiscovery normal arm64 Compiling Bytes.swift (in target 'SwiftBytes' from project 'SwiftBytes')
SwiftCompile normal arm64_32 Compiling\ Utilities.swift /Users/admin/builder/spi-builder-workspace/.dependencies/checkouts/IDZSwiftCommonCrypto/IDZSwiftCommonCrypto/Utilities.swift (in target 'IDZSwiftCommonCrypto' from project 'IDZSwiftCommonCrypto')
SwiftCompile normal arm64_32 /Users/admin/builder/spi-builder-workspace/.dependencies/checkouts/IDZSwiftCommonCrypto/IDZSwiftCommonCrypto/Utilities.swift (in target 'IDZSwiftCommonCrypto' from project 'IDZSwiftCommonCrypto')
    cd /Users/admin/builder/spi-builder-workspace/.swiftpm/xcode
    builtin-SwiftPerFileCompile Utilities.swift
SwiftDriver\ Compilation SwiftBytes normal arm64 com.apple.xcode.tools.swift.compiler (in target 'SwiftBytes' from project 'SwiftBytes')
    cd /Users/admin/builder/spi-builder-workspace/.swiftpm/xcode
    builtin-Swift-Compilation -- /Applications/Xcode-27.0.0-Release.Candidate.app/Contents/Developer/Toolchains/XcodeDefault.xctoolchain/usr/bin/swiftc -parse-as-library -module-name SwiftBytes -Onone @/Users/admin/builder/spi-builder-workspace/.derivedData/Build/Intermediates.noindex/SwiftBytes.build/Debug-watchos/SwiftBytes-t.build/Objects-normal/arm64/SwiftBytes.SwiftFileList -DSWIFT_PACKAGE -DDEBUG -DSWIFT_MODULE_RESOURCE_BUNDLE_UNAVAILABLE -DXcode -plugin-path /Applications/Xcode-27.0.0-Release.Candidate.app/Contents/Developer/Toolchains/XcodeDefault.xctoolchain/usr/lib/swift/host/plugins/testing -enable-experimental-feature DebugDescriptionMacro -sdk /Applications/Xcode-27.0.0-Release.Candidate.app/Contents/Developer/Platforms/WatchOS.platform/Developer/SDKs/WatchOS27.0.sdk -target arm64-apple-watchos9.0 -g -module-cache-path /Users/admin/builder/spi-builder-workspace/.derivedData/ModuleCache.noindex -Xfrontend -serialize-debugging-options -enable-testing -suppress-warnings -index-store-path /Users/admin/builder/spi-builder-workspace/.derivedData/Index.noindex/DataStore -Xcc -D_LIBCPP_HARDENING_MODE\=_LIBCPP_HARDENING_MODE_DEBUG -swift-version 5 -I /Users/admin/builder/spi-builder-workspace/.derivedData/Build/Products/Debug-watchos -Isystem /Applications/Xcode-27.0.0-Release.Candidate.app/Contents/Developer/Platforms/WatchOS.platform/Developer/usr/lib -F /Users/admin/builder/spi-builder-workspace/.derivedData/Build/Products/Debug-watchos -F /Applications/Xcode-27.0.0-Release.Candidate.app/Contents/Developer/Platforms/WatchOS.platform/Developer/Library/Frameworks -F /Applications/Xcode-27.0.0-Release.Candidate.app/Contents/Developer/Platforms/WatchOS.platform/Developer/SDKs/WatchOS27.0.sdk/Developer/Library/Frameworks -c -j10 -enable-batch-mode -incremental -Xcc -ivfsstatcache -Xcc /Users/admin/builder/spi-builder-workspace/.derivedData/SDKStatCaches.noindex/watchos27.0-24R360-e829b21a6f8c9b70876ba0858053c04477534ef55a1706bf4c1112bbb242f0a2.sdkstatcache -output-file-map /Users/admin/builder/spi-builder-workspace/.derivedData/Build/Intermediates.noindex/SwiftBytes.build/Debug-watchos/SwiftBytes-t.build/Objects-normal/arm64/SwiftBytes-OutputFileMap.json -save-temps -no-color-diagnostics -explicit-module-build -module-cache-path /Users/admin/builder/spi-builder-workspace/.derivedData/Build/Intermediates.noindex/SwiftExplicitPrecompiledModules -clang-scanner-module-cache-path /Users/admin/builder/spi-builder-workspace/.derivedData/ModuleCache.noindex -sdk-module-cache-path /Users/admin/builder/spi-builder-workspace/.derivedData/SDKExplicitPrecompiledModules -emit-dependencies -emit-module -emit-module-path /Users/admin/builder/spi-builder-workspace/.derivedData/Build/Intermediates.noindex/SwiftBytes.build/Debug-watchos/SwiftBytes-t.build/Objects-normal/arm64/SwiftBytes.swiftmodule -serialize-diagnostics -dependency-scan-serialize-diagnostics-path /Users/admin/builder/spi-builder-workspace/.derivedData/Build/Intermediates.noindex/SwiftBytes.build/Debug-watchos/SwiftBytes-t.build/Objects-normal/arm64/SwiftBytes-dependency-scan.dia -validate-clang-modules-once -clang-build-session-file /Users/admin/builder/spi-builder-workspace/.derivedData/ModuleCache.noindex/Session.modulevalidation -Xcc -fmodules-prune-interval\=86400 -Xcc -fmodules-prune-after\=345600 -emit-const-values -const-gather-protocols-list /Users/admin/builder/spi-builder-workspace/.derivedData/Build/Intermediates.noindex/SwiftBytes.build/Debug-watchos/SwiftBytes-t.build/Objects-normal/arm64/SwiftBytes_const_extract_protocols.json -Xcc -I/Users/admin/builder/spi-builder-workspace/.derivedData/Build/Products/Debug-watchos/include -Xcc -I/Users/admin/builder/spi-builder-workspace/.derivedData/Build/Intermediates.noindex/SwiftBytes.build/Debug-watchos/SwiftBytes-t.build/DerivedSources-normal/arm64 -Xcc -I/Users/admin/builder/spi-builder-workspace/.derivedData/Build/Intermediates.noindex/SwiftBytes.build/Debug-watchos/SwiftBytes-t.build/DerivedSources/arm64 -Xcc -I/Users/admin/builder/spi-builder-workspace/.derivedData/Build/Intermediates.noindex/SwiftBytes.build/Debug-watchos/SwiftBytes-t.build/DerivedSources -Xcc -DSWIFT_PACKAGE -Xcc -DDEBUG\=1 -emit-objc-header -emit-objc-header-path /Users/admin/builder/spi-builder-workspace/.derivedData/Build/Intermediates.noindex/SwiftBytes.build/Debug-watchos/SwiftBytes-t.build/Objects-normal/arm64/SwiftBytes-Swift.h -working-directory /Users/admin/builder/spi-builder-workspace/.swiftpm/xcode -experimental-emit-module-separately -disable-cmo
SwiftDriverJobDiscovery normal arm64 Compiling Utilities.swift (in target 'IDZSwiftCommonCrypto' from project 'IDZSwiftCommonCrypto')
SwiftCompile normal arm64_32 Compiling\ Random.swift /Users/admin/builder/spi-builder-workspace/.dependencies/checkouts/IDZSwiftCommonCrypto/IDZSwiftCommonCrypto/Random.swift (in target 'IDZSwiftCommonCrypto' from project 'IDZSwiftCommonCrypto')
SwiftCompile normal arm64_32 /Users/admin/builder/spi-builder-workspace/.dependencies/checkouts/IDZSwiftCommonCrypto/IDZSwiftCommonCrypto/Random.swift (in target 'IDZSwiftCommonCrypto' from project 'IDZSwiftCommonCrypto')
    cd /Users/admin/builder/spi-builder-workspace/.swiftpm/xcode
    builtin-SwiftPerFileCompile Random.swift
SwiftDriverJobDiscovery normal arm64 Compiling HMAC.swift (in target 'IDZSwiftCommonCrypto' from project 'IDZSwiftCommonCrypto')
SwiftCompile normal arm64_32 Compiling\ Digest.swift /Users/admin/builder/spi-builder-workspace/.dependencies/checkouts/IDZSwiftCommonCrypto/IDZSwiftCommonCrypto/Digest.swift (in target 'IDZSwiftCommonCrypto' from project 'IDZSwiftCommonCrypto')
SwiftCompile normal arm64_32 /Users/admin/builder/spi-builder-workspace/.dependencies/checkouts/IDZSwiftCommonCrypto/IDZSwiftCommonCrypto/Digest.swift (in target 'IDZSwiftCommonCrypto' from project 'IDZSwiftCommonCrypto')
    cd /Users/admin/builder/spi-builder-workspace/.swiftpm/xcode
    builtin-SwiftPerFileCompile Digest.swift
SwiftDriverJobDiscovery normal arm64_32 Compiling HMAC.swift (in target 'IDZSwiftCommonCrypto' from project 'IDZSwiftCommonCrypto')
SwiftCompile normal arm64_32 Compiling\ KeyDerivation.swift /Users/admin/builder/spi-builder-workspace/.dependencies/checkouts/IDZSwiftCommonCrypto/IDZSwiftCommonCrypto/KeyDerivation.swift (in target 'IDZSwiftCommonCrypto' from project 'IDZSwiftCommonCrypto')
SwiftCompile normal arm64_32 /Users/admin/builder/spi-builder-workspace/.dependencies/checkouts/IDZSwiftCommonCrypto/IDZSwiftCommonCrypto/KeyDerivation.swift (in target 'IDZSwiftCommonCrypto' from project 'IDZSwiftCommonCrypto')
    cd /Users/admin/builder/spi-builder-workspace/.swiftpm/xcode
    builtin-SwiftPerFileCompile KeyDerivation.swift
SwiftCompile normal arm64 Compiling\ Cryptor.swift /Users/admin/builder/spi-builder-workspace/.dependencies/checkouts/IDZSwiftCommonCrypto/IDZSwiftCommonCrypto/Cryptor.swift (in target 'IDZSwiftCommonCrypto' from project 'IDZSwiftCommonCrypto')
SwiftCompile normal arm64 /Users/admin/builder/spi-builder-workspace/.dependencies/checkouts/IDZSwiftCommonCrypto/IDZSwiftCommonCrypto/Cryptor.swift (in target 'IDZSwiftCommonCrypto' from project 'IDZSwiftCommonCrypto')
    cd /Users/admin/builder/spi-builder-workspace/.swiftpm/xcode
    builtin-SwiftPerFileCompile Cryptor.swift
SwiftDriverJobDiscovery normal arm64_32 Compiling Bytes.swift (in target 'SwiftBytes' from project 'SwiftBytes')
SwiftDriver\ Compilation SwiftBytes normal arm64_32 com.apple.xcode.tools.swift.compiler (in target 'SwiftBytes' from project 'SwiftBytes')
    cd /Users/admin/builder/spi-builder-workspace/.swiftpm/xcode
    builtin-Swift-Compilation -- /Applications/Xcode-27.0.0-Release.Candidate.app/Contents/Developer/Toolchains/XcodeDefault.xctoolchain/usr/bin/swiftc -parse-as-library -module-name SwiftBytes -Onone @/Users/admin/builder/spi-builder-workspace/.derivedData/Build/Intermediates.noindex/SwiftBytes.build/Debug-watchos/SwiftBytes-t.build/Objects-normal/arm64_32/SwiftBytes.SwiftFileList -DSWIFT_PACKAGE -DDEBUG -DSWIFT_MODULE_RESOURCE_BUNDLE_UNAVAILABLE -DXcode -plugin-path /Applications/Xcode-27.0.0-Release.Candidate.app/Contents/Developer/Toolchains/XcodeDefault.xctoolchain/usr/lib/swift/host/plugins/testing -enable-experimental-feature DebugDescriptionMacro -sdk /Applications/Xcode-27.0.0-Release.Candidate.app/Contents/Developer/Platforms/WatchOS.platform/Developer/SDKs/WatchOS27.0.sdk -target arm64_32-apple-watchos9.0 -g -module-cache-path /Users/admin/builder/spi-builder-workspace/.derivedData/ModuleCache.noindex -Xfrontend -serialize-debugging-options -enable-testing -suppress-warnings -index-store-path /Users/admin/builder/spi-builder-workspace/.derivedData/Index.noindex/DataStore -Xcc -D_LIBCPP_HARDENING_MODE\=_LIBCPP_HARDENING_MODE_DEBUG -swift-version 5 -I /Users/admin/builder/spi-builder-workspace/.derivedData/Build/Products/Debug-watchos -Isystem /Applications/Xcode-27.0.0-Release.Candidate.app/Contents/Developer/Platforms/WatchOS.platform/Developer/usr/lib -F /Users/admin/builder/spi-builder-workspace/.derivedData/Build/Products/Debug-watchos -F /Applications/Xcode-27.0.0-Release.Candidate.app/Contents/Developer/Platforms/WatchOS.platform/Developer/Library/Frameworks -F /Applications/Xcode-27.0.0-Release.Candidate.app/Contents/Developer/Platforms/WatchOS.platform/Developer/SDKs/WatchOS27.0.sdk/Developer/Library/Frameworks -c -j10 -enable-batch-mode -incremental -Xcc -ivfsstatcache -Xcc /Users/admin/builder/spi-builder-workspace/.derivedData/SDKStatCaches.noindex/watchos27.0-24R360-e829b21a6f8c9b70876ba0858053c04477534ef55a1706bf4c1112bbb242f0a2.sdkstatcache -output-file-map /Users/admin/builder/spi-builder-workspace/.derivedData/Build/Intermediates.noindex/SwiftBytes.build/Debug-watchos/SwiftBytes-t.build/Objects-normal/arm64_32/SwiftBytes-OutputFileMap.json -save-temps -no-color-diagnostics -explicit-module-build -module-cache-path /Users/admin/builder/spi-builder-workspace/.derivedData/Build/Intermediates.noindex/SwiftExplicitPrecompiledModules -clang-scanner-module-cache-path /Users/admin/builder/spi-builder-workspace/.derivedData/ModuleCache.noindex -sdk-module-cache-path /Users/admin/builder/spi-builder-workspace/.derivedData/SDKExplicitPrecompiledModules -emit-dependencies -emit-module -emit-module-path /Users/admin/builder/spi-builder-workspace/.derivedData/Build/Intermediates.noindex/SwiftBytes.build/Debug-watchos/SwiftBytes-t.build/Objects-normal/arm64_32/SwiftBytes.swiftmodule -serialize-diagnostics -dependency-scan-serialize-diagnostics-path /Users/admin/builder/spi-builder-workspace/.derivedData/Build/Intermediates.noindex/SwiftBytes.build/Debug-watchos/SwiftBytes-t.build/Objects-normal/arm64_32/SwiftBytes-dependency-scan.dia -validate-clang-modules-once -clang-build-session-file /Users/admin/builder/spi-builder-workspace/.derivedData/ModuleCache.noindex/Session.modulevalidation -Xcc -fmodules-prune-interval\=86400 -Xcc -fmodules-prune-after\=345600 -emit-const-values -const-gather-protocols-list /Users/admin/builder/spi-builder-workspace/.derivedData/Build/Intermediates.noindex/SwiftBytes.build/Debug-watchos/SwiftBytes-t.build/Objects-normal/arm64_32/SwiftBytes_const_extract_protocols.json -Xcc -I/Users/admin/builder/spi-builder-workspace/.derivedData/Build/Products/Debug-watchos/include -Xcc -I/Users/admin/builder/spi-builder-workspace/.derivedData/Build/Intermediates.noindex/SwiftBytes.build/Debug-watchos/SwiftBytes-t.build/DerivedSources-normal/arm64_32 -Xcc -I/Users/admin/builder/spi-builder-workspace/.derivedData/Build/Intermediates.noindex/SwiftBytes.build/Debug-watchos/SwiftBytes-t.build/DerivedSources/arm64_32 -Xcc -I/Users/admin/builder/spi-builder-workspace/.derivedData/Build/Intermediates.noindex/SwiftBytes.build/Debug-watchos/SwiftBytes-t.build/DerivedSources -Xcc -DSWIFT_PACKAGE -Xcc -DDEBUG\=1 -emit-objc-header -emit-objc-header-path /Users/admin/builder/spi-builder-workspace/.derivedData/Build/Intermediates.noindex/SwiftBytes.build/Debug-watchos/SwiftBytes-t.build/Objects-normal/arm64_32/SwiftBytes-Swift.h -working-directory /Users/admin/builder/spi-builder-workspace/.swiftpm/xcode -experimental-emit-module-separately -disable-cmo
SwiftDriverJobDiscovery normal arm64 Compiling Digest.swift (in target 'IDZSwiftCommonCrypto' from project 'IDZSwiftCommonCrypto')
SwiftCompile normal arm64 Compiling\ Crypto.swift /Users/admin/builder/spi-builder-workspace/.dependencies/checkouts/IDZSwiftCommonCrypto/IDZSwiftCommonCrypto/Crypto.swift (in target 'IDZSwiftCommonCrypto' from project 'IDZSwiftCommonCrypto')
SwiftCompile normal arm64 /Users/admin/builder/spi-builder-workspace/.dependencies/checkouts/IDZSwiftCommonCrypto/IDZSwiftCommonCrypto/Crypto.swift (in target 'IDZSwiftCommonCrypto' from project 'IDZSwiftCommonCrypto')
    cd /Users/admin/builder/spi-builder-workspace/.swiftpm/xcode
    builtin-SwiftPerFileCompile Crypto.swift
SwiftCompile normal arm64_32 Compiling\ Status.swift /Users/admin/builder/spi-builder-workspace/.dependencies/checkouts/IDZSwiftCommonCrypto/IDZSwiftCommonCrypto/Status.swift (in target 'IDZSwiftCommonCrypto' from project 'IDZSwiftCommonCrypto')
SwiftCompile normal arm64_32 /Users/admin/builder/spi-builder-workspace/.dependencies/checkouts/IDZSwiftCommonCrypto/IDZSwiftCommonCrypto/Status.swift (in target 'IDZSwiftCommonCrypto' from project 'IDZSwiftCommonCrypto')
    cd /Users/admin/builder/spi-builder-workspace/.swiftpm/xcode
    builtin-SwiftPerFileCompile Status.swift
SwiftDriverJobDiscovery normal arm64 Compiling StreamCryptor.swift (in target 'IDZSwiftCommonCrypto' from project 'IDZSwiftCommonCrypto')
SwiftCompile normal arm64_32 Compiling\ Cryptor.swift /Users/admin/builder/spi-builder-workspace/.dependencies/checkouts/IDZSwiftCommonCrypto/IDZSwiftCommonCrypto/Cryptor.swift (in target 'IDZSwiftCommonCrypto' from project 'IDZSwiftCommonCrypto')
SwiftCompile normal arm64_32 /Users/admin/builder/spi-builder-workspace/.dependencies/checkouts/IDZSwiftCommonCrypto/IDZSwiftCommonCrypto/Cryptor.swift (in target 'IDZSwiftCommonCrypto' from project 'IDZSwiftCommonCrypto')
    cd /Users/admin/builder/spi-builder-workspace/.swiftpm/xcode
    builtin-SwiftPerFileCompile Cryptor.swift
SwiftDriverJobDiscovery normal arm64_32 Compiling Crypto.swift (in target 'IDZSwiftCommonCrypto' from project 'IDZSwiftCommonCrypto')
SwiftCompile normal arm64 Compiling\ KeyDerivation.swift /Users/admin/builder/spi-builder-workspace/.dependencies/checkouts/IDZSwiftCommonCrypto/IDZSwiftCommonCrypto/KeyDerivation.swift (in target 'IDZSwiftCommonCrypto' from project 'IDZSwiftCommonCrypto')
SwiftCompile normal arm64 /Users/admin/builder/spi-builder-workspace/.dependencies/checkouts/IDZSwiftCommonCrypto/IDZSwiftCommonCrypto/KeyDerivation.swift (in target 'IDZSwiftCommonCrypto' from project 'IDZSwiftCommonCrypto')
    cd /Users/admin/builder/spi-builder-workspace/.swiftpm/xcode
    builtin-SwiftPerFileCompile KeyDerivation.swift
SwiftDriverJobDiscovery normal arm64 Compiling Crypto.swift (in target 'IDZSwiftCommonCrypto' from project 'IDZSwiftCommonCrypto')
SwiftDriverJobDiscovery normal arm64_32 Compiling Random.swift (in target 'IDZSwiftCommonCrypto' from project 'IDZSwiftCommonCrypto')
Ld /Users/admin/builder/spi-builder-workspace/.derivedData/Build/Intermediates.noindex/SwiftBytes.build/Debug-watchos/SwiftBytes-t.build/Objects-normal/arm64_32/Binary/SwiftBytes.o normal arm64_32 (in target 'SwiftBytes' from project 'SwiftBytes')
    cd /Users/admin/builder/spi-builder-workspace/.dependencies/checkouts/swift-bytes
    /Applications/Xcode-27.0.0-Release.Candidate.app/Contents/Developer/Toolchains/XcodeDefault.xctoolchain/usr/bin/clang -Xlinker -reproducible -target arm64_32-apple-watchos9.0 -r -isysroot /Applications/Xcode-27.0.0-Release.Candidate.app/Contents/Developer/Platforms/WatchOS.platform/Developer/SDKs/WatchOS27.0.sdk -O0 -w -Xlinker -no_warn_duplicate_libraries -F/Users/admin/builder/spi-builder-workspace/.derivedData/Build/Intermediates.noindex/EagerLinkingTBDs/Debug-watchos -F/Users/admin/builder/spi-builder-workspace/.derivedData/Build/Products/Debug-watchos -iframework /Applications/Xcode-27.0.0-Release.Candidate.app/Contents/Developer/Platforms/WatchOS.platform/Developer/Library/Frameworks -iframework /Applications/Xcode-27.0.0-Release.Candidate.app/Contents/Developer/Platforms/WatchOS.platform/Developer/SDKs/WatchOS27.0.sdk/Developer/Library/Frameworks -filelist /Users/admin/builder/spi-builder-workspace/.derivedData/Build/Intermediates.noindex/SwiftBytes.build/Debug-watchos/SwiftBytes-t.build/Objects-normal/arm64_32/SwiftBytes.LinkFileList -nostdlib -Xlinker -object_path_lto -Xlinker /Users/admin/builder/spi-builder-workspace/.derivedData/Build/Intermediates.noindex/SwiftBytes.build/Debug-watchos/SwiftBytes-t.build/Objects-normal/arm64_32/SwiftBytes_lto.o -Xlinker -no_deduplicate -Xlinker -dependency_info -Xlinker /Users/admin/builder/spi-builder-workspace/.derivedData/Build/Intermediates.noindex/SwiftBytes.build/Debug-watchos/SwiftBytes-t.build/Objects-normal/arm64_32/SwiftBytes_dependency_info.dat -fobjc-link-runtime -L/Applications/Xcode-27.0.0-Release.Candidate.app/Contents/Developer/Toolchains/XcodeDefault.xctoolchain/usr/lib/swift/watchos -L/usr/lib/swift -Xlinker -add_ast_path -Xlinker /Users/admin/builder/spi-builder-workspace/.derivedData/Build/Intermediates.noindex/SwiftBytes.build/Debug-watchos/SwiftBytes-t.build/Objects-normal/arm64_32/SwiftBytes.swiftmodule -o /Users/admin/builder/spi-builder-workspace/.derivedData/Build/Intermediates.noindex/SwiftBytes.build/Debug-watchos/SwiftBytes-t.build/Objects-normal/arm64_32/Binary/SwiftBytes.o
Ld /Users/admin/builder/spi-builder-workspace/.derivedData/Build/Intermediates.noindex/SwiftBytes.build/Debug-watchos/SwiftBytes-t.build/Objects-normal/arm64/Binary/SwiftBytes.o normal arm64 (in target 'SwiftBytes' from project 'SwiftBytes')
    cd /Users/admin/builder/spi-builder-workspace/.dependencies/checkouts/swift-bytes
    /Applications/Xcode-27.0.0-Release.Candidate.app/Contents/Developer/Toolchains/XcodeDefault.xctoolchain/usr/bin/clang -Xlinker -reproducible -target arm64-apple-watchos9.0 -r -isysroot /Applications/Xcode-27.0.0-Release.Candidate.app/Contents/Developer/Platforms/WatchOS.platform/Developer/SDKs/WatchOS27.0.sdk -O0 -w -Xlinker -no_warn_duplicate_libraries -F/Users/admin/builder/spi-builder-workspace/.derivedData/Build/Intermediates.noindex/EagerLinkingTBDs/Debug-watchos -F/Users/admin/builder/spi-builder-workspace/.derivedData/Build/Products/Debug-watchos -iframework /Applications/Xcode-27.0.0-Release.Candidate.app/Contents/Developer/Platforms/WatchOS.platform/Developer/Library/Frameworks -iframework /Applications/Xcode-27.0.0-Release.Candidate.app/Contents/Developer/Platforms/WatchOS.platform/Developer/SDKs/WatchOS27.0.sdk/Developer/Library/Frameworks -filelist /Users/admin/builder/spi-builder-workspace/.derivedData/Build/Intermediates.noindex/SwiftBytes.build/Debug-watchos/SwiftBytes-t.build/Objects-normal/arm64/SwiftBytes.LinkFileList -nostdlib -Xlinker -object_path_lto -Xlinker /Users/admin/builder/spi-builder-workspace/.derivedData/Build/Intermediates.noindex/SwiftBytes.build/Debug-watchos/SwiftBytes-t.build/Objects-normal/arm64/SwiftBytes_lto.o -Xlinker -no_deduplicate -Xlinker -dependency_info -Xlinker /Users/admin/builder/spi-builder-workspace/.derivedData/Build/Intermediates.noindex/SwiftBytes.build/Debug-watchos/SwiftBytes-t.build/Objects-normal/arm64/SwiftBytes_dependency_info.dat -fobjc-link-runtime -L/Applications/Xcode-27.0.0-Release.Candidate.app/Contents/Developer/Toolchains/XcodeDefault.xctoolchain/usr/lib/swift/watchos -L/usr/lib/swift -Xlinker -add_ast_path -Xlinker /Users/admin/builder/spi-builder-workspace/.derivedData/Build/Intermediates.noindex/SwiftBytes.build/Debug-watchos/SwiftBytes-t.build/Objects-normal/arm64/SwiftBytes.swiftmodule -o /Users/admin/builder/spi-builder-workspace/.derivedData/Build/Intermediates.noindex/SwiftBytes.build/Debug-watchos/SwiftBytes-t.build/Objects-normal/arm64/Binary/SwiftBytes.o
SwiftDriverJobDiscovery normal arm64 Compiling Cryptor.swift (in target 'IDZSwiftCommonCrypto' from project 'IDZSwiftCommonCrypto')
SwiftDriverJobDiscovery normal arm64_32 Compiling Updateable.swift (in target 'IDZSwiftCommonCrypto' from project 'IDZSwiftCommonCrypto')
SwiftDriver SecurityExtensions normal arm64 com.apple.xcode.tools.swift.compiler (in target 'SecurityExtensions' from project 'SecurityExtensions')
    cd /Users/admin/builder/spi-builder-workspace/.swiftpm/xcode
    builtin-SwiftDriver -- /Applications/Xcode-27.0.0-Release.Candidate.app/Contents/Developer/Toolchains/XcodeDefault.xctoolchain/usr/bin/swiftc -parse-as-library -module-name SecurityExtensions -Onone @/Users/admin/builder/spi-builder-workspace/.derivedData/Build/Intermediates.noindex/SecurityExtensions.build/Debug-watchos/SecurityExtensions-t.build/Objects-normal/arm64/SecurityExtensions.SwiftFileList -DSWIFT_PACKAGE -DDEBUG -DSWIFT_MODULE_RESOURCE_BUNDLE_UNAVAILABLE -DXcode -plugin-path /Applications/Xcode-27.0.0-Release.Candidate.app/Contents/Developer/Toolchains/XcodeDefault.xctoolchain/usr/lib/swift/host/plugins/testing -enable-experimental-feature DebugDescriptionMacro -sdk /Applications/Xcode-27.0.0-Release.Candidate.app/Contents/Developer/Platforms/WatchOS.platform/Developer/SDKs/WatchOS27.0.sdk -target arm64-apple-watchos9.0 -g -module-cache-path /Users/admin/builder/spi-builder-workspace/.derivedData/ModuleCache.noindex -Xfrontend -serialize-debugging-options -enable-testing -suppress-warnings -index-store-path /Users/admin/builder/spi-builder-workspace/.derivedData/Index.noindex/DataStore -Xcc -D_LIBCPP_HARDENING_MODE\=_LIBCPP_HARDENING_MODE_DEBUG -swift-version 5 -I /Users/admin/builder/spi-builder-workspace/.derivedData/Build/Products/Debug-watchos -Isystem /Applications/Xcode-27.0.0-Release.Candidate.app/Contents/Developer/Platforms/WatchOS.platform/Developer/usr/lib -F /Users/admin/builder/spi-builder-workspace/.derivedData/Build/Products/Debug-watchos/PackageFrameworks -F /Users/admin/builder/spi-builder-workspace/.derivedData/Build/Products/Debug-watchos -F /Applications/Xcode-27.0.0-Release.Candidate.app/Contents/Developer/Platforms/WatchOS.platform/Developer/Library/Frameworks -F /Applications/Xcode-27.0.0-Release.Candidate.app/Contents/Developer/Platforms/WatchOS.platform/Developer/SDKs/WatchOS27.0.sdk/Developer/Library/Frameworks -c -j10 -enable-batch-mode -incremental -Xcc -ivfsstatcache -Xcc /Users/admin/builder/spi-builder-workspace/.derivedData/SDKStatCaches.noindex/watchos27.0-24R360-e829b21a6f8c9b70876ba0858053c04477534ef55a1706bf4c1112bbb242f0a2.sdkstatcache -output-file-map /Users/admin/builder/spi-builder-workspace/.derivedData/Build/Intermediates.noindex/SecurityExtensions.build/Debug-watchos/SecurityExtensions-t.build/Objects-normal/arm64/SecurityExtensions-OutputFileMap.json -save-temps -no-color-diagnostics -explicit-module-build -module-cache-path /Users/admin/builder/spi-builder-workspace/.derivedData/Build/Intermediates.noindex/SwiftExplicitPrecompiledModules -clang-scanner-module-cache-path /Users/admin/builder/spi-builder-workspace/.derivedData/ModuleCache.noindex -sdk-module-cache-path /Users/admin/builder/spi-builder-workspace/.derivedData/SDKExplicitPrecompiledModules -emit-dependencies -emit-module -emit-module-path /Users/admin/builder/spi-builder-workspace/.derivedData/Build/Intermediates.noindex/SecurityExtensions.build/Debug-watchos/SecurityExtensions-t.build/Objects-normal/arm64/SecurityExtensions.swiftmodule -serialize-diagnostics -dependency-scan-serialize-diagnostics-path /Users/admin/builder/spi-builder-workspace/.derivedData/Build/Intermediates.noindex/SecurityExtensions.build/Debug-watchos/SecurityExtensions-t.build/Objects-normal/arm64/SecurityExtensions-dependency-scan.dia -validate-clang-modules-once -clang-build-session-file /Users/admin/builder/spi-builder-workspace/.derivedData/ModuleCache.noindex/Session.modulevalidation -Xcc -fmodules-prune-interval\=86400 -Xcc -fmodules-prune-after\=345600 -emit-const-values -const-gather-protocols-list /Users/admin/builder/spi-builder-workspace/.derivedData/Build/Intermediates.noindex/SecurityExtensions.build/Debug-watchos/SecurityExtensions-t.build/Objects-normal/arm64/SecurityExtensions_const_extract_protocols.json -Xcc -I/Users/admin/builder/spi-builder-workspace/.derivedData/Build/Products/Debug-watchos/include -Xcc -I/Users/admin/builder/spi-builder-workspace/.derivedData/Build/Intermediates.noindex/SecurityExtensions.build/Debug-watchos/SecurityExtensions-t.build/DerivedSources-normal/arm64 -Xcc -I/Users/admin/builder/spi-builder-workspace/.derivedData/Build/Intermediates.noindex/SecurityExtensions.build/Debug-watchos/SecurityExtensions-t.build/DerivedSources/arm64 -Xcc -I/Users/admin/builder/spi-builder-workspace/.derivedData/Build/Intermediates.noindex/SecurityExtensions.build/Debug-watchos/SecurityExtensions-t.build/DerivedSources -Xcc -DSWIFT_PACKAGE -Xcc -DDEBUG\=1 -emit-objc-header -emit-objc-header-path /Users/admin/builder/spi-builder-workspace/.derivedData/Build/Intermediates.noindex/SecurityExtensions.build/Debug-watchos/SecurityExtensions-t.build/Objects-normal/arm64/SecurityExtensions-Swift.h -working-directory /Users/admin/builder/spi-builder-workspace/.swiftpm/xcode -experimental-emit-module-separately -disable-cmo
SwiftDriver SecurityExtensions normal arm64_32 com.apple.xcode.tools.swift.compiler (in target 'SecurityExtensions' from project 'SecurityExtensions')
    cd /Users/admin/builder/spi-builder-workspace/.swiftpm/xcode
    builtin-SwiftDriver -- /Applications/Xcode-27.0.0-Release.Candidate.app/Contents/Developer/Toolchains/XcodeDefault.xctoolchain/usr/bin/swiftc -parse-as-library -module-name SecurityExtensions -Onone @/Users/admin/builder/spi-builder-workspace/.derivedData/Build/Intermediates.noindex/SecurityExtensions.build/Debug-watchos/SecurityExtensions-t.build/Objects-normal/arm64_32/SecurityExtensions.SwiftFileList -DSWIFT_PACKAGE -DDEBUG -DSWIFT_MODULE_RESOURCE_BUNDLE_UNAVAILABLE -DXcode -plugin-path /Applications/Xcode-27.0.0-Release.Candidate.app/Contents/Developer/Toolchains/XcodeDefault.xctoolchain/usr/lib/swift/host/plugins/testing -enable-experimental-feature DebugDescriptionMacro -sdk /Applications/Xcode-27.0.0-Release.Candidate.app/Contents/Developer/Platforms/WatchOS.platform/Developer/SDKs/WatchOS27.0.sdk -target arm64_32-apple-watchos9.0 -g -module-cache-path /Users/admin/builder/spi-builder-workspace/.derivedData/ModuleCache.noindex -Xfrontend -serialize-debugging-options -enable-testing -suppress-warnings -index-store-path /Users/admin/builder/spi-builder-workspace/.derivedData/Index.noindex/DataStore -Xcc -D_LIBCPP_HARDENING_MODE\=_LIBCPP_HARDENING_MODE_DEBUG -swift-version 5 -I /Users/admin/builder/spi-builder-workspace/.derivedData/Build/Products/Debug-watchos -Isystem /Applications/Xcode-27.0.0-Release.Candidate.app/Contents/Developer/Platforms/WatchOS.platform/Developer/usr/lib -F /Users/admin/builder/spi-builder-workspace/.derivedData/Build/Products/Debug-watchos/PackageFrameworks -F /Users/admin/builder/spi-builder-workspace/.derivedData/Build/Products/Debug-watchos -F /Applications/Xcode-27.0.0-Release.Candidate.app/Contents/Developer/Platforms/WatchOS.platform/Developer/Library/Frameworks -F /Applications/Xcode-27.0.0-Release.Candidate.app/Contents/Developer/Platforms/WatchOS.platform/Developer/SDKs/WatchOS27.0.sdk/Developer/Library/Frameworks -c -j10 -enable-batch-mode -incremental -Xcc -ivfsstatcache -Xcc /Users/admin/builder/spi-builder-workspace/.derivedData/SDKStatCaches.noindex/watchos27.0-24R360-e829b21a6f8c9b70876ba0858053c04477534ef55a1706bf4c1112bbb242f0a2.sdkstatcache -output-file-map /Users/admin/builder/spi-builder-workspace/.derivedData/Build/Intermediates.noindex/SecurityExtensions.build/Debug-watchos/SecurityExtensions-t.build/Objects-normal/arm64_32/SecurityExtensions-OutputFileMap.json -save-temps -no-color-diagnostics -explicit-module-build -module-cache-path /Users/admin/builder/spi-builder-workspace/.derivedData/Build/Intermediates.noindex/SwiftExplicitPrecompiledModules -clang-scanner-module-cache-path /Users/admin/builder/spi-builder-workspace/.derivedData/ModuleCache.noindex -sdk-module-cache-path /Users/admin/builder/spi-builder-workspace/.derivedData/SDKExplicitPrecompiledModules -emit-dependencies -emit-module -emit-module-path /Users/admin/builder/spi-builder-workspace/.derivedData/Build/Intermediates.noindex/SecurityExtensions.build/Debug-watchos/SecurityExtensions-t.build/Objects-normal/arm64_32/SecurityExtensions.swiftmodule -serialize-diagnostics -dependency-scan-serialize-diagnostics-path /Users/admin/builder/spi-builder-workspace/.derivedData/Build/Intermediates.noindex/SecurityExtensions.build/Debug-watchos/SecurityExtensions-t.build/Objects-normal/arm64_32/SecurityExtensions-dependency-scan.dia -validate-clang-modules-once -clang-build-session-file /Users/admin/builder/spi-builder-workspace/.derivedData/ModuleCache.noindex/Session.modulevalidation -Xcc -fmodules-prune-interval\=86400 -Xcc -fmodules-prune-after\=345600 -emit-const-values -const-gather-protocols-list /Users/admin/builder/spi-builder-workspace/.derivedData/Build/Intermediates.noindex/SecurityExtensions.build/Debug-watchos/SecurityExtensions-t.build/Objects-normal/arm64_32/SecurityExtensions_const_extract_protocols.json -Xcc -I/Users/admin/builder/spi-builder-workspace/.derivedData/Build/Products/Debug-watchos/include -Xcc -I/Users/admin/builder/spi-builder-workspace/.derivedData/Build/Intermediates.noindex/SecurityExtensions.build/Debug-watchos/SecurityExtensions-t.build/DerivedSources-normal/arm64_32 -Xcc -I/Users/admin/builder/spi-builder-workspace/.derivedData/Build/Intermediates.noindex/SecurityExtensions.build/Debug-watchos/SecurityExtensions-t.build/DerivedSources/arm64_32 -Xcc -I/Users/admin/builder/spi-builder-workspace/.derivedData/Build/Intermediates.noindex/SecurityExtensions.build/Debug-watchos/SecurityExtensions-t.build/DerivedSources -Xcc -DSWIFT_PACKAGE -Xcc -DDEBUG\=1 -emit-objc-header -emit-objc-header-path /Users/admin/builder/spi-builder-workspace/.derivedData/Build/Intermediates.noindex/SecurityExtensions.build/Debug-watchos/SecurityExtensions-t.build/Objects-normal/arm64_32/SecurityExtensions-Swift.h -working-directory /Users/admin/builder/spi-builder-workspace/.swiftpm/xcode -experimental-emit-module-separately -disable-cmo
CreateUniversalBinary /Users/admin/builder/spi-builder-workspace/.derivedData/Build/Products/Debug-watchos/SwiftBytes.o normal arm64\ arm64_32 (in target 'SwiftBytes' from project 'SwiftBytes')
    cd /Users/admin/builder/spi-builder-workspace/.dependencies/checkouts/swift-bytes
    /Applications/Xcode-27.0.0-Release.Candidate.app/Contents/Developer/Toolchains/XcodeDefault.xctoolchain/usr/bin/lipo -create /Users/admin/builder/spi-builder-workspace/.derivedData/Build/Intermediates.noindex/SwiftBytes.build/Debug-watchos/SwiftBytes-t.build/Objects-normal/arm64/Binary/SwiftBytes.o /Users/admin/builder/spi-builder-workspace/.derivedData/Build/Intermediates.noindex/SwiftBytes.build/Debug-watchos/SwiftBytes-t.build/Objects-normal/arm64_32/Binary/SwiftBytes.o -output /Users/admin/builder/spi-builder-workspace/.derivedData/Build/Products/Debug-watchos/SwiftBytes.o
ExtractAppIntentsMetadata (in target 'SwiftBytes' from project 'SwiftBytes')
    cd /Users/admin/builder/spi-builder-workspace/.dependencies/checkouts/swift-bytes
    /Applications/Xcode-27.0.0-Release.Candidate.app/Contents/Developer/Toolchains/XcodeDefault.xctoolchain/usr/bin/appintentsmetadataprocessor --toolchain-dir /var/run/com.apple.security.cryptexd/mnt/com.apple.MobileAsset.MetalToolchain-v27.1.266.1.9F508H/Metal.xctoolchain --module-name SwiftBytes --sdk-root /Applications/Xcode-27.0.0-Release.Candidate.app/Contents/Developer/Platforms/WatchOS.platform/Developer/SDKs/WatchOS27.0.sdk --xcode-version 27A266a --platform-family watchOS --deployment-target 9.0 --bundle-identifier swift-bytes.SwiftBytes --output /Users/admin/builder/spi-builder-workspace/.derivedData/Build/Products/Debug-watchos/SwiftBytes.appintents --target-triple arm64-apple-watchos9.0 --target-triple arm64_32-apple-watchos9.0 --binary-file /Users/admin/builder/spi-builder-workspace/.derivedData/Build/Products/Debug-watchos/SwiftBytes.o --dependency-file /Users/admin/builder/spi-builder-workspace/.derivedData/Build/Intermediates.noindex/SwiftBytes.build/Debug-watchos/SwiftBytes-t.build/Objects-normal/arm64/SwiftBytes_dependency_info.dat --dependency-file /Users/admin/builder/spi-builder-workspace/.derivedData/Build/Intermediates.noindex/SwiftBytes.build/Debug-watchos/SwiftBytes-t.build/Objects-normal/arm64_32/SwiftBytes_dependency_info.dat --stringsdata-file /Users/admin/builder/spi-builder-workspace/.derivedData/Build/Intermediates.noindex/SwiftBytes.build/Debug-watchos/SwiftBytes-t.build/Objects-normal/arm64/ExtractedAppShortcutsMetadata.stringsdata --stringsdata-file /Users/admin/builder/spi-builder-workspace/.derivedData/Build/Intermediates.noindex/SwiftBytes.build/Debug-watchos/SwiftBytes-t.build/Objects-normal/arm64_32/ExtractedAppShortcutsMetadata.stringsdata --source-file-list /Users/admin/builder/spi-builder-workspace/.derivedData/Build/Intermediates.noindex/SwiftBytes.build/Debug-watchos/SwiftBytes-t.build/Objects-normal/arm64/SwiftBytes.SwiftFileList --source-file-list /Users/admin/builder/spi-builder-workspace/.derivedData/Build/Intermediates.noindex/SwiftBytes.build/Debug-watchos/SwiftBytes-t.build/Objects-normal/arm64_32/SwiftBytes.SwiftFileList --metadata-file-list /Users/admin/builder/spi-builder-workspace/.derivedData/Build/Intermediates.noindex/SwiftBytes.build/Debug-watchos/SwiftBytes-t.build/SwiftBytes.DependencyMetadataFileList --static-metadata-file-list /Users/admin/builder/spi-builder-workspace/.derivedData/Build/Intermediates.noindex/SwiftBytes.build/Debug-watchos/SwiftBytes-t.build/SwiftBytes.DependencyStaticMetadataFileList --swift-const-vals-list /Users/admin/builder/spi-builder-workspace/.derivedData/Build/Intermediates.noindex/SwiftBytes.build/Debug-watchos/SwiftBytes-t.build/Objects-normal/arm64/SwiftBytes.SwiftConstValuesFileList --swift-const-vals-list /Users/admin/builder/spi-builder-workspace/.derivedData/Build/Intermediates.noindex/SwiftBytes.build/Debug-watchos/SwiftBytes-t.build/Objects-normal/arm64_32/SwiftBytes.SwiftConstValuesFileList --force --compile-time-extraction --deployment-aware-processing --no-app-shortcuts-localization
2026-09-18 00:12:11.956 appintentsmetadataprocessor[1118:6100] Starting appintentsmetadataprocessor export
2026-09-18 00:12:12.055 appintentsmetadataprocessor[1118:6100] Extracted no relevant App Intents symbols, skipping writing output
SwiftDriverJobDiscovery normal arm64_32 Compiling Digest.swift (in target 'IDZSwiftCommonCrypto' from project 'IDZSwiftCommonCrypto')
SwiftDriverJobDiscovery normal arm64_32 Compiling Status.swift (in target 'IDZSwiftCommonCrypto' from project 'IDZSwiftCommonCrypto')
SwiftDriverJobDiscovery normal arm64_32 Compiling Utilities.swift (in target 'IDZSwiftCommonCrypto' from project 'IDZSwiftCommonCrypto')
SwiftDriverJobDiscovery normal arm64_32 Compiling KeyDerivation.swift (in target 'IDZSwiftCommonCrypto' from project 'IDZSwiftCommonCrypto')
SwiftDriverJobDiscovery normal arm64_32 Compiling Cryptor.swift (in target 'IDZSwiftCommonCrypto' from project 'IDZSwiftCommonCrypto')
SwiftDriverJobDiscovery normal arm64_32 Compiling StreamCryptor.swift (in target 'IDZSwiftCommonCrypto' from project 'IDZSwiftCommonCrypto')
SwiftDriver\ Compilation IDZSwiftCommonCrypto normal arm64_32 com.apple.xcode.tools.swift.compiler (in target 'IDZSwiftCommonCrypto' from project 'IDZSwiftCommonCrypto')
    cd /Users/admin/builder/spi-builder-workspace/.swiftpm/xcode
    builtin-Swift-Compilation -- /Applications/Xcode-27.0.0-Release.Candidate.app/Contents/Developer/Toolchains/XcodeDefault.xctoolchain/usr/bin/swiftc -parse-as-library -module-name IDZSwiftCommonCrypto -Onone @/Users/admin/builder/spi-builder-workspace/.derivedData/Build/Intermediates.noindex/IDZSwiftCommonCrypto.build/Debug-watchos/IDZSwiftCommonCrypto-t.build/Objects-normal/arm64_32/IDZSwiftCommonCrypto.SwiftFileList -DSWIFT_PACKAGE -DDEBUG -DSWIFT_MODULE_RESOURCE_BUNDLE_UNAVAILABLE -DXcode -plugin-path /Applications/Xcode-27.0.0-Release.Candidate.app/Contents/Developer/Toolchains/XcodeDefault.xctoolchain/usr/lib/swift/host/plugins/testing -enable-experimental-feature DebugDescriptionMacro -sdk /Applications/Xcode-27.0.0-Release.Candidate.app/Contents/Developer/Platforms/WatchOS.platform/Developer/SDKs/WatchOS27.0.sdk -target arm64_32-apple-watchos9.0 -g -module-cache-path /Users/admin/builder/spi-builder-workspace/.derivedData/ModuleCache.noindex -Xfrontend -serialize-debugging-options -enable-testing -suppress-warnings -index-store-path /Users/admin/builder/spi-builder-workspace/.derivedData/Index.noindex/DataStore -Xcc -D_LIBCPP_HARDENING_MODE\=_LIBCPP_HARDENING_MODE_DEBUG -swift-version 5 -I /Users/admin/builder/spi-builder-workspace/.derivedData/Build/Products/Debug-watchos -Isystem /Applications/Xcode-27.0.0-Release.Candidate.app/Contents/Developer/Platforms/WatchOS.platform/Developer/usr/lib -F /Users/admin/builder/spi-builder-workspace/.derivedData/Build/Products/Debug-watchos -F /Applications/Xcode-27.0.0-Release.Candidate.app/Contents/Developer/Platforms/WatchOS.platform/Developer/Library/Frameworks -F /Applications/Xcode-27.0.0-Release.Candidate.app/Contents/Developer/Platforms/WatchOS.platform/Developer/SDKs/WatchOS27.0.sdk/Developer/Library/Frameworks -c -j10 -enable-batch-mode -incremental -Xcc -ivfsstatcache -Xcc /Users/admin/builder/spi-builder-workspace/.derivedData/SDKStatCaches.noindex/watchos27.0-24R360-e829b21a6f8c9b70876ba0858053c04477534ef55a1706bf4c1112bbb242f0a2.sdkstatcache -output-file-map /Users/admin/builder/spi-builder-workspace/.derivedData/Build/Intermediates.noindex/IDZSwiftCommonCrypto.build/Debug-watchos/IDZSwiftCommonCrypto-t.build/Objects-normal/arm64_32/IDZSwiftCommonCrypto-OutputFileMap.json -save-temps -no-color-diagnostics -explicit-module-build -module-cache-path /Users/admin/builder/spi-builder-workspace/.derivedData/Build/Intermediates.noindex/SwiftExplicitPrecompiledModules -clang-scanner-module-cache-path /Users/admin/builder/spi-builder-workspace/.derivedData/ModuleCache.noindex -sdk-module-cache-path /Users/admin/builder/spi-builder-workspace/.derivedData/SDKExplicitPrecompiledModules -emit-dependencies -emit-module -emit-module-path /Users/admin/builder/spi-builder-workspace/.derivedData/Build/Intermediates.noindex/IDZSwiftCommonCrypto.build/Debug-watchos/IDZSwiftCommonCrypto-t.build/Objects-normal/arm64_32/IDZSwiftCommonCrypto.swiftmodule -serialize-diagnostics -dependency-scan-serialize-diagnostics-path /Users/admin/builder/spi-builder-workspace/.derivedData/Build/Intermediates.noindex/IDZSwiftCommonCrypto.build/Debug-watchos/IDZSwiftCommonCrypto-t.build/Objects-normal/arm64_32/IDZSwiftCommonCrypto-dependency-scan.dia -validate-clang-modules-once -clang-build-session-file /Users/admin/builder/spi-builder-workspace/.derivedData/ModuleCache.noindex/Session.modulevalidation -Xcc -fmodules-prune-interval\=86400 -Xcc -fmodules-prune-after\=345600 -emit-const-values -const-gather-protocols-list /Users/admin/builder/spi-builder-workspace/.derivedData/Build/Intermediates.noindex/IDZSwiftCommonCrypto.build/Debug-watchos/IDZSwiftCommonCrypto-t.build/Objects-normal/arm64_32/IDZSwiftCommonCrypto_const_extract_protocols.json -Xcc -I/Users/admin/builder/spi-builder-workspace/.derivedData/Build/Products/Debug-watchos/include -Xcc -I/Users/admin/builder/spi-builder-workspace/.derivedData/Build/Intermediates.noindex/IDZSwiftCommonCrypto.build/Debug-watchos/IDZSwiftCommonCrypto-t.build/DerivedSources-normal/arm64_32 -Xcc -I/Users/admin/builder/spi-builder-workspace/.derivedData/Build/Intermediates.noindex/IDZSwiftCommonCrypto.build/Debug-watchos/IDZSwiftCommonCrypto-t.build/DerivedSources/arm64_32 -Xcc -I/Users/admin/builder/spi-builder-workspace/.derivedData/Build/Intermediates.noindex/IDZSwiftCommonCrypto.build/Debug-watchos/IDZSwiftCommonCrypto-t.build/DerivedSources -Xcc -DSWIFT_PACKAGE -Xcc -DDEBUG\=1 -emit-objc-header -emit-objc-header-path /Users/admin/builder/spi-builder-workspace/.derivedData/Build/Intermediates.noindex/IDZSwiftCommonCrypto.build/Debug-watchos/IDZSwiftCommonCrypto-t.build/Objects-normal/arm64_32/IDZSwiftCommonCrypto-Swift.h -working-directory /Users/admin/builder/spi-builder-workspace/.swiftpm/xcode -experimental-emit-module-separately -disable-cmo
Ld /Users/admin/builder/spi-builder-workspace/.derivedData/Build/Intermediates.noindex/IDZSwiftCommonCrypto.build/Debug-watchos/IDZSwiftCommonCrypto-t.build/Objects-normal/arm64_32/Binary/IDZSwiftCommonCrypto.o normal arm64_32 (in target 'IDZSwiftCommonCrypto' from project 'IDZSwiftCommonCrypto')
    cd /Users/admin/builder/spi-builder-workspace/.dependencies/checkouts/IDZSwiftCommonCrypto
    /Applications/Xcode-27.0.0-Release.Candidate.app/Contents/Developer/Toolchains/XcodeDefault.xctoolchain/usr/bin/clang -Xlinker -reproducible -target arm64_32-apple-watchos9.0 -r -isysroot /Applications/Xcode-27.0.0-Release.Candidate.app/Contents/Developer/Platforms/WatchOS.platform/Developer/SDKs/WatchOS27.0.sdk -O0 -w -Xlinker -no_warn_duplicate_libraries -F/Users/admin/builder/spi-builder-workspace/.derivedData/Build/Intermediates.noindex/EagerLinkingTBDs/Debug-watchos -F/Users/admin/builder/spi-builder-workspace/.derivedData/Build/Products/Debug-watchos -iframework /Applications/Xcode-27.0.0-Release.Candidate.app/Contents/Developer/Platforms/WatchOS.platform/Developer/Library/Frameworks -iframework /Applications/Xcode-27.0.0-Release.Candidate.app/Contents/Developer/Platforms/WatchOS.platform/Developer/SDKs/WatchOS27.0.sdk/Developer/Library/Frameworks -filelist /Users/admin/builder/spi-builder-workspace/.derivedData/Build/Intermediates.noindex/IDZSwiftCommonCrypto.build/Debug-watchos/IDZSwiftCommonCrypto-t.build/Objects-normal/arm64_32/IDZSwiftCommonCrypto.LinkFileList -nostdlib -Xlinker -object_path_lto -Xlinker /Users/admin/builder/spi-builder-workspace/.derivedData/Build/Intermediates.noindex/IDZSwiftCommonCrypto.build/Debug-watchos/IDZSwiftCommonCrypto-t.build/Objects-normal/arm64_32/IDZSwiftCommonCrypto_lto.o -Xlinker -no_deduplicate -Xlinker -dependency_info -Xlinker /Users/admin/builder/spi-builder-workspace/.derivedData/Build/Intermediates.noindex/IDZSwiftCommonCrypto.build/Debug-watchos/IDZSwiftCommonCrypto-t.build/Objects-normal/arm64_32/IDZSwiftCommonCrypto_dependency_info.dat -fobjc-link-runtime -L/Applications/Xcode-27.0.0-Release.Candidate.app/Contents/Developer/Toolchains/XcodeDefault.xctoolchain/usr/lib/swift/watchos -L/usr/lib/swift -Xlinker -add_ast_path -Xlinker /Users/admin/builder/spi-builder-workspace/.derivedData/Build/Intermediates.noindex/IDZSwiftCommonCrypto.build/Debug-watchos/IDZSwiftCommonCrypto-t.build/Objects-normal/arm64_32/IDZSwiftCommonCrypto.swiftmodule -o /Users/admin/builder/spi-builder-workspace/.derivedData/Build/Intermediates.noindex/IDZSwiftCommonCrypto.build/Debug-watchos/IDZSwiftCommonCrypto-t.build/Objects-normal/arm64_32/Binary/IDZSwiftCommonCrypto.o
SwiftDriverJobDiscovery normal arm64 Compiling KeyDerivation.swift (in target 'IDZSwiftCommonCrypto' from project 'IDZSwiftCommonCrypto')
SwiftDriver\ Compilation IDZSwiftCommonCrypto normal arm64 com.apple.xcode.tools.swift.compiler (in target 'IDZSwiftCommonCrypto' from project 'IDZSwiftCommonCrypto')
    cd /Users/admin/builder/spi-builder-workspace/.swiftpm/xcode
    builtin-Swift-Compilation -- /Applications/Xcode-27.0.0-Release.Candidate.app/Contents/Developer/Toolchains/XcodeDefault.xctoolchain/usr/bin/swiftc -parse-as-library -module-name IDZSwiftCommonCrypto -Onone @/Users/admin/builder/spi-builder-workspace/.derivedData/Build/Intermediates.noindex/IDZSwiftCommonCrypto.build/Debug-watchos/IDZSwiftCommonCrypto-t.build/Objects-normal/arm64/IDZSwiftCommonCrypto.SwiftFileList -DSWIFT_PACKAGE -DDEBUG -DSWIFT_MODULE_RESOURCE_BUNDLE_UNAVAILABLE -DXcode -plugin-path /Applications/Xcode-27.0.0-Release.Candidate.app/Contents/Developer/Toolchains/XcodeDefault.xctoolchain/usr/lib/swift/host/plugins/testing -enable-experimental-feature DebugDescriptionMacro -sdk /Applications/Xcode-27.0.0-Release.Candidate.app/Contents/Developer/Platforms/WatchOS.platform/Developer/SDKs/WatchOS27.0.sdk -target arm64-apple-watchos9.0 -g -module-cache-path /Users/admin/builder/spi-builder-workspace/.derivedData/ModuleCache.noindex -Xfrontend -serialize-debugging-options -enable-testing -suppress-warnings -index-store-path /Users/admin/builder/spi-builder-workspace/.derivedData/Index.noindex/DataStore -Xcc -D_LIBCPP_HARDENING_MODE\=_LIBCPP_HARDENING_MODE_DEBUG -swift-version 5 -I /Users/admin/builder/spi-builder-workspace/.derivedData/Build/Products/Debug-watchos -Isystem /Applications/Xcode-27.0.0-Release.Candidate.app/Contents/Developer/Platforms/WatchOS.platform/Developer/usr/lib -F /Users/admin/builder/spi-builder-workspace/.derivedData/Build/Products/Debug-watchos -F /Applications/Xcode-27.0.0-Release.Candidate.app/Contents/Developer/Platforms/WatchOS.platform/Developer/Library/Frameworks -F /Applications/Xcode-27.0.0-Release.Candidate.app/Contents/Developer/Platforms/WatchOS.platform/Developer/SDKs/WatchOS27.0.sdk/Developer/Library/Frameworks -c -j10 -enable-batch-mode -incremental -Xcc -ivfsstatcache -Xcc /Users/admin/builder/spi-builder-workspace/.derivedData/SDKStatCaches.noindex/watchos27.0-24R360-e829b21a6f8c9b70876ba0858053c04477534ef55a1706bf4c1112bbb242f0a2.sdkstatcache -output-file-map /Users/admin/builder/spi-builder-workspace/.derivedData/Build/Intermediates.noindex/IDZSwiftCommonCrypto.build/Debug-watchos/IDZSwiftCommonCrypto-t.build/Objects-normal/arm64/IDZSwiftCommonCrypto-OutputFileMap.json -save-temps -no-color-diagnostics -explicit-module-build -module-cache-path /Users/admin/builder/spi-builder-workspace/.derivedData/Build/Intermediates.noindex/SwiftExplicitPrecompiledModules -clang-scanner-module-cache-path /Users/admin/builder/spi-builder-workspace/.derivedData/ModuleCache.noindex -sdk-module-cache-path /Users/admin/builder/spi-builder-workspace/.derivedData/SDKExplicitPrecompiledModules -emit-dependencies -emit-module -emit-module-path /Users/admin/builder/spi-builder-workspace/.derivedData/Build/Intermediates.noindex/IDZSwiftCommonCrypto.build/Debug-watchos/IDZSwiftCommonCrypto-t.build/Objects-normal/arm64/IDZSwiftCommonCrypto.swiftmodule -serialize-diagnostics -dependency-scan-serialize-diagnostics-path /Users/admin/builder/spi-builder-workspace/.derivedData/Build/Intermediates.noindex/IDZSwiftCommonCrypto.build/Debug-watchos/IDZSwiftCommonCrypto-t.build/Objects-normal/arm64/IDZSwiftCommonCrypto-dependency-scan.dia -validate-clang-modules-once -clang-build-session-file /Users/admin/builder/spi-builder-workspace/.derivedData/ModuleCache.noindex/Session.modulevalidation -Xcc -fmodules-prune-interval\=86400 -Xcc -fmodules-prune-after\=345600 -emit-const-values -const-gather-protocols-list /Users/admin/builder/spi-builder-workspace/.derivedData/Build/Intermediates.noindex/IDZSwiftCommonCrypto.build/Debug-watchos/IDZSwiftCommonCrypto-t.build/Objects-normal/arm64/IDZSwiftCommonCrypto_const_extract_protocols.json -Xcc -I/Users/admin/builder/spi-builder-workspace/.derivedData/Build/Products/Debug-watchos/include -Xcc -I/Users/admin/builder/spi-builder-workspace/.derivedData/Build/Intermediates.noindex/IDZSwiftCommonCrypto.build/Debug-watchos/IDZSwiftCommonCrypto-t.build/DerivedSources-normal/arm64 -Xcc -I/Users/admin/builder/spi-builder-workspace/.derivedData/Build/Intermediates.noindex/IDZSwiftCommonCrypto.build/Debug-watchos/IDZSwiftCommonCrypto-t.build/DerivedSources/arm64 -Xcc -I/Users/admin/builder/spi-builder-workspace/.derivedData/Build/Intermediates.noindex/IDZSwiftCommonCrypto.build/Debug-watchos/IDZSwiftCommonCrypto-t.build/DerivedSources -Xcc -DSWIFT_PACKAGE -Xcc -DDEBUG\=1 -emit-objc-header -emit-objc-header-path /Users/admin/builder/spi-builder-workspace/.derivedData/Build/Intermediates.noindex/IDZSwiftCommonCrypto.build/Debug-watchos/IDZSwiftCommonCrypto-t.build/Objects-normal/arm64/IDZSwiftCommonCrypto-Swift.h -working-directory /Users/admin/builder/spi-builder-workspace/.swiftpm/xcode -experimental-emit-module-separately -disable-cmo
Ld /Users/admin/builder/spi-builder-workspace/.derivedData/Build/Intermediates.noindex/IDZSwiftCommonCrypto.build/Debug-watchos/IDZSwiftCommonCrypto-t.build/Objects-normal/arm64/Binary/IDZSwiftCommonCrypto.o normal arm64 (in target 'IDZSwiftCommonCrypto' from project 'IDZSwiftCommonCrypto')
    cd /Users/admin/builder/spi-builder-workspace/.dependencies/checkouts/IDZSwiftCommonCrypto
    /Applications/Xcode-27.0.0-Release.Candidate.app/Contents/Developer/Toolchains/XcodeDefault.xctoolchain/usr/bin/clang -Xlinker -reproducible -target arm64-apple-watchos9.0 -r -isysroot /Applications/Xcode-27.0.0-Release.Candidate.app/Contents/Developer/Platforms/WatchOS.platform/Developer/SDKs/WatchOS27.0.sdk -O0 -w -Xlinker -no_warn_duplicate_libraries -F/Users/admin/builder/spi-builder-workspace/.derivedData/Build/Intermediates.noindex/EagerLinkingTBDs/Debug-watchos -F/Users/admin/builder/spi-builder-workspace/.derivedData/Build/Products/Debug-watchos -iframework /Applications/Xcode-27.0.0-Release.Candidate.app/Contents/Developer/Platforms/WatchOS.platform/Developer/Library/Frameworks -iframework /Applications/Xcode-27.0.0-Release.Candidate.app/Contents/Developer/Platforms/WatchOS.platform/Developer/SDKs/WatchOS27.0.sdk/Developer/Library/Frameworks -filelist /Users/admin/builder/spi-builder-workspace/.derivedData/Build/Intermediates.noindex/IDZSwiftCommonCrypto.build/Debug-watchos/IDZSwiftCommonCrypto-t.build/Objects-normal/arm64/IDZSwiftCommonCrypto.LinkFileList -nostdlib -Xlinker -object_path_lto -Xlinker /Users/admin/builder/spi-builder-workspace/.derivedData/Build/Intermediates.noindex/IDZSwiftCommonCrypto.build/Debug-watchos/IDZSwiftCommonCrypto-t.build/Objects-normal/arm64/IDZSwiftCommonCrypto_lto.o -Xlinker -no_deduplicate -Xlinker -dependency_info -Xlinker /Users/admin/builder/spi-builder-workspace/.derivedData/Build/Intermediates.noindex/IDZSwiftCommonCrypto.build/Debug-watchos/IDZSwiftCommonCrypto-t.build/Objects-normal/arm64/IDZSwiftCommonCrypto_dependency_info.dat -fobjc-link-runtime -L/Applications/Xcode-27.0.0-Release.Candidate.app/Contents/Developer/Toolchains/XcodeDefault.xctoolchain/usr/lib/swift/watchos -L/usr/lib/swift -Xlinker -add_ast_path -Xlinker /Users/admin/builder/spi-builder-workspace/.derivedData/Build/Intermediates.noindex/IDZSwiftCommonCrypto.build/Debug-watchos/IDZSwiftCommonCrypto-t.build/Objects-normal/arm64/IDZSwiftCommonCrypto.swiftmodule -o /Users/admin/builder/spi-builder-workspace/.derivedData/Build/Intermediates.noindex/IDZSwiftCommonCrypto.build/Debug-watchos/IDZSwiftCommonCrypto-t.build/Objects-normal/arm64/Binary/IDZSwiftCommonCrypto.o
CreateUniversalBinary /Users/admin/builder/spi-builder-workspace/.derivedData/Build/Products/Debug-watchos/IDZSwiftCommonCrypto.o normal arm64\ arm64_32 (in target 'IDZSwiftCommonCrypto' from project 'IDZSwiftCommonCrypto')
    cd /Users/admin/builder/spi-builder-workspace/.dependencies/checkouts/IDZSwiftCommonCrypto
    /Applications/Xcode-27.0.0-Release.Candidate.app/Contents/Developer/Toolchains/XcodeDefault.xctoolchain/usr/bin/lipo -create /Users/admin/builder/spi-builder-workspace/.derivedData/Build/Intermediates.noindex/IDZSwiftCommonCrypto.build/Debug-watchos/IDZSwiftCommonCrypto-t.build/Objects-normal/arm64/Binary/IDZSwiftCommonCrypto.o /Users/admin/builder/spi-builder-workspace/.derivedData/Build/Intermediates.noindex/IDZSwiftCommonCrypto.build/Debug-watchos/IDZSwiftCommonCrypto-t.build/Objects-normal/arm64_32/Binary/IDZSwiftCommonCrypto.o -output /Users/admin/builder/spi-builder-workspace/.derivedData/Build/Products/Debug-watchos/IDZSwiftCommonCrypto.o
ExtractAppIntentsMetadata (in target 'IDZSwiftCommonCrypto' from project 'IDZSwiftCommonCrypto')
    cd /Users/admin/builder/spi-builder-workspace/.dependencies/checkouts/IDZSwiftCommonCrypto
    /Applications/Xcode-27.0.0-Release.Candidate.app/Contents/Developer/Toolchains/XcodeDefault.xctoolchain/usr/bin/appintentsmetadataprocessor --toolchain-dir /var/run/com.apple.security.cryptexd/mnt/com.apple.MobileAsset.MetalToolchain-v27.1.266.1.9F508H/Metal.xctoolchain --module-name IDZSwiftCommonCrypto --sdk-root /Applications/Xcode-27.0.0-Release.Candidate.app/Contents/Developer/Platforms/WatchOS.platform/Developer/SDKs/WatchOS27.0.sdk --xcode-version 27A266a --platform-family watchOS --deployment-target 9.0 --bundle-identifier idzswiftcommoncrypto.IDZSwiftCommonCrypto --output /Users/admin/builder/spi-builder-workspace/.derivedData/Build/Products/Debug-watchos/IDZSwiftCommonCrypto.appintents --target-triple arm64-apple-watchos9.0 --target-triple arm64_32-apple-watchos9.0 --binary-file /Users/admin/builder/spi-builder-workspace/.derivedData/Build/Products/Debug-watchos/IDZSwiftCommonCrypto.o --dependency-file /Users/admin/builder/spi-builder-workspace/.derivedData/Build/Intermediates.noindex/IDZSwiftCommonCrypto.build/Debug-watchos/IDZSwiftCommonCrypto-t.build/Objects-normal/arm64/IDZSwiftCommonCrypto_dependency_info.dat --dependency-file /Users/admin/builder/spi-builder-workspace/.derivedData/Build/Intermediates.noindex/IDZSwiftCommonCrypto.build/Debug-watchos/IDZSwiftCommonCrypto-t.build/Objects-normal/arm64_32/IDZSwiftCommonCrypto_dependency_info.dat --stringsdata-file /Users/admin/builder/spi-builder-workspace/.derivedData/Build/Intermediates.noindex/IDZSwiftCommonCrypto.build/Debug-watchos/IDZSwiftCommonCrypto-t.build/Objects-normal/arm64/ExtractedAppShortcutsMetadata.stringsdata --stringsdata-file /Users/admin/builder/spi-builder-workspace/.derivedData/Build/Intermediates.noindex/IDZSwiftCommonCrypto.build/Debug-watchos/IDZSwiftCommonCrypto-t.build/Objects-normal/arm64_32/ExtractedAppShortcutsMetadata.stringsdata --source-file-list /Users/admin/builder/spi-builder-workspace/.derivedData/Build/Intermediates.noindex/IDZSwiftCommonCrypto.build/Debug-watchos/IDZSwiftCommonCrypto-t.build/Objects-normal/arm64/IDZSwiftCommonCrypto.SwiftFileList --source-file-list /Users/admin/builder/spi-builder-workspace/.derivedData/Build/Intermediates.noindex/IDZSwiftCommonCrypto.build/Debug-watchos/IDZSwiftCommonCrypto-t.build/Objects-normal/arm64_32/IDZSwiftCommonCrypto.SwiftFileList --metadata-file-list /Users/admin/builder/spi-builder-workspace/.derivedData/Build/Intermediates.noindex/IDZSwiftCommonCrypto.build/Debug-watchos/IDZSwiftCommonCrypto-t.build/IDZSwiftCommonCrypto.DependencyMetadataFileList --static-metadata-file-list /Users/admin/builder/spi-builder-workspace/.derivedData/Build/Intermediates.noindex/IDZSwiftCommonCrypto.build/Debug-watchos/IDZSwiftCommonCrypto-t.build/IDZSwiftCommonCrypto.DependencyStaticMetadataFileList --swift-const-vals-list /Users/admin/builder/spi-builder-workspace/.derivedData/Build/Intermediates.noindex/IDZSwiftCommonCrypto.build/Debug-watchos/IDZSwiftCommonCrypto-t.build/Objects-normal/arm64/IDZSwiftCommonCrypto.SwiftConstValuesFileList --swift-const-vals-list /Users/admin/builder/spi-builder-workspace/.derivedData/Build/Intermediates.noindex/IDZSwiftCommonCrypto.build/Debug-watchos/IDZSwiftCommonCrypto-t.build/Objects-normal/arm64_32/IDZSwiftCommonCrypto.SwiftConstValuesFileList --force --compile-time-extraction --deployment-aware-processing --no-app-shortcuts-localization
2026-09-18 00:12:12.107 appintentsmetadataprocessor[1124:6205] Starting appintentsmetadataprocessor export
2026-09-18 00:12:12.182 appintentsmetadataprocessor[1124:6205] Extracted no relevant App Intents symbols, skipping writing output
SwiftCompile normal arm64 Compiling\ SecIdentity.swift /Users/admin/builder/spi-builder-workspace/.dependencies/checkouts/swift-SecurityExtensions/SecurityExtensions/SecIdentity.swift (in target 'SecurityExtensions' from project 'SecurityExtensions')
SwiftCompile normal arm64 /Users/admin/builder/spi-builder-workspace/.dependencies/checkouts/swift-SecurityExtensions/SecurityExtensions/SecIdentity.swift (in target 'SecurityExtensions' from project 'SecurityExtensions')
    cd /Users/admin/builder/spi-builder-workspace/.swiftpm/xcode
    builtin-SwiftPerFileCompile SecIdentity.swift
SwiftEmitModule normal arm64 Emitting\ module\ for\ SecurityExtensions (in target 'SecurityExtensions' from project 'SecurityExtensions')
SwiftCompile normal arm64 (in target 'SecurityExtensions' from project 'SecurityExtensions')
    cd /Users/admin/builder/spi-builder-workspace/.swiftpm/xcode

SwiftCompile normal arm64 Compiling\ SecKey+KeyData.swift /Users/admin/builder/spi-builder-workspace/.dependencies/checkouts/swift-SecurityExtensions/SecurityExtensions/SecKey+KeyData.swift (in target 'SecurityExtensions' from project 'SecurityExtensions')
SwiftCompile normal arm64 /Users/admin/builder/spi-builder-workspace/.dependencies/checkouts/swift-SecurityExtensions/SecurityExtensions/SecKey+KeyData.swift (in target 'SecurityExtensions' from project 'SecurityExtensions')
    cd /Users/admin/builder/spi-builder-workspace/.swiftpm/xcode
    builtin-SwiftPerFileCompile SecKey+KeyData.swift
SwiftCompile normal arm64 Compiling\ SecCertificate.swift /Users/admin/builder/spi-builder-workspace/.dependencies/checkouts/swift-SecurityExtensions/SecurityExtensions/SecCertificate.swift (in target 'SecurityExtensions' from project 'SecurityExtensions')
SwiftCompile normal arm64 /Users/admin/builder/spi-builder-workspace/.dependencies/checkouts/swift-SecurityExtensions/SecurityExtensions/SecCertificate.swift (in target 'SecurityExtensions' from project 'SecurityExtensions')
    cd /Users/admin/builder/spi-builder-workspace/.swiftpm/xcode
    builtin-SwiftPerFileCompile SecCertificate.swift
SwiftCompile normal arm64 Compiling\ SecKey+Signing.swift /Users/admin/builder/spi-builder-workspace/.dependencies/checkouts/swift-SecurityExtensions/SecurityExtensions/SecKey+Signing.swift (in target 'SecurityExtensions' from project 'SecurityExtensions')
SwiftCompile normal arm64 /Users/admin/builder/spi-builder-workspace/.dependencies/checkouts/swift-SecurityExtensions/SecurityExtensions/SecKey+Signing.swift (in target 'SecurityExtensions' from project 'SecurityExtensions')
    cd /Users/admin/builder/spi-builder-workspace/.swiftpm/xcode
    builtin-SwiftPerFileCompile SecKey+Signing.swift
SwiftCompile normal arm64 Compiling\ SecKey+Crypt.swift /Users/admin/builder/spi-builder-workspace/.dependencies/checkouts/swift-SecurityExtensions/SecurityExtensions/SecKey+Crypt.swift (in target 'SecurityExtensions' from project 'SecurityExtensions')
SwiftCompile normal arm64 /Users/admin/builder/spi-builder-workspace/.dependencies/checkouts/swift-SecurityExtensions/SecurityExtensions/SecKey+Crypt.swift (in target 'SecurityExtensions' from project 'SecurityExtensions')
    cd /Users/admin/builder/spi-builder-workspace/.swiftpm/xcode
    builtin-SwiftPerFileCompile SecKey+Crypt.swift
SwiftCompile normal arm64 Compiling\ HexString.swift /Users/admin/builder/spi-builder-workspace/.dependencies/checkouts/swift-SecurityExtensions/SecurityExtensions/HexString.swift (in target 'SecurityExtensions' from project 'SecurityExtensions')
SwiftCompile normal arm64 /Users/admin/builder/spi-builder-workspace/.dependencies/checkouts/swift-SecurityExtensions/SecurityExtensions/HexString.swift (in target 'SecurityExtensions' from project 'SecurityExtensions')
    cd /Users/admin/builder/spi-builder-workspace/.swiftpm/xcode
    builtin-SwiftPerFileCompile HexString.swift
SwiftCompile normal arm64 Compiling\ SecKey+KeyPair.swift /Users/admin/builder/spi-builder-workspace/.dependencies/checkouts/swift-SecurityExtensions/SecurityExtensions/SecKey+KeyPair.swift (in target 'SecurityExtensions' from project 'SecurityExtensions')
SwiftCompile normal arm64 /Users/admin/builder/spi-builder-workspace/.dependencies/checkouts/swift-SecurityExtensions/SecurityExtensions/SecKey+KeyPair.swift (in target 'SecurityExtensions' from project 'SecurityExtensions')
    cd /Users/admin/builder/spi-builder-workspace/.swiftpm/xcode
    builtin-SwiftPerFileCompile SecKey+KeyPair.swift
SwiftCompile normal arm64 Compiling\ SecIdentity+PrivateKey.swift /Users/admin/builder/spi-builder-workspace/.dependencies/checkouts/swift-SecurityExtensions/SecurityExtensions/SecIdentity+PrivateKey.swift (in target 'SecurityExtensions' from project 'SecurityExtensions')
SwiftCompile normal arm64 /Users/admin/builder/spi-builder-workspace/.dependencies/checkouts/swift-SecurityExtensions/SecurityExtensions/SecIdentity+PrivateKey.swift (in target 'SecurityExtensions' from project 'SecurityExtensions')
    cd /Users/admin/builder/spi-builder-workspace/.swiftpm/xcode
    builtin-SwiftPerFileCompile SecIdentity+PrivateKey.swift
SwiftEmitModule normal arm64_32 Emitting\ module\ for\ SecurityExtensions (in target 'SecurityExtensions' from project 'SecurityExtensions')
SwiftCompile normal arm64_32 (in target 'SecurityExtensions' from project 'SecurityExtensions')
    cd /Users/admin/builder/spi-builder-workspace/.swiftpm/xcode

SwiftCompile normal arm64_32 Compiling\ SecKey+Keychain.swift /Users/admin/builder/spi-builder-workspace/.dependencies/checkouts/swift-SecurityExtensions/SecurityExtensions/SecKey+Keychain.swift (in target 'SecurityExtensions' from project 'SecurityExtensions')
SwiftCompile normal arm64_32 /Users/admin/builder/spi-builder-workspace/.dependencies/checkouts/swift-SecurityExtensions/SecurityExtensions/SecKey+Keychain.swift (in target 'SecurityExtensions' from project 'SecurityExtensions')
    cd /Users/admin/builder/spi-builder-workspace/.swiftpm/xcode
    builtin-SwiftPerFileCompile SecKey+Keychain.swift
SwiftDriverJobDiscovery normal arm64 Compiling SecIdentity.swift (in target 'SecurityExtensions' from project 'SecurityExtensions')
SwiftCompile normal arm64_32 Compiling\ SecKey+KeyPair.swift /Users/admin/builder/spi-builder-workspace/.dependencies/checkouts/swift-SecurityExtensions/SecurityExtensions/SecKey+KeyPair.swift (in target 'SecurityExtensions' from project 'SecurityExtensions')
SwiftCompile normal arm64_32 /Users/admin/builder/spi-builder-workspace/.dependencies/checkouts/swift-SecurityExtensions/SecurityExtensions/SecKey+KeyPair.swift (in target 'SecurityExtensions' from project 'SecurityExtensions')
    cd /Users/admin/builder/spi-builder-workspace/.swiftpm/xcode
    builtin-SwiftPerFileCompile SecKey+KeyPair.swift
SwiftDriverJobDiscovery normal arm64 Emitting module for SecurityExtensions (in target 'SecurityExtensions' from project 'SecurityExtensions')
SwiftDriver\ Compilation\ Requirements SecurityExtensions normal arm64 com.apple.xcode.tools.swift.compiler (in target 'SecurityExtensions' from project 'SecurityExtensions')
    cd /Users/admin/builder/spi-builder-workspace/.swiftpm/xcode
    builtin-Swift-Compilation-Requirements -- /Applications/Xcode-27.0.0-Release.Candidate.app/Contents/Developer/Toolchains/XcodeDefault.xctoolchain/usr/bin/swiftc -parse-as-library -module-name SecurityExtensions -Onone @/Users/admin/builder/spi-builder-workspace/.derivedData/Build/Intermediates.noindex/SecurityExtensions.build/Debug-watchos/SecurityExtensions-t.build/Objects-normal/arm64/SecurityExtensions.SwiftFileList -DSWIFT_PACKAGE -DDEBUG -DSWIFT_MODULE_RESOURCE_BUNDLE_UNAVAILABLE -DXcode -plugin-path /Applications/Xcode-27.0.0-Release.Candidate.app/Contents/Developer/Toolchains/XcodeDefault.xctoolchain/usr/lib/swift/host/plugins/testing -enable-experimental-feature DebugDescriptionMacro -sdk /Applications/Xcode-27.0.0-Release.Candidate.app/Contents/Developer/Platforms/WatchOS.platform/Developer/SDKs/WatchOS27.0.sdk -target arm64-apple-watchos9.0 -g -module-cache-path /Users/admin/builder/spi-builder-workspace/.derivedData/ModuleCache.noindex -Xfrontend -serialize-debugging-options -enable-testing -suppress-warnings -index-store-path /Users/admin/builder/spi-builder-workspace/.derivedData/Index.noindex/DataStore -Xcc -D_LIBCPP_HARDENING_MODE\=_LIBCPP_HARDENING_MODE_DEBUG -swift-version 5 -I /Users/admin/builder/spi-builder-workspace/.derivedData/Build/Products/Debug-watchos -Isystem /Applications/Xcode-27.0.0-Release.Candidate.app/Contents/Developer/Platforms/WatchOS.platform/Developer/usr/lib -F /Users/admin/builder/spi-builder-workspace/.derivedData/Build/Products/Debug-watchos/PackageFrameworks -F /Users/admin/builder/spi-builder-workspace/.derivedData/Build/Products/Debug-watchos -F /Applications/Xcode-27.0.0-Release.Candidate.app/Contents/Developer/Platforms/WatchOS.platform/Developer/Library/Frameworks -F /Applications/Xcode-27.0.0-Release.Candidate.app/Contents/Developer/Platforms/WatchOS.platform/Developer/SDKs/WatchOS27.0.sdk/Developer/Library/Frameworks -c -j10 -enable-batch-mode -incremental -Xcc -ivfsstatcache -Xcc /Users/admin/builder/spi-builder-workspace/.derivedData/SDKStatCaches.noindex/watchos27.0-24R360-e829b21a6f8c9b70876ba0858053c04477534ef55a1706bf4c1112bbb242f0a2.sdkstatcache -output-file-map /Users/admin/builder/spi-builder-workspace/.derivedData/Build/Intermediates.noindex/SecurityExtensions.build/Debug-watchos/SecurityExtensions-t.build/Objects-normal/arm64/SecurityExtensions-OutputFileMap.json -save-temps -no-color-diagnostics -explicit-module-build -module-cache-path /Users/admin/builder/spi-builder-workspace/.derivedData/Build/Intermediates.noindex/SwiftExplicitPrecompiledModules -clang-scanner-module-cache-path /Users/admin/builder/spi-builder-workspace/.derivedData/ModuleCache.noindex -sdk-module-cache-path /Users/admin/builder/spi-builder-workspace/.derivedData/SDKExplicitPrecompiledModules -emit-dependencies -emit-module -emit-module-path /Users/admin/builder/spi-builder-workspace/.derivedData/Build/Intermediates.noindex/SecurityExtensions.build/Debug-watchos/SecurityExtensions-t.build/Objects-normal/arm64/SecurityExtensions.swiftmodule -serialize-diagnostics -dependency-scan-serialize-diagnostics-path /Users/admin/builder/spi-builder-workspace/.derivedData/Build/Intermediates.noindex/SecurityExtensions.build/Debug-watchos/SecurityExtensions-t.build/Objects-normal/arm64/SecurityExtensions-dependency-scan.dia -validate-clang-modules-once -clang-build-session-file /Users/admin/builder/spi-builder-workspace/.derivedData/ModuleCache.noindex/Session.modulevalidation -Xcc -fmodules-prune-interval\=86400 -Xcc -fmodules-prune-after\=345600 -emit-const-values -const-gather-protocols-list /Users/admin/builder/spi-builder-workspace/.derivedData/Build/Intermediates.noindex/SecurityExtensions.build/Debug-watchos/SecurityExtensions-t.build/Objects-normal/arm64/SecurityExtensions_const_extract_protocols.json -Xcc -I/Users/admin/builder/spi-builder-workspace/.derivedData/Build/Products/Debug-watchos/include -Xcc -I/Users/admin/builder/spi-builder-workspace/.derivedData/Build/Intermediates.noindex/SecurityExtensions.build/Debug-watchos/SecurityExtensions-t.build/DerivedSources-normal/arm64 -Xcc -I/Users/admin/builder/spi-builder-workspace/.derivedData/Build/Intermediates.noindex/SecurityExtensions.build/Debug-watchos/SecurityExtensions-t.build/DerivedSources/arm64 -Xcc -I/Users/admin/builder/spi-builder-workspace/.derivedData/Build/Intermediates.noindex/SecurityExtensions.build/Debug-watchos/SecurityExtensions-t.build/DerivedSources -Xcc -DSWIFT_PACKAGE -Xcc -DDEBUG\=1 -emit-objc-header -emit-objc-header-path /Users/admin/builder/spi-builder-workspace/.derivedData/Build/Intermediates.noindex/SecurityExtensions.build/Debug-watchos/SecurityExtensions-t.build/Objects-normal/arm64/SecurityExtensions-Swift.h -working-directory /Users/admin/builder/spi-builder-workspace/.swiftpm/xcode -experimental-emit-module-separately -disable-cmo
SwiftDriverJobDiscovery normal arm64 Compiling SecIdentity+PrivateKey.swift (in target 'SecurityExtensions' from project 'SecurityExtensions')
SwiftCompile normal arm64_32 Compiling\ SecIdentity.swift /Users/admin/builder/spi-builder-workspace/.dependencies/checkouts/swift-SecurityExtensions/SecurityExtensions/SecIdentity.swift (in target 'SecurityExtensions' from project 'SecurityExtensions')
SwiftCompile normal arm64_32 /Users/admin/builder/spi-builder-workspace/.dependencies/checkouts/swift-SecurityExtensions/SecurityExtensions/SecIdentity.swift (in target 'SecurityExtensions' from project 'SecurityExtensions')
    cd /Users/admin/builder/spi-builder-workspace/.swiftpm/xcode
    builtin-SwiftPerFileCompile SecIdentity.swift
SwiftDriverJobDiscovery normal arm64 Compiling SecCertificate.swift (in target 'SecurityExtensions' from project 'SecurityExtensions')
Copy /Users/admin/builder/spi-builder-workspace/.derivedData/Build/Products/Debug-watchos/SecurityExtensions.swiftmodule/arm64-apple-watchos.swiftmodule /Users/admin/builder/spi-builder-workspace/.derivedData/Build/Intermediates.noindex/SecurityExtensions.build/Debug-watchos/SecurityExtensions-t.build/Objects-normal/arm64/SecurityExtensions.swiftmodule (in target 'SecurityExtensions' from project 'SecurityExtensions')
    cd /Users/admin/builder/spi-builder-workspace/.dependencies/checkouts/swift-SecurityExtensions
    builtin-copy -exclude .DS_Store -exclude CVS -exclude .svn -exclude .git -exclude .hg -resolve-src-symlinks -rename /Users/admin/builder/spi-builder-workspace/.derivedData/Build/Intermediates.noindex/SecurityExtensions.build/Debug-watchos/SecurityExtensions-t.build/Objects-normal/arm64/SecurityExtensions.swiftmodule /Users/admin/builder/spi-builder-workspace/.derivedData/Build/Products/Debug-watchos/SecurityExtensions.swiftmodule/arm64-apple-watchos.swiftmodule
Copy /Users/admin/builder/spi-builder-workspace/.derivedData/Build/Products/Debug-watchos/SecurityExtensions.swiftmodule/arm64-apple-watchos.swiftdoc /Users/admin/builder/spi-builder-workspace/.derivedData/Build/Intermediates.noindex/SecurityExtensions.build/Debug-watchos/SecurityExtensions-t.build/Objects-normal/arm64/SecurityExtensions.swiftdoc (in target 'SecurityExtensions' from project 'SecurityExtensions')
    cd /Users/admin/builder/spi-builder-workspace/.dependencies/checkouts/swift-SecurityExtensions
    builtin-copy -exclude .DS_Store -exclude CVS -exclude .svn -exclude .git -exclude .hg -resolve-src-symlinks -rename /Users/admin/builder/spi-builder-workspace/.derivedData/Build/Intermediates.noindex/SecurityExtensions.build/Debug-watchos/SecurityExtensions-t.build/Objects-normal/arm64/SecurityExtensions.swiftdoc /Users/admin/builder/spi-builder-workspace/.derivedData/Build/Products/Debug-watchos/SecurityExtensions.swiftmodule/arm64-apple-watchos.swiftdoc
Copy /Users/admin/builder/spi-builder-workspace/.derivedData/Build/Products/Debug-watchos/SecurityExtensions.swiftmodule/arm64-apple-watchos.abi.json /Users/admin/builder/spi-builder-workspace/.derivedData/Build/Intermediates.noindex/SecurityExtensions.build/Debug-watchos/SecurityExtensions-t.build/Objects-normal/arm64/SecurityExtensions.abi.json (in target 'SecurityExtensions' from project 'SecurityExtensions')
    cd /Users/admin/builder/spi-builder-workspace/.dependencies/checkouts/swift-SecurityExtensions
    builtin-copy -exclude .DS_Store -exclude CVS -exclude .svn -exclude .git -exclude .hg -resolve-src-symlinks -rename /Users/admin/builder/spi-builder-workspace/.derivedData/Build/Intermediates.noindex/SecurityExtensions.build/Debug-watchos/SecurityExtensions-t.build/Objects-normal/arm64/SecurityExtensions.abi.json /Users/admin/builder/spi-builder-workspace/.derivedData/Build/Products/Debug-watchos/SecurityExtensions.swiftmodule/arm64-apple-watchos.abi.json
SwiftDriverJobDiscovery normal arm64_32 Emitting module for SecurityExtensions (in target 'SecurityExtensions' from project 'SecurityExtensions')
SwiftDriver\ Compilation\ Requirements SecurityExtensions normal arm64_32 com.apple.xcode.tools.swift.compiler (in target 'SecurityExtensions' from project 'SecurityExtensions')
    cd /Users/admin/builder/spi-builder-workspace/.swiftpm/xcode
    builtin-Swift-Compilation-Requirements -- /Applications/Xcode-27.0.0-Release.Candidate.app/Contents/Developer/Toolchains/XcodeDefault.xctoolchain/usr/bin/swiftc -parse-as-library -module-name SecurityExtensions -Onone @/Users/admin/builder/spi-builder-workspace/.derivedData/Build/Intermediates.noindex/SecurityExtensions.build/Debug-watchos/SecurityExtensions-t.build/Objects-normal/arm64_32/SecurityExtensions.SwiftFileList -DSWIFT_PACKAGE -DDEBUG -DSWIFT_MODULE_RESOURCE_BUNDLE_UNAVAILABLE -DXcode -plugin-path /Applications/Xcode-27.0.0-Release.Candidate.app/Contents/Developer/Toolchains/XcodeDefault.xctoolchain/usr/lib/swift/host/plugins/testing -enable-experimental-feature DebugDescriptionMacro -sdk /Applications/Xcode-27.0.0-Release.Candidate.app/Contents/Developer/Platforms/WatchOS.platform/Developer/SDKs/WatchOS27.0.sdk -target arm64_32-apple-watchos9.0 -g -module-cache-path /Users/admin/builder/spi-builder-workspace/.derivedData/ModuleCache.noindex -Xfrontend -serialize-debugging-options -enable-testing -suppress-warnings -index-store-path /Users/admin/builder/spi-builder-workspace/.derivedData/Index.noindex/DataStore -Xcc -D_LIBCPP_HARDENING_MODE\=_LIBCPP_HARDENING_MODE_DEBUG -swift-version 5 -I /Users/admin/builder/spi-builder-workspace/.derivedData/Build/Products/Debug-watchos -Isystem /Applications/Xcode-27.0.0-Release.Candidate.app/Contents/Developer/Platforms/WatchOS.platform/Developer/usr/lib -F /Users/admin/builder/spi-builder-workspace/.derivedData/Build/Products/Debug-watchos/PackageFrameworks -F /Users/admin/builder/spi-builder-workspace/.derivedData/Build/Products/Debug-watchos -F /Applications/Xcode-27.0.0-Release.Candidate.app/Contents/Developer/Platforms/WatchOS.platform/Developer/Library/Frameworks -F /Applications/Xcode-27.0.0-Release.Candidate.app/Contents/Developer/Platforms/WatchOS.platform/Developer/SDKs/WatchOS27.0.sdk/Developer/Library/Frameworks -c -j10 -enable-batch-mode -incremental -Xcc -ivfsstatcache -Xcc /Users/admin/builder/spi-builder-workspace/.derivedData/SDKStatCaches.noindex/watchos27.0-24R360-e829b21a6f8c9b70876ba0858053c04477534ef55a1706bf4c1112bbb242f0a2.sdkstatcache -output-file-map /Users/admin/builder/spi-builder-workspace/.derivedData/Build/Intermediates.noindex/SecurityExtensions.build/Debug-watchos/SecurityExtensions-t.build/Objects-normal/arm64_32/SecurityExtensions-OutputFileMap.json -save-temps -no-color-diagnostics -explicit-module-build -module-cache-path /Users/admin/builder/spi-builder-workspace/.derivedData/Build/Intermediates.noindex/SwiftExplicitPrecompiledModules -clang-scanner-module-cache-path /Users/admin/builder/spi-builder-workspace/.derivedData/ModuleCache.noindex -sdk-module-cache-path /Users/admin/builder/spi-builder-workspace/.derivedData/SDKExplicitPrecompiledModules -emit-dependencies -emit-module -emit-module-path /Users/admin/builder/spi-builder-workspace/.derivedData/Build/Intermediates.noindex/SecurityExtensions.build/Debug-watchos/SecurityExtensions-t.build/Objects-normal/arm64_32/SecurityExtensions.swiftmodule -serialize-diagnostics -dependency-scan-serialize-diagnostics-path /Users/admin/builder/spi-builder-workspace/.derivedData/Build/Intermediates.noindex/SecurityExtensions.build/Debug-watchos/SecurityExtensions-t.build/Objects-normal/arm64_32/SecurityExtensions-dependency-scan.dia -validate-clang-modules-once -clang-build-session-file /Users/admin/builder/spi-builder-workspace/.derivedData/ModuleCache.noindex/Session.modulevalidation -Xcc -fmodules-prune-interval\=86400 -Xcc -fmodules-prune-after\=345600 -emit-const-values -const-gather-protocols-list /Users/admin/builder/spi-builder-workspace/.derivedData/Build/Intermediates.noindex/SecurityExtensions.build/Debug-watchos/SecurityExtensions-t.build/Objects-normal/arm64_32/SecurityExtensions_const_extract_protocols.json -Xcc -I/Users/admin/builder/spi-builder-workspace/.derivedData/Build/Products/Debug-watchos/include -Xcc -I/Users/admin/builder/spi-builder-workspace/.derivedData/Build/Intermediates.noindex/SecurityExtensions.build/Debug-watchos/SecurityExtensions-t.build/DerivedSources-normal/arm64_32 -Xcc -I/Users/admin/builder/spi-builder-workspace/.derivedData/Build/Intermediates.noindex/SecurityExtensions.build/Debug-watchos/SecurityExtensions-t.build/DerivedSources/arm64_32 -Xcc -I/Users/admin/builder/spi-builder-workspace/.derivedData/Build/Intermediates.noindex/SecurityExtensions.build/Debug-watchos/SecurityExtensions-t.build/DerivedSources -Xcc -DSWIFT_PACKAGE -Xcc -DDEBUG\=1 -emit-objc-header -emit-objc-header-path /Users/admin/builder/spi-builder-workspace/.derivedData/Build/Intermediates.noindex/SecurityExtensions.build/Debug-watchos/SecurityExtensions-t.build/Objects-normal/arm64_32/SecurityExtensions-Swift.h -working-directory /Users/admin/builder/spi-builder-workspace/.swiftpm/xcode -experimental-emit-module-separately -disable-cmo
Copy /Users/admin/builder/spi-builder-workspace/.derivedData/Build/Products/Debug-watchos/SecurityExtensions.swiftmodule/Project/arm64-apple-watchos.swiftsourceinfo /Users/admin/builder/spi-builder-workspace/.derivedData/Build/Intermediates.noindex/SecurityExtensions.build/Debug-watchos/SecurityExtensions-t.build/Objects-normal/arm64/SecurityExtensions.swiftsourceinfo (in target 'SecurityExtensions' from project 'SecurityExtensions')
    cd /Users/admin/builder/spi-builder-workspace/.dependencies/checkouts/swift-SecurityExtensions
    builtin-copy -exclude .DS_Store -exclude CVS -exclude .svn -exclude .git -exclude .hg -resolve-src-symlinks -rename /Users/admin/builder/spi-builder-workspace/.derivedData/Build/Intermediates.noindex/SecurityExtensions.build/Debug-watchos/SecurityExtensions-t.build/Objects-normal/arm64/SecurityExtensions.swiftsourceinfo /Users/admin/builder/spi-builder-workspace/.derivedData/Build/Products/Debug-watchos/SecurityExtensions.swiftmodule/Project/arm64-apple-watchos.swiftsourceinfo
SwiftCompile normal arm64_32 Compiling\ HexString.swift /Users/admin/builder/spi-builder-workspace/.dependencies/checkouts/swift-SecurityExtensions/SecurityExtensions/HexString.swift (in target 'SecurityExtensions' from project 'SecurityExtensions')
SwiftCompile normal arm64_32 /Users/admin/builder/spi-builder-workspace/.dependencies/checkouts/swift-SecurityExtensions/SecurityExtensions/HexString.swift (in target 'SecurityExtensions' from project 'SecurityExtensions')
    cd /Users/admin/builder/spi-builder-workspace/.swiftpm/xcode
    builtin-SwiftPerFileCompile HexString.swift
SwiftMergeGeneratedHeaders /Users/admin/builder/spi-builder-workspace/.derivedData/Build/Intermediates.noindex/GeneratedModuleMaps-watchos/SecurityExtensions-Swift.h /Users/admin/builder/spi-builder-workspace/.derivedData/Build/Intermediates.noindex/SecurityExtensions.build/Debug-watchos/SecurityExtensions-t.build/Objects-normal/arm64/SecurityExtensions-Swift.h /Users/admin/builder/spi-builder-workspace/.derivedData/Build/Intermediates.noindex/SecurityExtensions.build/Debug-watchos/SecurityExtensions-t.build/Objects-normal/arm64_32/SecurityExtensions-Swift.h (in target 'SecurityExtensions' from project 'SecurityExtensions')
    cd /Users/admin/builder/spi-builder-workspace/.dependencies/checkouts/swift-SecurityExtensions
    builtin-swiftHeaderTool -arch arm64 /Users/admin/builder/spi-builder-workspace/.derivedData/Build/Intermediates.noindex/SecurityExtensions.build/Debug-watchos/SecurityExtensions-t.build/Objects-normal/arm64/SecurityExtensions-Swift.h -arch arm64_32 /Users/admin/builder/spi-builder-workspace/.derivedData/Build/Intermediates.noindex/SecurityExtensions.build/Debug-watchos/SecurityExtensions-t.build/Objects-normal/arm64_32/SecurityExtensions-Swift.h -o /Users/admin/builder/spi-builder-workspace/.derivedData/Build/Intermediates.noindex/GeneratedModuleMaps-watchos/SecurityExtensions-Swift.h
Copy /Users/admin/builder/spi-builder-workspace/.derivedData/Build/Products/Debug-watchos/SecurityExtensions.swiftmodule/arm64_32-apple-watchos.swiftmodule /Users/admin/builder/spi-builder-workspace/.derivedData/Build/Intermediates.noindex/SecurityExtensions.build/Debug-watchos/SecurityExtensions-t.build/Objects-normal/arm64_32/SecurityExtensions.swiftmodule (in target 'SecurityExtensions' from project 'SecurityExtensions')
    cd /Users/admin/builder/spi-builder-workspace/.dependencies/checkouts/swift-SecurityExtensions
    builtin-copy -exclude .DS_Store -exclude CVS -exclude .svn -exclude .git -exclude .hg -resolve-src-symlinks -rename /Users/admin/builder/spi-builder-workspace/.derivedData/Build/Intermediates.noindex/SecurityExtensions.build/Debug-watchos/SecurityExtensions-t.build/Objects-normal/arm64_32/SecurityExtensions.swiftmodule /Users/admin/builder/spi-builder-workspace/.derivedData/Build/Products/Debug-watchos/SecurityExtensions.swiftmodule/arm64_32-apple-watchos.swiftmodule
Copy /Users/admin/builder/spi-builder-workspace/.derivedData/Build/Products/Debug-watchos/SecurityExtensions.swiftmodule/arm64_32-apple-watchos.swiftdoc /Users/admin/builder/spi-builder-workspace/.derivedData/Build/Intermediates.noindex/SecurityExtensions.build/Debug-watchos/SecurityExtensions-t.build/Objects-normal/arm64_32/SecurityExtensions.swiftdoc (in target 'SecurityExtensions' from project 'SecurityExtensions')
    cd /Users/admin/builder/spi-builder-workspace/.dependencies/checkouts/swift-SecurityExtensions
    builtin-copy -exclude .DS_Store -exclude CVS -exclude .svn -exclude .git -exclude .hg -resolve-src-symlinks -rename /Users/admin/builder/spi-builder-workspace/.derivedData/Build/Intermediates.noindex/SecurityExtensions.build/Debug-watchos/SecurityExtensions-t.build/Objects-normal/arm64_32/SecurityExtensions.swiftdoc /Users/admin/builder/spi-builder-workspace/.derivedData/Build/Products/Debug-watchos/SecurityExtensions.swiftmodule/arm64_32-apple-watchos.swiftdoc
SwiftDriverJobDiscovery normal arm64 Compiling SecKey+Signing.swift (in target 'SecurityExtensions' from project 'SecurityExtensions')
Copy /Users/admin/builder/spi-builder-workspace/.derivedData/Build/Products/Debug-watchos/SecurityExtensions.swiftmodule/arm64_32-apple-watchos.abi.json /Users/admin/builder/spi-builder-workspace/.derivedData/Build/Intermediates.noindex/SecurityExtensions.build/Debug-watchos/SecurityExtensions-t.build/Objects-normal/arm64_32/SecurityExtensions.abi.json (in target 'SecurityExtensions' from project 'SecurityExtensions')
    cd /Users/admin/builder/spi-builder-workspace/.dependencies/checkouts/swift-SecurityExtensions
    builtin-copy -exclude .DS_Store -exclude CVS -exclude .svn -exclude .git -exclude .hg -resolve-src-symlinks -rename /Users/admin/builder/spi-builder-workspace/.derivedData/Build/Intermediates.noindex/SecurityExtensions.build/Debug-watchos/SecurityExtensions-t.build/Objects-normal/arm64_32/SecurityExtensions.abi.json /Users/admin/builder/spi-builder-workspace/.derivedData/Build/Products/Debug-watchos/SecurityExtensions.swiftmodule/arm64_32-apple-watchos.abi.json
Copy /Users/admin/builder/spi-builder-workspace/.derivedData/Build/Products/Debug-watchos/SecurityExtensions.swiftmodule/Project/arm64_32-apple-watchos.swiftsourceinfo /Users/admin/builder/spi-builder-workspace/.derivedData/Build/Intermediates.noindex/SecurityExtensions.build/Debug-watchos/SecurityExtensions-t.build/Objects-normal/arm64_32/SecurityExtensions.swiftsourceinfo (in target 'SecurityExtensions' from project 'SecurityExtensions')
    cd /Users/admin/builder/spi-builder-workspace/.dependencies/checkouts/swift-SecurityExtensions
    builtin-copy -exclude .DS_Store -exclude CVS -exclude .svn -exclude .git -exclude .hg -resolve-src-symlinks -rename /Users/admin/builder/spi-builder-workspace/.derivedData/Build/Intermediates.noindex/SecurityExtensions.build/Debug-watchos/SecurityExtensions-t.build/Objects-normal/arm64_32/SecurityExtensions.swiftsourceinfo /Users/admin/builder/spi-builder-workspace/.derivedData/Build/Products/Debug-watchos/SecurityExtensions.swiftmodule/Project/arm64_32-apple-watchos.swiftsourceinfo
SwiftCompile normal arm64_32 Compiling\ SecKey+KeyData.swift /Users/admin/builder/spi-builder-workspace/.dependencies/checkouts/swift-SecurityExtensions/SecurityExtensions/SecKey+KeyData.swift (in target 'SecurityExtensions' from project 'SecurityExtensions')
SwiftCompile normal arm64_32 /Users/admin/builder/spi-builder-workspace/.dependencies/checkouts/swift-SecurityExtensions/SecurityExtensions/SecKey+KeyData.swift (in target 'SecurityExtensions' from project 'SecurityExtensions')
    cd /Users/admin/builder/spi-builder-workspace/.swiftpm/xcode
    builtin-SwiftPerFileCompile SecKey+KeyData.swift
SwiftDriverJobDiscovery normal arm64 Compiling SecKey+KeyPair.swift (in target 'SecurityExtensions' from project 'SecurityExtensions')
SwiftCompile normal arm64_32 Compiling\ SecKey+Crypt.swift /Users/admin/builder/spi-builder-workspace/.dependencies/checkouts/swift-SecurityExtensions/SecurityExtensions/SecKey+Crypt.swift (in target 'SecurityExtensions' from project 'SecurityExtensions')
SwiftCompile normal arm64_32 /Users/admin/builder/spi-builder-workspace/.dependencies/checkouts/swift-SecurityExtensions/SecurityExtensions/SecKey+Crypt.swift (in target 'SecurityExtensions' from project 'SecurityExtensions')
    cd /Users/admin/builder/spi-builder-workspace/.swiftpm/xcode
    builtin-SwiftPerFileCompile SecKey+Crypt.swift
SwiftCompile normal arm64_32 Compiling\ SecIdentity+PrivateKey.swift /Users/admin/builder/spi-builder-workspace/.dependencies/checkouts/swift-SecurityExtensions/SecurityExtensions/SecIdentity+PrivateKey.swift (in target 'SecurityExtensions' from project 'SecurityExtensions')
SwiftCompile normal arm64_32 /Users/admin/builder/spi-builder-workspace/.dependencies/checkouts/swift-SecurityExtensions/SecurityExtensions/SecIdentity+PrivateKey.swift (in target 'SecurityExtensions' from project 'SecurityExtensions')
    cd /Users/admin/builder/spi-builder-workspace/.swiftpm/xcode
    builtin-SwiftPerFileCompile SecIdentity+PrivateKey.swift
SwiftDriverJobDiscovery normal arm64 Compiling SecKey+KeyData.swift (in target 'SecurityExtensions' from project 'SecurityExtensions')
SwiftCompile normal arm64_32 Compiling\ SecCertificate.swift /Users/admin/builder/spi-builder-workspace/.dependencies/checkouts/swift-SecurityExtensions/SecurityExtensions/SecCertificate.swift (in target 'SecurityExtensions' from project 'SecurityExtensions')
SwiftCompile normal arm64_32 /Users/admin/builder/spi-builder-workspace/.dependencies/checkouts/swift-SecurityExtensions/SecurityExtensions/SecCertificate.swift (in target 'SecurityExtensions' from project 'SecurityExtensions')
    cd /Users/admin/builder/spi-builder-workspace/.swiftpm/xcode
    builtin-SwiftPerFileCompile SecCertificate.swift
SwiftDriverJobDiscovery normal arm64 Compiling HexString.swift (in target 'SecurityExtensions' from project 'SecurityExtensions')
SwiftCompile normal arm64_32 Compiling\ SecKey+Signing.swift /Users/admin/builder/spi-builder-workspace/.dependencies/checkouts/swift-SecurityExtensions/SecurityExtensions/SecKey+Signing.swift (in target 'SecurityExtensions' from project 'SecurityExtensions')
SwiftCompile normal arm64_32 /Users/admin/builder/spi-builder-workspace/.dependencies/checkouts/swift-SecurityExtensions/SecurityExtensions/SecKey+Signing.swift (in target 'SecurityExtensions' from project 'SecurityExtensions')
    cd /Users/admin/builder/spi-builder-workspace/.swiftpm/xcode
    builtin-SwiftPerFileCompile SecKey+Signing.swift
SwiftDriverJobDiscovery normal arm64_32 Compiling SecIdentity.swift (in target 'SecurityExtensions' from project 'SecurityExtensions')
SwiftCompile normal arm64 Compiling\ SecKey+Keychain.swift /Users/admin/builder/spi-builder-workspace/.dependencies/checkouts/swift-SecurityExtensions/SecurityExtensions/SecKey+Keychain.swift (in target 'SecurityExtensions' from project 'SecurityExtensions')
SwiftCompile normal arm64 /Users/admin/builder/spi-builder-workspace/.dependencies/checkouts/swift-SecurityExtensions/SecurityExtensions/SecKey+Keychain.swift (in target 'SecurityExtensions' from project 'SecurityExtensions')
    cd /Users/admin/builder/spi-builder-workspace/.swiftpm/xcode
    builtin-SwiftPerFileCompile SecKey+Keychain.swift
SwiftDriverJobDiscovery normal arm64 Compiling SecKey+Crypt.swift (in target 'SecurityExtensions' from project 'SecurityExtensions')
SwiftDriver SelfSignedCert normal arm64 com.apple.xcode.tools.swift.compiler (in target 'SelfSignedCert' from project 'SelfSignedCert')
    cd /Users/admin/builder/spi-builder-workspace/.swiftpm/xcode
    builtin-SwiftDriver -- /Applications/Xcode-27.0.0-Release.Candidate.app/Contents/Developer/Toolchains/XcodeDefault.xctoolchain/usr/bin/swiftc -parse-as-library -module-name SelfSignedCert -Onone @/Users/admin/builder/spi-builder-workspace/.derivedData/Build/Intermediates.noindex/SelfSignedCert.build/Debug-watchos/SelfSignedCert-t.build/Objects-normal/arm64/SelfSignedCert.SwiftFileList -DSWIFT_PACKAGE -DDEBUG -DSWIFT_MODULE_RESOURCE_BUNDLE_UNAVAILABLE -DXcode -plugin-path /Applications/Xcode-27.0.0-Release.Candidate.app/Contents/Developer/Toolchains/XcodeDefault.xctoolchain/usr/lib/swift/host/plugins/testing -enable-experimental-feature DebugDescriptionMacro -sdk /Applications/Xcode-27.0.0-Release.Candidate.app/Contents/Developer/Platforms/WatchOS.platform/Developer/SDKs/WatchOS27.0.sdk -target arm64-apple-watchos9.0 -g -module-cache-path /Users/admin/builder/spi-builder-workspace/.derivedData/ModuleCache.noindex -Xfrontend -serialize-debugging-options -enable-testing -index-store-path /Users/admin/builder/spi-builder-workspace/.derivedData/Index.noindex/DataStore -Xcc -D_LIBCPP_HARDENING_MODE\=_LIBCPP_HARDENING_MODE_DEBUG -swift-version 5 -I /Users/admin/builder/spi-builder-workspace/.derivedData/Build/Products/Debug-watchos -Isystem /Applications/Xcode-27.0.0-Release.Candidate.app/Contents/Developer/Platforms/WatchOS.platform/Developer/usr/lib -F /Users/admin/builder/spi-builder-workspace/.derivedData/Build/Products/Debug-watchos/PackageFrameworks -F /Users/admin/builder/spi-builder-workspace/.derivedData/Build/Products/Debug-watchos -F /Applications/Xcode-27.0.0-Release.Candidate.app/Contents/Developer/Platforms/WatchOS.platform/Developer/Library/Frameworks -F /Applications/Xcode-27.0.0-Release.Candidate.app/Contents/Developer/Platforms/WatchOS.platform/Developer/SDKs/WatchOS27.0.sdk/Developer/Library/Frameworks -c -j10 -enable-batch-mode -incremental -Xcc -ivfsstatcache -Xcc /Users/admin/builder/spi-builder-workspace/.derivedData/SDKStatCaches.noindex/watchos27.0-24R360-e829b21a6f8c9b70876ba0858053c04477534ef55a1706bf4c1112bbb242f0a2.sdkstatcache -output-file-map /Users/admin/builder/spi-builder-workspace/.derivedData/Build/Intermediates.noindex/SelfSignedCert.build/Debug-watchos/SelfSignedCert-t.build/Objects-normal/arm64/SelfSignedCert-OutputFileMap.json -save-temps -no-color-diagnostics -explicit-module-build -module-cache-path /Users/admin/builder/spi-builder-workspace/.derivedData/Build/Intermediates.noindex/SwiftExplicitPrecompiledModules -clang-scanner-module-cache-path /Users/admin/builder/spi-builder-workspace/.derivedData/ModuleCache.noindex -sdk-module-cache-path /Users/admin/builder/spi-builder-workspace/.derivedData/SDKExplicitPrecompiledModules -emit-dependencies -emit-module -emit-module-path /Users/admin/builder/spi-builder-workspace/.derivedData/Build/Intermediates.noindex/SelfSignedCert.build/Debug-watchos/SelfSignedCert-t.build/Objects-normal/arm64/SelfSignedCert.swiftmodule -serialize-diagnostics -dependency-scan-serialize-diagnostics-path /Users/admin/builder/spi-builder-workspace/.derivedData/Build/Intermediates.noindex/SelfSignedCert.build/Debug-watchos/SelfSignedCert-t.build/Objects-normal/arm64/SelfSignedCert-dependency-scan.dia -validate-clang-modules-once -clang-build-session-file /Users/admin/builder/spi-builder-workspace/.derivedData/ModuleCache.noindex/Session.modulevalidation -Xcc -fmodules-prune-interval\=86400 -Xcc -fmodules-prune-after\=345600 -emit-const-values -const-gather-protocols-list /Users/admin/builder/spi-builder-workspace/.derivedData/Build/Intermediates.noindex/SelfSignedCert.build/Debug-watchos/SelfSignedCert-t.build/Objects-normal/arm64/SelfSignedCert_const_extract_protocols.json -Xcc -I/Users/admin/builder/spi-builder-workspace/.derivedData/Build/Products/Debug-watchos/include -Xcc -I/Users/admin/builder/spi-builder-workspace/.derivedData/Build/Intermediates.noindex/SelfSignedCert.build/Debug-watchos/SelfSignedCert-t.build/DerivedSources-normal/arm64 -Xcc -I/Users/admin/builder/spi-builder-workspace/.derivedData/Build/Intermediates.noindex/SelfSignedCert.build/Debug-watchos/SelfSignedCert-t.build/DerivedSources/arm64 -Xcc -I/Users/admin/builder/spi-builder-workspace/.derivedData/Build/Intermediates.noindex/SelfSignedCert.build/Debug-watchos/SelfSignedCert-t.build/DerivedSources -Xcc -DSWIFT_PACKAGE -Xcc -DDEBUG\=1 -emit-objc-header -emit-objc-header-path /Users/admin/builder/spi-builder-workspace/.derivedData/Build/Intermediates.noindex/SelfSignedCert.build/Debug-watchos/SelfSignedCert-t.build/Objects-normal/arm64/SelfSignedCert-Swift.h -working-directory /Users/admin/builder/spi-builder-workspace/.swiftpm/xcode -experimental-emit-module-separately -disable-cmo
SwiftDriver SelfSignedCert normal arm64_32 com.apple.xcode.tools.swift.compiler (in target 'SelfSignedCert' from project 'SelfSignedCert')
    cd /Users/admin/builder/spi-builder-workspace/.swiftpm/xcode
    builtin-SwiftDriver -- /Applications/Xcode-27.0.0-Release.Candidate.app/Contents/Developer/Toolchains/XcodeDefault.xctoolchain/usr/bin/swiftc -parse-as-library -module-name SelfSignedCert -Onone @/Users/admin/builder/spi-builder-workspace/.derivedData/Build/Intermediates.noindex/SelfSignedCert.build/Debug-watchos/SelfSignedCert-t.build/Objects-normal/arm64_32/SelfSignedCert.SwiftFileList -DSWIFT_PACKAGE -DDEBUG -DSWIFT_MODULE_RESOURCE_BUNDLE_UNAVAILABLE -DXcode -plugin-path /Applications/Xcode-27.0.0-Release.Candidate.app/Contents/Developer/Toolchains/XcodeDefault.xctoolchain/usr/lib/swift/host/plugins/testing -enable-experimental-feature DebugDescriptionMacro -sdk /Applications/Xcode-27.0.0-Release.Candidate.app/Contents/Developer/Platforms/WatchOS.platform/Developer/SDKs/WatchOS27.0.sdk -target arm64_32-apple-watchos9.0 -g -module-cache-path /Users/admin/builder/spi-builder-workspace/.derivedData/ModuleCache.noindex -Xfrontend -serialize-debugging-options -enable-testing -index-store-path /Users/admin/builder/spi-builder-workspace/.derivedData/Index.noindex/DataStore -Xcc -D_LIBCPP_HARDENING_MODE\=_LIBCPP_HARDENING_MODE_DEBUG -swift-version 5 -I /Users/admin/builder/spi-builder-workspace/.derivedData/Build/Products/Debug-watchos -Isystem /Applications/Xcode-27.0.0-Release.Candidate.app/Contents/Developer/Platforms/WatchOS.platform/Developer/usr/lib -F /Users/admin/builder/spi-builder-workspace/.derivedData/Build/Products/Debug-watchos/PackageFrameworks -F /Users/admin/builder/spi-builder-workspace/.derivedData/Build/Products/Debug-watchos -F /Applications/Xcode-27.0.0-Release.Candidate.app/Contents/Developer/Platforms/WatchOS.platform/Developer/Library/Frameworks -F /Applications/Xcode-27.0.0-Release.Candidate.app/Contents/Developer/Platforms/WatchOS.platform/Developer/SDKs/WatchOS27.0.sdk/Developer/Library/Frameworks -c -j10 -enable-batch-mode -incremental -Xcc -ivfsstatcache -Xcc /Users/admin/builder/spi-builder-workspace/.derivedData/SDKStatCaches.noindex/watchos27.0-24R360-e829b21a6f8c9b70876ba0858053c04477534ef55a1706bf4c1112bbb242f0a2.sdkstatcache -output-file-map /Users/admin/builder/spi-builder-workspace/.derivedData/Build/Intermediates.noindex/SelfSignedCert.build/Debug-watchos/SelfSignedCert-t.build/Objects-normal/arm64_32/SelfSignedCert-OutputFileMap.json -save-temps -no-color-diagnostics -explicit-module-build -module-cache-path /Users/admin/builder/spi-builder-workspace/.derivedData/Build/Intermediates.noindex/SwiftExplicitPrecompiledModules -clang-scanner-module-cache-path /Users/admin/builder/spi-builder-workspace/.derivedData/ModuleCache.noindex -sdk-module-cache-path /Users/admin/builder/spi-builder-workspace/.derivedData/SDKExplicitPrecompiledModules -emit-dependencies -emit-module -emit-module-path /Users/admin/builder/spi-builder-workspace/.derivedData/Build/Intermediates.noindex/SelfSignedCert.build/Debug-watchos/SelfSignedCert-t.build/Objects-normal/arm64_32/SelfSignedCert.swiftmodule -serialize-diagnostics -dependency-scan-serialize-diagnostics-path /Users/admin/builder/spi-builder-workspace/.derivedData/Build/Intermediates.noindex/SelfSignedCert.build/Debug-watchos/SelfSignedCert-t.build/Objects-normal/arm64_32/SelfSignedCert-dependency-scan.dia -validate-clang-modules-once -clang-build-session-file /Users/admin/builder/spi-builder-workspace/.derivedData/ModuleCache.noindex/Session.modulevalidation -Xcc -fmodules-prune-interval\=86400 -Xcc -fmodules-prune-after\=345600 -emit-const-values -const-gather-protocols-list /Users/admin/builder/spi-builder-workspace/.derivedData/Build/Intermediates.noindex/SelfSignedCert.build/Debug-watchos/SelfSignedCert-t.build/Objects-normal/arm64_32/SelfSignedCert_const_extract_protocols.json -Xcc -I/Users/admin/builder/spi-builder-workspace/.derivedData/Build/Products/Debug-watchos/include -Xcc -I/Users/admin/builder/spi-builder-workspace/.derivedData/Build/Intermediates.noindex/SelfSignedCert.build/Debug-watchos/SelfSignedCert-t.build/DerivedSources-normal/arm64_32 -Xcc -I/Users/admin/builder/spi-builder-workspace/.derivedData/Build/Intermediates.noindex/SelfSignedCert.build/Debug-watchos/SelfSignedCert-t.build/DerivedSources/arm64_32 -Xcc -I/Users/admin/builder/spi-builder-workspace/.derivedData/Build/Intermediates.noindex/SelfSignedCert.build/Debug-watchos/SelfSignedCert-t.build/DerivedSources -Xcc -DSWIFT_PACKAGE -Xcc -DDEBUG\=1 -emit-objc-header -emit-objc-header-path /Users/admin/builder/spi-builder-workspace/.derivedData/Build/Intermediates.noindex/SelfSignedCert.build/Debug-watchos/SelfSignedCert-t.build/Objects-normal/arm64_32/SelfSignedCert-Swift.h -working-directory /Users/admin/builder/spi-builder-workspace/.swiftpm/xcode -experimental-emit-module-separately -disable-cmo
SwiftDriverJobDiscovery normal arm64_32 Compiling SecKey+Keychain.swift (in target 'SecurityExtensions' from project 'SecurityExtensions')
SwiftDriverJobDiscovery normal arm64_32 Compiling SecKey+KeyPair.swift (in target 'SecurityExtensions' from project 'SecurityExtensions')
SwiftDriverJobDiscovery normal arm64_32 Compiling SecIdentity+PrivateKey.swift (in target 'SecurityExtensions' from project 'SecurityExtensions')
SwiftDriverJobDiscovery normal arm64_32 Compiling SecCertificate.swift (in target 'SecurityExtensions' from project 'SecurityExtensions')
SwiftDriverJobDiscovery normal arm64_32 Compiling SecKey+KeyData.swift (in target 'SecurityExtensions' from project 'SecurityExtensions')
SwiftDriverJobDiscovery normal arm64_32 Compiling SecKey+Signing.swift (in target 'SecurityExtensions' from project 'SecurityExtensions')
SwiftDriverJobDiscovery normal arm64_32 Compiling HexString.swift (in target 'SecurityExtensions' from project 'SecurityExtensions')
SwiftDriverJobDiscovery normal arm64 Compiling SecKey+Keychain.swift (in target 'SecurityExtensions' from project 'SecurityExtensions')
SwiftDriver\ Compilation SecurityExtensions normal arm64 com.apple.xcode.tools.swift.compiler (in target 'SecurityExtensions' from project 'SecurityExtensions')
    cd /Users/admin/builder/spi-builder-workspace/.swiftpm/xcode
    builtin-Swift-Compilation -- /Applications/Xcode-27.0.0-Release.Candidate.app/Contents/Developer/Toolchains/XcodeDefault.xctoolchain/usr/bin/swiftc -parse-as-library -module-name SecurityExtensions -Onone @/Users/admin/builder/spi-builder-workspace/.derivedData/Build/Intermediates.noindex/SecurityExtensions.build/Debug-watchos/SecurityExtensions-t.build/Objects-normal/arm64/SecurityExtensions.SwiftFileList -DSWIFT_PACKAGE -DDEBUG -DSWIFT_MODULE_RESOURCE_BUNDLE_UNAVAILABLE -DXcode -plugin-path /Applications/Xcode-27.0.0-Release.Candidate.app/Contents/Developer/Toolchains/XcodeDefault.xctoolchain/usr/lib/swift/host/plugins/testing -enable-experimental-feature DebugDescriptionMacro -sdk /Applications/Xcode-27.0.0-Release.Candidate.app/Contents/Developer/Platforms/WatchOS.platform/Developer/SDKs/WatchOS27.0.sdk -target arm64-apple-watchos9.0 -g -module-cache-path /Users/admin/builder/spi-builder-workspace/.derivedData/ModuleCache.noindex -Xfrontend -serialize-debugging-options -enable-testing -suppress-warnings -index-store-path /Users/admin/builder/spi-builder-workspace/.derivedData/Index.noindex/DataStore -Xcc -D_LIBCPP_HARDENING_MODE\=_LIBCPP_HARDENING_MODE_DEBUG -swift-version 5 -I /Users/admin/builder/spi-builder-workspace/.derivedData/Build/Products/Debug-watchos -Isystem /Applications/Xcode-27.0.0-Release.Candidate.app/Contents/Developer/Platforms/WatchOS.platform/Developer/usr/lib -F /Users/admin/builder/spi-builder-workspace/.derivedData/Build/Products/Debug-watchos/PackageFrameworks -F /Users/admin/builder/spi-builder-workspace/.derivedData/Build/Products/Debug-watchos -F /Applications/Xcode-27.0.0-Release.Candidate.app/Contents/Developer/Platforms/WatchOS.platform/Developer/Library/Frameworks -F /Applications/Xcode-27.0.0-Release.Candidate.app/Contents/Developer/Platforms/WatchOS.platform/Developer/SDKs/WatchOS27.0.sdk/Developer/Library/Frameworks -c -j10 -enable-batch-mode -incremental -Xcc -ivfsstatcache -Xcc /Users/admin/builder/spi-builder-workspace/.derivedData/SDKStatCaches.noindex/watchos27.0-24R360-e829b21a6f8c9b70876ba0858053c04477534ef55a1706bf4c1112bbb242f0a2.sdkstatcache -output-file-map /Users/admin/builder/spi-builder-workspace/.derivedData/Build/Intermediates.noindex/SecurityExtensions.build/Debug-watchos/SecurityExtensions-t.build/Objects-normal/arm64/SecurityExtensions-OutputFileMap.json -save-temps -no-color-diagnostics -explicit-module-build -module-cache-path /Users/admin/builder/spi-builder-workspace/.derivedData/Build/Intermediates.noindex/SwiftExplicitPrecompiledModules -clang-scanner-module-cache-path /Users/admin/builder/spi-builder-workspace/.derivedData/ModuleCache.noindex -sdk-module-cache-path /Users/admin/builder/spi-builder-workspace/.derivedData/SDKExplicitPrecompiledModules -emit-dependencies -emit-module -emit-module-path /Users/admin/builder/spi-builder-workspace/.derivedData/Build/Intermediates.noindex/SecurityExtensions.build/Debug-watchos/SecurityExtensions-t.build/Objects-normal/arm64/SecurityExtensions.swiftmodule -serialize-diagnostics -dependency-scan-serialize-diagnostics-path /Users/admin/builder/spi-builder-workspace/.derivedData/Build/Intermediates.noindex/SecurityExtensions.build/Debug-watchos/SecurityExtensions-t.build/Objects-normal/arm64/SecurityExtensions-dependency-scan.dia -validate-clang-modules-once -clang-build-session-file /Users/admin/builder/spi-builder-workspace/.derivedData/ModuleCache.noindex/Session.modulevalidation -Xcc -fmodules-prune-interval\=86400 -Xcc -fmodules-prune-after\=345600 -emit-const-values -const-gather-protocols-list /Users/admin/builder/spi-builder-workspace/.derivedData/Build/Intermediates.noindex/SecurityExtensions.build/Debug-watchos/SecurityExtensions-t.build/Objects-normal/arm64/SecurityExtensions_const_extract_protocols.json -Xcc -I/Users/admin/builder/spi-builder-workspace/.derivedData/Build/Products/Debug-watchos/include -Xcc -I/Users/admin/builder/spi-builder-workspace/.derivedData/Build/Intermediates.noindex/SecurityExtensions.build/Debug-watchos/SecurityExtensions-t.build/DerivedSources-normal/arm64 -Xcc -I/Users/admin/builder/spi-builder-workspace/.derivedData/Build/Intermediates.noindex/SecurityExtensions.build/Debug-watchos/SecurityExtensions-t.build/DerivedSources/arm64 -Xcc -I/Users/admin/builder/spi-builder-workspace/.derivedData/Build/Intermediates.noindex/SecurityExtensions.build/Debug-watchos/SecurityExtensions-t.build/DerivedSources -Xcc -DSWIFT_PACKAGE -Xcc -DDEBUG\=1 -emit-objc-header -emit-objc-header-path /Users/admin/builder/spi-builder-workspace/.derivedData/Build/Intermediates.noindex/SecurityExtensions.build/Debug-watchos/SecurityExtensions-t.build/Objects-normal/arm64/SecurityExtensions-Swift.h -working-directory /Users/admin/builder/spi-builder-workspace/.swiftpm/xcode -experimental-emit-module-separately -disable-cmo
Ld /Users/admin/builder/spi-builder-workspace/.derivedData/Build/Intermediates.noindex/SecurityExtensions.build/Debug-watchos/SecurityExtensions-t.build/Objects-normal/arm64/Binary/SecurityExtensions.o normal arm64 (in target 'SecurityExtensions' from project 'SecurityExtensions')
    cd /Users/admin/builder/spi-builder-workspace/.dependencies/checkouts/swift-SecurityExtensions
    /Applications/Xcode-27.0.0-Release.Candidate.app/Contents/Developer/Toolchains/XcodeDefault.xctoolchain/usr/bin/clang -Xlinker -reproducible -target arm64-apple-watchos9.0 -r -isysroot /Applications/Xcode-27.0.0-Release.Candidate.app/Contents/Developer/Platforms/WatchOS.platform/Developer/SDKs/WatchOS27.0.sdk -O0 -w -Xlinker -no_warn_duplicate_libraries -F/Users/admin/builder/spi-builder-workspace/.derivedData/Build/Intermediates.noindex/EagerLinkingTBDs/Debug-watchos -F/Users/admin/builder/spi-builder-workspace/.derivedData/Build/Products/Debug-watchos/PackageFrameworks -F/Users/admin/builder/spi-builder-workspace/.derivedData/Build/Products/Debug-watchos -iframework /Applications/Xcode-27.0.0-Release.Candidate.app/Contents/Developer/Platforms/WatchOS.platform/Developer/Library/Frameworks -iframework /Applications/Xcode-27.0.0-Release.Candidate.app/Contents/Developer/Platforms/WatchOS.platform/Developer/SDKs/WatchOS27.0.sdk/Developer/Library/Frameworks -filelist /Users/admin/builder/spi-builder-workspace/.derivedData/Build/Intermediates.noindex/SecurityExtensions.build/Debug-watchos/SecurityExtensions-t.build/Objects-normal/arm64/SecurityExtensions.LinkFileList -nostdlib -Xlinker -object_path_lto -Xlinker /Users/admin/builder/spi-builder-workspace/.derivedData/Build/Intermediates.noindex/SecurityExtensions.build/Debug-watchos/SecurityExtensions-t.build/Objects-normal/arm64/SecurityExtensions_lto.o -Xlinker -no_deduplicate -Xlinker -dependency_info -Xlinker /Users/admin/builder/spi-builder-workspace/.derivedData/Build/Intermediates.noindex/SecurityExtensions.build/Debug-watchos/SecurityExtensions-t.build/Objects-normal/arm64/SecurityExtensions_dependency_info.dat -fobjc-link-runtime -L/Applications/Xcode-27.0.0-Release.Candidate.app/Contents/Developer/Toolchains/XcodeDefault.xctoolchain/usr/lib/swift/watchos -L/usr/lib/swift -Xlinker -add_ast_path -Xlinker /Users/admin/builder/spi-builder-workspace/.derivedData/Build/Intermediates.noindex/SecurityExtensions.build/Debug-watchos/SecurityExtensions-t.build/Objects-normal/arm64/SecurityExtensions.swiftmodule -o /Users/admin/builder/spi-builder-workspace/.derivedData/Build/Intermediates.noindex/SecurityExtensions.build/Debug-watchos/SecurityExtensions-t.build/Objects-normal/arm64/Binary/SecurityExtensions.o
SwiftDriverJobDiscovery normal arm64_32 Compiling SecKey+Crypt.swift (in target 'SecurityExtensions' from project 'SecurityExtensions')
SwiftDriver\ Compilation SecurityExtensions normal arm64_32 com.apple.xcode.tools.swift.compiler (in target 'SecurityExtensions' from project 'SecurityExtensions')
    cd /Users/admin/builder/spi-builder-workspace/.swiftpm/xcode
    builtin-Swift-Compilation -- /Applications/Xcode-27.0.0-Release.Candidate.app/Contents/Developer/Toolchains/XcodeDefault.xctoolchain/usr/bin/swiftc -parse-as-library -module-name SecurityExtensions -Onone @/Users/admin/builder/spi-builder-workspace/.derivedData/Build/Intermediates.noindex/SecurityExtensions.build/Debug-watchos/SecurityExtensions-t.build/Objects-normal/arm64_32/SecurityExtensions.SwiftFileList -DSWIFT_PACKAGE -DDEBUG -DSWIFT_MODULE_RESOURCE_BUNDLE_UNAVAILABLE -DXcode -plugin-path /Applications/Xcode-27.0.0-Release.Candidate.app/Contents/Developer/Toolchains/XcodeDefault.xctoolchain/usr/lib/swift/host/plugins/testing -enable-experimental-feature DebugDescriptionMacro -sdk /Applications/Xcode-27.0.0-Release.Candidate.app/Contents/Developer/Platforms/WatchOS.platform/Developer/SDKs/WatchOS27.0.sdk -target arm64_32-apple-watchos9.0 -g -module-cache-path /Users/admin/builder/spi-builder-workspace/.derivedData/ModuleCache.noindex -Xfrontend -serialize-debugging-options -enable-testing -suppress-warnings -index-store-path /Users/admin/builder/spi-builder-workspace/.derivedData/Index.noindex/DataStore -Xcc -D_LIBCPP_HARDENING_MODE\=_LIBCPP_HARDENING_MODE_DEBUG -swift-version 5 -I /Users/admin/builder/spi-builder-workspace/.derivedData/Build/Products/Debug-watchos -Isystem /Applications/Xcode-27.0.0-Release.Candidate.app/Contents/Developer/Platforms/WatchOS.platform/Developer/usr/lib -F /Users/admin/builder/spi-builder-workspace/.derivedData/Build/Products/Debug-watchos/PackageFrameworks -F /Users/admin/builder/spi-builder-workspace/.derivedData/Build/Products/Debug-watchos -F /Applications/Xcode-27.0.0-Release.Candidate.app/Contents/Developer/Platforms/WatchOS.platform/Developer/Library/Frameworks -F /Applications/Xcode-27.0.0-Release.Candidate.app/Contents/Developer/Platforms/WatchOS.platform/Developer/SDKs/WatchOS27.0.sdk/Developer/Library/Frameworks -c -j10 -enable-batch-mode -incremental -Xcc -ivfsstatcache -Xcc /Users/admin/builder/spi-builder-workspace/.derivedData/SDKStatCaches.noindex/watchos27.0-24R360-e829b21a6f8c9b70876ba0858053c04477534ef55a1706bf4c1112bbb242f0a2.sdkstatcache -output-file-map /Users/admin/builder/spi-builder-workspace/.derivedData/Build/Intermediates.noindex/SecurityExtensions.build/Debug-watchos/SecurityExtensions-t.build/Objects-normal/arm64_32/SecurityExtensions-OutputFileMap.json -save-temps -no-color-diagnostics -explicit-module-build -module-cache-path /Users/admin/builder/spi-builder-workspace/.derivedData/Build/Intermediates.noindex/SwiftExplicitPrecompiledModules -clang-scanner-module-cache-path /Users/admin/builder/spi-builder-workspace/.derivedData/ModuleCache.noindex -sdk-module-cache-path /Users/admin/builder/spi-builder-workspace/.derivedData/SDKExplicitPrecompiledModules -emit-dependencies -emit-module -emit-module-path /Users/admin/builder/spi-builder-workspace/.derivedData/Build/Intermediates.noindex/SecurityExtensions.build/Debug-watchos/SecurityExtensions-t.build/Objects-normal/arm64_32/SecurityExtensions.swiftmodule -serialize-diagnostics -dependency-scan-serialize-diagnostics-path /Users/admin/builder/spi-builder-workspace/.derivedData/Build/Intermediates.noindex/SecurityExtensions.build/Debug-watchos/SecurityExtensions-t.build/Objects-normal/arm64_32/SecurityExtensions-dependency-scan.dia -validate-clang-modules-once -clang-build-session-file /Users/admin/builder/spi-builder-workspace/.derivedData/ModuleCache.noindex/Session.modulevalidation -Xcc -fmodules-prune-interval\=86400 -Xcc -fmodules-prune-after\=345600 -emit-const-values -const-gather-protocols-list /Users/admin/builder/spi-builder-workspace/.derivedData/Build/Intermediates.noindex/SecurityExtensions.build/Debug-watchos/SecurityExtensions-t.build/Objects-normal/arm64_32/SecurityExtensions_const_extract_protocols.json -Xcc -I/Users/admin/builder/spi-builder-workspace/.derivedData/Build/Products/Debug-watchos/include -Xcc -I/Users/admin/builder/spi-builder-workspace/.derivedData/Build/Intermediates.noindex/SecurityExtensions.build/Debug-watchos/SecurityExtensions-t.build/DerivedSources-normal/arm64_32 -Xcc -I/Users/admin/builder/spi-builder-workspace/.derivedData/Build/Intermediates.noindex/SecurityExtensions.build/Debug-watchos/SecurityExtensions-t.build/DerivedSources/arm64_32 -Xcc -I/Users/admin/builder/spi-builder-workspace/.derivedData/Build/Intermediates.noindex/SecurityExtensions.build/Debug-watchos/SecurityExtensions-t.build/DerivedSources -Xcc -DSWIFT_PACKAGE -Xcc -DDEBUG\=1 -emit-objc-header -emit-objc-header-path /Users/admin/builder/spi-builder-workspace/.derivedData/Build/Intermediates.noindex/SecurityExtensions.build/Debug-watchos/SecurityExtensions-t.build/Objects-normal/arm64_32/SecurityExtensions-Swift.h -working-directory /Users/admin/builder/spi-builder-workspace/.swiftpm/xcode -experimental-emit-module-separately -disable-cmo
Ld /Users/admin/builder/spi-builder-workspace/.derivedData/Build/Intermediates.noindex/SecurityExtensions.build/Debug-watchos/SecurityExtensions-t.build/Objects-normal/arm64_32/Binary/SecurityExtensions.o normal arm64_32 (in target 'SecurityExtensions' from project 'SecurityExtensions')
    cd /Users/admin/builder/spi-builder-workspace/.dependencies/checkouts/swift-SecurityExtensions
    /Applications/Xcode-27.0.0-Release.Candidate.app/Contents/Developer/Toolchains/XcodeDefault.xctoolchain/usr/bin/clang -Xlinker -reproducible -target arm64_32-apple-watchos9.0 -r -isysroot /Applications/Xcode-27.0.0-Release.Candidate.app/Contents/Developer/Platforms/WatchOS.platform/Developer/SDKs/WatchOS27.0.sdk -O0 -w -Xlinker -no_warn_duplicate_libraries -F/Users/admin/builder/spi-builder-workspace/.derivedData/Build/Intermediates.noindex/EagerLinkingTBDs/Debug-watchos -F/Users/admin/builder/spi-builder-workspace/.derivedData/Build/Products/Debug-watchos/PackageFrameworks -F/Users/admin/builder/spi-builder-workspace/.derivedData/Build/Products/Debug-watchos -iframework /Applications/Xcode-27.0.0-Release.Candidate.app/Contents/Developer/Platforms/WatchOS.platform/Developer/Library/Frameworks -iframework /Applications/Xcode-27.0.0-Release.Candidate.app/Contents/Developer/Platforms/WatchOS.platform/Developer/SDKs/WatchOS27.0.sdk/Developer/Library/Frameworks -filelist /Users/admin/builder/spi-builder-workspace/.derivedData/Build/Intermediates.noindex/SecurityExtensions.build/Debug-watchos/SecurityExtensions-t.build/Objects-normal/arm64_32/SecurityExtensions.LinkFileList -nostdlib -Xlinker -object_path_lto -Xlinker /Users/admin/builder/spi-builder-workspace/.derivedData/Build/Intermediates.noindex/SecurityExtensions.build/Debug-watchos/SecurityExtensions-t.build/Objects-normal/arm64_32/SecurityExtensions_lto.o -Xlinker -no_deduplicate -Xlinker -dependency_info -Xlinker /Users/admin/builder/spi-builder-workspace/.derivedData/Build/Intermediates.noindex/SecurityExtensions.build/Debug-watchos/SecurityExtensions-t.build/Objects-normal/arm64_32/SecurityExtensions_dependency_info.dat -fobjc-link-runtime -L/Applications/Xcode-27.0.0-Release.Candidate.app/Contents/Developer/Toolchains/XcodeDefault.xctoolchain/usr/lib/swift/watchos -L/usr/lib/swift -Xlinker -add_ast_path -Xlinker /Users/admin/builder/spi-builder-workspace/.derivedData/Build/Intermediates.noindex/SecurityExtensions.build/Debug-watchos/SecurityExtensions-t.build/Objects-normal/arm64_32/SecurityExtensions.swiftmodule -o /Users/admin/builder/spi-builder-workspace/.derivedData/Build/Intermediates.noindex/SecurityExtensions.build/Debug-watchos/SecurityExtensions-t.build/Objects-normal/arm64_32/Binary/SecurityExtensions.o
CreateUniversalBinary /Users/admin/builder/spi-builder-workspace/.derivedData/Build/Products/Debug-watchos/SecurityExtensions.o normal arm64\ arm64_32 (in target 'SecurityExtensions' from project 'SecurityExtensions')
    cd /Users/admin/builder/spi-builder-workspace/.dependencies/checkouts/swift-SecurityExtensions
    /Applications/Xcode-27.0.0-Release.Candidate.app/Contents/Developer/Toolchains/XcodeDefault.xctoolchain/usr/bin/lipo -create /Users/admin/builder/spi-builder-workspace/.derivedData/Build/Intermediates.noindex/SecurityExtensions.build/Debug-watchos/SecurityExtensions-t.build/Objects-normal/arm64/Binary/SecurityExtensions.o /Users/admin/builder/spi-builder-workspace/.derivedData/Build/Intermediates.noindex/SecurityExtensions.build/Debug-watchos/SecurityExtensions-t.build/Objects-normal/arm64_32/Binary/SecurityExtensions.o -output /Users/admin/builder/spi-builder-workspace/.derivedData/Build/Products/Debug-watchos/SecurityExtensions.o
ExtractAppIntentsMetadata (in target 'SecurityExtensions' from project 'SecurityExtensions')
    cd /Users/admin/builder/spi-builder-workspace/.dependencies/checkouts/swift-SecurityExtensions
    /Applications/Xcode-27.0.0-Release.Candidate.app/Contents/Developer/Toolchains/XcodeDefault.xctoolchain/usr/bin/appintentsmetadataprocessor --toolchain-dir /var/run/com.apple.security.cryptexd/mnt/com.apple.MobileAsset.MetalToolchain-v27.1.266.1.9F508H/Metal.xctoolchain --module-name SecurityExtensions --sdk-root /Applications/Xcode-27.0.0-Release.Candidate.app/Contents/Developer/Platforms/WatchOS.platform/Developer/SDKs/WatchOS27.0.sdk --xcode-version 27A266a --platform-family watchOS --deployment-target 9.0 --bundle-identifier swift-securityextensions.SecurityExtensions --output /Users/admin/builder/spi-builder-workspace/.derivedData/Build/Products/Debug-watchos/SecurityExtensions.appintents --target-triple arm64-apple-watchos9.0 --target-triple arm64_32-apple-watchos9.0 --binary-file /Users/admin/builder/spi-builder-workspace/.derivedData/Build/Products/Debug-watchos/SecurityExtensions.o --dependency-file /Users/admin/builder/spi-builder-workspace/.derivedData/Build/Intermediates.noindex/SecurityExtensions.build/Debug-watchos/SecurityExtensions-t.build/Objects-normal/arm64/SecurityExtensions_dependency_info.dat --dependency-file /Users/admin/builder/spi-builder-workspace/.derivedData/Build/Intermediates.noindex/SecurityExtensions.build/Debug-watchos/SecurityExtensions-t.build/Objects-normal/arm64_32/SecurityExtensions_dependency_info.dat --stringsdata-file /Users/admin/builder/spi-builder-workspace/.derivedData/Build/Intermediates.noindex/SecurityExtensions.build/Debug-watchos/SecurityExtensions-t.build/Objects-normal/arm64/ExtractedAppShortcutsMetadata.stringsdata --stringsdata-file /Users/admin/builder/spi-builder-workspace/.derivedData/Build/Intermediates.noindex/SecurityExtensions.build/Debug-watchos/SecurityExtensions-t.build/Objects-normal/arm64_32/ExtractedAppShortcutsMetadata.stringsdata --source-file-list /Users/admin/builder/spi-builder-workspace/.derivedData/Build/Intermediates.noindex/SecurityExtensions.build/Debug-watchos/SecurityExtensions-t.build/Objects-normal/arm64/SecurityExtensions.SwiftFileList --source-file-list /Users/admin/builder/spi-builder-workspace/.derivedData/Build/Intermediates.noindex/SecurityExtensions.build/Debug-watchos/SecurityExtensions-t.build/Objects-normal/arm64_32/SecurityExtensions.SwiftFileList --metadata-file-list /Users/admin/builder/spi-builder-workspace/.derivedData/Build/Intermediates.noindex/SecurityExtensions.build/Debug-watchos/SecurityExtensions-t.build/SecurityExtensions.DependencyMetadataFileList --static-metadata-file-list /Users/admin/builder/spi-builder-workspace/.derivedData/Build/Intermediates.noindex/SecurityExtensions.build/Debug-watchos/SecurityExtensions-t.build/SecurityExtensions.DependencyStaticMetadataFileList --swift-const-vals-list /Users/admin/builder/spi-builder-workspace/.derivedData/Build/Intermediates.noindex/SecurityExtensions.build/Debug-watchos/SecurityExtensions-t.build/Objects-normal/arm64/SecurityExtensions.SwiftConstValuesFileList --swift-const-vals-list /Users/admin/builder/spi-builder-workspace/.derivedData/Build/Intermediates.noindex/SecurityExtensions.build/Debug-watchos/SecurityExtensions-t.build/Objects-normal/arm64_32/SecurityExtensions.SwiftConstValuesFileList --force --compile-time-extraction --deployment-aware-processing --no-app-shortcuts-localization
2026-09-18 00:12:12.656 appintentsmetadataprocessor[1150:6366] Starting appintentsmetadataprocessor export
2026-09-18 00:12:12.738 appintentsmetadataprocessor[1150:6366] Extracted no relevant App Intents symbols, skipping writing output
SwiftCompile normal arm64 Compiling\ ASN1Object.swift /Users/admin/builder/spi-builder-workspace/SelfSignedCert/ASN1Object.swift (in target 'SelfSignedCert' from project 'SelfSignedCert')
SwiftCompile normal arm64 /Users/admin/builder/spi-builder-workspace/SelfSignedCert/ASN1Object.swift (in target 'SelfSignedCert' from project 'SelfSignedCert')
    cd /Users/admin/builder/spi-builder-workspace/.swiftpm/xcode
    builtin-SwiftPerFileCompile ASN1Object.swift
SwiftCompile normal arm64 Compiling\ CertificateName.swift /Users/admin/builder/spi-builder-workspace/SelfSignedCert/CertificateName.swift (in target 'SelfSignedCert' from project 'SelfSignedCert')
SwiftCompile normal arm64 /Users/admin/builder/spi-builder-workspace/SelfSignedCert/CertificateName.swift (in target 'SelfSignedCert' from project 'SelfSignedCert')
    cd /Users/admin/builder/spi-builder-workspace/.swiftpm/xcode
    builtin-SwiftPerFileCompile CertificateName.swift
SwiftEmitModule normal arm64 Emitting\ module\ for\ SelfSignedCert (in target 'SelfSignedCert' from project 'SelfSignedCert')
SwiftCompile normal arm64 (in target 'SelfSignedCert' from project 'SelfSignedCert')
    cd /Users/admin/builder/spi-builder-workspace/.swiftpm/xcode

SwiftCompile normal arm64 Compiling\ CertificateRequest.swift /Users/admin/builder/spi-builder-workspace/SelfSignedCert/CertificateRequest.swift (in target 'SelfSignedCert' from project 'SelfSignedCert')
SwiftCompile normal arm64 /Users/admin/builder/spi-builder-workspace/SelfSignedCert/CertificateRequest.swift (in target 'SelfSignedCert' from project 'SelfSignedCert')
    cd /Users/admin/builder/spi-builder-workspace/.swiftpm/xcode
    builtin-SwiftPerFileCompile CertificateRequest.swift
SwiftCompile normal arm64 Compiling\ DEREncoding.swift /Users/admin/builder/spi-builder-workspace/SelfSignedCert/DEREncoding.swift (in target 'SelfSignedCert' from project 'SelfSignedCert')
SwiftCompile normal arm64 /Users/admin/builder/spi-builder-workspace/SelfSignedCert/DEREncoding.swift (in target 'SelfSignedCert' from project 'SelfSignedCert')
    cd /Users/admin/builder/spi-builder-workspace/.swiftpm/xcode
    builtin-SwiftPerFileCompile DEREncoding.swift
SwiftCompile normal arm64 Compiling\ OID.swift /Users/admin/builder/spi-builder-workspace/SelfSignedCert/OID.swift (in target 'SelfSignedCert' from project 'SelfSignedCert')
SwiftCompile normal arm64 /Users/admin/builder/spi-builder-workspace/SelfSignedCert/OID.swift (in target 'SelfSignedCert' from project 'SelfSignedCert')
    cd /Users/admin/builder/spi-builder-workspace/.swiftpm/xcode
    builtin-SwiftPerFileCompile OID.swift
SwiftCompile normal arm64 Compiling\ SecCertificate+Keychain.swift /Users/admin/builder/spi-builder-workspace/SelfSignedCert/SecCertificate+Keychain.swift (in target 'SelfSignedCert' from project 'SelfSignedCert')
SwiftCompile normal arm64 /Users/admin/builder/spi-builder-workspace/SelfSignedCert/SecCertificate+Keychain.swift (in target 'SelfSignedCert' from project 'SelfSignedCert')
    cd /Users/admin/builder/spi-builder-workspace/.swiftpm/xcode
    builtin-SwiftPerFileCompile SecCertificate+Keychain.swift
SwiftCompile normal arm64 Compiling\ SecIdentity+SelfSigned.swift /Users/admin/builder/spi-builder-workspace/SelfSignedCert/SecIdentity+SelfSigned.swift (in target 'SelfSignedCert' from project 'SelfSignedCert')
SwiftCompile normal arm64 /Users/admin/builder/spi-builder-workspace/SelfSignedCert/SecIdentity+SelfSigned.swift (in target 'SelfSignedCert' from project 'SelfSignedCert')
    cd /Users/admin/builder/spi-builder-workspace/.swiftpm/xcode
    builtin-SwiftPerFileCompile SecIdentity+SelfSigned.swift
SwiftCompile normal arm64 Compiling\ BitString.swift /Users/admin/builder/spi-builder-workspace/SelfSignedCert/BitString.swift (in target 'SelfSignedCert' from project 'SelfSignedCert')
/Users/admin/builder/spi-builder-workspace/SelfSignedCert/BitString.swift:10:31: error: cannot convert value of type 'RawSpan' to expected argument type '[UInt8]'
 8 |
 9 |     convenience init(data:Data) {
10 |         self.init(bytes: data.bytes)
   |                               `- error: cannot convert value of type 'RawSpan' to expected argument type '[UInt8]'
11 |     }
12 |
Failed frontend command:
/Applications/Xcode-27.0.0-Release.Candidate.app/Contents/Developer/Toolchains/XcodeDefault.xctoolchain/usr/bin/swift-frontend -frontend -c /Users/admin/builder/spi-builder-workspace/SelfSignedCert/ASN1Object.swift -primary-file /Users/admin/builder/spi-builder-workspace/SelfSignedCert/BitString.swift /Users/admin/builder/spi-builder-workspace/SelfSignedCert/CertificateName.swift /Users/admin/builder/spi-builder-workspace/SelfSignedCert/CertificateRequest.swift /Users/admin/builder/spi-builder-workspace/SelfSignedCert/DEREncoding.swift /Users/admin/builder/spi-builder-workspace/SelfSignedCert/OID.swift /Users/admin/builder/spi-builder-workspace/SelfSignedCert/SecCertificate+Keychain.swift /Users/admin/builder/spi-builder-workspace/SelfSignedCert/SecIdentity+SelfSigned.swift -emit-dependencies-path /Users/admin/builder/spi-builder-workspace/.derivedData/Build/Intermediates.noindex/SelfSignedCert.build/Debug-watchos/SelfSignedCert-t.build/Objects-normal/arm64/BitString.d -emit-const-values-path /Users/admin/builder/spi-builder-workspace/.derivedData/Build/Intermediates.noindex/SelfSignedCert.build/Debug-watchos/SelfSignedCert-t.build/Objects-normal/arm64/BitString.swiftconstvalues -emit-reference-dependencies-path /Users/admin/builder/spi-builder-workspace/.derivedData/Build/Intermediates.noindex/SelfSignedCert.build/Debug-watchos/SelfSignedCert-t.build/Objects-normal/arm64/BitString.swiftdeps -serialize-diagnostics-path /Users/admin/builder/spi-builder-workspace/.derivedData/Build/Intermediates.noindex/SelfSignedCert.build/Debug-watchos/SelfSignedCert-t.build/Objects-normal/arm64/BitString.dia -target arm64-apple-watchos9.0 -disable-cross-import-overlay-search -load-resolved-plugin /Applications/Xcode-27.0.0-Release.Candidate.app/Contents/Developer/Platforms/WatchOS.platform/Developer/usr/lib/swift/host/plugins/libFoundationMacros.dylib\#/Applications/Xcode-27.0.0-Release.Candidate.app/Contents/Developer/Platforms/WatchOS.platform/Developer/usr/bin/swift-plugin-server\#FoundationMacros -load-resolved-plugin /Applications/Xcode-27.0.0-Release.Candidate.app/Contents/Developer/Platforms/WatchOS.platform/Developer/usr/lib/swift/host/plugins/libObservationMacros.dylib\#/Applications/Xcode-27.0.0-Release.Candidate.app/Contents/Developer/Platforms/WatchOS.platform/Developer/usr/bin/swift-plugin-server\#ObservationMacros -load-resolved-plugin /Applications/Xcode-27.0.0-Release.Candidate.app/Contents/Developer/Platforms/WatchOS.platform/Developer/usr/lib/swift/host/plugins/libSwiftMacros.dylib\#/Applications/Xcode-27.0.0-Release.Candidate.app/Contents/Developer/Platforms/WatchOS.platform/Developer/usr/bin/swift-plugin-server\#SwiftMacros -disable-implicit-swift-modules -Xcc -fno-implicit-modules -Xcc -fno-implicit-module-maps -explicit-swift-module-map-file /Users/admin/builder/spi-builder-workspace/.derivedData/Build/Intermediates.noindex/SelfSignedCert.build/Debug-watchos/SelfSignedCert-t.build/Objects-normal/arm64/SelfSignedCert-dependencies-1.json -Xllvm -aarch64-use-tbi -enable-objc-interop -stack-check -sdk /Applications/Xcode-27.0.0-Release.Candidate.app/Contents/Developer/Platforms/WatchOS.platform/Developer/SDKs/WatchOS27.0.sdk -I /Users/admin/builder/spi-builder-workspace/.derivedData/Build/Products/Debug-watchos -Isystem /Applications/Xcode-27.0.0-Release.Candidate.app/Contents/Developer/Platforms/WatchOS.platform/Developer/usr/lib -F /Users/admin/builder/spi-builder-workspace/.derivedData/Build/Products/Debug-watchos/PackageFrameworks -F /Users/admin/builder/spi-builder-workspace/.derivedData/Build/Products/Debug-watchos -F /Applications/Xcode-27.0.0-Release.Candidate.app/Contents/Developer/Platforms/WatchOS.platform/Developer/Library/Frameworks -F /Applications/Xcode-27.0.0-Release.Candidate.app/Contents/Developer/Platforms/WatchOS.platform/Developer/SDKs/WatchOS27.0.sdk/Developer/Library/Frameworks -module-cache-path /Users/admin/builder/spi-builder-workspace/.derivedData/Build/Intermediates.noindex/SwiftExplicitPrecompiledModules -no-color-diagnostics -Xcc -fno-color-diagnostics -enable-testing -g -debug-info-format\=dwarf -dwarf-version\=4 -swift-version 5 -Onone -D SWIFT_PACKAGE -D DEBUG -D SWIFT_MODULE_RESOURCE_BUNDLE_UNAVAILABLE -D Xcode -serialize-debugging-options -enable-experimental-feature DebugDescriptionMacro -empty-abi-descriptor -validate-clang-modules-once -clang-build-session-file /Users/admin/builder/spi-builder-workspace/.derivedData/ModuleCache.noindex/Session.modulevalidation -Xcc -working-directory -Xcc /Users/admin/builder/spi-builder-workspace/.swiftpm/xcode -enable-anonymous-context-mangled-names -file-compilation-dir /Users/admin/builder/spi-builder-workspace/.swiftpm/xcode -Xcc -D_LIBCPP_HARDENING_MODE\=_LIBCPP_HARDENING_MODE_DEBUG -Xcc -ivfsstatcache -Xcc /Users/admin/builder/spi-builder-workspace/.derivedData/SDKStatCaches.noindex/watchos27.0-24R360-e829b21a6f8c9b70876ba0858053c04477534ef55a1706bf4c1112bbb242f0a2.sdkstatcache -Xcc -fmodules-prune-interval\=86400 -Xcc -fmodules-prune-after\=345600 -Xcc -I/Users/admin/builder/spi-builder-workspace/.derivedData/Build/Products/Debug-watchos/include -Xcc -I/Users/admin/builder/spi-builder-workspace/.derivedData/Build/Intermediates.noindex/SelfSignedCert.build/Debug-watchos/SelfSignedCert-t.build/DerivedSources-normal/arm64 -Xcc -I/Users/admin/builder/spi-builder-workspace/.derivedData/Build/Intermediates.noindex/SelfSignedCert.build/Debug-watchos/SelfSignedCert-t.build/DerivedSources/arm64 -Xcc -I/Users/admin/builder/spi-builder-workspace/.derivedData/Build/Intermediates.noindex/SelfSignedCert.build/Debug-watchos/SelfSignedCert-t.build/DerivedSources -Xcc -DSWIFT_PACKAGE -Xcc -DDEBUG\=1 -no-auto-bridging-header-chaining -module-name SelfSignedCert -const-gather-protocols-file /Users/admin/builder/spi-builder-workspace/.derivedData/Build/Intermediates.noindex/SelfSignedCert.build/Debug-watchos/SelfSignedCert-t.build/Objects-normal/arm64/SelfSignedCert_const_extract_protocols.json -disable-clang-spi -clang-target arm64-apple-watchos27.0 -target-sdk-version 27.0 -target-sdk-name watchos27.0 -in-process-plugin-server-path /Applications/Xcode-27.0.0-Release.Candidate.app/Contents/Developer/Toolchains/XcodeDefault.xctoolchain/usr/lib/swift/host/libSwiftInProcPluginServer.dylib -parse-as-library -o /Users/admin/builder/spi-builder-workspace/.derivedData/Build/Intermediates.noindex/SelfSignedCert.build/Debug-watchos/SelfSignedCert-t.build/Objects-normal/arm64/BitString.o -debug-module-path /Users/admin/builder/spi-builder-workspace/.derivedData/Build/Intermediates.noindex/SelfSignedCert.build/Debug-watchos/SelfSignedCert-t.build/Objects-normal/arm64/SelfSignedCert.swiftmodule -index-unit-output-path /SelfSignedCert.build/Debug-watchos/SelfSignedCert-t.build/Objects-normal/arm64/BitString.o -index-store-path /Users/admin/builder/spi-builder-workspace/.derivedData/Index.noindex/DataStore -index-system-modules
SwiftCompile normal arm64 /Users/admin/builder/spi-builder-workspace/SelfSignedCert/BitString.swift (in target 'SelfSignedCert' from project 'SelfSignedCert')
    cd /Users/admin/builder/spi-builder-workspace/.swiftpm/xcode
    builtin-SwiftPerFileCompile BitString.swift
SwiftEmitModule normal arm64_32 Emitting\ module\ for\ SelfSignedCert (in target 'SelfSignedCert' from project 'SelfSignedCert')
SwiftCompile normal arm64_32 (in target 'SelfSignedCert' from project 'SelfSignedCert')
    cd /Users/admin/builder/spi-builder-workspace/.swiftpm/xcode

SwiftCompile normal arm64_32 Compiling\ SecIdentity+SelfSigned.swift /Users/admin/builder/spi-builder-workspace/SelfSignedCert/SecIdentity+SelfSigned.swift (in target 'SelfSignedCert' from project 'SelfSignedCert')
SwiftCompile normal arm64_32 /Users/admin/builder/spi-builder-workspace/SelfSignedCert/SecIdentity+SelfSigned.swift (in target 'SelfSignedCert' from project 'SelfSignedCert')
    cd /Users/admin/builder/spi-builder-workspace/.swiftpm/xcode
    builtin-SwiftPerFileCompile SecIdentity+SelfSigned.swift
SwiftDriverJobDiscovery normal arm64 Compiling SecCertificate+Keychain.swift (in target 'SelfSignedCert' from project 'SelfSignedCert')
SwiftCompile normal arm64_32 Compiling\ BitString.swift /Users/admin/builder/spi-builder-workspace/SelfSignedCert/BitString.swift (in target 'SelfSignedCert' from project 'SelfSignedCert')
SwiftCompile normal arm64_32 /Users/admin/builder/spi-builder-workspace/SelfSignedCert/BitString.swift (in target 'SelfSignedCert' from project 'SelfSignedCert')
    cd /Users/admin/builder/spi-builder-workspace/.swiftpm/xcode
    builtin-SwiftPerFileCompile BitString.swift
PruneExplicitPrecompiledModules /Users/admin/builder/spi-builder-workspace/.derivedData/SDKExplicitPrecompiledModules
PruneExplicitPrecompiledModules /Users/admin/builder/spi-builder-workspace/.derivedData/Build/Intermediates.noindex/SwiftExplicitPrecompiledModules
PruneExplicitPrecompiledModules /Users/admin/builder/spi-builder-workspace/.derivedData/Build/Intermediates.noindex/ExplicitPrecompiledModules
2026-09-18 00:12:05.705 xcodebuild[994:5505] [MT] IDERunDestination: Supported platforms for the buildables in the current scheme is empty.
** BUILD FAILED **
The following build commands failed:
	SwiftCompile normal arm64 Compiling\ BitString.swift /Users/admin/builder/spi-builder-workspace/SelfSignedCert/BitString.swift (in target 'SelfSignedCert' from project 'SelfSignedCert')
	SwiftCompile normal arm64 /Users/admin/builder/spi-builder-workspace/SelfSignedCert/BitString.swift (in target 'SelfSignedCert' from project 'SelfSignedCert')
	Building workspace SelfSignedCert with scheme SelfSignedCert
(3 failures)
Command line invocation:
    /Applications/Xcode-27.0.0-Release.Candidate.app/Contents/Developer/usr/bin/xcodebuild -IDEClonedSourcePackagesDirPathOverride=/Users/admin/builder/spi-builder-workspace/.dependencies -resolvePackageDependencies
Resolve Package Graph
Resolved source packages:
  SelfSignedCert: /Users/admin/builder/spi-builder-workspace
  IDZSwiftCommonCrypto: https://github.com/iosdevzone/IDZSwiftCommonCrypto @ 0.13.1
  SecurityExtensions: https://github.com/svdo/swift-SecurityExtensions.git @ 4.0.1
  SwiftBytes: https://github.com/dapperstout/swift-bytes.git @ 0.8.0
resolved source packages: SelfSignedCert, IDZSwiftCommonCrypto, SecurityExtensions, SwiftBytes
2026-09-18 00:12:13.843 xcodebuild[1162:6423] [MT] IDERunDestination: Supported platforms for the buildables in the current scheme is empty.
{
  "dependencies" : [
    {
      "identity" : "idzswiftcommoncrypto",
      "requirement" : {
        "range" : [
          {
            "lower_bound" : "0.13.1",
            "upper_bound" : "1.0.0"
          }
        ]
      },
      "type" : "sourceControl",
      "url" : "https://github.com/iosdevzone/IDZSwiftCommonCrypto"
    },
    {
      "identity" : "swift-securityextensions",
      "requirement" : {
        "range" : [
          {
            "lower_bound" : "4.0.1",
            "upper_bound" : "5.0.0"
          }
        ]
      },
      "type" : "sourceControl",
      "url" : "https://github.com/svdo/swift-SecurityExtensions"
    },
    {
      "identity" : "swift-bytes",
      "requirement" : {
        "range" : [
          {
            "lower_bound" : "0.8.0",
            "upper_bound" : "1.0.0"
          }
        ]
      },
      "type" : "sourceControl",
      "url" : "https://github.com/dapperstout/swift-bytes.git"
    }
  ],
  "manifest_display_name" : "SelfSignedCert",
  "name" : "SelfSignedCert",
  "path" : "/Users/admin/builder/spi-builder-workspace",
  "platforms" : [
    {
      "name" : "macos",
      "version" : "10.15"
    },
    {
      "name" : "ios",
      "version" : "13.0"
    },
    {
      "name" : "tvos",
      "version" : "13.0"
    }
  ],
  "products" : [
    {
      "name" : "SelfSignedCert",
      "targets" : [
        "SelfSignedCert"
      ],
      "type" : {
        "library" : [
          "automatic"
        ]
      }
    }
  ],
  "targets" : [
    {
      "c99name" : "SelfSignedCert",
      "module_type" : "SwiftTarget",
      "name" : "SelfSignedCert",
      "path" : "SelfSignedCert",
      "product_dependencies" : [
        "IDZSwiftCommonCrypto",
        "SecurityExtensions",
        "SwiftBytes"
      ],
      "product_memberships" : [
        "SelfSignedCert"
      ],
      "sources" : [
        "ASN1Object.swift",
        "BitString.swift",
        "CertificateName.swift",
        "CertificateRequest.swift",
        "DEREncoding.swift",
        "OID.swift",
        "SecCertificate+Keychain.swift",
        "SecIdentity+SelfSigned.swift"
      ],
      "type" : "library"
    }
  ],
  "tools_version" : "5.3"
}
{
  "workspace" : {
    "name" : "SelfSignedCert",
    "schemes" : [
      "SelfSignedCert"
    ]
  }
}
2026-09-18 00:12:15.078 xcodebuild[1170:6489] [MT] IDERunDestination: Supported platforms for the buildables in the current scheme is empty.
Running build ...
env DEVELOPER_DIR=/Applications/Xcode-27.0.0-Release.Candidate.app xcrun xcodebuild -IDEClonedSourcePackagesDirPathOverride=$PWD/.dependencies -skipMacroValidation -skipPackagePluginValidation -derivedDataPath $PWD/.derivedData build -scheme SelfSignedCert -destination generic/platform=watchOS
Command line invocation:
    /Applications/Xcode-27.0.0-Release.Candidate.app/Contents/Developer/usr/bin/xcodebuild -IDEClonedSourcePackagesDirPathOverride=/Users/admin/builder/spi-builder-workspace/.dependencies -skipMacroValidation -skipPackagePluginValidation -derivedDataPath /Users/admin/builder/spi-builder-workspace/.derivedData build -scheme SelfSignedCert -destination generic/platform=watchOS
Resolve Package Graph
Resolved source packages:
  SecurityExtensions: https://github.com/svdo/swift-SecurityExtensions.git @ 4.0.1
  SwiftBytes: https://github.com/dapperstout/swift-bytes.git @ 0.8.0
  SelfSignedCert: /Users/admin/builder/spi-builder-workspace
  IDZSwiftCommonCrypto: https://github.com/iosdevzone/IDZSwiftCommonCrypto @ 0.13.1
ComputePackagePrebuildTargetDependencyGraph
Prepare packages
CreateBuildRequest
SendProjectDescription
CreateBuildOperation
ComputeTargetDependencyGraph
note: Building targets in dependency order
note: Target dependency graph (8 targets)
    Target 'SelfSignedCert-product' in project 'SelfSignedCert'
        ➜ Explicit dependency on target 'SelfSignedCert' in project 'SelfSignedCert'
        ➜ Explicit dependency on target 'IDZSwiftCommonCrypto-product' in project 'IDZSwiftCommonCrypto'
        ➜ Explicit dependency on target 'SecurityExtensions-product' in project 'SecurityExtensions'
        ➜ Explicit dependency on target 'SwiftBytes-product' in project 'SwiftBytes'
    Target 'SelfSignedCert' in project 'SelfSignedCert'
        ➜ Explicit dependency on target 'IDZSwiftCommonCrypto-product' in project 'IDZSwiftCommonCrypto'
        ➜ Explicit dependency on target 'SecurityExtensions-product' in project 'SecurityExtensions'
        ➜ Explicit dependency on target 'SwiftBytes-product' in project 'SwiftBytes'
    Target 'SwiftBytes-product' in project 'SwiftBytes'
        ➜ Explicit dependency on target 'SwiftBytes' in project 'SwiftBytes'
    Target 'SwiftBytes' in project 'SwiftBytes' (no dependencies)
    Target 'SecurityExtensions-product' in project 'SecurityExtensions'
        ➜ Explicit dependency on target 'SecurityExtensions' in project 'SecurityExtensions'
        ➜ Explicit dependency on target 'IDZSwiftCommonCrypto-product' in project 'IDZSwiftCommonCrypto'
    Target 'SecurityExtensions' in project 'SecurityExtensions'
        ➜ Explicit dependency on target 'IDZSwiftCommonCrypto-product' in project 'IDZSwiftCommonCrypto'
    Target 'IDZSwiftCommonCrypto-product' in project 'IDZSwiftCommonCrypto'
        ➜ Explicit dependency on target 'IDZSwiftCommonCrypto' in project 'IDZSwiftCommonCrypto'
    Target 'IDZSwiftCommonCrypto' in project 'IDZSwiftCommonCrypto' (no dependencies)
GatherProvisioningInputs
CreateBuildDescription
ClangStatCache /Applications/Xcode-27.0.0-Release.Candidate.app/Contents/Developer/Toolchains/XcodeDefault.xctoolchain/usr/bin/clang-stat-cache /Applications/Xcode-27.0.0-Release.Candidate.app/Contents/Developer/Platforms/WatchOS.platform/Developer/SDKs/WatchOS27.0.sdk /Users/admin/builder/spi-builder-workspace/.derivedData/SDKStatCaches.noindex/watchos27.0-24R360-e829b21a6f8c9b70876ba0858053c04477534ef55a1706bf4c1112bbb242f0a2.sdkstatcache
    cd /Users/admin/builder/spi-builder-workspace/.swiftpm/xcode
    /Applications/Xcode-27.0.0-Release.Candidate.app/Contents/Developer/Toolchains/XcodeDefault.xctoolchain/usr/bin/clang-stat-cache /Applications/Xcode-27.0.0-Release.Candidate.app/Contents/Developer/Platforms/WatchOS.platform/Developer/SDKs/WatchOS27.0.sdk -o /Users/admin/builder/spi-builder-workspace/.derivedData/SDKStatCaches.noindex/watchos27.0-24R360-e829b21a6f8c9b70876ba0858053c04477534ef55a1706bf4c1112bbb242f0a2.sdkstatcache
SwiftDriver SelfSignedCert normal arm64 com.apple.xcode.tools.swift.compiler (in target 'SelfSignedCert' from project 'SelfSignedCert')
    cd /Users/admin/builder/spi-builder-workspace/.swiftpm/xcode
    builtin-SwiftDriver -- /Applications/Xcode-27.0.0-Release.Candidate.app/Contents/Developer/Toolchains/XcodeDefault.xctoolchain/usr/bin/swiftc -parse-as-library -module-name SelfSignedCert -Onone @/Users/admin/builder/spi-builder-workspace/.derivedData/Build/Intermediates.noindex/SelfSignedCert.build/Debug-watchos/SelfSignedCert-t.build/Objects-normal/arm64/SelfSignedCert.SwiftFileList -DSWIFT_PACKAGE -DDEBUG -DSWIFT_MODULE_RESOURCE_BUNDLE_UNAVAILABLE -DXcode -plugin-path /Applications/Xcode-27.0.0-Release.Candidate.app/Contents/Developer/Toolchains/XcodeDefault.xctoolchain/usr/lib/swift/host/plugins/testing -enable-experimental-feature DebugDescriptionMacro -sdk /Applications/Xcode-27.0.0-Release.Candidate.app/Contents/Developer/Platforms/WatchOS.platform/Developer/SDKs/WatchOS27.0.sdk -target arm64-apple-watchos9.0 -g -module-cache-path /Users/admin/builder/spi-builder-workspace/.derivedData/ModuleCache.noindex -Xfrontend -serialize-debugging-options -enable-testing -index-store-path /Users/admin/builder/spi-builder-workspace/.derivedData/Index.noindex/DataStore -Xcc -D_LIBCPP_HARDENING_MODE\=_LIBCPP_HARDENING_MODE_DEBUG -swift-version 5 -I /Users/admin/builder/spi-builder-workspace/.derivedData/Build/Products/Debug-watchos -Isystem /Applications/Xcode-27.0.0-Release.Candidate.app/Contents/Developer/Platforms/WatchOS.platform/Developer/usr/lib -F /Users/admin/builder/spi-builder-workspace/.derivedData/Build/Products/Debug-watchos/PackageFrameworks -F /Users/admin/builder/spi-builder-workspace/.derivedData/Build/Products/Debug-watchos -F /Applications/Xcode-27.0.0-Release.Candidate.app/Contents/Developer/Platforms/WatchOS.platform/Developer/Library/Frameworks -F /Applications/Xcode-27.0.0-Release.Candidate.app/Contents/Developer/Platforms/WatchOS.platform/Developer/SDKs/WatchOS27.0.sdk/Developer/Library/Frameworks -c -j10 -enable-batch-mode -incremental -Xcc -ivfsstatcache -Xcc /Users/admin/builder/spi-builder-workspace/.derivedData/SDKStatCaches.noindex/watchos27.0-24R360-e829b21a6f8c9b70876ba0858053c04477534ef55a1706bf4c1112bbb242f0a2.sdkstatcache -output-file-map /Users/admin/builder/spi-builder-workspace/.derivedData/Build/Intermediates.noindex/SelfSignedCert.build/Debug-watchos/SelfSignedCert-t.build/Objects-normal/arm64/SelfSignedCert-OutputFileMap.json -save-temps -no-color-diagnostics -explicit-module-build -module-cache-path /Users/admin/builder/spi-builder-workspace/.derivedData/Build/Intermediates.noindex/SwiftExplicitPrecompiledModules -clang-scanner-module-cache-path /Users/admin/builder/spi-builder-workspace/.derivedData/ModuleCache.noindex -sdk-module-cache-path /Users/admin/builder/spi-builder-workspace/.derivedData/SDKExplicitPrecompiledModules -emit-dependencies -emit-module -emit-module-path /Users/admin/builder/spi-builder-workspace/.derivedData/Build/Intermediates.noindex/SelfSignedCert.build/Debug-watchos/SelfSignedCert-t.build/Objects-normal/arm64/SelfSignedCert.swiftmodule -serialize-diagnostics -dependency-scan-serialize-diagnostics-path /Users/admin/builder/spi-builder-workspace/.derivedData/Build/Intermediates.noindex/SelfSignedCert.build/Debug-watchos/SelfSignedCert-t.build/Objects-normal/arm64/SelfSignedCert-dependency-scan.dia -validate-clang-modules-once -clang-build-session-file /Users/admin/builder/spi-builder-workspace/.derivedData/ModuleCache.noindex/Session.modulevalidation -Xcc -fmodules-prune-interval\=86400 -Xcc -fmodules-prune-after\=345600 -emit-const-values -const-gather-protocols-list /Users/admin/builder/spi-builder-workspace/.derivedData/Build/Intermediates.noindex/SelfSignedCert.build/Debug-watchos/SelfSignedCert-t.build/Objects-normal/arm64/SelfSignedCert_const_extract_protocols.json -Xcc -I/Users/admin/builder/spi-builder-workspace/.derivedData/Build/Products/Debug-watchos/include -Xcc -I/Users/admin/builder/spi-builder-workspace/.derivedData/Build/Intermediates.noindex/SelfSignedCert.build/Debug-watchos/SelfSignedCert-t.build/DerivedSources-normal/arm64 -Xcc -I/Users/admin/builder/spi-builder-workspace/.derivedData/Build/Intermediates.noindex/SelfSignedCert.build/Debug-watchos/SelfSignedCert-t.build/DerivedSources/arm64 -Xcc -I/Users/admin/builder/spi-builder-workspace/.derivedData/Build/Intermediates.noindex/SelfSignedCert.build/Debug-watchos/SelfSignedCert-t.build/DerivedSources -Xcc -DSWIFT_PACKAGE -Xcc -DDEBUG\=1 -emit-objc-header -emit-objc-header-path /Users/admin/builder/spi-builder-workspace/.derivedData/Build/Intermediates.noindex/SelfSignedCert.build/Debug-watchos/SelfSignedCert-t.build/Objects-normal/arm64/SelfSignedCert-Swift.h -working-directory /Users/admin/builder/spi-builder-workspace/.swiftpm/xcode -experimental-emit-module-separately -disable-cmo
SwiftDriver SelfSignedCert normal arm64_32 com.apple.xcode.tools.swift.compiler (in target 'SelfSignedCert' from project 'SelfSignedCert')
    cd /Users/admin/builder/spi-builder-workspace/.swiftpm/xcode
    builtin-SwiftDriver -- /Applications/Xcode-27.0.0-Release.Candidate.app/Contents/Developer/Toolchains/XcodeDefault.xctoolchain/usr/bin/swiftc -parse-as-library -module-name SelfSignedCert -Onone @/Users/admin/builder/spi-builder-workspace/.derivedData/Build/Intermediates.noindex/SelfSignedCert.build/Debug-watchos/SelfSignedCert-t.build/Objects-normal/arm64_32/SelfSignedCert.SwiftFileList -DSWIFT_PACKAGE -DDEBUG -DSWIFT_MODULE_RESOURCE_BUNDLE_UNAVAILABLE -DXcode -plugin-path /Applications/Xcode-27.0.0-Release.Candidate.app/Contents/Developer/Toolchains/XcodeDefault.xctoolchain/usr/lib/swift/host/plugins/testing -enable-experimental-feature DebugDescriptionMacro -sdk /Applications/Xcode-27.0.0-Release.Candidate.app/Contents/Developer/Platforms/WatchOS.platform/Developer/SDKs/WatchOS27.0.sdk -target arm64_32-apple-watchos9.0 -g -module-cache-path /Users/admin/builder/spi-builder-workspace/.derivedData/ModuleCache.noindex -Xfrontend -serialize-debugging-options -enable-testing -index-store-path /Users/admin/builder/spi-builder-workspace/.derivedData/Index.noindex/DataStore -Xcc -D_LIBCPP_HARDENING_MODE\=_LIBCPP_HARDENING_MODE_DEBUG -swift-version 5 -I /Users/admin/builder/spi-builder-workspace/.derivedData/Build/Products/Debug-watchos -Isystem /Applications/Xcode-27.0.0-Release.Candidate.app/Contents/Developer/Platforms/WatchOS.platform/Developer/usr/lib -F /Users/admin/builder/spi-builder-workspace/.derivedData/Build/Products/Debug-watchos/PackageFrameworks -F /Users/admin/builder/spi-builder-workspace/.derivedData/Build/Products/Debug-watchos -F /Applications/Xcode-27.0.0-Release.Candidate.app/Contents/Developer/Platforms/WatchOS.platform/Developer/Library/Frameworks -F /Applications/Xcode-27.0.0-Release.Candidate.app/Contents/Developer/Platforms/WatchOS.platform/Developer/SDKs/WatchOS27.0.sdk/Developer/Library/Frameworks -c -j10 -enable-batch-mode -incremental -Xcc -ivfsstatcache -Xcc /Users/admin/builder/spi-builder-workspace/.derivedData/SDKStatCaches.noindex/watchos27.0-24R360-e829b21a6f8c9b70876ba0858053c04477534ef55a1706bf4c1112bbb242f0a2.sdkstatcache -output-file-map /Users/admin/builder/spi-builder-workspace/.derivedData/Build/Intermediates.noindex/SelfSignedCert.build/Debug-watchos/SelfSignedCert-t.build/Objects-normal/arm64_32/SelfSignedCert-OutputFileMap.json -save-temps -no-color-diagnostics -explicit-module-build -module-cache-path /Users/admin/builder/spi-builder-workspace/.derivedData/Build/Intermediates.noindex/SwiftExplicitPrecompiledModules -clang-scanner-module-cache-path /Users/admin/builder/spi-builder-workspace/.derivedData/ModuleCache.noindex -sdk-module-cache-path /Users/admin/builder/spi-builder-workspace/.derivedData/SDKExplicitPrecompiledModules -emit-dependencies -emit-module -emit-module-path /Users/admin/builder/spi-builder-workspace/.derivedData/Build/Intermediates.noindex/SelfSignedCert.build/Debug-watchos/SelfSignedCert-t.build/Objects-normal/arm64_32/SelfSignedCert.swiftmodule -serialize-diagnostics -dependency-scan-serialize-diagnostics-path /Users/admin/builder/spi-builder-workspace/.derivedData/Build/Intermediates.noindex/SelfSignedCert.build/Debug-watchos/SelfSignedCert-t.build/Objects-normal/arm64_32/SelfSignedCert-dependency-scan.dia -validate-clang-modules-once -clang-build-session-file /Users/admin/builder/spi-builder-workspace/.derivedData/ModuleCache.noindex/Session.modulevalidation -Xcc -fmodules-prune-interval\=86400 -Xcc -fmodules-prune-after\=345600 -emit-const-values -const-gather-protocols-list /Users/admin/builder/spi-builder-workspace/.derivedData/Build/Intermediates.noindex/SelfSignedCert.build/Debug-watchos/SelfSignedCert-t.build/Objects-normal/arm64_32/SelfSignedCert_const_extract_protocols.json -Xcc -I/Users/admin/builder/spi-builder-workspace/.derivedData/Build/Products/Debug-watchos/include -Xcc -I/Users/admin/builder/spi-builder-workspace/.derivedData/Build/Intermediates.noindex/SelfSignedCert.build/Debug-watchos/SelfSignedCert-t.build/DerivedSources-normal/arm64_32 -Xcc -I/Users/admin/builder/spi-builder-workspace/.derivedData/Build/Intermediates.noindex/SelfSignedCert.build/Debug-watchos/SelfSignedCert-t.build/DerivedSources/arm64_32 -Xcc -I/Users/admin/builder/spi-builder-workspace/.derivedData/Build/Intermediates.noindex/SelfSignedCert.build/Debug-watchos/SelfSignedCert-t.build/DerivedSources -Xcc -DSWIFT_PACKAGE -Xcc -DDEBUG\=1 -emit-objc-header -emit-objc-header-path /Users/admin/builder/spi-builder-workspace/.derivedData/Build/Intermediates.noindex/SelfSignedCert.build/Debug-watchos/SelfSignedCert-t.build/Objects-normal/arm64_32/SelfSignedCert-Swift.h -working-directory /Users/admin/builder/spi-builder-workspace/.swiftpm/xcode -experimental-emit-module-separately -disable-cmo
SwiftEmitModule normal arm64_32 Emitting\ module\ for\ SelfSignedCert (in target 'SelfSignedCert' from project 'SelfSignedCert')
SwiftCompile normal arm64_32 (in target 'SelfSignedCert' from project 'SelfSignedCert')
    cd /Users/admin/builder/spi-builder-workspace/.swiftpm/xcode

SwiftCompile normal arm64_32 Compiling\ ASN1Object.swift /Users/admin/builder/spi-builder-workspace/SelfSignedCert/ASN1Object.swift (in target 'SelfSignedCert' from project 'SelfSignedCert')
SwiftCompile normal arm64_32 /Users/admin/builder/spi-builder-workspace/SelfSignedCert/ASN1Object.swift (in target 'SelfSignedCert' from project 'SelfSignedCert')
    cd /Users/admin/builder/spi-builder-workspace/.swiftpm/xcode
    builtin-SwiftPerFileCompile ASN1Object.swift
SwiftCompile normal arm64_32 Compiling\ CertificateRequest.swift /Users/admin/builder/spi-builder-workspace/SelfSignedCert/CertificateRequest.swift (in target 'SelfSignedCert' from project 'SelfSignedCert')
SwiftCompile normal arm64_32 /Users/admin/builder/spi-builder-workspace/SelfSignedCert/CertificateRequest.swift (in target 'SelfSignedCert' from project 'SelfSignedCert')
    cd /Users/admin/builder/spi-builder-workspace/.swiftpm/xcode
    builtin-SwiftPerFileCompile CertificateRequest.swift
SwiftCompile normal arm64_32 Compiling\ CertificateName.swift /Users/admin/builder/spi-builder-workspace/SelfSignedCert/CertificateName.swift (in target 'SelfSignedCert' from project 'SelfSignedCert')
SwiftCompile normal arm64_32 /Users/admin/builder/spi-builder-workspace/SelfSignedCert/CertificateName.swift (in target 'SelfSignedCert' from project 'SelfSignedCert')
    cd /Users/admin/builder/spi-builder-workspace/.swiftpm/xcode
    builtin-SwiftPerFileCompile CertificateName.swift
SwiftCompile normal arm64_32 Compiling\ OID.swift /Users/admin/builder/spi-builder-workspace/SelfSignedCert/OID.swift (in target 'SelfSignedCert' from project 'SelfSignedCert')
SwiftCompile normal arm64_32 /Users/admin/builder/spi-builder-workspace/SelfSignedCert/OID.swift (in target 'SelfSignedCert' from project 'SelfSignedCert')
    cd /Users/admin/builder/spi-builder-workspace/.swiftpm/xcode
    builtin-SwiftPerFileCompile OID.swift
SwiftCompile normal arm64_32 Compiling\ SecCertificate+Keychain.swift /Users/admin/builder/spi-builder-workspace/SelfSignedCert/SecCertificate+Keychain.swift (in target 'SelfSignedCert' from project 'SelfSignedCert')
SwiftCompile normal arm64_32 /Users/admin/builder/spi-builder-workspace/SelfSignedCert/SecCertificate+Keychain.swift (in target 'SelfSignedCert' from project 'SelfSignedCert')
    cd /Users/admin/builder/spi-builder-workspace/.swiftpm/xcode
    builtin-SwiftPerFileCompile SecCertificate+Keychain.swift
SwiftCompile normal arm64_32 Compiling\ SecIdentity+SelfSigned.swift /Users/admin/builder/spi-builder-workspace/SelfSignedCert/SecIdentity+SelfSigned.swift (in target 'SelfSignedCert' from project 'SelfSignedCert')
SwiftCompile normal arm64_32 /Users/admin/builder/spi-builder-workspace/SelfSignedCert/SecIdentity+SelfSigned.swift (in target 'SelfSignedCert' from project 'SelfSignedCert')
    cd /Users/admin/builder/spi-builder-workspace/.swiftpm/xcode
    builtin-SwiftPerFileCompile SecIdentity+SelfSigned.swift
SwiftCompile normal arm64 Compiling\ DEREncoding.swift /Users/admin/builder/spi-builder-workspace/SelfSignedCert/DEREncoding.swift (in target 'SelfSignedCert' from project 'SelfSignedCert')
SwiftCompile normal arm64 /Users/admin/builder/spi-builder-workspace/SelfSignedCert/DEREncoding.swift (in target 'SelfSignedCert' from project 'SelfSignedCert')
    cd /Users/admin/builder/spi-builder-workspace/.swiftpm/xcode
    builtin-SwiftPerFileCompile DEREncoding.swift
SwiftEmitModule normal arm64 Emitting\ module\ for\ SelfSignedCert (in target 'SelfSignedCert' from project 'SelfSignedCert')
SwiftCompile normal arm64 (in target 'SelfSignedCert' from project 'SelfSignedCert')
    cd /Users/admin/builder/spi-builder-workspace/.swiftpm/xcode

SwiftCompile normal arm64 Compiling\ CertificateName.swift /Users/admin/builder/spi-builder-workspace/SelfSignedCert/CertificateName.swift (in target 'SelfSignedCert' from project 'SelfSignedCert')
SwiftCompile normal arm64 /Users/admin/builder/spi-builder-workspace/SelfSignedCert/CertificateName.swift (in target 'SelfSignedCert' from project 'SelfSignedCert')
    cd /Users/admin/builder/spi-builder-workspace/.swiftpm/xcode
    builtin-SwiftPerFileCompile CertificateName.swift
SwiftCompile normal arm64 Compiling\ BitString.swift /Users/admin/builder/spi-builder-workspace/SelfSignedCert/BitString.swift (in target 'SelfSignedCert' from project 'SelfSignedCert')
/Users/admin/builder/spi-builder-workspace/SelfSignedCert/BitString.swift:10:31: error: cannot convert value of type 'RawSpan' to expected argument type '[UInt8]'
 8 |
 9 |     convenience init(data:Data) {
10 |         self.init(bytes: data.bytes)
   |                               `- error: cannot convert value of type 'RawSpan' to expected argument type '[UInt8]'
11 |     }
12 |
Failed frontend command:
/Applications/Xcode-27.0.0-Release.Candidate.app/Contents/Developer/Toolchains/XcodeDefault.xctoolchain/usr/bin/swift-frontend -frontend -c /Users/admin/builder/spi-builder-workspace/SelfSignedCert/ASN1Object.swift -primary-file /Users/admin/builder/spi-builder-workspace/SelfSignedCert/BitString.swift /Users/admin/builder/spi-builder-workspace/SelfSignedCert/CertificateName.swift /Users/admin/builder/spi-builder-workspace/SelfSignedCert/CertificateRequest.swift /Users/admin/builder/spi-builder-workspace/SelfSignedCert/DEREncoding.swift /Users/admin/builder/spi-builder-workspace/SelfSignedCert/OID.swift /Users/admin/builder/spi-builder-workspace/SelfSignedCert/SecCertificate+Keychain.swift /Users/admin/builder/spi-builder-workspace/SelfSignedCert/SecIdentity+SelfSigned.swift -emit-dependencies-path /Users/admin/builder/spi-builder-workspace/.derivedData/Build/Intermediates.noindex/SelfSignedCert.build/Debug-watchos/SelfSignedCert-t.build/Objects-normal/arm64/BitString.d -emit-const-values-path /Users/admin/builder/spi-builder-workspace/.derivedData/Build/Intermediates.noindex/SelfSignedCert.build/Debug-watchos/SelfSignedCert-t.build/Objects-normal/arm64/BitString.swiftconstvalues -emit-reference-dependencies-path /Users/admin/builder/spi-builder-workspace/.derivedData/Build/Intermediates.noindex/SelfSignedCert.build/Debug-watchos/SelfSignedCert-t.build/Objects-normal/arm64/BitString.swiftdeps -serialize-diagnostics-path /Users/admin/builder/spi-builder-workspace/.derivedData/Build/Intermediates.noindex/SelfSignedCert.build/Debug-watchos/SelfSignedCert-t.build/Objects-normal/arm64/BitString.dia -target arm64-apple-watchos9.0 -disable-cross-import-overlay-search -load-resolved-plugin /Applications/Xcode-27.0.0-Release.Candidate.app/Contents/Developer/Platforms/WatchOS.platform/Developer/usr/lib/swift/host/plugins/libFoundationMacros.dylib\#/Applications/Xcode-27.0.0-Release.Candidate.app/Contents/Developer/Platforms/WatchOS.platform/Developer/usr/bin/swift-plugin-server\#FoundationMacros -load-resolved-plugin /Applications/Xcode-27.0.0-Release.Candidate.app/Contents/Developer/Platforms/WatchOS.platform/Developer/usr/lib/swift/host/plugins/libObservationMacros.dylib\#/Applications/Xcode-27.0.0-Release.Candidate.app/Contents/Developer/Platforms/WatchOS.platform/Developer/usr/bin/swift-plugin-server\#ObservationMacros -load-resolved-plugin /Applications/Xcode-27.0.0-Release.Candidate.app/Contents/Developer/Platforms/WatchOS.platform/Developer/usr/lib/swift/host/plugins/libSwiftMacros.dylib\#/Applications/Xcode-27.0.0-Release.Candidate.app/Contents/Developer/Platforms/WatchOS.platform/Developer/usr/bin/swift-plugin-server\#SwiftMacros -disable-implicit-swift-modules -Xcc -fno-implicit-modules -Xcc -fno-implicit-module-maps -explicit-swift-module-map-file /Users/admin/builder/spi-builder-workspace/.derivedData/Build/Intermediates.noindex/SelfSignedCert.build/Debug-watchos/SelfSignedCert-t.build/Objects-normal/arm64/SelfSignedCert-dependencies-1.json -Xllvm -aarch64-use-tbi -enable-objc-interop -stack-check -sdk /Applications/Xcode-27.0.0-Release.Candidate.app/Contents/Developer/Platforms/WatchOS.platform/Developer/SDKs/WatchOS27.0.sdk -I /Users/admin/builder/spi-builder-workspace/.derivedData/Build/Products/Debug-watchos -Isystem /Applications/Xcode-27.0.0-Release.Candidate.app/Contents/Developer/Platforms/WatchOS.platform/Developer/usr/lib -F /Users/admin/builder/spi-builder-workspace/.derivedData/Build/Products/Debug-watchos/PackageFrameworks -F /Users/admin/builder/spi-builder-workspace/.derivedData/Build/Products/Debug-watchos -F /Applications/Xcode-27.0.0-Release.Candidate.app/Contents/Developer/Platforms/WatchOS.platform/Developer/Library/Frameworks -F /Applications/Xcode-27.0.0-Release.Candidate.app/Contents/Developer/Platforms/WatchOS.platform/Developer/SDKs/WatchOS27.0.sdk/Developer/Library/Frameworks -module-cache-path /Users/admin/builder/spi-builder-workspace/.derivedData/Build/Intermediates.noindex/SwiftExplicitPrecompiledModules -no-color-diagnostics -Xcc -fno-color-diagnostics -enable-testing -g -debug-info-format\=dwarf -dwarf-version\=4 -swift-version 5 -Onone -D SWIFT_PACKAGE -D DEBUG -D SWIFT_MODULE_RESOURCE_BUNDLE_UNAVAILABLE -D Xcode -serialize-debugging-options -enable-experimental-feature DebugDescriptionMacro -empty-abi-descriptor -validate-clang-modules-once -clang-build-session-file /Users/admin/builder/spi-builder-workspace/.derivedData/ModuleCache.noindex/Session.modulevalidation -Xcc -working-directory -Xcc /Users/admin/builder/spi-builder-workspace/.swiftpm/xcode -enable-anonymous-context-mangled-names -file-compilation-dir /Users/admin/builder/spi-builder-workspace/.swiftpm/xcode -Xcc -D_LIBCPP_HARDENING_MODE\=_LIBCPP_HARDENING_MODE_DEBUG -Xcc -ivfsstatcache -Xcc /Users/admin/builder/spi-builder-workspace/.derivedData/SDKStatCaches.noindex/watchos27.0-24R360-e829b21a6f8c9b70876ba0858053c04477534ef55a1706bf4c1112bbb242f0a2.sdkstatcache -Xcc -fmodules-prune-interval\=86400 -Xcc -fmodules-prune-after\=345600 -Xcc -I/Users/admin/builder/spi-builder-workspace/.derivedData/Build/Products/Debug-watchos/include -Xcc -I/Users/admin/builder/spi-builder-workspace/.derivedData/Build/Intermediates.noindex/SelfSignedCert.build/Debug-watchos/SelfSignedCert-t.build/DerivedSources-normal/arm64 -Xcc -I/Users/admin/builder/spi-builder-workspace/.derivedData/Build/Intermediates.noindex/SelfSignedCert.build/Debug-watchos/SelfSignedCert-t.build/DerivedSources/arm64 -Xcc -I/Users/admin/builder/spi-builder-workspace/.derivedData/Build/Intermediates.noindex/SelfSignedCert.build/Debug-watchos/SelfSignedCert-t.build/DerivedSources -Xcc -DSWIFT_PACKAGE -Xcc -DDEBUG\=1 -no-auto-bridging-header-chaining -module-name SelfSignedCert -const-gather-protocols-file /Users/admin/builder/spi-builder-workspace/.derivedData/Build/Intermediates.noindex/SelfSignedCert.build/Debug-watchos/SelfSignedCert-t.build/Objects-normal/arm64/SelfSignedCert_const_extract_protocols.json -disable-clang-spi -clang-target arm64-apple-watchos27.0 -target-sdk-version 27.0 -target-sdk-name watchos27.0 -in-process-plugin-server-path /Applications/Xcode-27.0.0-Release.Candidate.app/Contents/Developer/Toolchains/XcodeDefault.xctoolchain/usr/lib/swift/host/libSwiftInProcPluginServer.dylib -parse-as-library -o /Users/admin/builder/spi-builder-workspace/.derivedData/Build/Intermediates.noindex/SelfSignedCert.build/Debug-watchos/SelfSignedCert-t.build/Objects-normal/arm64/BitString.o -debug-module-path /Users/admin/builder/spi-builder-workspace/.derivedData/Build/Intermediates.noindex/SelfSignedCert.build/Debug-watchos/SelfSignedCert-t.build/Objects-normal/arm64/SelfSignedCert.swiftmodule -index-unit-output-path /SelfSignedCert.build/Debug-watchos/SelfSignedCert-t.build/Objects-normal/arm64/BitString.o -index-store-path /Users/admin/builder/spi-builder-workspace/.derivedData/Index.noindex/DataStore -index-system-modules
SwiftCompile normal arm64 /Users/admin/builder/spi-builder-workspace/SelfSignedCert/BitString.swift (in target 'SelfSignedCert' from project 'SelfSignedCert')
    cd /Users/admin/builder/spi-builder-workspace/.swiftpm/xcode
    builtin-SwiftPerFileCompile BitString.swift
SwiftDriverJobDiscovery normal arm64_32 Compiling SecCertificate+Keychain.swift (in target 'SelfSignedCert' from project 'SelfSignedCert')
SwiftCompile normal arm64 Compiling\ SecIdentity+SelfSigned.swift /Users/admin/builder/spi-builder-workspace/SelfSignedCert/SecIdentity+SelfSigned.swift (in target 'SelfSignedCert' from project 'SelfSignedCert')
SwiftCompile normal arm64 /Users/admin/builder/spi-builder-workspace/SelfSignedCert/SecIdentity+SelfSigned.swift (in target 'SelfSignedCert' from project 'SelfSignedCert')
    cd /Users/admin/builder/spi-builder-workspace/.swiftpm/xcode
    builtin-SwiftPerFileCompile SecIdentity+SelfSigned.swift
SwiftDriverJobDiscovery normal arm64_32 Emitting module for SelfSignedCert (in target 'SelfSignedCert' from project 'SelfSignedCert')
SwiftDriver\ Compilation\ Requirements SelfSignedCert normal arm64_32 com.apple.xcode.tools.swift.compiler (in target 'SelfSignedCert' from project 'SelfSignedCert')
    cd /Users/admin/builder/spi-builder-workspace/.swiftpm/xcode
    builtin-Swift-Compilation-Requirements -- /Applications/Xcode-27.0.0-Release.Candidate.app/Contents/Developer/Toolchains/XcodeDefault.xctoolchain/usr/bin/swiftc -parse-as-library -module-name SelfSignedCert -Onone @/Users/admin/builder/spi-builder-workspace/.derivedData/Build/Intermediates.noindex/SelfSignedCert.build/Debug-watchos/SelfSignedCert-t.build/Objects-normal/arm64_32/SelfSignedCert.SwiftFileList -DSWIFT_PACKAGE -DDEBUG -DSWIFT_MODULE_RESOURCE_BUNDLE_UNAVAILABLE -DXcode -plugin-path /Applications/Xcode-27.0.0-Release.Candidate.app/Contents/Developer/Toolchains/XcodeDefault.xctoolchain/usr/lib/swift/host/plugins/testing -enable-experimental-feature DebugDescriptionMacro -sdk /Applications/Xcode-27.0.0-Release.Candidate.app/Contents/Developer/Platforms/WatchOS.platform/Developer/SDKs/WatchOS27.0.sdk -target arm64_32-apple-watchos9.0 -g -module-cache-path /Users/admin/builder/spi-builder-workspace/.derivedData/ModuleCache.noindex -Xfrontend -serialize-debugging-options -enable-testing -index-store-path /Users/admin/builder/spi-builder-workspace/.derivedData/Index.noindex/DataStore -Xcc -D_LIBCPP_HARDENING_MODE\=_LIBCPP_HARDENING_MODE_DEBUG -swift-version 5 -I /Users/admin/builder/spi-builder-workspace/.derivedData/Build/Products/Debug-watchos -Isystem /Applications/Xcode-27.0.0-Release.Candidate.app/Contents/Developer/Platforms/WatchOS.platform/Developer/usr/lib -F /Users/admin/builder/spi-builder-workspace/.derivedData/Build/Products/Debug-watchos/PackageFrameworks -F /Users/admin/builder/spi-builder-workspace/.derivedData/Build/Products/Debug-watchos -F /Applications/Xcode-27.0.0-Release.Candidate.app/Contents/Developer/Platforms/WatchOS.platform/Developer/Library/Frameworks -F /Applications/Xcode-27.0.0-Release.Candidate.app/Contents/Developer/Platforms/WatchOS.platform/Developer/SDKs/WatchOS27.0.sdk/Developer/Library/Frameworks -c -j10 -enable-batch-mode -incremental -Xcc -ivfsstatcache -Xcc /Users/admin/builder/spi-builder-workspace/.derivedData/SDKStatCaches.noindex/watchos27.0-24R360-e829b21a6f8c9b70876ba0858053c04477534ef55a1706bf4c1112bbb242f0a2.sdkstatcache -output-file-map /Users/admin/builder/spi-builder-workspace/.derivedData/Build/Intermediates.noindex/SelfSignedCert.build/Debug-watchos/SelfSignedCert-t.build/Objects-normal/arm64_32/SelfSignedCert-OutputFileMap.json -save-temps -no-color-diagnostics -explicit-module-build -module-cache-path /Users/admin/builder/spi-builder-workspace/.derivedData/Build/Intermediates.noindex/SwiftExplicitPrecompiledModules -clang-scanner-module-cache-path /Users/admin/builder/spi-builder-workspace/.derivedData/ModuleCache.noindex -sdk-module-cache-path /Users/admin/builder/spi-builder-workspace/.derivedData/SDKExplicitPrecompiledModules -emit-dependencies -emit-module -emit-module-path /Users/admin/builder/spi-builder-workspace/.derivedData/Build/Intermediates.noindex/SelfSignedCert.build/Debug-watchos/SelfSignedCert-t.build/Objects-normal/arm64_32/SelfSignedCert.swiftmodule -serialize-diagnostics -dependency-scan-serialize-diagnostics-path /Users/admin/builder/spi-builder-workspace/.derivedData/Build/Intermediates.noindex/SelfSignedCert.build/Debug-watchos/SelfSignedCert-t.build/Objects-normal/arm64_32/SelfSignedCert-dependency-scan.dia -validate-clang-modules-once -clang-build-session-file /Users/admin/builder/spi-builder-workspace/.derivedData/ModuleCache.noindex/Session.modulevalidation -Xcc -fmodules-prune-interval\=86400 -Xcc -fmodules-prune-after\=345600 -emit-const-values -const-gather-protocols-list /Users/admin/builder/spi-builder-workspace/.derivedData/Build/Intermediates.noindex/SelfSignedCert.build/Debug-watchos/SelfSignedCert-t.build/Objects-normal/arm64_32/SelfSignedCert_const_extract_protocols.json -Xcc -I/Users/admin/builder/spi-builder-workspace/.derivedData/Build/Products/Debug-watchos/include -Xcc -I/Users/admin/builder/spi-builder-workspace/.derivedData/Build/Intermediates.noindex/SelfSignedCert.build/Debug-watchos/SelfSignedCert-t.build/DerivedSources-normal/arm64_32 -Xcc -I/Users/admin/builder/spi-builder-workspace/.derivedData/Build/Intermediates.noindex/SelfSignedCert.build/Debug-watchos/SelfSignedCert-t.build/DerivedSources/arm64_32 -Xcc -I/Users/admin/builder/spi-builder-workspace/.derivedData/Build/Intermediates.noindex/SelfSignedCert.build/Debug-watchos/SelfSignedCert-t.build/DerivedSources -Xcc -DSWIFT_PACKAGE -Xcc -DDEBUG\=1 -emit-objc-header -emit-objc-header-path /Users/admin/builder/spi-builder-workspace/.derivedData/Build/Intermediates.noindex/SelfSignedCert.build/Debug-watchos/SelfSignedCert-t.build/Objects-normal/arm64_32/SelfSignedCert-Swift.h -working-directory /Users/admin/builder/spi-builder-workspace/.swiftpm/xcode -experimental-emit-module-separately -disable-cmo
SwiftDriverJobDiscovery normal arm64 Emitting module for SelfSignedCert (in target 'SelfSignedCert' from project 'SelfSignedCert')
SwiftDriver\ Compilation\ Requirements SelfSignedCert normal arm64 com.apple.xcode.tools.swift.compiler (in target 'SelfSignedCert' from project 'SelfSignedCert')
    cd /Users/admin/builder/spi-builder-workspace/.swiftpm/xcode
    builtin-Swift-Compilation-Requirements -- /Applications/Xcode-27.0.0-Release.Candidate.app/Contents/Developer/Toolchains/XcodeDefault.xctoolchain/usr/bin/swiftc -parse-as-library -module-name SelfSignedCert -Onone @/Users/admin/builder/spi-builder-workspace/.derivedData/Build/Intermediates.noindex/SelfSignedCert.build/Debug-watchos/SelfSignedCert-t.build/Objects-normal/arm64/SelfSignedCert.SwiftFileList -DSWIFT_PACKAGE -DDEBUG -DSWIFT_MODULE_RESOURCE_BUNDLE_UNAVAILABLE -DXcode -plugin-path /Applications/Xcode-27.0.0-Release.Candidate.app/Contents/Developer/Toolchains/XcodeDefault.xctoolchain/usr/lib/swift/host/plugins/testing -enable-experimental-feature DebugDescriptionMacro -sdk /Applications/Xcode-27.0.0-Release.Candidate.app/Contents/Developer/Platforms/WatchOS.platform/Developer/SDKs/WatchOS27.0.sdk -target arm64-apple-watchos9.0 -g -module-cache-path /Users/admin/builder/spi-builder-workspace/.derivedData/ModuleCache.noindex -Xfrontend -serialize-debugging-options -enable-testing -index-store-path /Users/admin/builder/spi-builder-workspace/.derivedData/Index.noindex/DataStore -Xcc -D_LIBCPP_HARDENING_MODE\=_LIBCPP_HARDENING_MODE_DEBUG -swift-version 5 -I /Users/admin/builder/spi-builder-workspace/.derivedData/Build/Products/Debug-watchos -Isystem /Applications/Xcode-27.0.0-Release.Candidate.app/Contents/Developer/Platforms/WatchOS.platform/Developer/usr/lib -F /Users/admin/builder/spi-builder-workspace/.derivedData/Build/Products/Debug-watchos/PackageFrameworks -F /Users/admin/builder/spi-builder-workspace/.derivedData/Build/Products/Debug-watchos -F /Applications/Xcode-27.0.0-Release.Candidate.app/Contents/Developer/Platforms/WatchOS.platform/Developer/Library/Frameworks -F /Applications/Xcode-27.0.0-Release.Candidate.app/Contents/Developer/Platforms/WatchOS.platform/Developer/SDKs/WatchOS27.0.sdk/Developer/Library/Frameworks -c -j10 -enable-batch-mode -incremental -Xcc -ivfsstatcache -Xcc /Users/admin/builder/spi-builder-workspace/.derivedData/SDKStatCaches.noindex/watchos27.0-24R360-e829b21a6f8c9b70876ba0858053c04477534ef55a1706bf4c1112bbb242f0a2.sdkstatcache -output-file-map /Users/admin/builder/spi-builder-workspace/.derivedData/Build/Intermediates.noindex/SelfSignedCert.build/Debug-watchos/SelfSignedCert-t.build/Objects-normal/arm64/SelfSignedCert-OutputFileMap.json -save-temps -no-color-diagnostics -explicit-module-build -module-cache-path /Users/admin/builder/spi-builder-workspace/.derivedData/Build/Intermediates.noindex/SwiftExplicitPrecompiledModules -clang-scanner-module-cache-path /Users/admin/builder/spi-builder-workspace/.derivedData/ModuleCache.noindex -sdk-module-cache-path /Users/admin/builder/spi-builder-workspace/.derivedData/SDKExplicitPrecompiledModules -emit-dependencies -emit-module -emit-module-path /Users/admin/builder/spi-builder-workspace/.derivedData/Build/Intermediates.noindex/SelfSignedCert.build/Debug-watchos/SelfSignedCert-t.build/Objects-normal/arm64/SelfSignedCert.swiftmodule -serialize-diagnostics -dependency-scan-serialize-diagnostics-path /Users/admin/builder/spi-builder-workspace/.derivedData/Build/Intermediates.noindex/SelfSignedCert.build/Debug-watchos/SelfSignedCert-t.build/Objects-normal/arm64/SelfSignedCert-dependency-scan.dia -validate-clang-modules-once -clang-build-session-file /Users/admin/builder/spi-builder-workspace/.derivedData/ModuleCache.noindex/Session.modulevalidation -Xcc -fmodules-prune-interval\=86400 -Xcc -fmodules-prune-after\=345600 -emit-const-values -const-gather-protocols-list /Users/admin/builder/spi-builder-workspace/.derivedData/Build/Intermediates.noindex/SelfSignedCert.build/Debug-watchos/SelfSignedCert-t.build/Objects-normal/arm64/SelfSignedCert_const_extract_protocols.json -Xcc -I/Users/admin/builder/spi-builder-workspace/.derivedData/Build/Products/Debug-watchos/include -Xcc -I/Users/admin/builder/spi-builder-workspace/.derivedData/Build/Intermediates.noindex/SelfSignedCert.build/Debug-watchos/SelfSignedCert-t.build/DerivedSources-normal/arm64 -Xcc -I/Users/admin/builder/spi-builder-workspace/.derivedData/Build/Intermediates.noindex/SelfSignedCert.build/Debug-watchos/SelfSignedCert-t.build/DerivedSources/arm64 -Xcc -I/Users/admin/builder/spi-builder-workspace/.derivedData/Build/Intermediates.noindex/SelfSignedCert.build/Debug-watchos/SelfSignedCert-t.build/DerivedSources -Xcc -DSWIFT_PACKAGE -Xcc -DDEBUG\=1 -emit-objc-header -emit-objc-header-path /Users/admin/builder/spi-builder-workspace/.derivedData/Build/Intermediates.noindex/SelfSignedCert.build/Debug-watchos/SelfSignedCert-t.build/Objects-normal/arm64/SelfSignedCert-Swift.h -working-directory /Users/admin/builder/spi-builder-workspace/.swiftpm/xcode -experimental-emit-module-separately -disable-cmo
Copy /Users/admin/builder/spi-builder-workspace/.derivedData/Build/Products/Debug-watchos/SelfSignedCert.swiftmodule/arm64_32-apple-watchos.swiftmodule /Users/admin/builder/spi-builder-workspace/.derivedData/Build/Intermediates.noindex/SelfSignedCert.build/Debug-watchos/SelfSignedCert-t.build/Objects-normal/arm64_32/SelfSignedCert.swiftmodule (in target 'SelfSignedCert' from project 'SelfSignedCert')
    cd /Users/admin/builder/spi-builder-workspace
    builtin-copy -exclude .DS_Store -exclude CVS -exclude .svn -exclude .git -exclude .hg -resolve-src-symlinks -rename /Users/admin/builder/spi-builder-workspace/.derivedData/Build/Intermediates.noindex/SelfSignedCert.build/Debug-watchos/SelfSignedCert-t.build/Objects-normal/arm64_32/SelfSignedCert.swiftmodule /Users/admin/builder/spi-builder-workspace/.derivedData/Build/Products/Debug-watchos/SelfSignedCert.swiftmodule/arm64_32-apple-watchos.swiftmodule
SwiftMergeGeneratedHeaders /Users/admin/builder/spi-builder-workspace/.derivedData/Build/Intermediates.noindex/GeneratedModuleMaps-watchos/SelfSignedCert-Swift.h /Users/admin/builder/spi-builder-workspace/.derivedData/Build/Intermediates.noindex/SelfSignedCert.build/Debug-watchos/SelfSignedCert-t.build/Objects-normal/arm64/SelfSignedCert-Swift.h /Users/admin/builder/spi-builder-workspace/.derivedData/Build/Intermediates.noindex/SelfSignedCert.build/Debug-watchos/SelfSignedCert-t.build/Objects-normal/arm64_32/SelfSignedCert-Swift.h (in target 'SelfSignedCert' from project 'SelfSignedCert')
    cd /Users/admin/builder/spi-builder-workspace
    builtin-swiftHeaderTool -arch arm64 /Users/admin/builder/spi-builder-workspace/.derivedData/Build/Intermediates.noindex/SelfSignedCert.build/Debug-watchos/SelfSignedCert-t.build/Objects-normal/arm64/SelfSignedCert-Swift.h -arch arm64_32 /Users/admin/builder/spi-builder-workspace/.derivedData/Build/Intermediates.noindex/SelfSignedCert.build/Debug-watchos/SelfSignedCert-t.build/Objects-normal/arm64_32/SelfSignedCert-Swift.h -o /Users/admin/builder/spi-builder-workspace/.derivedData/Build/Intermediates.noindex/GeneratedModuleMaps-watchos/SelfSignedCert-Swift.h
Copy /Users/admin/builder/spi-builder-workspace/.derivedData/Build/Products/Debug-watchos/SelfSignedCert.swiftmodule/arm64_32-apple-watchos.swiftdoc /Users/admin/builder/spi-builder-workspace/.derivedData/Build/Intermediates.noindex/SelfSignedCert.build/Debug-watchos/SelfSignedCert-t.build/Objects-normal/arm64_32/SelfSignedCert.swiftdoc (in target 'SelfSignedCert' from project 'SelfSignedCert')
    cd /Users/admin/builder/spi-builder-workspace
    builtin-copy -exclude .DS_Store -exclude CVS -exclude .svn -exclude .git -exclude .hg -resolve-src-symlinks -rename /Users/admin/builder/spi-builder-workspace/.derivedData/Build/Intermediates.noindex/SelfSignedCert.build/Debug-watchos/SelfSignedCert-t.build/Objects-normal/arm64_32/SelfSignedCert.swiftdoc /Users/admin/builder/spi-builder-workspace/.derivedData/Build/Products/Debug-watchos/SelfSignedCert.swiftmodule/arm64_32-apple-watchos.swiftdoc
Copy /Users/admin/builder/spi-builder-workspace/.derivedData/Build/Products/Debug-watchos/SelfSignedCert.swiftmodule/arm64_32-apple-watchos.abi.json /Users/admin/builder/spi-builder-workspace/.derivedData/Build/Intermediates.noindex/SelfSignedCert.build/Debug-watchos/SelfSignedCert-t.build/Objects-normal/arm64_32/SelfSignedCert.abi.json (in target 'SelfSignedCert' from project 'SelfSignedCert')
    cd /Users/admin/builder/spi-builder-workspace
    builtin-copy -exclude .DS_Store -exclude CVS -exclude .svn -exclude .git -exclude .hg -resolve-src-symlinks -rename /Users/admin/builder/spi-builder-workspace/.derivedData/Build/Intermediates.noindex/SelfSignedCert.build/Debug-watchos/SelfSignedCert-t.build/Objects-normal/arm64_32/SelfSignedCert.abi.json /Users/admin/builder/spi-builder-workspace/.derivedData/Build/Products/Debug-watchos/SelfSignedCert.swiftmodule/arm64_32-apple-watchos.abi.json
SwiftDriverJobDiscovery normal arm64_32 Compiling ASN1Object.swift (in target 'SelfSignedCert' from project 'SelfSignedCert')
Copy /Users/admin/builder/spi-builder-workspace/.derivedData/Build/Products/Debug-watchos/SelfSignedCert.swiftmodule/arm64-apple-watchos.swiftmodule /Users/admin/builder/spi-builder-workspace/.derivedData/Build/Intermediates.noindex/SelfSignedCert.build/Debug-watchos/SelfSignedCert-t.build/Objects-normal/arm64/SelfSignedCert.swiftmodule (in target 'SelfSignedCert' from project 'SelfSignedCert')
    cd /Users/admin/builder/spi-builder-workspace
    builtin-copy -exclude .DS_Store -exclude CVS -exclude .svn -exclude .git -exclude .hg -resolve-src-symlinks -rename /Users/admin/builder/spi-builder-workspace/.derivedData/Build/Intermediates.noindex/SelfSignedCert.build/Debug-watchos/SelfSignedCert-t.build/Objects-normal/arm64/SelfSignedCert.swiftmodule /Users/admin/builder/spi-builder-workspace/.derivedData/Build/Products/Debug-watchos/SelfSignedCert.swiftmodule/arm64-apple-watchos.swiftmodule
Copy /Users/admin/builder/spi-builder-workspace/.derivedData/Build/Products/Debug-watchos/SelfSignedCert.swiftmodule/arm64-apple-watchos.swiftdoc /Users/admin/builder/spi-builder-workspace/.derivedData/Build/Intermediates.noindex/SelfSignedCert.build/Debug-watchos/SelfSignedCert-t.build/Objects-normal/arm64/SelfSignedCert.swiftdoc (in target 'SelfSignedCert' from project 'SelfSignedCert')
    cd /Users/admin/builder/spi-builder-workspace
    builtin-copy -exclude .DS_Store -exclude CVS -exclude .svn -exclude .git -exclude .hg -resolve-src-symlinks -rename /Users/admin/builder/spi-builder-workspace/.derivedData/Build/Intermediates.noindex/SelfSignedCert.build/Debug-watchos/SelfSignedCert-t.build/Objects-normal/arm64/SelfSignedCert.swiftdoc /Users/admin/builder/spi-builder-workspace/.derivedData/Build/Products/Debug-watchos/SelfSignedCert.swiftmodule/arm64-apple-watchos.swiftdoc
Copy /Users/admin/builder/spi-builder-workspace/.derivedData/Build/Products/Debug-watchos/SelfSignedCert.swiftmodule/arm64-apple-watchos.abi.json /Users/admin/builder/spi-builder-workspace/.derivedData/Build/Intermediates.noindex/SelfSignedCert.build/Debug-watchos/SelfSignedCert-t.build/Objects-normal/arm64/SelfSignedCert.abi.json (in target 'SelfSignedCert' from project 'SelfSignedCert')
    cd /Users/admin/builder/spi-builder-workspace
    builtin-copy -exclude .DS_Store -exclude CVS -exclude .svn -exclude .git -exclude .hg -resolve-src-symlinks -rename /Users/admin/builder/spi-builder-workspace/.derivedData/Build/Intermediates.noindex/SelfSignedCert.build/Debug-watchos/SelfSignedCert-t.build/Objects-normal/arm64/SelfSignedCert.abi.json /Users/admin/builder/spi-builder-workspace/.derivedData/Build/Products/Debug-watchos/SelfSignedCert.swiftmodule/arm64-apple-watchos.abi.json
SwiftDriverJobDiscovery normal arm64 Compiling CertificateName.swift (in target 'SelfSignedCert' from project 'SelfSignedCert')
Copy /Users/admin/builder/spi-builder-workspace/.derivedData/Build/Products/Debug-watchos/SelfSignedCert.swiftmodule/Project/arm64_32-apple-watchos.swiftsourceinfo /Users/admin/builder/spi-builder-workspace/.derivedData/Build/Intermediates.noindex/SelfSignedCert.build/Debug-watchos/SelfSignedCert-t.build/Objects-normal/arm64_32/SelfSignedCert.swiftsourceinfo (in target 'SelfSignedCert' from project 'SelfSignedCert')
    cd /Users/admin/builder/spi-builder-workspace
    builtin-copy -exclude .DS_Store -exclude CVS -exclude .svn -exclude .git -exclude .hg -resolve-src-symlinks -rename /Users/admin/builder/spi-builder-workspace/.derivedData/Build/Intermediates.noindex/SelfSignedCert.build/Debug-watchos/SelfSignedCert-t.build/Objects-normal/arm64_32/SelfSignedCert.swiftsourceinfo /Users/admin/builder/spi-builder-workspace/.derivedData/Build/Products/Debug-watchos/SelfSignedCert.swiftmodule/Project/arm64_32-apple-watchos.swiftsourceinfo
Copy /Users/admin/builder/spi-builder-workspace/.derivedData/Build/Products/Debug-watchos/SelfSignedCert.swiftmodule/Project/arm64-apple-watchos.swiftsourceinfo /Users/admin/builder/spi-builder-workspace/.derivedData/Build/Intermediates.noindex/SelfSignedCert.build/Debug-watchos/SelfSignedCert-t.build/Objects-normal/arm64/SelfSignedCert.swiftsourceinfo (in target 'SelfSignedCert' from project 'SelfSignedCert')
    cd /Users/admin/builder/spi-builder-workspace
    builtin-copy -exclude .DS_Store -exclude CVS -exclude .svn -exclude .git -exclude .hg -resolve-src-symlinks -rename /Users/admin/builder/spi-builder-workspace/.derivedData/Build/Intermediates.noindex/SelfSignedCert.build/Debug-watchos/SelfSignedCert-t.build/Objects-normal/arm64/SelfSignedCert.swiftsourceinfo /Users/admin/builder/spi-builder-workspace/.derivedData/Build/Products/Debug-watchos/SelfSignedCert.swiftmodule/Project/arm64-apple-watchos.swiftsourceinfo
SwiftCompile normal arm64 Compiling\ CertificateRequest.swift /Users/admin/builder/spi-builder-workspace/SelfSignedCert/CertificateRequest.swift (in target 'SelfSignedCert' from project 'SelfSignedCert')
SwiftCompile normal arm64 /Users/admin/builder/spi-builder-workspace/SelfSignedCert/CertificateRequest.swift (in target 'SelfSignedCert' from project 'SelfSignedCert')
    cd /Users/admin/builder/spi-builder-workspace/.swiftpm/xcode
    builtin-SwiftPerFileCompile CertificateRequest.swift
SwiftCompile normal arm64 Compiling\ ASN1Object.swift /Users/admin/builder/spi-builder-workspace/SelfSignedCert/ASN1Object.swift (in target 'SelfSignedCert' from project 'SelfSignedCert')
SwiftCompile normal arm64 /Users/admin/builder/spi-builder-workspace/SelfSignedCert/ASN1Object.swift (in target 'SelfSignedCert' from project 'SelfSignedCert')
    cd /Users/admin/builder/spi-builder-workspace/.swiftpm/xcode
    builtin-SwiftPerFileCompile ASN1Object.swift
SwiftCompile normal arm64_32 Compiling\ DEREncoding.swift /Users/admin/builder/spi-builder-workspace/SelfSignedCert/DEREncoding.swift (in target 'SelfSignedCert' from project 'SelfSignedCert')
SwiftCompile normal arm64_32 /Users/admin/builder/spi-builder-workspace/SelfSignedCert/DEREncoding.swift (in target 'SelfSignedCert' from project 'SelfSignedCert')
    cd /Users/admin/builder/spi-builder-workspace/.swiftpm/xcode
    builtin-SwiftPerFileCompile DEREncoding.swift
SwiftDriverJobDiscovery normal arm64_32 Compiling CertificateName.swift (in target 'SelfSignedCert' from project 'SelfSignedCert')
SwiftCompile normal arm64 Compiling\ OID.swift /Users/admin/builder/spi-builder-workspace/SelfSignedCert/OID.swift (in target 'SelfSignedCert' from project 'SelfSignedCert')
SwiftCompile normal arm64 /Users/admin/builder/spi-builder-workspace/SelfSignedCert/OID.swift (in target 'SelfSignedCert' from project 'SelfSignedCert')
    cd /Users/admin/builder/spi-builder-workspace/.swiftpm/xcode
    builtin-SwiftPerFileCompile OID.swift
SwiftDriverJobDiscovery normal arm64_32 Compiling SecIdentity+SelfSigned.swift (in target 'SelfSignedCert' from project 'SelfSignedCert')
SwiftCompile normal arm64_32 Compiling\ BitString.swift /Users/admin/builder/spi-builder-workspace/SelfSignedCert/BitString.swift (in target 'SelfSignedCert' from project 'SelfSignedCert')
SwiftCompile normal arm64_32 /Users/admin/builder/spi-builder-workspace/SelfSignedCert/BitString.swift (in target 'SelfSignedCert' from project 'SelfSignedCert')
    cd /Users/admin/builder/spi-builder-workspace/.swiftpm/xcode
    builtin-SwiftPerFileCompile BitString.swift
PruneExplicitPrecompiledModules /Users/admin/builder/spi-builder-workspace/.derivedData/Build/Intermediates.noindex/SwiftExplicitPrecompiledModules
PruneExplicitPrecompiledModules /Users/admin/builder/spi-builder-workspace/.derivedData/SDKExplicitPrecompiledModules
PruneExplicitPrecompiledModules /Users/admin/builder/spi-builder-workspace/.derivedData/Build/Intermediates.noindex/ExplicitPrecompiledModules
2026-09-18 00:12:16.034 xcodebuild[1171:6514] [MT] IDERunDestination: Supported platforms for the buildables in the current scheme is empty.
** BUILD FAILED **
The following build commands failed:
	SwiftCompile normal arm64 Compiling\ BitString.swift /Users/admin/builder/spi-builder-workspace/SelfSignedCert/BitString.swift (in target 'SelfSignedCert' from project 'SelfSignedCert')
	SwiftCompile normal arm64 /Users/admin/builder/spi-builder-workspace/SelfSignedCert/BitString.swift (in target 'SelfSignedCert' from project 'SelfSignedCert')
	Building workspace SelfSignedCert with scheme SelfSignedCert
(3 failures)
BUILD FAILURE 6.4 watchOS