Build Information
Failed to build swift-otel-xray, reference main (8c2587), with Swift 6.4 for macOS (Xcode) using Xcode 27.0 on 20 Sep 2026 20:58:54 UTC.
Build Command
env DEVELOPER_DIR=/Applications/Xcode-27.0.0-Release.Candidate.app xcrun xcodebuild -IDEClonedSourcePackagesDirPathOverride=$PWD/.dependencies -skipMacroValidation -skipPackagePluginValidation -derivedDataPath $PWD/.derivedData build -scheme swift-otel-xray -destination platform=macOS,arch=arm64Build Log
cd /Users/admin/builder/spi-builder-workspace/.swiftpm/xcode
builtin-SwiftPerFileCompile AsyncRemoveDuplicatesSequence.swift
SwiftCompile normal arm64 /Users/admin/builder/spi-builder-workspace/.dependencies/checkouts/swift-async-algorithms/Sources/AsyncAlgorithms/AsyncShareSequence.swift (in target 'AsyncAlgorithms' from project 'swift-async-algorithms')
cd /Users/admin/builder/spi-builder-workspace/.swiftpm/xcode
builtin-SwiftPerFileCompile AsyncShareSequence.swift
SwiftCompile normal arm64 /Users/admin/builder/spi-builder-workspace/.dependencies/checkouts/swift-async-algorithms/Sources/AsyncAlgorithms/AsyncSyncSequence.swift (in target 'AsyncAlgorithms' from project 'swift-async-algorithms')
cd /Users/admin/builder/spi-builder-workspace/.swiftpm/xcode
builtin-SwiftPerFileCompile AsyncSyncSequence.swift
SwiftCompile normal arm64 /Users/admin/builder/spi-builder-workspace/.dependencies/checkouts/swift-async-algorithms/Sources/AsyncAlgorithms/AsyncThrottleSequence.swift (in target 'AsyncAlgorithms' from project 'swift-async-algorithms')
cd /Users/admin/builder/spi-builder-workspace/.swiftpm/xcode
builtin-SwiftPerFileCompile AsyncThrottleSequence.swift
SwiftDriverJobDiscovery normal arm64 Compiling UniqueDeque.swift, _DequeSlot.swift, _UnsafeDequeHandle.swift, _UnsafeDequeSegments.swift (in target 'DequeModule' from project 'swift-collections')
SwiftDriver\ Compilation DequeModule normal arm64 com.apple.xcode.tools.swift.compiler (in target 'DequeModule' from project 'swift-collections')
cd /Users/admin/builder/spi-builder-workspace/.swiftpm/xcode
builtin-Swift-Compilation -- /Applications/Xcode-27.0.0-Release.Candidate.app/Contents/Developer/Toolchains/XcodeDefault.xctoolchain/usr/bin/swiftc -parse-as-library -module-name DequeModule -Onone @/Users/admin/builder/spi-builder-workspace/.derivedData/Build/Intermediates.noindex/swift-collections.build/Debug/DequeModule-t.build/Objects-normal/arm64/DequeModule.SwiftFileList -DSWIFT_PACKAGE -DDEBUG -DSWIFT_MODULE_RESOURCE_BUNDLE_UNAVAILABLE -DCOLLECTIONS_RANDOMIZED_TESTING -DXcode -enable-experimental-feature AvailabilityMacro\=SwiftStdlib\ 5.0:\ macOS\ 10.14.4,\ iOS\ 12.2,\ watchOS\ 5.2,\ tvOS\ 12.2 -enable-experimental-feature AvailabilityMacro\=SwiftStdlib\ 5.1:\ macOS\ 10.15,\ iOS\ 13.0,\ watchOS\ 6.0,\ tvOS\ 13.0 -enable-experimental-feature AvailabilityMacro\=SwiftStdlib\ 5.6:\ macOS\ 12.3,\ iOS\ 15.4,\ watchOS\ 8.5,\ tvOS\ 15.4 -enable-experimental-feature AvailabilityMacro\=SwiftStdlib\ 5.7:\ macOS\ 13.0,\ iOS\ 16.0,\ watchOS\ 9.0,\ tvOS\ 16.0 -enable-experimental-feature AvailabilityMacro\=SwiftStdlib\ 5.8:\ macOS\ 13.3,\ iOS\ 16.4,\ watchOS\ 9.4,\ tvOS\ 16.4 -enable-experimental-feature AvailabilityMacro\=SwiftStdlib\ 5.9:\ macOS\ 14.0,\ iOS\ 17.0,\ watchOS\ 10.0,\ tvOS\ 17.0 -enable-experimental-feature AvailabilityMacro\=SwiftStdlib\ 5.10:\ macOS\ 14.4,\ iOS\ 17.4,\ watchOS\ 10.4,\ tvOS\ 17.4,\ visionOS\ 1.1 -enable-experimental-feature AvailabilityMacro\=SwiftStdlib\ 6.0:\ macOS\ 15.0,\ iOS\ 18.0,\ watchOS\ 11.0,\ tvOS\ 18.0,\ visionOS\ 2.0 -enable-experimental-feature AvailabilityMacro\=SwiftStdlib\ 6.1:\ macOS\ 15.4,\ iOS\ 18.4,\ watchOS\ 11.4,\ tvOS\ 18.4,\ visionOS\ 2.4 -enable-experimental-feature AvailabilityMacro\=SwiftStdlib\ 6.2:\ macOS\ 26.0,\ iOS\ 26.0,\ watchOS\ 26.0,\ tvOS\ 26.0,\ visionOS\ 26.0 -enable-experimental-feature AvailabilityMacro\=SwiftStdlib\ 6.3:\ macOS\ 26.4,\ iOS\ 26.4,\ watchOS\ 26.4,\ tvOS\ 26.4,\ visionOS\ 26.4 -enable-experimental-feature AvailabilityMacro\=SwiftStdlib\ 6.4:\ macOS\ 9999,\ iOS\ 9999,\ watchOS\ 9999,\ tvOS\ 9999,\ visionOS\ 9999 -enable-experimental-feature AvailabilityMacro\=SwiftStdlib\ 6.5:\ macOS\ 9999,\ iOS\ 9999,\ watchOS\ 9999,\ tvOS\ 9999,\ visionOS\ 9999 -enable-upcoming-feature MemberImportVisibility -enable-experimental-feature BuiltinModule -enable-experimental-feature Lifetimes -enable-experimental-feature InoutLifetimeDependence -enable-experimental-feature AddressableParameters -enable-experimental-feature AddressableTypes -enable-experimental-feature SuppressedAssociatedTypesWithDefaults -plugin-path /Applications/Xcode-27.0.0-Release.Candidate.app/Contents/Developer/Toolchains/XcodeDefault.xctoolchain/usr/lib/swift/host/plugins/testing -enable-experimental-feature DebugDescriptionMacro -sdk /Applications/Xcode-27.0.0-Release.Candidate.app/Contents/Developer/Platforms/MacOSX.platform/Developer/SDKs/MacOSX27.0.sdk -target arm64-apple-macos12.0 -g -module-cache-path /Users/admin/builder/spi-builder-workspace/.derivedData/ModuleCache.noindex -Xfrontend -serialize-debugging-options -profile-coverage-mapping -profile-generate -enable-testing -suppress-warnings -index-store-path /Users/admin/builder/spi-builder-workspace/.derivedData/Index.noindex/DataStore -Xcc -D_LIBCPP_HARDENING_MODE\=_LIBCPP_HARDENING_MODE_DEBUG -swift-version 6 -I /Users/admin/builder/spi-builder-workspace/.derivedData/Build/Products/Debug -Isystem /Applications/Xcode-27.0.0-Release.Candidate.app/Contents/Developer/Platforms/MacOSX.platform/Developer/usr/lib -F /Users/admin/builder/spi-builder-workspace/.derivedData/Build/Products/Debug/PackageFrameworks -F /Users/admin/builder/spi-builder-workspace/.derivedData/Build/Products/Debug -F /Applications/Xcode-27.0.0-Release.Candidate.app/Contents/Developer/Platforms/MacOSX.platform/Developer/Library/Frameworks -c -j10 -enable-batch-mode -incremental -Xcc -ivfsstatcache -Xcc /Users/admin/builder/spi-builder-workspace/.derivedData/SDKStatCaches.noindex/macosx27.0-26A425-e829b21a6f8c9b70876ba0858053c0446a22442a12e9d48fe1a705f55a1adfc4.sdkstatcache -output-file-map /Users/admin/builder/spi-builder-workspace/.derivedData/Build/Intermediates.noindex/swift-collections.build/Debug/DequeModule-t.build/Objects-normal/arm64/DequeModule-OutputFileMap.json -save-temps -no-color-diagnostics -explicit-module-build -module-cache-path /Users/admin/builder/spi-builder-workspace/.derivedData/Build/Intermediates.noindex/SwiftExplicitPrecompiledModules -clang-scanner-module-cache-path /Users/admin/builder/spi-builder-workspace/.derivedData/ModuleCache.noindex -sdk-module-cache-path /Users/admin/builder/spi-builder-workspace/.derivedData/SDKExplicitPrecompiledModules -emit-dependencies -emit-module -emit-module-path /Users/admin/builder/spi-builder-workspace/.derivedData/Build/Intermediates.noindex/swift-collections.build/Debug/DequeModule-t.build/Objects-normal/arm64/DequeModule.swiftmodule -serialize-diagnostics -dependency-scan-serialize-diagnostics-path /Users/admin/builder/spi-builder-workspace/.derivedData/Build/Intermediates.noindex/swift-collections.build/Debug/DequeModule-t.build/Objects-normal/arm64/DequeModule-dependency-scan.dia -user-module-version 1.6.0 -validate-clang-modules-once -clang-build-session-file /Users/admin/builder/spi-builder-workspace/.derivedData/ModuleCache.noindex/Session.modulevalidation -Xcc -fmodules-prune-interval\=86400 -Xcc -fmodules-prune-after\=345600 -package-name swift_collections -emit-const-values -const-gather-protocols-list /Users/admin/builder/spi-builder-workspace/.derivedData/Build/Intermediates.noindex/swift-collections.build/Debug/DequeModule-t.build/Objects-normal/arm64/DequeModule_const_extract_protocols.json -Xcc -I/Users/admin/builder/spi-builder-workspace/.derivedData/Build/Products/Debug/include -Xcc -I/Users/admin/builder/spi-builder-workspace/.derivedData/Build/Intermediates.noindex/swift-collections.build/Debug/DequeModule-t.build/DerivedSources-normal/arm64 -Xcc -I/Users/admin/builder/spi-builder-workspace/.derivedData/Build/Intermediates.noindex/swift-collections.build/Debug/DequeModule-t.build/DerivedSources/arm64 -Xcc -I/Users/admin/builder/spi-builder-workspace/.derivedData/Build/Intermediates.noindex/swift-collections.build/Debug/DequeModule-t.build/DerivedSources -Xcc -DSWIFT_PACKAGE -Xcc -DDEBUG\=1 -emit-objc-header -emit-objc-header-path /Users/admin/builder/spi-builder-workspace/.derivedData/Build/Intermediates.noindex/swift-collections.build/Debug/DequeModule-t.build/Objects-normal/arm64/DequeModule-Swift.h -working-directory /Users/admin/builder/spi-builder-workspace/.swiftpm/xcode -experimental-emit-module-separately -disable-cmo
SwiftDriverJobDiscovery normal arm64 Compiling AsyncAdjacentPairsSequence.swift, AsyncBufferedByteIterator.swift, AsyncChain2Sequence.swift, AsyncChain3Sequence.swift, AsyncChunkedByGroupSequence.swift, AsyncChunkedOnProjectionSequence.swift (in target 'AsyncAlgorithms' from project 'swift-async-algorithms')
SwiftCompile normal arm64 Compiling\ AsyncThrowingExclusiveReductionsSequence.swift,\ AsyncThrowingInclusiveReductionsSequence.swift,\ AsyncTimerSequence.swift,\ AsyncBufferSequence.swift,\ BoundedBufferStateMachine.swift,\ BoundedBufferStorage.swift /Users/admin/builder/spi-builder-workspace/.dependencies/checkouts/swift-async-algorithms/Sources/AsyncAlgorithms/AsyncThrowingExclusiveReductionsSequence.swift /Users/admin/builder/spi-builder-workspace/.dependencies/checkouts/swift-async-algorithms/Sources/AsyncAlgorithms/AsyncThrowingInclusiveReductionsSequence.swift /Users/admin/builder/spi-builder-workspace/.dependencies/checkouts/swift-async-algorithms/Sources/AsyncAlgorithms/AsyncTimerSequence.swift /Users/admin/builder/spi-builder-workspace/.dependencies/checkouts/swift-async-algorithms/Sources/AsyncAlgorithms/Buffer/AsyncBufferSequence.swift /Users/admin/builder/spi-builder-workspace/.dependencies/checkouts/swift-async-algorithms/Sources/AsyncAlgorithms/Buffer/BoundedBufferStateMachine.swift /Users/admin/builder/spi-builder-workspace/.dependencies/checkouts/swift-async-algorithms/Sources/AsyncAlgorithms/Buffer/BoundedBufferStorage.swift (in target 'AsyncAlgorithms' from project 'swift-async-algorithms')
SwiftCompile normal arm64 /Users/admin/builder/spi-builder-workspace/.dependencies/checkouts/swift-async-algorithms/Sources/AsyncAlgorithms/AsyncThrowingExclusiveReductionsSequence.swift (in target 'AsyncAlgorithms' from project 'swift-async-algorithms')
cd /Users/admin/builder/spi-builder-workspace/.swiftpm/xcode
builtin-SwiftPerFileCompile AsyncThrowingExclusiveReductionsSequence.swift
SwiftCompile normal arm64 /Users/admin/builder/spi-builder-workspace/.dependencies/checkouts/swift-async-algorithms/Sources/AsyncAlgorithms/AsyncThrowingInclusiveReductionsSequence.swift (in target 'AsyncAlgorithms' from project 'swift-async-algorithms')
cd /Users/admin/builder/spi-builder-workspace/.swiftpm/xcode
builtin-SwiftPerFileCompile AsyncThrowingInclusiveReductionsSequence.swift
SwiftCompile normal arm64 /Users/admin/builder/spi-builder-workspace/.dependencies/checkouts/swift-async-algorithms/Sources/AsyncAlgorithms/AsyncTimerSequence.swift (in target 'AsyncAlgorithms' from project 'swift-async-algorithms')
cd /Users/admin/builder/spi-builder-workspace/.swiftpm/xcode
builtin-SwiftPerFileCompile AsyncTimerSequence.swift
SwiftCompile normal arm64 /Users/admin/builder/spi-builder-workspace/.dependencies/checkouts/swift-async-algorithms/Sources/AsyncAlgorithms/Buffer/AsyncBufferSequence.swift (in target 'AsyncAlgorithms' from project 'swift-async-algorithms')
cd /Users/admin/builder/spi-builder-workspace/.swiftpm/xcode
builtin-SwiftPerFileCompile AsyncBufferSequence.swift
SwiftCompile normal arm64 /Users/admin/builder/spi-builder-workspace/.dependencies/checkouts/swift-async-algorithms/Sources/AsyncAlgorithms/Buffer/BoundedBufferStateMachine.swift (in target 'AsyncAlgorithms' from project 'swift-async-algorithms')
cd /Users/admin/builder/spi-builder-workspace/.swiftpm/xcode
builtin-SwiftPerFileCompile BoundedBufferStateMachine.swift
SwiftCompile normal arm64 /Users/admin/builder/spi-builder-workspace/.dependencies/checkouts/swift-async-algorithms/Sources/AsyncAlgorithms/Buffer/BoundedBufferStorage.swift (in target 'AsyncAlgorithms' from project 'swift-async-algorithms')
cd /Users/admin/builder/spi-builder-workspace/.swiftpm/xcode
builtin-SwiftPerFileCompile BoundedBufferStorage.swift
Ld /Users/admin/builder/spi-builder-workspace/.derivedData/Build/Products/Debug/DequeModule.o normal (in target 'DequeModule' from project 'swift-collections')
cd /Users/admin/builder/spi-builder-workspace/.dependencies/checkouts/swift-collections
/Applications/Xcode-27.0.0-Release.Candidate.app/Contents/Developer/Toolchains/XcodeDefault.xctoolchain/usr/bin/clang -Xlinker -reproducible -target arm64-apple-macos12.0 -r -isysroot /Applications/Xcode-27.0.0-Release.Candidate.app/Contents/Developer/Platforms/MacOSX.platform/Developer/SDKs/MacOSX27.0.sdk -O0 -w -Xlinker -no_warn_duplicate_libraries -F/Users/admin/builder/spi-builder-workspace/.derivedData/Build/Intermediates.noindex/EagerLinkingTBDs/Debug -F/Users/admin/builder/spi-builder-workspace/.derivedData/Build/Products/Debug/PackageFrameworks -F/Users/admin/builder/spi-builder-workspace/.derivedData/Build/Products/Debug -iframework /Applications/Xcode-27.0.0-Release.Candidate.app/Contents/Developer/Platforms/MacOSX.platform/Developer/Library/Frameworks -filelist /Users/admin/builder/spi-builder-workspace/.derivedData/Build/Intermediates.noindex/swift-collections.build/Debug/DequeModule-t.build/Objects-normal/arm64/DequeModule.LinkFileList -nostdlib -Xlinker -object_path_lto -Xlinker /Users/admin/builder/spi-builder-workspace/.derivedData/Build/Intermediates.noindex/swift-collections.build/Debug/DequeModule-t.build/Objects-normal/arm64/DequeModule_lto.o -Xlinker -no_deduplicate -Xlinker -debug_variant -Xlinker -dependency_info -Xlinker /Users/admin/builder/spi-builder-workspace/.derivedData/Build/Intermediates.noindex/swift-collections.build/Debug/DequeModule-t.build/Objects-normal/arm64/DequeModule_dependency_info.dat -fobjc-link-runtime -L/Applications/Xcode-27.0.0-Release.Candidate.app/Contents/Developer/Toolchains/XcodeDefault.xctoolchain/usr/lib/swift/macosx -L/usr/lib/swift -Xlinker -add_ast_path -Xlinker /Users/admin/builder/spi-builder-workspace/.derivedData/Build/Intermediates.noindex/swift-collections.build/Debug/DequeModule-t.build/Objects-normal/arm64/DequeModule.swiftmodule -o /Users/admin/builder/spi-builder-workspace/.derivedData/Build/Products/Debug/DequeModule.o
SwiftDriverJobDiscovery normal arm64 Compiling UnboundedBufferStateMachine.swift, UnboundedBufferStorage.swift, AsyncChannel.swift, AsyncThrowingChannel.swift, ChannelStateMachine.swift, ChannelStorage.swift (in target 'AsyncAlgorithms' from project 'swift-async-algorithms')
SwiftCompile normal arm64 Compiling\ AsyncChunksOfCountOrSignalSequence.swift,\ AsyncChunksOfCountSequence.swift,\ AsyncCompactedSequence.swift,\ AsyncExclusiveReductionsSequence.swift,\ AsyncInclusiveReductionsSequence.swift,\ AsyncJoinedBySeparatorSequence.swift /Users/admin/builder/spi-builder-workspace/.dependencies/checkouts/swift-async-algorithms/Sources/AsyncAlgorithms/AsyncChunksOfCountOrSignalSequence.swift /Users/admin/builder/spi-builder-workspace/.dependencies/checkouts/swift-async-algorithms/Sources/AsyncAlgorithms/AsyncChunksOfCountSequence.swift /Users/admin/builder/spi-builder-workspace/.dependencies/checkouts/swift-async-algorithms/Sources/AsyncAlgorithms/AsyncCompactedSequence.swift /Users/admin/builder/spi-builder-workspace/.dependencies/checkouts/swift-async-algorithms/Sources/AsyncAlgorithms/AsyncExclusiveReductionsSequence.swift /Users/admin/builder/spi-builder-workspace/.dependencies/checkouts/swift-async-algorithms/Sources/AsyncAlgorithms/AsyncInclusiveReductionsSequence.swift /Users/admin/builder/spi-builder-workspace/.dependencies/checkouts/swift-async-algorithms/Sources/AsyncAlgorithms/AsyncJoinedBySeparatorSequence.swift (in target 'AsyncAlgorithms' from project 'swift-async-algorithms')
SwiftCompile normal arm64 /Users/admin/builder/spi-builder-workspace/.dependencies/checkouts/swift-async-algorithms/Sources/AsyncAlgorithms/AsyncChunksOfCountOrSignalSequence.swift (in target 'AsyncAlgorithms' from project 'swift-async-algorithms')
cd /Users/admin/builder/spi-builder-workspace/.swiftpm/xcode
builtin-SwiftPerFileCompile AsyncChunksOfCountOrSignalSequence.swift
SwiftCompile normal arm64 /Users/admin/builder/spi-builder-workspace/.dependencies/checkouts/swift-async-algorithms/Sources/AsyncAlgorithms/AsyncChunksOfCountSequence.swift (in target 'AsyncAlgorithms' from project 'swift-async-algorithms')
cd /Users/admin/builder/spi-builder-workspace/.swiftpm/xcode
builtin-SwiftPerFileCompile AsyncChunksOfCountSequence.swift
SwiftCompile normal arm64 /Users/admin/builder/spi-builder-workspace/.dependencies/checkouts/swift-async-algorithms/Sources/AsyncAlgorithms/AsyncCompactedSequence.swift (in target 'AsyncAlgorithms' from project 'swift-async-algorithms')
cd /Users/admin/builder/spi-builder-workspace/.swiftpm/xcode
builtin-SwiftPerFileCompile AsyncCompactedSequence.swift
SwiftCompile normal arm64 /Users/admin/builder/spi-builder-workspace/.dependencies/checkouts/swift-async-algorithms/Sources/AsyncAlgorithms/AsyncExclusiveReductionsSequence.swift (in target 'AsyncAlgorithms' from project 'swift-async-algorithms')
cd /Users/admin/builder/spi-builder-workspace/.swiftpm/xcode
builtin-SwiftPerFileCompile AsyncExclusiveReductionsSequence.swift
SwiftCompile normal arm64 /Users/admin/builder/spi-builder-workspace/.dependencies/checkouts/swift-async-algorithms/Sources/AsyncAlgorithms/AsyncInclusiveReductionsSequence.swift (in target 'AsyncAlgorithms' from project 'swift-async-algorithms')
cd /Users/admin/builder/spi-builder-workspace/.swiftpm/xcode
builtin-SwiftPerFileCompile AsyncInclusiveReductionsSequence.swift
SwiftCompile normal arm64 /Users/admin/builder/spi-builder-workspace/.dependencies/checkouts/swift-async-algorithms/Sources/AsyncAlgorithms/AsyncJoinedBySeparatorSequence.swift (in target 'AsyncAlgorithms' from project 'swift-async-algorithms')
cd /Users/admin/builder/spi-builder-workspace/.swiftpm/xcode
builtin-SwiftPerFileCompile AsyncJoinedBySeparatorSequence.swift
SwiftDriverJobDiscovery normal arm64 Compiling UnsafeTransfer.swift, AsyncZip2Sequence.swift, AsyncZip3Sequence.swift, ZipStateMachine.swift, ZipStorage.swift (in target 'AsyncAlgorithms' from project 'swift-async-algorithms')
ExtractAppIntentsMetadata (in target 'DequeModule' from project 'swift-collections')
cd /Users/admin/builder/spi-builder-workspace/.dependencies/checkouts/swift-collections
/Applications/Xcode-27.0.0-Release.Candidate.app/Contents/Developer/Toolchains/XcodeDefault.xctoolchain/usr/bin/appintentsmetadataprocessor --toolchain-dir /var/run/com.apple.security.cryptexd/mnt/com.apple.MobileAsset.MetalToolchain-v27.1.266.1.G1oaw5/Metal.xctoolchain --module-name DequeModule --sdk-root /Applications/Xcode-27.0.0-Release.Candidate.app/Contents/Developer/Platforms/MacOSX.platform/Developer/SDKs/MacOSX27.0.sdk --xcode-version 27A266a --platform-family macOS --deployment-target 12.0 --bundle-identifier swift-collections.DequeModule --output /Users/admin/builder/spi-builder-workspace/.derivedData/Build/Products/Debug/DequeModule.appintents --target-triple arm64-apple-macos12.0 --binary-file /Users/admin/builder/spi-builder-workspace/.derivedData/Build/Products/Debug/DequeModule.o --dependency-file /Users/admin/builder/spi-builder-workspace/.derivedData/Build/Intermediates.noindex/swift-collections.build/Debug/DequeModule-t.build/Objects-normal/arm64/DequeModule_dependency_info.dat --stringsdata-file /Users/admin/builder/spi-builder-workspace/.derivedData/Build/Intermediates.noindex/swift-collections.build/Debug/DequeModule-t.build/Objects-normal/arm64/ExtractedAppShortcutsMetadata.stringsdata --source-file-list /Users/admin/builder/spi-builder-workspace/.derivedData/Build/Intermediates.noindex/swift-collections.build/Debug/DequeModule-t.build/Objects-normal/arm64/DequeModule.SwiftFileList --metadata-file-list /Users/admin/builder/spi-builder-workspace/.derivedData/Build/Intermediates.noindex/swift-collections.build/Debug/DequeModule-t.build/DequeModule.DependencyMetadataFileList --static-metadata-file-list /Users/admin/builder/spi-builder-workspace/.derivedData/Build/Intermediates.noindex/swift-collections.build/Debug/DequeModule-t.build/DequeModule.DependencyStaticMetadataFileList --swift-const-vals-list /Users/admin/builder/spi-builder-workspace/.derivedData/Build/Intermediates.noindex/swift-collections.build/Debug/DequeModule-t.build/Objects-normal/arm64/DequeModule.SwiftConstValuesFileList --force --compile-time-extraction --deployment-aware-processing --no-app-shortcuts-localization
2026-09-20 16:58:39.034 appintentsmetadataprocessor[2108:10626] Starting appintentsmetadataprocessor export
2026-09-20 16:58:39.105 appintentsmetadataprocessor[2108:10626] Extracted no relevant App Intents symbols, skipping writing output
SwiftDriverJobDiscovery normal arm64 Compiling DebounceStorage.swift, Dictionary.swift, AsyncFlatMapLatestSequence.swift, FlatMapLatestStateMachine.swift, FlatMapLatestStorage.swift, Disconnected.swift (in target 'AsyncAlgorithms' from project 'swift-async-algorithms')
SwiftDriverJobDiscovery normal arm64 Compiling _TinyArray.swift, AsyncInterspersedSequence.swift, Locking.swift, AsyncMerge2Sequence.swift, AsyncMerge3Sequence.swift, MergeStateMachine.swift (in target 'AsyncAlgorithms' from project 'swift-async-algorithms')
Ld /Users/admin/builder/spi-builder-workspace/.derivedData/Build/Products/Debug/CNIOAtomics.o normal (in target 'CNIOAtomics' from project 'swift-nio')
cd /Users/admin/builder/spi-builder-workspace/.dependencies/checkouts/swift-nio
/Applications/Xcode-27.0.0-Release.Candidate.app/Contents/Developer/Toolchains/XcodeDefault.xctoolchain/usr/bin/clang -Xlinker -reproducible -target arm64-apple-macos12.0 -r -isysroot /Applications/Xcode-27.0.0-Release.Candidate.app/Contents/Developer/Platforms/MacOSX.platform/Developer/SDKs/MacOSX27.0.sdk -O0 -w -Xlinker -no_warn_duplicate_libraries -F/Users/admin/builder/spi-builder-workspace/.derivedData/Build/Intermediates.noindex/EagerLinkingTBDs/Debug -F/Users/admin/builder/spi-builder-workspace/.derivedData/Build/Products/Debug -iframework /Applications/Xcode-27.0.0-Release.Candidate.app/Contents/Developer/Platforms/MacOSX.platform/Developer/Library/Frameworks -filelist /Users/admin/builder/spi-builder-workspace/.derivedData/Build/Intermediates.noindex/swift-nio.build/Debug/CNIOAtomics-t.build/Objects-normal/arm64/CNIOAtomics.LinkFileList -nostdlib -Xlinker -object_path_lto -Xlinker /Users/admin/builder/spi-builder-workspace/.derivedData/Build/Intermediates.noindex/swift-nio.build/Debug/CNIOAtomics-t.build/Objects-normal/arm64/CNIOAtomics_lto.o -Xlinker -no_deduplicate -Xlinker -debug_variant -Xlinker -dependency_info -Xlinker /Users/admin/builder/spi-builder-workspace/.derivedData/Build/Intermediates.noindex/swift-nio.build/Debug/CNIOAtomics-t.build/Objects-normal/arm64/CNIOAtomics_dependency_info.dat -o /Users/admin/builder/spi-builder-workspace/.derivedData/Build/Products/Debug/CNIOAtomics.o
SwiftDriverJobDiscovery normal arm64 Emitting module for AsyncAlgorithms (in target 'AsyncAlgorithms' from project 'swift-async-algorithms')
SwiftDriver\ Compilation\ Requirements AsyncAlgorithms normal arm64 com.apple.xcode.tools.swift.compiler (in target 'AsyncAlgorithms' from project 'swift-async-algorithms')
cd /Users/admin/builder/spi-builder-workspace/.swiftpm/xcode
builtin-Swift-Compilation-Requirements -- /Applications/Xcode-27.0.0-Release.Candidate.app/Contents/Developer/Toolchains/XcodeDefault.xctoolchain/usr/bin/swiftc -parse-as-library -module-name AsyncAlgorithms -Onone @/Users/admin/builder/spi-builder-workspace/.derivedData/Build/Intermediates.noindex/swift-async-algorithms.build/Debug/AsyncAlgorithms-t.build/Objects-normal/arm64/AsyncAlgorithms.SwiftFileList -DSWIFT_PACKAGE -DDEBUG -DSWIFT_MODULE_RESOURCE_BUNDLE_UNAVAILABLE -DXcode -enable-experimental-feature AvailabilityMacro\=AsyncAlgorithms\ 1.0:macOS\ 10.15,\ iOS\ 13.0,\ tvOS\ 13.0,\ watchOS\ 6.0 -enable-experimental-feature AvailabilityMacro\=AsyncAlgorithms\ 1.1:macOS\ 15.0,\ iOS\ 18.0,\ tvOS\ 18.0,\ watchOS\ 11.0,\ visionOS\ 2.0 -enable-experimental-feature AvailabilityMacro\=AsyncAlgorithms\ 1.2:macOS\ 15.0,\ iOS\ 18.0,\ tvOS\ 18.0,\ watchOS\ 11.0,\ visionOS\ 2.0 -enable-experimental-feature AvailabilityMacro\=AsyncAlgorithms\ 1.3:macOS\ 15.0,\ iOS\ 18.0,\ tvOS\ 18.0,\ watchOS\ 11.0,\ visionOS\ 2.0 -enable-experimental-feature StrictConcurrency\=complete -plugin-path /Applications/Xcode-27.0.0-Release.Candidate.app/Contents/Developer/Toolchains/XcodeDefault.xctoolchain/usr/lib/swift/host/plugins/testing -enable-experimental-feature DebugDescriptionMacro -sdk /Applications/Xcode-27.0.0-Release.Candidate.app/Contents/Developer/Platforms/MacOSX.platform/Developer/SDKs/MacOSX27.0.sdk -target arm64-apple-macos12.0 -g -module-cache-path /Users/admin/builder/spi-builder-workspace/.derivedData/ModuleCache.noindex -Xfrontend -serialize-debugging-options -profile-coverage-mapping -profile-generate -enable-testing -suppress-warnings -index-store-path /Users/admin/builder/spi-builder-workspace/.derivedData/Index.noindex/DataStore -Xcc -D_LIBCPP_HARDENING_MODE\=_LIBCPP_HARDENING_MODE_DEBUG -swift-version 6 -I /Users/admin/builder/spi-builder-workspace/.derivedData/Build/Products/Debug -Isystem /Applications/Xcode-27.0.0-Release.Candidate.app/Contents/Developer/Platforms/MacOSX.platform/Developer/usr/lib -F /Users/admin/builder/spi-builder-workspace/.derivedData/Build/Products/Debug/PackageFrameworks -F /Users/admin/builder/spi-builder-workspace/.derivedData/Build/Products/Debug -F /Applications/Xcode-27.0.0-Release.Candidate.app/Contents/Developer/Platforms/MacOSX.platform/Developer/Library/Frameworks -c -j10 -enable-batch-mode -incremental -Xcc -ivfsstatcache -Xcc /Users/admin/builder/spi-builder-workspace/.derivedData/SDKStatCaches.noindex/macosx27.0-26A425-e829b21a6f8c9b70876ba0858053c0446a22442a12e9d48fe1a705f55a1adfc4.sdkstatcache -output-file-map /Users/admin/builder/spi-builder-workspace/.derivedData/Build/Intermediates.noindex/swift-async-algorithms.build/Debug/AsyncAlgorithms-t.build/Objects-normal/arm64/AsyncAlgorithms-OutputFileMap.json -save-temps -no-color-diagnostics -explicit-module-build -module-cache-path /Users/admin/builder/spi-builder-workspace/.derivedData/Build/Intermediates.noindex/SwiftExplicitPrecompiledModules -clang-scanner-module-cache-path /Users/admin/builder/spi-builder-workspace/.derivedData/ModuleCache.noindex -sdk-module-cache-path /Users/admin/builder/spi-builder-workspace/.derivedData/SDKExplicitPrecompiledModules -emit-dependencies -emit-module -emit-module-path /Users/admin/builder/spi-builder-workspace/.derivedData/Build/Intermediates.noindex/swift-async-algorithms.build/Debug/AsyncAlgorithms-t.build/Objects-normal/arm64/AsyncAlgorithms.swiftmodule -serialize-diagnostics -dependency-scan-serialize-diagnostics-path /Users/admin/builder/spi-builder-workspace/.derivedData/Build/Intermediates.noindex/swift-async-algorithms.build/Debug/AsyncAlgorithms-t.build/Objects-normal/arm64/AsyncAlgorithms-dependency-scan.dia -user-module-version 1.1.5 -validate-clang-modules-once -clang-build-session-file /Users/admin/builder/spi-builder-workspace/.derivedData/ModuleCache.noindex/Session.modulevalidation -Xcc -fmodules-prune-interval\=86400 -Xcc -fmodules-prune-after\=345600 -package-name swift_async_algorithms -emit-const-values -const-gather-protocols-list /Users/admin/builder/spi-builder-workspace/.derivedData/Build/Intermediates.noindex/swift-async-algorithms.build/Debug/AsyncAlgorithms-t.build/Objects-normal/arm64/AsyncAlgorithms_const_extract_protocols.json -Xcc -I/Users/admin/builder/spi-builder-workspace/.derivedData/Build/Products/Debug/include -Xcc -I/Users/admin/builder/spi-builder-workspace/.derivedData/Build/Intermediates.noindex/swift-async-algorithms.build/Debug/AsyncAlgorithms-t.build/DerivedSources-normal/arm64 -Xcc -I/Users/admin/builder/spi-builder-workspace/.derivedData/Build/Intermediates.noindex/swift-async-algorithms.build/Debug/AsyncAlgorithms-t.build/DerivedSources/arm64 -Xcc -I/Users/admin/builder/spi-builder-workspace/.derivedData/Build/Intermediates.noindex/swift-async-algorithms.build/Debug/AsyncAlgorithms-t.build/DerivedSources -Xcc -DSWIFT_PACKAGE -Xcc -DDEBUG\=1 -emit-objc-header -emit-objc-header-path /Users/admin/builder/spi-builder-workspace/.derivedData/Build/Intermediates.noindex/swift-async-algorithms.build/Debug/AsyncAlgorithms-t.build/Objects-normal/arm64/AsyncAlgorithms-Swift.h -working-directory /Users/admin/builder/spi-builder-workspace/.swiftpm/xcode -experimental-emit-module-separately -disable-cmo
SwiftMergeGeneratedHeaders /Users/admin/builder/spi-builder-workspace/.derivedData/Build/Intermediates.noindex/GeneratedModuleMaps/AsyncAlgorithms-Swift.h /Users/admin/builder/spi-builder-workspace/.derivedData/Build/Intermediates.noindex/swift-async-algorithms.build/Debug/AsyncAlgorithms-t.build/Objects-normal/arm64/AsyncAlgorithms-Swift.h (in target 'AsyncAlgorithms' from project 'swift-async-algorithms')
cd /Users/admin/builder/spi-builder-workspace/.dependencies/checkouts/swift-async-algorithms
builtin-swiftHeaderTool -arch arm64 /Users/admin/builder/spi-builder-workspace/.derivedData/Build/Intermediates.noindex/swift-async-algorithms.build/Debug/AsyncAlgorithms-t.build/Objects-normal/arm64/AsyncAlgorithms-Swift.h -o /Users/admin/builder/spi-builder-workspace/.derivedData/Build/Intermediates.noindex/GeneratedModuleMaps/AsyncAlgorithms-Swift.h
Copy /Users/admin/builder/spi-builder-workspace/.derivedData/Build/Products/Debug/AsyncAlgorithms.swiftmodule/arm64-apple-macos.abi.json /Users/admin/builder/spi-builder-workspace/.derivedData/Build/Intermediates.noindex/swift-async-algorithms.build/Debug/AsyncAlgorithms-t.build/Objects-normal/arm64/AsyncAlgorithms.abi.json (in target 'AsyncAlgorithms' from project 'swift-async-algorithms')
cd /Users/admin/builder/spi-builder-workspace/.dependencies/checkouts/swift-async-algorithms
builtin-copy -exclude .DS_Store -exclude CVS -exclude .svn -exclude .git -exclude .hg -resolve-src-symlinks -rename /Users/admin/builder/spi-builder-workspace/.derivedData/Build/Intermediates.noindex/swift-async-algorithms.build/Debug/AsyncAlgorithms-t.build/Objects-normal/arm64/AsyncAlgorithms.abi.json /Users/admin/builder/spi-builder-workspace/.derivedData/Build/Products/Debug/AsyncAlgorithms.swiftmodule/arm64-apple-macos.abi.json
Copy /Users/admin/builder/spi-builder-workspace/.derivedData/Build/Products/Debug/AsyncAlgorithms.swiftmodule/arm64-apple-macos.swiftmodule /Users/admin/builder/spi-builder-workspace/.derivedData/Build/Intermediates.noindex/swift-async-algorithms.build/Debug/AsyncAlgorithms-t.build/Objects-normal/arm64/AsyncAlgorithms.swiftmodule (in target 'AsyncAlgorithms' from project 'swift-async-algorithms')
cd /Users/admin/builder/spi-builder-workspace/.dependencies/checkouts/swift-async-algorithms
builtin-copy -exclude .DS_Store -exclude CVS -exclude .svn -exclude .git -exclude .hg -resolve-src-symlinks -rename /Users/admin/builder/spi-builder-workspace/.derivedData/Build/Intermediates.noindex/swift-async-algorithms.build/Debug/AsyncAlgorithms-t.build/Objects-normal/arm64/AsyncAlgorithms.swiftmodule /Users/admin/builder/spi-builder-workspace/.derivedData/Build/Products/Debug/AsyncAlgorithms.swiftmodule/arm64-apple-macos.swiftmodule
Copy /Users/admin/builder/spi-builder-workspace/.derivedData/Build/Products/Debug/AsyncAlgorithms.swiftmodule/arm64-apple-macos.swiftdoc /Users/admin/builder/spi-builder-workspace/.derivedData/Build/Intermediates.noindex/swift-async-algorithms.build/Debug/AsyncAlgorithms-t.build/Objects-normal/arm64/AsyncAlgorithms.swiftdoc (in target 'AsyncAlgorithms' from project 'swift-async-algorithms')
cd /Users/admin/builder/spi-builder-workspace/.dependencies/checkouts/swift-async-algorithms
builtin-copy -exclude .DS_Store -exclude CVS -exclude .svn -exclude .git -exclude .hg -resolve-src-symlinks -rename /Users/admin/builder/spi-builder-workspace/.derivedData/Build/Intermediates.noindex/swift-async-algorithms.build/Debug/AsyncAlgorithms-t.build/Objects-normal/arm64/AsyncAlgorithms.swiftdoc /Users/admin/builder/spi-builder-workspace/.derivedData/Build/Products/Debug/AsyncAlgorithms.swiftmodule/arm64-apple-macos.swiftdoc
Copy /Users/admin/builder/spi-builder-workspace/.derivedData/Build/Products/Debug/AsyncAlgorithms.swiftmodule/Project/arm64-apple-macos.swiftsourceinfo /Users/admin/builder/spi-builder-workspace/.derivedData/Build/Intermediates.noindex/swift-async-algorithms.build/Debug/AsyncAlgorithms-t.build/Objects-normal/arm64/AsyncAlgorithms.swiftsourceinfo (in target 'AsyncAlgorithms' from project 'swift-async-algorithms')
cd /Users/admin/builder/spi-builder-workspace/.dependencies/checkouts/swift-async-algorithms
builtin-copy -exclude .DS_Store -exclude CVS -exclude .svn -exclude .git -exclude .hg -resolve-src-symlinks -rename /Users/admin/builder/spi-builder-workspace/.derivedData/Build/Intermediates.noindex/swift-async-algorithms.build/Debug/AsyncAlgorithms-t.build/Objects-normal/arm64/AsyncAlgorithms.swiftsourceinfo /Users/admin/builder/spi-builder-workspace/.derivedData/Build/Products/Debug/AsyncAlgorithms.swiftmodule/Project/arm64-apple-macos.swiftsourceinfo
SwiftDriver ServiceLifecycle normal arm64 com.apple.xcode.tools.swift.compiler (in target 'ServiceLifecycle' from project 'swift-service-lifecycle')
cd /Users/admin/builder/spi-builder-workspace/.swiftpm/xcode
builtin-SwiftDriver -- /Applications/Xcode-27.0.0-Release.Candidate.app/Contents/Developer/Toolchains/XcodeDefault.xctoolchain/usr/bin/swiftc -parse-as-library -module-name ServiceLifecycle -Onone @/Users/admin/builder/spi-builder-workspace/.derivedData/Build/Intermediates.noindex/swift-service-lifecycle.build/Debug/ServiceLifecycle-t.build/Objects-normal/arm64/ServiceLifecycle.SwiftFileList -DSWIFT_PACKAGE -DDEBUG -DSWIFT_MODULE_RESOURCE_BUNDLE_UNAVAILABLE -DXcode -plugin-path /Applications/Xcode-27.0.0-Release.Candidate.app/Contents/Developer/Toolchains/XcodeDefault.xctoolchain/usr/lib/swift/host/plugins/testing -enable-experimental-feature DebugDescriptionMacro -sdk /Applications/Xcode-27.0.0-Release.Candidate.app/Contents/Developer/Platforms/MacOSX.platform/Developer/SDKs/MacOSX27.0.sdk -target arm64-apple-macos12.0 -g -module-cache-path /Users/admin/builder/spi-builder-workspace/.derivedData/ModuleCache.noindex -Xfrontend -serialize-debugging-options -profile-coverage-mapping -profile-generate -enable-testing -suppress-warnings -index-store-path /Users/admin/builder/spi-builder-workspace/.derivedData/Index.noindex/DataStore -Xcc -D_LIBCPP_HARDENING_MODE\=_LIBCPP_HARDENING_MODE_DEBUG -swift-version 6 -I /Users/admin/builder/spi-builder-workspace/.derivedData/Build/Products/Debug -Isystem /Applications/Xcode-27.0.0-Release.Candidate.app/Contents/Developer/Platforms/MacOSX.platform/Developer/usr/lib -F /Users/admin/builder/spi-builder-workspace/.derivedData/Build/Products/Debug/PackageFrameworks -F /Users/admin/builder/spi-builder-workspace/.derivedData/Build/Products/Debug -F /Applications/Xcode-27.0.0-Release.Candidate.app/Contents/Developer/Platforms/MacOSX.platform/Developer/Library/Frameworks -c -j10 -enable-batch-mode -incremental -Xcc -ivfsstatcache -Xcc /Users/admin/builder/spi-builder-workspace/.derivedData/SDKStatCaches.noindex/macosx27.0-26A425-e829b21a6f8c9b70876ba0858053c0446a22442a12e9d48fe1a705f55a1adfc4.sdkstatcache -output-file-map /Users/admin/builder/spi-builder-workspace/.derivedData/Build/Intermediates.noindex/swift-service-lifecycle.build/Debug/ServiceLifecycle-t.build/Objects-normal/arm64/ServiceLifecycle-OutputFileMap.json -save-temps -no-color-diagnostics -explicit-module-build -module-cache-path /Users/admin/builder/spi-builder-workspace/.derivedData/Build/Intermediates.noindex/SwiftExplicitPrecompiledModules -clang-scanner-module-cache-path /Users/admin/builder/spi-builder-workspace/.derivedData/ModuleCache.noindex -sdk-module-cache-path /Users/admin/builder/spi-builder-workspace/.derivedData/SDKExplicitPrecompiledModules -emit-dependencies -emit-module -emit-module-path /Users/admin/builder/spi-builder-workspace/.derivedData/Build/Intermediates.noindex/swift-service-lifecycle.build/Debug/ServiceLifecycle-t.build/Objects-normal/arm64/ServiceLifecycle.swiftmodule -serialize-diagnostics -dependency-scan-serialize-diagnostics-path /Users/admin/builder/spi-builder-workspace/.derivedData/Build/Intermediates.noindex/swift-service-lifecycle.build/Debug/ServiceLifecycle-t.build/Objects-normal/arm64/ServiceLifecycle-dependency-scan.dia -user-module-version 2.12.0 -validate-clang-modules-once -clang-build-session-file /Users/admin/builder/spi-builder-workspace/.derivedData/ModuleCache.noindex/Session.modulevalidation -Xcc -fmodules-prune-interval\=86400 -Xcc -fmodules-prune-after\=345600 -package-name swift_service_lifecycle -emit-const-values -const-gather-protocols-list /Users/admin/builder/spi-builder-workspace/.derivedData/Build/Intermediates.noindex/swift-service-lifecycle.build/Debug/ServiceLifecycle-t.build/Objects-normal/arm64/ServiceLifecycle_const_extract_protocols.json -Xcc -I/Users/admin/builder/spi-builder-workspace/.derivedData/Build/Products/Debug/include -Xcc -I/Users/admin/builder/spi-builder-workspace/.derivedData/Build/Intermediates.noindex/swift-service-lifecycle.build/Debug/ServiceLifecycle-t.build/DerivedSources-normal/arm64 -Xcc -I/Users/admin/builder/spi-builder-workspace/.derivedData/Build/Intermediates.noindex/swift-service-lifecycle.build/Debug/ServiceLifecycle-t.build/DerivedSources/arm64 -Xcc -I/Users/admin/builder/spi-builder-workspace/.derivedData/Build/Intermediates.noindex/swift-service-lifecycle.build/Debug/ServiceLifecycle-t.build/DerivedSources -Xcc -DSWIFT_PACKAGE -Xcc -DDEBUG\=1 -emit-objc-header -emit-objc-header-path /Users/admin/builder/spi-builder-workspace/.derivedData/Build/Intermediates.noindex/swift-service-lifecycle.build/Debug/ServiceLifecycle-t.build/Objects-normal/arm64/ServiceLifecycle-Swift.h -working-directory /Users/admin/builder/spi-builder-workspace/.swiftpm/xcode -experimental-emit-module-separately -disable-cmo
Ld /Users/admin/builder/spi-builder-workspace/.derivedData/Build/Products/Debug/NIOConcurrencyHelpers.o normal (in target 'NIOConcurrencyHelpers' from project 'swift-nio')
cd /Users/admin/builder/spi-builder-workspace/.dependencies/checkouts/swift-nio
/Applications/Xcode-27.0.0-Release.Candidate.app/Contents/Developer/Toolchains/XcodeDefault.xctoolchain/usr/bin/clang -Xlinker -reproducible -target arm64-apple-macos12.0 -r -isysroot /Applications/Xcode-27.0.0-Release.Candidate.app/Contents/Developer/Platforms/MacOSX.platform/Developer/SDKs/MacOSX27.0.sdk -O0 -w -Xlinker -no_warn_duplicate_libraries -F/Users/admin/builder/spi-builder-workspace/.derivedData/Build/Intermediates.noindex/EagerLinkingTBDs/Debug -F/Users/admin/builder/spi-builder-workspace/.derivedData/Build/Products/Debug/PackageFrameworks -F/Users/admin/builder/spi-builder-workspace/.derivedData/Build/Products/Debug -iframework /Applications/Xcode-27.0.0-Release.Candidate.app/Contents/Developer/Platforms/MacOSX.platform/Developer/Library/Frameworks -filelist /Users/admin/builder/spi-builder-workspace/.derivedData/Build/Intermediates.noindex/swift-nio.build/Debug/NIOConcurrencyHelpers-t.build/Objects-normal/arm64/NIOConcurrencyHelpers.LinkFileList -nostdlib -Xlinker -object_path_lto -Xlinker /Users/admin/builder/spi-builder-workspace/.derivedData/Build/Intermediates.noindex/swift-nio.build/Debug/NIOConcurrencyHelpers-t.build/Objects-normal/arm64/NIOConcurrencyHelpers_lto.o -Xlinker -no_deduplicate -Xlinker -debug_variant -Xlinker -dependency_info -Xlinker /Users/admin/builder/spi-builder-workspace/.derivedData/Build/Intermediates.noindex/swift-nio.build/Debug/NIOConcurrencyHelpers-t.build/Objects-normal/arm64/NIOConcurrencyHelpers_dependency_info.dat -fobjc-link-runtime -L/Applications/Xcode-27.0.0-Release.Candidate.app/Contents/Developer/Toolchains/XcodeDefault.xctoolchain/usr/lib/swift/macosx -L/usr/lib/swift -Xlinker -add_ast_path -Xlinker /Users/admin/builder/spi-builder-workspace/.derivedData/Build/Intermediates.noindex/swift-nio.build/Debug/NIOConcurrencyHelpers-t.build/Objects-normal/arm64/NIOConcurrencyHelpers.swiftmodule -o /Users/admin/builder/spi-builder-workspace/.derivedData/Build/Products/Debug/NIOConcurrencyHelpers.o
ExtractAppIntentsMetadata (in target 'NIOConcurrencyHelpers' from project 'swift-nio')
cd /Users/admin/builder/spi-builder-workspace/.dependencies/checkouts/swift-nio
/Applications/Xcode-27.0.0-Release.Candidate.app/Contents/Developer/Toolchains/XcodeDefault.xctoolchain/usr/bin/appintentsmetadataprocessor --toolchain-dir /var/run/com.apple.security.cryptexd/mnt/com.apple.MobileAsset.MetalToolchain-v27.1.266.1.G1oaw5/Metal.xctoolchain --module-name NIOConcurrencyHelpers --sdk-root /Applications/Xcode-27.0.0-Release.Candidate.app/Contents/Developer/Platforms/MacOSX.platform/Developer/SDKs/MacOSX27.0.sdk --xcode-version 27A266a --platform-family macOS --deployment-target 12.0 --bundle-identifier swift-nio.NIOConcurrencyHelpers --output /Users/admin/builder/spi-builder-workspace/.derivedData/Build/Products/Debug/NIOConcurrencyHelpers.appintents --target-triple arm64-apple-macos12.0 --binary-file /Users/admin/builder/spi-builder-workspace/.derivedData/Build/Products/Debug/NIOConcurrencyHelpers.o --dependency-file /Users/admin/builder/spi-builder-workspace/.derivedData/Build/Intermediates.noindex/swift-nio.build/Debug/NIOConcurrencyHelpers-t.build/Objects-normal/arm64/NIOConcurrencyHelpers_dependency_info.dat --stringsdata-file /Users/admin/builder/spi-builder-workspace/.derivedData/Build/Intermediates.noindex/swift-nio.build/Debug/NIOConcurrencyHelpers-t.build/Objects-normal/arm64/ExtractedAppShortcutsMetadata.stringsdata --source-file-list /Users/admin/builder/spi-builder-workspace/.derivedData/Build/Intermediates.noindex/swift-nio.build/Debug/NIOConcurrencyHelpers-t.build/Objects-normal/arm64/NIOConcurrencyHelpers.SwiftFileList --metadata-file-list /Users/admin/builder/spi-builder-workspace/.derivedData/Build/Intermediates.noindex/swift-nio.build/Debug/NIOConcurrencyHelpers-t.build/NIOConcurrencyHelpers.DependencyMetadataFileList --static-metadata-file-list /Users/admin/builder/spi-builder-workspace/.derivedData/Build/Intermediates.noindex/swift-nio.build/Debug/NIOConcurrencyHelpers-t.build/NIOConcurrencyHelpers.DependencyStaticMetadataFileList --swift-const-vals-list /Users/admin/builder/spi-builder-workspace/.derivedData/Build/Intermediates.noindex/swift-nio.build/Debug/NIOConcurrencyHelpers-t.build/Objects-normal/arm64/NIOConcurrencyHelpers.SwiftConstValuesFileList --force --compile-time-extraction --deployment-aware-processing --no-app-shortcuts-localization
2026-09-20 16:58:39.295 appintentsmetadataprocessor[2113:10677] Starting appintentsmetadataprocessor export
2026-09-20 16:58:39.359 appintentsmetadataprocessor[2113:10677] Extracted no relevant App Intents symbols, skipping writing output
SwiftDriverJobDiscovery normal arm64 Compiling AsyncJoinedSequence.swift, AsyncMapErrorSequence.swift, AsyncRemoveDuplicatesSequence.swift, AsyncShareSequence.swift, AsyncSyncSequence.swift, AsyncThrottleSequence.swift (in target 'AsyncAlgorithms' from project 'swift-async-algorithms')
SwiftDriverJobDiscovery normal arm64 Compiling AsyncThrowingExclusiveReductionsSequence.swift, AsyncThrowingInclusiveReductionsSequence.swift, AsyncTimerSequence.swift, AsyncBufferSequence.swift, BoundedBufferStateMachine.swift, BoundedBufferStorage.swift (in target 'AsyncAlgorithms' from project 'swift-async-algorithms')
SwiftDriverJobDiscovery normal arm64 Compiling AsyncCombineLatest2Sequence.swift, AsyncCombineLatest3Sequence.swift, CombineLatestStateMachine.swift, CombineLatestStorage.swift, AsyncDebounceSequence.swift, DebounceStateMachine.swift (in target 'AsyncAlgorithms' from project 'swift-async-algorithms')
SwiftDriverJobDiscovery normal arm64 Compiling AsyncChunksOfCountOrSignalSequence.swift, AsyncChunksOfCountSequence.swift, AsyncCompactedSequence.swift, AsyncExclusiveReductionsSequence.swift, AsyncInclusiveReductionsSequence.swift, AsyncJoinedBySeparatorSequence.swift (in target 'AsyncAlgorithms' from project 'swift-async-algorithms')
SwiftCompile normal arm64 Compiling\ AsyncCancelOnGracefulShutdownSequence.swift /Users/admin/builder/spi-builder-workspace/.dependencies/checkouts/swift-service-lifecycle/Sources/ServiceLifecycle/AsyncCancelOnGracefulShutdownSequence.swift (in target 'ServiceLifecycle' from project 'swift-service-lifecycle')
SwiftCompile normal arm64 /Users/admin/builder/spi-builder-workspace/.dependencies/checkouts/swift-service-lifecycle/Sources/ServiceLifecycle/AsyncCancelOnGracefulShutdownSequence.swift (in target 'ServiceLifecycle' from project 'swift-service-lifecycle')
cd /Users/admin/builder/spi-builder-workspace/.swiftpm/xcode
builtin-SwiftPerFileCompile AsyncCancelOnGracefulShutdownSequence.swift
SwiftCompile normal arm64 Compiling\ ClosureService.swift /Users/admin/builder/spi-builder-workspace/.dependencies/checkouts/swift-service-lifecycle/Sources/ServiceLifecycle/ClosureService.swift (in target 'ServiceLifecycle' from project 'swift-service-lifecycle')
SwiftCompile normal arm64 /Users/admin/builder/spi-builder-workspace/.dependencies/checkouts/swift-service-lifecycle/Sources/ServiceLifecycle/ClosureService.swift (in target 'ServiceLifecycle' from project 'swift-service-lifecycle')
cd /Users/admin/builder/spi-builder-workspace/.swiftpm/xcode
builtin-SwiftPerFileCompile ClosureService.swift
SwiftCompile normal arm64 Compiling\ AsyncGracefulShutdownSequence.swift /Users/admin/builder/spi-builder-workspace/.dependencies/checkouts/swift-service-lifecycle/Sources/ServiceLifecycle/AsyncGracefulShutdownSequence.swift (in target 'ServiceLifecycle' from project 'swift-service-lifecycle')
SwiftCompile normal arm64 /Users/admin/builder/spi-builder-workspace/.dependencies/checkouts/swift-service-lifecycle/Sources/ServiceLifecycle/AsyncGracefulShutdownSequence.swift (in target 'ServiceLifecycle' from project 'swift-service-lifecycle')
cd /Users/admin/builder/spi-builder-workspace/.swiftpm/xcode
builtin-SwiftPerFileCompile AsyncGracefulShutdownSequence.swift
SwiftCompile normal arm64 Compiling\ CancellationWaiter.swift /Users/admin/builder/spi-builder-workspace/.dependencies/checkouts/swift-service-lifecycle/Sources/ServiceLifecycle/CancellationWaiter.swift (in target 'ServiceLifecycle' from project 'swift-service-lifecycle')
SwiftCompile normal arm64 /Users/admin/builder/spi-builder-workspace/.dependencies/checkouts/swift-service-lifecycle/Sources/ServiceLifecycle/CancellationWaiter.swift (in target 'ServiceLifecycle' from project 'swift-service-lifecycle')
cd /Users/admin/builder/spi-builder-workspace/.swiftpm/xcode
builtin-SwiftPerFileCompile CancellationWaiter.swift
SwiftEmitModule normal arm64 Emitting\ module\ for\ ServiceLifecycle (in target 'ServiceLifecycle' from project 'swift-service-lifecycle')
SwiftCompile normal arm64 (in target 'ServiceLifecycle' from project 'swift-service-lifecycle')
cd /Users/admin/builder/spi-builder-workspace/.swiftpm/xcode
SwiftCompile normal arm64 Compiling\ GracefulShutdown.swift /Users/admin/builder/spi-builder-workspace/.dependencies/checkouts/swift-service-lifecycle/Sources/ServiceLifecycle/GracefulShutdown.swift (in target 'ServiceLifecycle' from project 'swift-service-lifecycle')
SwiftCompile normal arm64 /Users/admin/builder/spi-builder-workspace/.dependencies/checkouts/swift-service-lifecycle/Sources/ServiceLifecycle/GracefulShutdown.swift (in target 'ServiceLifecycle' from project 'swift-service-lifecycle')
cd /Users/admin/builder/spi-builder-workspace/.swiftpm/xcode
builtin-SwiftPerFileCompile GracefulShutdown.swift
SwiftCompile normal arm64 Compiling\ Service.swift /Users/admin/builder/spi-builder-workspace/.dependencies/checkouts/swift-service-lifecycle/Sources/ServiceLifecycle/Service.swift (in target 'ServiceLifecycle' from project 'swift-service-lifecycle')
SwiftCompile normal arm64 /Users/admin/builder/spi-builder-workspace/.dependencies/checkouts/swift-service-lifecycle/Sources/ServiceLifecycle/Service.swift (in target 'ServiceLifecycle' from project 'swift-service-lifecycle')
cd /Users/admin/builder/spi-builder-workspace/.swiftpm/xcode
builtin-SwiftPerFileCompile Service.swift
SwiftCompile normal arm64 Compiling\ ServiceGroup.swift /Users/admin/builder/spi-builder-workspace/.dependencies/checkouts/swift-service-lifecycle/Sources/ServiceLifecycle/ServiceGroup.swift (in target 'ServiceLifecycle' from project 'swift-service-lifecycle')
SwiftCompile normal arm64 /Users/admin/builder/spi-builder-workspace/.dependencies/checkouts/swift-service-lifecycle/Sources/ServiceLifecycle/ServiceGroup.swift (in target 'ServiceLifecycle' from project 'swift-service-lifecycle')
cd /Users/admin/builder/spi-builder-workspace/.swiftpm/xcode
builtin-SwiftPerFileCompile ServiceGroup.swift
SwiftCompile normal arm64 Compiling\ ServiceGroupConfiguration.swift /Users/admin/builder/spi-builder-workspace/.dependencies/checkouts/swift-service-lifecycle/Sources/ServiceLifecycle/ServiceGroupConfiguration.swift (in target 'ServiceLifecycle' from project 'swift-service-lifecycle')
SwiftCompile normal arm64 /Users/admin/builder/spi-builder-workspace/.dependencies/checkouts/swift-service-lifecycle/Sources/ServiceLifecycle/ServiceGroupConfiguration.swift (in target 'ServiceLifecycle' from project 'swift-service-lifecycle')
cd /Users/admin/builder/spi-builder-workspace/.swiftpm/xcode
builtin-SwiftPerFileCompile ServiceGroupConfiguration.swift
SwiftCompile normal arm64 Compiling\ ServiceRunnerError.swift /Users/admin/builder/spi-builder-workspace/.dependencies/checkouts/swift-service-lifecycle/Sources/ServiceLifecycle/ServiceRunnerError.swift (in target 'ServiceLifecycle' from project 'swift-service-lifecycle')
SwiftCompile normal arm64 /Users/admin/builder/spi-builder-workspace/.dependencies/checkouts/swift-service-lifecycle/Sources/ServiceLifecycle/ServiceRunnerError.swift (in target 'ServiceLifecycle' from project 'swift-service-lifecycle')
cd /Users/admin/builder/spi-builder-workspace/.swiftpm/xcode
builtin-SwiftPerFileCompile ServiceRunnerError.swift
SwiftDriverJobDiscovery normal arm64 Compiling MergeStorage.swift, MultiProducerSingleConsumerAsyncChannel+Internal.swift, MultiProducerSingleConsumerAsyncChannel.swift, RangeReplaceableCollection.swift, Rethrow.swift, SetAlgebra.swift (in target 'AsyncAlgorithms' from project 'swift-async-algorithms')
SwiftDriver\ Compilation AsyncAlgorithms normal arm64 com.apple.xcode.tools.swift.compiler (in target 'AsyncAlgorithms' from project 'swift-async-algorithms')
cd /Users/admin/builder/spi-builder-workspace/.swiftpm/xcode
builtin-Swift-Compilation -- /Applications/Xcode-27.0.0-Release.Candidate.app/Contents/Developer/Toolchains/XcodeDefault.xctoolchain/usr/bin/swiftc -parse-as-library -module-name AsyncAlgorithms -Onone @/Users/admin/builder/spi-builder-workspace/.derivedData/Build/Intermediates.noindex/swift-async-algorithms.build/Debug/AsyncAlgorithms-t.build/Objects-normal/arm64/AsyncAlgorithms.SwiftFileList -DSWIFT_PACKAGE -DDEBUG -DSWIFT_MODULE_RESOURCE_BUNDLE_UNAVAILABLE -DXcode -enable-experimental-feature AvailabilityMacro\=AsyncAlgorithms\ 1.0:macOS\ 10.15,\ iOS\ 13.0,\ tvOS\ 13.0,\ watchOS\ 6.0 -enable-experimental-feature AvailabilityMacro\=AsyncAlgorithms\ 1.1:macOS\ 15.0,\ iOS\ 18.0,\ tvOS\ 18.0,\ watchOS\ 11.0,\ visionOS\ 2.0 -enable-experimental-feature AvailabilityMacro\=AsyncAlgorithms\ 1.2:macOS\ 15.0,\ iOS\ 18.0,\ tvOS\ 18.0,\ watchOS\ 11.0,\ visionOS\ 2.0 -enable-experimental-feature AvailabilityMacro\=AsyncAlgorithms\ 1.3:macOS\ 15.0,\ iOS\ 18.0,\ tvOS\ 18.0,\ watchOS\ 11.0,\ visionOS\ 2.0 -enable-experimental-feature StrictConcurrency\=complete -plugin-path /Applications/Xcode-27.0.0-Release.Candidate.app/Contents/Developer/Toolchains/XcodeDefault.xctoolchain/usr/lib/swift/host/plugins/testing -enable-experimental-feature DebugDescriptionMacro -sdk /Applications/Xcode-27.0.0-Release.Candidate.app/Contents/Developer/Platforms/MacOSX.platform/Developer/SDKs/MacOSX27.0.sdk -target arm64-apple-macos12.0 -g -module-cache-path /Users/admin/builder/spi-builder-workspace/.derivedData/ModuleCache.noindex -Xfrontend -serialize-debugging-options -profile-coverage-mapping -profile-generate -enable-testing -suppress-warnings -index-store-path /Users/admin/builder/spi-builder-workspace/.derivedData/Index.noindex/DataStore -Xcc -D_LIBCPP_HARDENING_MODE\=_LIBCPP_HARDENING_MODE_DEBUG -swift-version 6 -I /Users/admin/builder/spi-builder-workspace/.derivedData/Build/Products/Debug -Isystem /Applications/Xcode-27.0.0-Release.Candidate.app/Contents/Developer/Platforms/MacOSX.platform/Developer/usr/lib -F /Users/admin/builder/spi-builder-workspace/.derivedData/Build/Products/Debug/PackageFrameworks -F /Users/admin/builder/spi-builder-workspace/.derivedData/Build/Products/Debug -F /Applications/Xcode-27.0.0-Release.Candidate.app/Contents/Developer/Platforms/MacOSX.platform/Developer/Library/Frameworks -c -j10 -enable-batch-mode -incremental -Xcc -ivfsstatcache -Xcc /Users/admin/builder/spi-builder-workspace/.derivedData/SDKStatCaches.noindex/macosx27.0-26A425-e829b21a6f8c9b70876ba0858053c0446a22442a12e9d48fe1a705f55a1adfc4.sdkstatcache -output-file-map /Users/admin/builder/spi-builder-workspace/.derivedData/Build/Intermediates.noindex/swift-async-algorithms.build/Debug/AsyncAlgorithms-t.build/Objects-normal/arm64/AsyncAlgorithms-OutputFileMap.json -save-temps -no-color-diagnostics -explicit-module-build -module-cache-path /Users/admin/builder/spi-builder-workspace/.derivedData/Build/Intermediates.noindex/SwiftExplicitPrecompiledModules -clang-scanner-module-cache-path /Users/admin/builder/spi-builder-workspace/.derivedData/ModuleCache.noindex -sdk-module-cache-path /Users/admin/builder/spi-builder-workspace/.derivedData/SDKExplicitPrecompiledModules -emit-dependencies -emit-module -emit-module-path /Users/admin/builder/spi-builder-workspace/.derivedData/Build/Intermediates.noindex/swift-async-algorithms.build/Debug/AsyncAlgorithms-t.build/Objects-normal/arm64/AsyncAlgorithms.swiftmodule -serialize-diagnostics -dependency-scan-serialize-diagnostics-path /Users/admin/builder/spi-builder-workspace/.derivedData/Build/Intermediates.noindex/swift-async-algorithms.build/Debug/AsyncAlgorithms-t.build/Objects-normal/arm64/AsyncAlgorithms-dependency-scan.dia -user-module-version 1.1.5 -validate-clang-modules-once -clang-build-session-file /Users/admin/builder/spi-builder-workspace/.derivedData/ModuleCache.noindex/Session.modulevalidation -Xcc -fmodules-prune-interval\=86400 -Xcc -fmodules-prune-after\=345600 -package-name swift_async_algorithms -emit-const-values -const-gather-protocols-list /Users/admin/builder/spi-builder-workspace/.derivedData/Build/Intermediates.noindex/swift-async-algorithms.build/Debug/AsyncAlgorithms-t.build/Objects-normal/arm64/AsyncAlgorithms_const_extract_protocols.json -Xcc -I/Users/admin/builder/spi-builder-workspace/.derivedData/Build/Products/Debug/include -Xcc -I/Users/admin/builder/spi-builder-workspace/.derivedData/Build/Intermediates.noindex/swift-async-algorithms.build/Debug/AsyncAlgorithms-t.build/DerivedSources-normal/arm64 -Xcc -I/Users/admin/builder/spi-builder-workspace/.derivedData/Build/Intermediates.noindex/swift-async-algorithms.build/Debug/AsyncAlgorithms-t.build/DerivedSources/arm64 -Xcc -I/Users/admin/builder/spi-builder-workspace/.derivedData/Build/Intermediates.noindex/swift-async-algorithms.build/Debug/AsyncAlgorithms-t.build/DerivedSources -Xcc -DSWIFT_PACKAGE -Xcc -DDEBUG\=1 -emit-objc-header -emit-objc-header-path /Users/admin/builder/spi-builder-workspace/.derivedData/Build/Intermediates.noindex/swift-async-algorithms.build/Debug/AsyncAlgorithms-t.build/Objects-normal/arm64/AsyncAlgorithms-Swift.h -working-directory /Users/admin/builder/spi-builder-workspace/.swiftpm/xcode -experimental-emit-module-separately -disable-cmo
SwiftDriverJobDiscovery normal arm64 Compiling Service.swift (in target 'ServiceLifecycle' from project 'swift-service-lifecycle')
SwiftDriverJobDiscovery normal arm64 Compiling ClosureService.swift (in target 'ServiceLifecycle' from project 'swift-service-lifecycle')
SwiftDriverJobDiscovery normal arm64 Compiling AsyncGracefulShutdownSequence.swift (in target 'ServiceLifecycle' from project 'swift-service-lifecycle')
Ld /Users/admin/builder/spi-builder-workspace/.derivedData/Build/Products/Debug/AsyncAlgorithms.o normal (in target 'AsyncAlgorithms' from project 'swift-async-algorithms')
cd /Users/admin/builder/spi-builder-workspace/.dependencies/checkouts/swift-async-algorithms
/Applications/Xcode-27.0.0-Release.Candidate.app/Contents/Developer/Toolchains/XcodeDefault.xctoolchain/usr/bin/clang -Xlinker -reproducible -target arm64-apple-macos12.0 -r -isysroot /Applications/Xcode-27.0.0-Release.Candidate.app/Contents/Developer/Platforms/MacOSX.platform/Developer/SDKs/MacOSX27.0.sdk -O0 -w -Xlinker -no_warn_duplicate_libraries -F/Users/admin/builder/spi-builder-workspace/.derivedData/Build/Intermediates.noindex/EagerLinkingTBDs/Debug -F/Users/admin/builder/spi-builder-workspace/.derivedData/Build/Products/Debug/PackageFrameworks -F/Users/admin/builder/spi-builder-workspace/.derivedData/Build/Products/Debug -iframework /Applications/Xcode-27.0.0-Release.Candidate.app/Contents/Developer/Platforms/MacOSX.platform/Developer/Library/Frameworks -filelist /Users/admin/builder/spi-builder-workspace/.derivedData/Build/Intermediates.noindex/swift-async-algorithms.build/Debug/AsyncAlgorithms-t.build/Objects-normal/arm64/AsyncAlgorithms.LinkFileList -nostdlib -Xlinker -object_path_lto -Xlinker /Users/admin/builder/spi-builder-workspace/.derivedData/Build/Intermediates.noindex/swift-async-algorithms.build/Debug/AsyncAlgorithms-t.build/Objects-normal/arm64/AsyncAlgorithms_lto.o -Xlinker -no_deduplicate -Xlinker -debug_variant -Xlinker -dependency_info -Xlinker /Users/admin/builder/spi-builder-workspace/.derivedData/Build/Intermediates.noindex/swift-async-algorithms.build/Debug/AsyncAlgorithms-t.build/Objects-normal/arm64/AsyncAlgorithms_dependency_info.dat -fobjc-link-runtime -L/Applications/Xcode-27.0.0-Release.Candidate.app/Contents/Developer/Toolchains/XcodeDefault.xctoolchain/usr/lib/swift/macosx -L/usr/lib/swift -Xlinker -add_ast_path -Xlinker /Users/admin/builder/spi-builder-workspace/.derivedData/Build/Intermediates.noindex/swift-async-algorithms.build/Debug/AsyncAlgorithms-t.build/Objects-normal/arm64/AsyncAlgorithms.swiftmodule -o /Users/admin/builder/spi-builder-workspace/.derivedData/Build/Products/Debug/AsyncAlgorithms.o
ExtractAppIntentsMetadata (in target 'AsyncAlgorithms' from project 'swift-async-algorithms')
cd /Users/admin/builder/spi-builder-workspace/.dependencies/checkouts/swift-async-algorithms
/Applications/Xcode-27.0.0-Release.Candidate.app/Contents/Developer/Toolchains/XcodeDefault.xctoolchain/usr/bin/appintentsmetadataprocessor --toolchain-dir /var/run/com.apple.security.cryptexd/mnt/com.apple.MobileAsset.MetalToolchain-v27.1.266.1.G1oaw5/Metal.xctoolchain --module-name AsyncAlgorithms --sdk-root /Applications/Xcode-27.0.0-Release.Candidate.app/Contents/Developer/Platforms/MacOSX.platform/Developer/SDKs/MacOSX27.0.sdk --xcode-version 27A266a --platform-family macOS --deployment-target 12.0 --bundle-identifier swift-async-algorithms.AsyncAlgorithms --output /Users/admin/builder/spi-builder-workspace/.derivedData/Build/Products/Debug/AsyncAlgorithms.appintents --target-triple arm64-apple-macos12.0 --binary-file /Users/admin/builder/spi-builder-workspace/.derivedData/Build/Products/Debug/AsyncAlgorithms.o --dependency-file /Users/admin/builder/spi-builder-workspace/.derivedData/Build/Intermediates.noindex/swift-async-algorithms.build/Debug/AsyncAlgorithms-t.build/Objects-normal/arm64/AsyncAlgorithms_dependency_info.dat --stringsdata-file /Users/admin/builder/spi-builder-workspace/.derivedData/Build/Intermediates.noindex/swift-async-algorithms.build/Debug/AsyncAlgorithms-t.build/Objects-normal/arm64/ExtractedAppShortcutsMetadata.stringsdata --source-file-list /Users/admin/builder/spi-builder-workspace/.derivedData/Build/Intermediates.noindex/swift-async-algorithms.build/Debug/AsyncAlgorithms-t.build/Objects-normal/arm64/AsyncAlgorithms.SwiftFileList --metadata-file-list /Users/admin/builder/spi-builder-workspace/.derivedData/Build/Intermediates.noindex/swift-async-algorithms.build/Debug/AsyncAlgorithms-t.build/AsyncAlgorithms.DependencyMetadataFileList --static-metadata-file-list /Users/admin/builder/spi-builder-workspace/.derivedData/Build/Intermediates.noindex/swift-async-algorithms.build/Debug/AsyncAlgorithms-t.build/AsyncAlgorithms.DependencyStaticMetadataFileList --swift-const-vals-list /Users/admin/builder/spi-builder-workspace/.derivedData/Build/Intermediates.noindex/swift-async-algorithms.build/Debug/AsyncAlgorithms-t.build/Objects-normal/arm64/AsyncAlgorithms.SwiftConstValuesFileList --force --compile-time-extraction --deployment-aware-processing --no-app-shortcuts-localization
2026-09-20 16:58:39.660 appintentsmetadataprocessor[2129:10751] Starting appintentsmetadataprocessor export
2026-09-20 16:58:39.724 appintentsmetadataprocessor[2129:10751] Extracted no relevant App Intents symbols, skipping writing output
SwiftDriverJobDiscovery normal arm64 Compiling CancellationWaiter.swift (in target 'ServiceLifecycle' from project 'swift-service-lifecycle')
SwiftDriverJobDiscovery normal arm64 Compiling AsyncCancelOnGracefulShutdownSequence.swift (in target 'ServiceLifecycle' from project 'swift-service-lifecycle')
SwiftDriverJobDiscovery normal arm64 Compiling ServiceRunnerError.swift (in target 'ServiceLifecycle' from project 'swift-service-lifecycle')
SwiftDriverJobDiscovery normal arm64 Compiling ServiceGroupConfiguration.swift (in target 'ServiceLifecycle' from project 'swift-service-lifecycle')
SwiftDriverJobDiscovery normal arm64 Emitting module for ServiceLifecycle (in target 'ServiceLifecycle' from project 'swift-service-lifecycle')
SwiftDriver\ Compilation\ Requirements ServiceLifecycle normal arm64 com.apple.xcode.tools.swift.compiler (in target 'ServiceLifecycle' from project 'swift-service-lifecycle')
cd /Users/admin/builder/spi-builder-workspace/.swiftpm/xcode
builtin-Swift-Compilation-Requirements -- /Applications/Xcode-27.0.0-Release.Candidate.app/Contents/Developer/Toolchains/XcodeDefault.xctoolchain/usr/bin/swiftc -parse-as-library -module-name ServiceLifecycle -Onone @/Users/admin/builder/spi-builder-workspace/.derivedData/Build/Intermediates.noindex/swift-service-lifecycle.build/Debug/ServiceLifecycle-t.build/Objects-normal/arm64/ServiceLifecycle.SwiftFileList -DSWIFT_PACKAGE -DDEBUG -DSWIFT_MODULE_RESOURCE_BUNDLE_UNAVAILABLE -DXcode -plugin-path /Applications/Xcode-27.0.0-Release.Candidate.app/Contents/Developer/Toolchains/XcodeDefault.xctoolchain/usr/lib/swift/host/plugins/testing -enable-experimental-feature DebugDescriptionMacro -sdk /Applications/Xcode-27.0.0-Release.Candidate.app/Contents/Developer/Platforms/MacOSX.platform/Developer/SDKs/MacOSX27.0.sdk -target arm64-apple-macos12.0 -g -module-cache-path /Users/admin/builder/spi-builder-workspace/.derivedData/ModuleCache.noindex -Xfrontend -serialize-debugging-options -profile-coverage-mapping -profile-generate -enable-testing -suppress-warnings -index-store-path /Users/admin/builder/spi-builder-workspace/.derivedData/Index.noindex/DataStore -Xcc -D_LIBCPP_HARDENING_MODE\=_LIBCPP_HARDENING_MODE_DEBUG -swift-version 6 -I /Users/admin/builder/spi-builder-workspace/.derivedData/Build/Products/Debug -Isystem /Applications/Xcode-27.0.0-Release.Candidate.app/Contents/Developer/Platforms/MacOSX.platform/Developer/usr/lib -F /Users/admin/builder/spi-builder-workspace/.derivedData/Build/Products/Debug/PackageFrameworks -F /Users/admin/builder/spi-builder-workspace/.derivedData/Build/Products/Debug -F /Applications/Xcode-27.0.0-Release.Candidate.app/Contents/Developer/Platforms/MacOSX.platform/Developer/Library/Frameworks -c -j10 -enable-batch-mode -incremental -Xcc -ivfsstatcache -Xcc /Users/admin/builder/spi-builder-workspace/.derivedData/SDKStatCaches.noindex/macosx27.0-26A425-e829b21a6f8c9b70876ba0858053c0446a22442a12e9d48fe1a705f55a1adfc4.sdkstatcache -output-file-map /Users/admin/builder/spi-builder-workspace/.derivedData/Build/Intermediates.noindex/swift-service-lifecycle.build/Debug/ServiceLifecycle-t.build/Objects-normal/arm64/ServiceLifecycle-OutputFileMap.json -save-temps -no-color-diagnostics -explicit-module-build -module-cache-path /Users/admin/builder/spi-builder-workspace/.derivedData/Build/Intermediates.noindex/SwiftExplicitPrecompiledModules -clang-scanner-module-cache-path /Users/admin/builder/spi-builder-workspace/.derivedData/ModuleCache.noindex -sdk-module-cache-path /Users/admin/builder/spi-builder-workspace/.derivedData/SDKExplicitPrecompiledModules -emit-dependencies -emit-module -emit-module-path /Users/admin/builder/spi-builder-workspace/.derivedData/Build/Intermediates.noindex/swift-service-lifecycle.build/Debug/ServiceLifecycle-t.build/Objects-normal/arm64/ServiceLifecycle.swiftmodule -serialize-diagnostics -dependency-scan-serialize-diagnostics-path /Users/admin/builder/spi-builder-workspace/.derivedData/Build/Intermediates.noindex/swift-service-lifecycle.build/Debug/ServiceLifecycle-t.build/Objects-normal/arm64/ServiceLifecycle-dependency-scan.dia -user-module-version 2.12.0 -validate-clang-modules-once -clang-build-session-file /Users/admin/builder/spi-builder-workspace/.derivedData/ModuleCache.noindex/Session.modulevalidation -Xcc -fmodules-prune-interval\=86400 -Xcc -fmodules-prune-after\=345600 -package-name swift_service_lifecycle -emit-const-values -const-gather-protocols-list /Users/admin/builder/spi-builder-workspace/.derivedData/Build/Intermediates.noindex/swift-service-lifecycle.build/Debug/ServiceLifecycle-t.build/Objects-normal/arm64/ServiceLifecycle_const_extract_protocols.json -Xcc -I/Users/admin/builder/spi-builder-workspace/.derivedData/Build/Products/Debug/include -Xcc -I/Users/admin/builder/spi-builder-workspace/.derivedData/Build/Intermediates.noindex/swift-service-lifecycle.build/Debug/ServiceLifecycle-t.build/DerivedSources-normal/arm64 -Xcc -I/Users/admin/builder/spi-builder-workspace/.derivedData/Build/Intermediates.noindex/swift-service-lifecycle.build/Debug/ServiceLifecycle-t.build/DerivedSources/arm64 -Xcc -I/Users/admin/builder/spi-builder-workspace/.derivedData/Build/Intermediates.noindex/swift-service-lifecycle.build/Debug/ServiceLifecycle-t.build/DerivedSources -Xcc -DSWIFT_PACKAGE -Xcc -DDEBUG\=1 -emit-objc-header -emit-objc-header-path /Users/admin/builder/spi-builder-workspace/.derivedData/Build/Intermediates.noindex/swift-service-lifecycle.build/Debug/ServiceLifecycle-t.build/Objects-normal/arm64/ServiceLifecycle-Swift.h -working-directory /Users/admin/builder/spi-builder-workspace/.swiftpm/xcode -experimental-emit-module-separately -disable-cmo
SwiftMergeGeneratedHeaders /Users/admin/builder/spi-builder-workspace/.derivedData/Build/Intermediates.noindex/GeneratedModuleMaps/ServiceLifecycle-Swift.h /Users/admin/builder/spi-builder-workspace/.derivedData/Build/Intermediates.noindex/swift-service-lifecycle.build/Debug/ServiceLifecycle-t.build/Objects-normal/arm64/ServiceLifecycle-Swift.h (in target 'ServiceLifecycle' from project 'swift-service-lifecycle')
cd /Users/admin/builder/spi-builder-workspace/.dependencies/checkouts/swift-service-lifecycle
builtin-swiftHeaderTool -arch arm64 /Users/admin/builder/spi-builder-workspace/.derivedData/Build/Intermediates.noindex/swift-service-lifecycle.build/Debug/ServiceLifecycle-t.build/Objects-normal/arm64/ServiceLifecycle-Swift.h -o /Users/admin/builder/spi-builder-workspace/.derivedData/Build/Intermediates.noindex/GeneratedModuleMaps/ServiceLifecycle-Swift.h
Copy /Users/admin/builder/spi-builder-workspace/.derivedData/Build/Products/Debug/ServiceLifecycle.swiftmodule/arm64-apple-macos.swiftmodule /Users/admin/builder/spi-builder-workspace/.derivedData/Build/Intermediates.noindex/swift-service-lifecycle.build/Debug/ServiceLifecycle-t.build/Objects-normal/arm64/ServiceLifecycle.swiftmodule (in target 'ServiceLifecycle' from project 'swift-service-lifecycle')
cd /Users/admin/builder/spi-builder-workspace/.dependencies/checkouts/swift-service-lifecycle
builtin-copy -exclude .DS_Store -exclude CVS -exclude .svn -exclude .git -exclude .hg -resolve-src-symlinks -rename /Users/admin/builder/spi-builder-workspace/.derivedData/Build/Intermediates.noindex/swift-service-lifecycle.build/Debug/ServiceLifecycle-t.build/Objects-normal/arm64/ServiceLifecycle.swiftmodule /Users/admin/builder/spi-builder-workspace/.derivedData/Build/Products/Debug/ServiceLifecycle.swiftmodule/arm64-apple-macos.swiftmodule
Copy /Users/admin/builder/spi-builder-workspace/.derivedData/Build/Products/Debug/ServiceLifecycle.swiftmodule/arm64-apple-macos.abi.json /Users/admin/builder/spi-builder-workspace/.derivedData/Build/Intermediates.noindex/swift-service-lifecycle.build/Debug/ServiceLifecycle-t.build/Objects-normal/arm64/ServiceLifecycle.abi.json (in target 'ServiceLifecycle' from project 'swift-service-lifecycle')
cd /Users/admin/builder/spi-builder-workspace/.dependencies/checkouts/swift-service-lifecycle
builtin-copy -exclude .DS_Store -exclude CVS -exclude .svn -exclude .git -exclude .hg -resolve-src-symlinks -rename /Users/admin/builder/spi-builder-workspace/.derivedData/Build/Intermediates.noindex/swift-service-lifecycle.build/Debug/ServiceLifecycle-t.build/Objects-normal/arm64/ServiceLifecycle.abi.json /Users/admin/builder/spi-builder-workspace/.derivedData/Build/Products/Debug/ServiceLifecycle.swiftmodule/arm64-apple-macos.abi.json
Copy /Users/admin/builder/spi-builder-workspace/.derivedData/Build/Products/Debug/ServiceLifecycle.swiftmodule/arm64-apple-macos.swiftdoc /Users/admin/builder/spi-builder-workspace/.derivedData/Build/Intermediates.noindex/swift-service-lifecycle.build/Debug/ServiceLifecycle-t.build/Objects-normal/arm64/ServiceLifecycle.swiftdoc (in target 'ServiceLifecycle' from project 'swift-service-lifecycle')
cd /Users/admin/builder/spi-builder-workspace/.dependencies/checkouts/swift-service-lifecycle
builtin-copy -exclude .DS_Store -exclude CVS -exclude .svn -exclude .git -exclude .hg -resolve-src-symlinks -rename /Users/admin/builder/spi-builder-workspace/.derivedData/Build/Intermediates.noindex/swift-service-lifecycle.build/Debug/ServiceLifecycle-t.build/Objects-normal/arm64/ServiceLifecycle.swiftdoc /Users/admin/builder/spi-builder-workspace/.derivedData/Build/Products/Debug/ServiceLifecycle.swiftmodule/arm64-apple-macos.swiftdoc
Copy /Users/admin/builder/spi-builder-workspace/.derivedData/Build/Products/Debug/ServiceLifecycle.swiftmodule/Project/arm64-apple-macos.swiftsourceinfo /Users/admin/builder/spi-builder-workspace/.derivedData/Build/Intermediates.noindex/swift-service-lifecycle.build/Debug/ServiceLifecycle-t.build/Objects-normal/arm64/ServiceLifecycle.swiftsourceinfo (in target 'ServiceLifecycle' from project 'swift-service-lifecycle')
cd /Users/admin/builder/spi-builder-workspace/.dependencies/checkouts/swift-service-lifecycle
builtin-copy -exclude .DS_Store -exclude CVS -exclude .svn -exclude .git -exclude .hg -resolve-src-symlinks -rename /Users/admin/builder/spi-builder-workspace/.derivedData/Build/Intermediates.noindex/swift-service-lifecycle.build/Debug/ServiceLifecycle-t.build/Objects-normal/arm64/ServiceLifecycle.swiftsourceinfo /Users/admin/builder/spi-builder-workspace/.derivedData/Build/Products/Debug/ServiceLifecycle.swiftmodule/Project/arm64-apple-macos.swiftsourceinfo
SwiftDriver OTel normal arm64 com.apple.xcode.tools.swift.compiler (in target 'OTel' from project 'swift-otel')
cd /Users/admin/builder/spi-builder-workspace/.swiftpm/xcode
builtin-SwiftDriver -- /Applications/Xcode-27.0.0-Release.Candidate.app/Contents/Developer/Toolchains/XcodeDefault.xctoolchain/usr/bin/swiftc -parse-as-library -module-name OTel -Onone @/Users/admin/builder/spi-builder-workspace/.derivedData/Build/Intermediates.noindex/swift-otel.build/Debug/OTel-t.build/Objects-normal/arm64/OTel.SwiftFileList -DSWIFT_PACKAGE -DDEBUG -DSWIFT_MODULE_RESOURCE_BUNDLE_UNAVAILABLE -Xcc -fmodule-map-file\=/Users/admin/builder/spi-builder-workspace/.derivedData/Build/Intermediates.noindex/GeneratedModuleMaps/CNIOAtomics.modulemap -Xcc -fmodule-map-file\=/Users/admin/builder/spi-builder-workspace/.dependencies/checkouts/swift-atomics/Sources/_AtomicsShims/include/module.modulemap -DXcode -enable-experimental-feature StrictConcurrency\=complete -plugin-path /Applications/Xcode-27.0.0-Release.Candidate.app/Contents/Developer/Toolchains/XcodeDefault.xctoolchain/usr/lib/swift/host/plugins/testing -enable-experimental-feature DebugDescriptionMacro -sdk /Applications/Xcode-27.0.0-Release.Candidate.app/Contents/Developer/Platforms/MacOSX.platform/Developer/SDKs/MacOSX27.0.sdk -target arm64-apple-macos13.0 -g -module-cache-path /Users/admin/builder/spi-builder-workspace/.derivedData/ModuleCache.noindex -Xfrontend -serialize-debugging-options -profile-coverage-mapping -profile-generate -enable-testing -suppress-warnings -index-store-path /Users/admin/builder/spi-builder-workspace/.derivedData/Index.noindex/DataStore -Xcc -D_LIBCPP_HARDENING_MODE\=_LIBCPP_HARDENING_MODE_DEBUG -swift-version 6 -I /Users/admin/builder/spi-builder-workspace/.derivedData/Build/Products/Debug -Isystem /Applications/Xcode-27.0.0-Release.Candidate.app/Contents/Developer/Platforms/MacOSX.platform/Developer/usr/lib -F /Users/admin/builder/spi-builder-workspace/.derivedData/Build/Products/Debug/PackageFrameworks -F /Users/admin/builder/spi-builder-workspace/.derivedData/Build/Products/Debug -F /Applications/Xcode-27.0.0-Release.Candidate.app/Contents/Developer/Platforms/MacOSX.platform/Developer/Library/Frameworks -c -j10 -enable-batch-mode -incremental -Xcc -ivfsstatcache -Xcc /Users/admin/builder/spi-builder-workspace/.derivedData/SDKStatCaches.noindex/macosx27.0-26A425-e829b21a6f8c9b70876ba0858053c0446a22442a12e9d48fe1a705f55a1adfc4.sdkstatcache -output-file-map /Users/admin/builder/spi-builder-workspace/.derivedData/Build/Intermediates.noindex/swift-otel.build/Debug/OTel-t.build/Objects-normal/arm64/OTel-OutputFileMap.json -save-temps -no-color-diagnostics -explicit-module-build -module-cache-path /Users/admin/builder/spi-builder-workspace/.derivedData/Build/Intermediates.noindex/SwiftExplicitPrecompiledModules -clang-scanner-module-cache-path /Users/admin/builder/spi-builder-workspace/.derivedData/ModuleCache.noindex -sdk-module-cache-path /Users/admin/builder/spi-builder-workspace/.derivedData/SDKExplicitPrecompiledModules -emit-dependencies -emit-module -emit-module-path /Users/admin/builder/spi-builder-workspace/.derivedData/Build/Intermediates.noindex/swift-otel.build/Debug/OTel-t.build/Objects-normal/arm64/OTel.swiftmodule -serialize-diagnostics -dependency-scan-serialize-diagnostics-path /Users/admin/builder/spi-builder-workspace/.derivedData/Build/Intermediates.noindex/swift-otel.build/Debug/OTel-t.build/Objects-normal/arm64/OTel-dependency-scan.dia -validate-clang-modules-once -clang-build-session-file /Users/admin/builder/spi-builder-workspace/.derivedData/ModuleCache.noindex/Session.modulevalidation -Xcc -fmodules-prune-interval\=86400 -Xcc -fmodules-prune-after\=345600 -package-name swift_otel -emit-const-values -const-gather-protocols-list /Users/admin/builder/spi-builder-workspace/.derivedData/Build/Intermediates.noindex/swift-otel.build/Debug/OTel-t.build/Objects-normal/arm64/OTel_const_extract_protocols.json -Xcc -I/Users/admin/builder/spi-builder-workspace/.dependencies/checkouts/swift-nio/Sources/CNIOAtomics/include -Xcc -I/Users/admin/builder/spi-builder-workspace/.dependencies/checkouts/swift-atomics/Sources/_AtomicsShims/include -Xcc -I/Users/admin/builder/spi-builder-workspace/.derivedData/Build/Products/Debug/include -Xcc -I/Users/admin/builder/spi-builder-workspace/.derivedData/Build/Intermediates.noindex/swift-otel.build/Debug/OTel-t.build/DerivedSources-normal/arm64 -Xcc -I/Users/admin/builder/spi-builder-workspace/.derivedData/Build/Intermediates.noindex/swift-otel.build/Debug/OTel-t.build/DerivedSources/arm64 -Xcc -I/Users/admin/builder/spi-builder-workspace/.derivedData/Build/Intermediates.noindex/swift-otel.build/Debug/OTel-t.build/DerivedSources -Xcc -DSWIFT_PACKAGE -Xcc -DDEBUG\=1 -emit-objc-header -emit-objc-header-path /Users/admin/builder/spi-builder-workspace/.derivedData/Build/Intermediates.noindex/swift-otel.build/Debug/OTel-t.build/Objects-normal/arm64/OTel-Swift.h -working-directory /Users/admin/builder/spi-builder-workspace/.swiftpm/xcode -experimental-emit-module-separately -disable-cmo
SwiftDriverJobDiscovery normal arm64 Compiling GracefulShutdown.swift (in target 'ServiceLifecycle' from project 'swift-service-lifecycle')
SwiftDriverJobDiscovery normal arm64 Compiling ServiceGroup.swift (in target 'ServiceLifecycle' from project 'swift-service-lifecycle')
SwiftDriver\ Compilation ServiceLifecycle normal arm64 com.apple.xcode.tools.swift.compiler (in target 'ServiceLifecycle' from project 'swift-service-lifecycle')
cd /Users/admin/builder/spi-builder-workspace/.swiftpm/xcode
builtin-Swift-Compilation -- /Applications/Xcode-27.0.0-Release.Candidate.app/Contents/Developer/Toolchains/XcodeDefault.xctoolchain/usr/bin/swiftc -parse-as-library -module-name ServiceLifecycle -Onone @/Users/admin/builder/spi-builder-workspace/.derivedData/Build/Intermediates.noindex/swift-service-lifecycle.build/Debug/ServiceLifecycle-t.build/Objects-normal/arm64/ServiceLifecycle.SwiftFileList -DSWIFT_PACKAGE -DDEBUG -DSWIFT_MODULE_RESOURCE_BUNDLE_UNAVAILABLE -DXcode -plugin-path /Applications/Xcode-27.0.0-Release.Candidate.app/Contents/Developer/Toolchains/XcodeDefault.xctoolchain/usr/lib/swift/host/plugins/testing -enable-experimental-feature DebugDescriptionMacro -sdk /Applications/Xcode-27.0.0-Release.Candidate.app/Contents/Developer/Platforms/MacOSX.platform/Developer/SDKs/MacOSX27.0.sdk -target arm64-apple-macos12.0 -g -module-cache-path /Users/admin/builder/spi-builder-workspace/.derivedData/ModuleCache.noindex -Xfrontend -serialize-debugging-options -profile-coverage-mapping -profile-generate -enable-testing -suppress-warnings -index-store-path /Users/admin/builder/spi-builder-workspace/.derivedData/Index.noindex/DataStore -Xcc -D_LIBCPP_HARDENING_MODE\=_LIBCPP_HARDENING_MODE_DEBUG -swift-version 6 -I /Users/admin/builder/spi-builder-workspace/.derivedData/Build/Products/Debug -Isystem /Applications/Xcode-27.0.0-Release.Candidate.app/Contents/Developer/Platforms/MacOSX.platform/Developer/usr/lib -F /Users/admin/builder/spi-builder-workspace/.derivedData/Build/Products/Debug/PackageFrameworks -F /Users/admin/builder/spi-builder-workspace/.derivedData/Build/Products/Debug -F /Applications/Xcode-27.0.0-Release.Candidate.app/Contents/Developer/Platforms/MacOSX.platform/Developer/Library/Frameworks -c -j10 -enable-batch-mode -incremental -Xcc -ivfsstatcache -Xcc /Users/admin/builder/spi-builder-workspace/.derivedData/SDKStatCaches.noindex/macosx27.0-26A425-e829b21a6f8c9b70876ba0858053c0446a22442a12e9d48fe1a705f55a1adfc4.sdkstatcache -output-file-map /Users/admin/builder/spi-builder-workspace/.derivedData/Build/Intermediates.noindex/swift-service-lifecycle.build/Debug/ServiceLifecycle-t.build/Objects-normal/arm64/ServiceLifecycle-OutputFileMap.json -save-temps -no-color-diagnostics -explicit-module-build -module-cache-path /Users/admin/builder/spi-builder-workspace/.derivedData/Build/Intermediates.noindex/SwiftExplicitPrecompiledModules -clang-scanner-module-cache-path /Users/admin/builder/spi-builder-workspace/.derivedData/ModuleCache.noindex -sdk-module-cache-path /Users/admin/builder/spi-builder-workspace/.derivedData/SDKExplicitPrecompiledModules -emit-dependencies -emit-module -emit-module-path /Users/admin/builder/spi-builder-workspace/.derivedData/Build/Intermediates.noindex/swift-service-lifecycle.build/Debug/ServiceLifecycle-t.build/Objects-normal/arm64/ServiceLifecycle.swiftmodule -serialize-diagnostics -dependency-scan-serialize-diagnostics-path /Users/admin/builder/spi-builder-workspace/.derivedData/Build/Intermediates.noindex/swift-service-lifecycle.build/Debug/ServiceLifecycle-t.build/Objects-normal/arm64/ServiceLifecycle-dependency-scan.dia -user-module-version 2.12.0 -validate-clang-modules-once -clang-build-session-file /Users/admin/builder/spi-builder-workspace/.derivedData/ModuleCache.noindex/Session.modulevalidation -Xcc -fmodules-prune-interval\=86400 -Xcc -fmodules-prune-after\=345600 -package-name swift_service_lifecycle -emit-const-values -const-gather-protocols-list /Users/admin/builder/spi-builder-workspace/.derivedData/Build/Intermediates.noindex/swift-service-lifecycle.build/Debug/ServiceLifecycle-t.build/Objects-normal/arm64/ServiceLifecycle_const_extract_protocols.json -Xcc -I/Users/admin/builder/spi-builder-workspace/.derivedData/Build/Products/Debug/include -Xcc -I/Users/admin/builder/spi-builder-workspace/.derivedData/Build/Intermediates.noindex/swift-service-lifecycle.build/Debug/ServiceLifecycle-t.build/DerivedSources-normal/arm64 -Xcc -I/Users/admin/builder/spi-builder-workspace/.derivedData/Build/Intermediates.noindex/swift-service-lifecycle.build/Debug/ServiceLifecycle-t.build/DerivedSources/arm64 -Xcc -I/Users/admin/builder/spi-builder-workspace/.derivedData/Build/Intermediates.noindex/swift-service-lifecycle.build/Debug/ServiceLifecycle-t.build/DerivedSources -Xcc -DSWIFT_PACKAGE -Xcc -DDEBUG\=1 -emit-objc-header -emit-objc-header-path /Users/admin/builder/spi-builder-workspace/.derivedData/Build/Intermediates.noindex/swift-service-lifecycle.build/Debug/ServiceLifecycle-t.build/Objects-normal/arm64/ServiceLifecycle-Swift.h -working-directory /Users/admin/builder/spi-builder-workspace/.swiftpm/xcode -experimental-emit-module-separately -disable-cmo
Ld /Users/admin/builder/spi-builder-workspace/.derivedData/Build/Products/Debug/ServiceLifecycle.o normal (in target 'ServiceLifecycle' from project 'swift-service-lifecycle')
cd /Users/admin/builder/spi-builder-workspace/.dependencies/checkouts/swift-service-lifecycle
/Applications/Xcode-27.0.0-Release.Candidate.app/Contents/Developer/Toolchains/XcodeDefault.xctoolchain/usr/bin/clang -Xlinker -reproducible -target arm64-apple-macos12.0 -r -isysroot /Applications/Xcode-27.0.0-Release.Candidate.app/Contents/Developer/Platforms/MacOSX.platform/Developer/SDKs/MacOSX27.0.sdk -O0 -w -Xlinker -no_warn_duplicate_libraries -F/Users/admin/builder/spi-builder-workspace/.derivedData/Build/Intermediates.noindex/EagerLinkingTBDs/Debug -F/Users/admin/builder/spi-builder-workspace/.derivedData/Build/Products/Debug/PackageFrameworks -F/Users/admin/builder/spi-builder-workspace/.derivedData/Build/Products/Debug -iframework /Applications/Xcode-27.0.0-Release.Candidate.app/Contents/Developer/Platforms/MacOSX.platform/Developer/Library/Frameworks -filelist /Users/admin/builder/spi-builder-workspace/.derivedData/Build/Intermediates.noindex/swift-service-lifecycle.build/Debug/ServiceLifecycle-t.build/Objects-normal/arm64/ServiceLifecycle.LinkFileList -nostdlib -Xlinker -object_path_lto -Xlinker /Users/admin/builder/spi-builder-workspace/.derivedData/Build/Intermediates.noindex/swift-service-lifecycle.build/Debug/ServiceLifecycle-t.build/Objects-normal/arm64/ServiceLifecycle_lto.o -Xlinker -no_deduplicate -Xlinker -debug_variant -Xlinker -dependency_info -Xlinker /Users/admin/builder/spi-builder-workspace/.derivedData/Build/Intermediates.noindex/swift-service-lifecycle.build/Debug/ServiceLifecycle-t.build/Objects-normal/arm64/ServiceLifecycle_dependency_info.dat -fobjc-link-runtime -L/Applications/Xcode-27.0.0-Release.Candidate.app/Contents/Developer/Toolchains/XcodeDefault.xctoolchain/usr/lib/swift/macosx -L/usr/lib/swift -Xlinker -add_ast_path -Xlinker /Users/admin/builder/spi-builder-workspace/.derivedData/Build/Intermediates.noindex/swift-service-lifecycle.build/Debug/ServiceLifecycle-t.build/Objects-normal/arm64/ServiceLifecycle.swiftmodule -o /Users/admin/builder/spi-builder-workspace/.derivedData/Build/Products/Debug/ServiceLifecycle.o
ExtractAppIntentsMetadata (in target 'ServiceLifecycle' from project 'swift-service-lifecycle')
cd /Users/admin/builder/spi-builder-workspace/.dependencies/checkouts/swift-service-lifecycle
/Applications/Xcode-27.0.0-Release.Candidate.app/Contents/Developer/Toolchains/XcodeDefault.xctoolchain/usr/bin/appintentsmetadataprocessor --toolchain-dir /var/run/com.apple.security.cryptexd/mnt/com.apple.MobileAsset.MetalToolchain-v27.1.266.1.G1oaw5/Metal.xctoolchain --module-name ServiceLifecycle --sdk-root /Applications/Xcode-27.0.0-Release.Candidate.app/Contents/Developer/Platforms/MacOSX.platform/Developer/SDKs/MacOSX27.0.sdk --xcode-version 27A266a --platform-family macOS --deployment-target 12.0 --bundle-identifier swift-service-lifecycle.ServiceLifecycle --output /Users/admin/builder/spi-builder-workspace/.derivedData/Build/Products/Debug/ServiceLifecycle.appintents --target-triple arm64-apple-macos12.0 --binary-file /Users/admin/builder/spi-builder-workspace/.derivedData/Build/Products/Debug/ServiceLifecycle.o --dependency-file /Users/admin/builder/spi-builder-workspace/.derivedData/Build/Intermediates.noindex/swift-service-lifecycle.build/Debug/ServiceLifecycle-t.build/Objects-normal/arm64/ServiceLifecycle_dependency_info.dat --stringsdata-file /Users/admin/builder/spi-builder-workspace/.derivedData/Build/Intermediates.noindex/swift-service-lifecycle.build/Debug/ServiceLifecycle-t.build/Objects-normal/arm64/ExtractedAppShortcutsMetadata.stringsdata --source-file-list /Users/admin/builder/spi-builder-workspace/.derivedData/Build/Intermediates.noindex/swift-service-lifecycle.build/Debug/ServiceLifecycle-t.build/Objects-normal/arm64/ServiceLifecycle.SwiftFileList --metadata-file-list /Users/admin/builder/spi-builder-workspace/.derivedData/Build/Intermediates.noindex/swift-service-lifecycle.build/Debug/ServiceLifecycle-t.build/ServiceLifecycle.DependencyMetadataFileList --static-metadata-file-list /Users/admin/builder/spi-builder-workspace/.derivedData/Build/Intermediates.noindex/swift-service-lifecycle.build/Debug/ServiceLifecycle-t.build/ServiceLifecycle.DependencyStaticMetadataFileList --swift-const-vals-list /Users/admin/builder/spi-builder-workspace/.derivedData/Build/Intermediates.noindex/swift-service-lifecycle.build/Debug/ServiceLifecycle-t.build/Objects-normal/arm64/ServiceLifecycle.SwiftConstValuesFileList --force --compile-time-extraction --deployment-aware-processing --no-app-shortcuts-localization
2026-09-20 16:58:40.076 appintentsmetadataprocessor[2132:10814] Starting appintentsmetadataprocessor export
2026-09-20 16:58:40.134 appintentsmetadataprocessor[2132:10814] Extracted no relevant App Intents symbols, skipping writing output
SwiftExplicitDependencyGeneratePcm arm64 /Users/admin/builder/spi-builder-workspace/.derivedData/SDKExplicitPrecompiledModules/libDER-9VW90WXB13JUMGRN6F5ZRJXU0.pcm
SwiftExplicitDependencyGeneratePcm arm64 /Users/admin/builder/spi-builder-workspace/.derivedData/SDKExplicitPrecompiledModules/libkern-DC5VSWS0W4A07Q7BUF7Q8VYMV.pcm
SwiftExplicitDependencyGeneratePcm arm64 /Users/admin/builder/spi-builder-workspace/.derivedData/Build/Intermediates.noindex/SwiftExplicitPrecompiledModules/_AtomicsShims-YCOAV5R8Z0TCMEGI4N7W0OLW.pcm
SwiftExplicitDependencyGeneratePcm arm64 /Users/admin/builder/spi-builder-workspace/.derivedData/SDKExplicitPrecompiledModules/launch-EFXL3YL04KHGWJLOU1XU768V7.pcm
SwiftExplicitDependencyGeneratePcm arm64 /Users/admin/builder/spi-builder-workspace/.derivedData/SDKExplicitPrecompiledModules/string_h-6TIYHCG4O23ZFSK467Q1J0323.pcm
SwiftExplicitDependencyGeneratePcm arm64 /Users/admin/builder/spi-builder-workspace/.derivedData/SDKExplicitPrecompiledModules/ptrauth-7VGYQCV549PIPP0FHI45MYEXG.pcm
SwiftExplicitDependencyGeneratePcm arm64 /Users/admin/builder/spi-builder-workspace/.derivedData/SDKExplicitPrecompiledModules/CoreFoundation-DM89H54DP422N6SIFFXP5XPSQ.pcm
SwiftExplicitDependencyGeneratePcm arm64 /Users/admin/builder/spi-builder-workspace/.derivedData/SDKExplicitPrecompiledModules/XPC-BCOQO9UGC7BBHCJY0IGQSWASH.pcm
SwiftExplicitDependencyGeneratePcm arm64 /Users/admin/builder/spi-builder-workspace/.derivedData/SDKExplicitPrecompiledModules/IOKit-CEDFRGTVIVCLLLHYJXGM0PFVL.pcm
SwiftExplicitDependencyGeneratePcm arm64 /Users/admin/builder/spi-builder-workspace/.derivedData/SDKExplicitPrecompiledModules/Security-9SU97HPC9MZ0C0LR3CKCOZQAP.pcm
SwiftExplicitDependencyGeneratePcm arm64 /Users/admin/builder/spi-builder-workspace/.derivedData/SDKExplicitPrecompiledModules/CFNetwork-1WQZZ3LJFUKBFXPPIBIBOWVLB.pcm
SwiftExplicitDependencyGeneratePcm arm64 /Users/admin/builder/spi-builder-workspace/.derivedData/SDKExplicitPrecompiledModules/DiskArbitration-32YV8CK2DX7VR3YJCQJ2LRQBO.pcm
SwiftExplicitDependencyGeneratePcm arm64 /Users/admin/builder/spi-builder-workspace/.derivedData/SDKExplicitPrecompiledModules/CoreServices-C4V7JAU987T6ELRKRI0FAGTZQ.pcm
SwiftExplicitDependencyGeneratePcm arm64 /Users/admin/builder/spi-builder-workspace/.derivedData/SDKExplicitPrecompiledModules/Foundation-3KHMOXHUOEX7MI4E04DWEG25Z.pcm
SwiftEmitModule normal arm64 Emitting\ module\ for\ OTel (in target 'OTel' from project 'swift-otel')
SwiftCompile normal arm64 (in target 'OTel' from project 'swift-otel')
cd /Users/admin/builder/spi-builder-workspace/.swiftpm/xcode
SwiftCompile normal arm64 Compiling\ OTelManualResourceDetector.swift,\ OTelProcessResourceDetector.swift,\ OTelResource.swift,\ OTelResourceDetection.swift,\ OTelResourceDetector.swift,\ OTelMultiplexSpanExporter.swift,\ OTelNoOpSpanExporter.swift /Users/admin/builder/spi-builder-workspace/.dependencies/checkouts/swift-otel/Sources/OTel/Resource/OTelManualResourceDetector.swift /Users/admin/builder/spi-builder-workspace/.dependencies/checkouts/swift-otel/Sources/OTel/Resource/OTelProcessResourceDetector.swift /Users/admin/builder/spi-builder-workspace/.dependencies/checkouts/swift-otel/Sources/OTel/Resource/OTelResource.swift /Users/admin/builder/spi-builder-workspace/.dependencies/checkouts/swift-otel/Sources/OTel/Resource/OTelResourceDetection.swift /Users/admin/builder/spi-builder-workspace/.dependencies/checkouts/swift-otel/Sources/OTel/Resource/OTelResourceDetector.swift /Users/admin/builder/spi-builder-workspace/.dependencies/checkouts/swift-otel/Sources/OTel/Tracing/Exporting/OTelMultiplexSpanExporter.swift /Users/admin/builder/spi-builder-workspace/.dependencies/checkouts/swift-otel/Sources/OTel/Tracing/Exporting/OTelNoOpSpanExporter.swift (in target 'OTel' from project 'swift-otel')
SwiftCompile normal arm64 /Users/admin/builder/spi-builder-workspace/.dependencies/checkouts/swift-otel/Sources/OTel/Resource/OTelManualResourceDetector.swift (in target 'OTel' from project 'swift-otel')
cd /Users/admin/builder/spi-builder-workspace/.swiftpm/xcode
builtin-SwiftPerFileCompile OTelManualResourceDetector.swift
SwiftCompile normal arm64 /Users/admin/builder/spi-builder-workspace/.dependencies/checkouts/swift-otel/Sources/OTel/Resource/OTelProcessResourceDetector.swift (in target 'OTel' from project 'swift-otel')
cd /Users/admin/builder/spi-builder-workspace/.swiftpm/xcode
builtin-SwiftPerFileCompile OTelProcessResourceDetector.swift
SwiftCompile normal arm64 /Users/admin/builder/spi-builder-workspace/.dependencies/checkouts/swift-otel/Sources/OTel/Resource/OTelResource.swift (in target 'OTel' from project 'swift-otel')
cd /Users/admin/builder/spi-builder-workspace/.swiftpm/xcode
builtin-SwiftPerFileCompile OTelResource.swift
SwiftCompile normal arm64 /Users/admin/builder/spi-builder-workspace/.dependencies/checkouts/swift-otel/Sources/OTel/Resource/OTelResourceDetection.swift (in target 'OTel' from project 'swift-otel')
cd /Users/admin/builder/spi-builder-workspace/.swiftpm/xcode
builtin-SwiftPerFileCompile OTelResourceDetection.swift
SwiftCompile normal arm64 /Users/admin/builder/spi-builder-workspace/.dependencies/checkouts/swift-otel/Sources/OTel/Resource/OTelResourceDetector.swift (in target 'OTel' from project 'swift-otel')
cd /Users/admin/builder/spi-builder-workspace/.swiftpm/xcode
builtin-SwiftPerFileCompile OTelResourceDetector.swift
SwiftCompile normal arm64 /Users/admin/builder/spi-builder-workspace/.dependencies/checkouts/swift-otel/Sources/OTel/Tracing/Exporting/OTelMultiplexSpanExporter.swift (in target 'OTel' from project 'swift-otel')
cd /Users/admin/builder/spi-builder-workspace/.swiftpm/xcode
builtin-SwiftPerFileCompile OTelMultiplexSpanExporter.swift
SwiftCompile normal arm64 /Users/admin/builder/spi-builder-workspace/.dependencies/checkouts/swift-otel/Sources/OTel/Tracing/Exporting/OTelNoOpSpanExporter.swift (in target 'OTel' from project 'swift-otel')
cd /Users/admin/builder/spi-builder-workspace/.swiftpm/xcode
builtin-SwiftPerFileCompile OTelNoOpSpanExporter.swift
SwiftCompile normal arm64 Compiling\ Counter+SwiftMetrics.swift,\ FloatingPointCounter+SwiftMetrics.swift,\ Gauge+SwiftMetrics.swift,\ Histogram+SwiftMetrics.swift,\ OTLPMetricsFactory.swift,\ OTelLibrary.swift,\ OTelEnvironmentResourceDetector.swift /Users/admin/builder/spi-builder-workspace/.dependencies/checkouts/swift-otel/Sources/OTel/Metrics/SwiftMetricsFactory/Counter+SwiftMetrics.swift /Users/admin/builder/spi-builder-workspace/.dependencies/checkouts/swift-otel/Sources/OTel/Metrics/SwiftMetricsFactory/FloatingPointCounter+SwiftMetrics.swift /Users/admin/builder/spi-builder-workspace/.dependencies/checkouts/swift-otel/Sources/OTel/Metrics/SwiftMetricsFactory/Gauge+SwiftMetrics.swift /Users/admin/builder/spi-builder-workspace/.dependencies/checkouts/swift-otel/Sources/OTel/Metrics/SwiftMetricsFactory/Histogram+SwiftMetrics.swift /Users/admin/builder/spi-builder-workspace/.dependencies/checkouts/swift-otel/Sources/OTel/Metrics/SwiftMetricsFactory/OTLPMetricsFactory.swift /Users/admin/builder/spi-builder-workspace/.dependencies/checkouts/swift-otel/Sources/OTel/OTelLibrary.swift /Users/admin/builder/spi-builder-workspace/.dependencies/checkouts/swift-otel/Sources/OTel/Resource/OTelEnvironmentResourceDetector.swift (in target 'OTel' from project 'swift-otel')
SwiftCompile normal arm64 /Users/admin/builder/spi-builder-workspace/.dependencies/checkouts/swift-otel/Sources/OTel/Metrics/SwiftMetricsFactory/Counter+SwiftMetrics.swift (in target 'OTel' from project 'swift-otel')
cd /Users/admin/builder/spi-builder-workspace/.swiftpm/xcode
builtin-SwiftPerFileCompile Counter+SwiftMetrics.swift
SwiftCompile normal arm64 /Users/admin/builder/spi-builder-workspace/.dependencies/checkouts/swift-otel/Sources/OTel/Metrics/SwiftMetricsFactory/FloatingPointCounter+SwiftMetrics.swift (in target 'OTel' from project 'swift-otel')
cd /Users/admin/builder/spi-builder-workspace/.swiftpm/xcode
builtin-SwiftPerFileCompile FloatingPointCounter+SwiftMetrics.swift
SwiftCompile normal arm64 /Users/admin/builder/spi-builder-workspace/.dependencies/checkouts/swift-otel/Sources/OTel/Metrics/SwiftMetricsFactory/Gauge+SwiftMetrics.swift (in target 'OTel' from project 'swift-otel')
cd /Users/admin/builder/spi-builder-workspace/.swiftpm/xcode
builtin-SwiftPerFileCompile Gauge+SwiftMetrics.swift
SwiftCompile normal arm64 /Users/admin/builder/spi-builder-workspace/.dependencies/checkouts/swift-otel/Sources/OTel/Metrics/SwiftMetricsFactory/Histogram+SwiftMetrics.swift (in target 'OTel' from project 'swift-otel')
cd /Users/admin/builder/spi-builder-workspace/.swiftpm/xcode
builtin-SwiftPerFileCompile Histogram+SwiftMetrics.swift
SwiftCompile normal arm64 /Users/admin/builder/spi-builder-workspace/.dependencies/checkouts/swift-otel/Sources/OTel/Metrics/SwiftMetricsFactory/OTLPMetricsFactory.swift (in target 'OTel' from project 'swift-otel')
cd /Users/admin/builder/spi-builder-workspace/.swiftpm/xcode
builtin-SwiftPerFileCompile OTLPMetricsFactory.swift
SwiftCompile normal arm64 /Users/admin/builder/spi-builder-workspace/.dependencies/checkouts/swift-otel/Sources/OTel/OTelLibrary.swift (in target 'OTel' from project 'swift-otel')
cd /Users/admin/builder/spi-builder-workspace/.swiftpm/xcode
builtin-SwiftPerFileCompile OTelLibrary.swift
SwiftCompile normal arm64 /Users/admin/builder/spi-builder-workspace/.dependencies/checkouts/swift-otel/Sources/OTel/Resource/OTelEnvironmentResourceDetector.swift (in target 'OTel' from project 'swift-otel')
cd /Users/admin/builder/spi-builder-workspace/.swiftpm/xcode
builtin-SwiftPerFileCompile OTelEnvironmentResourceDetector.swift
SwiftCompile normal arm64 Compiling\ OTelMetricRegistry.swift,\ Counter+OTelInstrument.swift,\ FloatingPointCounter+OTelInstrument.swift,\ Gauge+OTelInstrument.swift,\ Histogram+OTelInstrument.swift,\ OTelMetricInstrument.swift,\ OTelConsoleMetricExporter.swift /Users/admin/builder/spi-builder-workspace/.dependencies/checkouts/swift-otel/Sources/OTel/Metrics/MetricStore/OTelMetricRegistry.swift /Users/admin/builder/spi-builder-workspace/.dependencies/checkouts/swift-otel/Sources/OTel/Metrics/OTelInstrument/Counter+OTelInstrument.swift /Users/admin/builder/spi-builder-workspace/.dependencies/checkouts/swift-otel/Sources/OTel/Metrics/OTelInstrument/FloatingPointCounter+OTelInstrument.swift /Users/admin/builder/spi-builder-workspace/.dependencies/checkouts/swift-otel/Sources/OTel/Metrics/OTelInstrument/Gauge+OTelInstrument.swift /Users/admin/builder/spi-builder-workspace/.dependencies/checkouts/swift-otel/Sources/OTel/Metrics/OTelInstrument/Histogram+OTelInstrument.swift /Users/admin/builder/spi-builder-workspace/.dependencies/checkouts/swift-otel/Sources/OTel/Metrics/OTelInstrument/OTelMetricInstrument.swift /Users/admin/builder/spi-builder-workspace/.dependencies/checkouts/swift-otel/Sources/OTel/Metrics/OTelMetricExporter/OTelConsoleMetricExporter.swift (in target 'OTel' from project 'swift-otel')
SwiftCompile normal arm64 /Users/admin/builder/spi-builder-workspace/.dependencies/checkouts/swift-otel/Sources/OTel/Metrics/MetricStore/OTelMetricRegistry.swift (in target 'OTel' from project 'swift-otel')
cd /Users/admin/builder/spi-builder-workspace/.swiftpm/xcode
builtin-SwiftPerFileCompile OTelMetricRegistry.swift
SwiftCompile normal arm64 /Users/admin/builder/spi-builder-workspace/.dependencies/checkouts/swift-otel/Sources/OTel/Metrics/OTelInstrument/Counter+OTelInstrument.swift (in target 'OTel' from project 'swift-otel')
cd /Users/admin/builder/spi-builder-workspace/.swiftpm/xcode
builtin-SwiftPerFileCompile Counter+OTelInstrument.swift
SwiftCompile normal arm64 /Users/admin/builder/spi-builder-workspace/.dependencies/checkouts/swift-otel/Sources/OTel/Metrics/OTelInstrument/FloatingPointCounter+OTelInstrument.swift (in target 'OTel' from project 'swift-otel')
cd /Users/admin/builder/spi-builder-workspace/.swiftpm/xcode
builtin-SwiftPerFileCompile FloatingPointCounter+OTelInstrument.swift
SwiftCompile normal arm64 /Users/admin/builder/spi-builder-workspace/.dependencies/checkouts/swift-otel/Sources/OTel/Metrics/OTelInstrument/Gauge+OTelInstrument.swift (in target 'OTel' from project 'swift-otel')
cd /Users/admin/builder/spi-builder-workspace/.swiftpm/xcode
builtin-SwiftPerFileCompile Gauge+OTelInstrument.swift
SwiftCompile normal arm64 /Users/admin/builder/spi-builder-workspace/.dependencies/checkouts/swift-otel/Sources/OTel/Metrics/OTelInstrument/Histogram+OTelInstrument.swift (in target 'OTel' from project 'swift-otel')
cd /Users/admin/builder/spi-builder-workspace/.swiftpm/xcode
builtin-SwiftPerFileCompile Histogram+OTelInstrument.swift
SwiftCompile normal arm64 /Users/admin/builder/spi-builder-workspace/.dependencies/checkouts/swift-otel/Sources/OTel/Metrics/OTelInstrument/OTelMetricInstrument.swift (in target 'OTel' from project 'swift-otel')
cd /Users/admin/builder/spi-builder-workspace/.swiftpm/xcode
builtin-SwiftPerFileCompile OTelMetricInstrument.swift
SwiftCompile normal arm64 /Users/admin/builder/spi-builder-workspace/.dependencies/checkouts/swift-otel/Sources/OTel/Metrics/OTelMetricExporter/OTelConsoleMetricExporter.swift (in target 'OTel' from project 'swift-otel')
cd /Users/admin/builder/spi-builder-workspace/.swiftpm/xcode
builtin-SwiftPerFileCompile OTelConsoleMetricExporter.swift
SwiftCompile normal arm64 Compiling\ OTelMetricExporter.swift,\ OTelMultiplexMetricExporter.swift,\ OTLPMetricsDataModel.swift,\ OTelMetricProducer.swift,\ OTelMetricRegistry+Produce.swift,\ OTelPeriodicExportingMetricsReader.swift,\ OTelPeriodicExportingMetricsReaderConfiguration.swift /Users/admin/builder/spi-builder-workspace/.dependencies/checkouts/swift-otel/Sources/OTel/Metrics/OTelMetricExporter/OTelMetricExporter.swift /Users/admin/builder/spi-builder-workspace/.dependencies/checkouts/swift-otel/Sources/OTel/Metrics/OTelMetricExporter/OTelMultiplexMetricExporter.swift /Users/admin/builder/spi-builder-workspace/.dependencies/checkouts/swift-otel/Sources/OTel/Metrics/OTelMetricProducer/OTLPMetricsDataModel.swift /Users/admin/builder/spi-builder-workspace/.dependencies/checkouts/swift-otel/Sources/OTel/Metrics/OTelMetricProducer/OTelMetricProducer.swift /Users/admin/builder/spi-builder-workspace/.dependencies/checkouts/swift-otel/Sources/OTel/Metrics/OTelMetricProducer/OTelMetricRegistry+Produce.swift /Users/admin/builder/spi-builder-workspace/.dependencies/checkouts/swift-otel/Sources/OTel/Metrics/OTelMetricReader/OTelPeriodicExportingMetricsReader.swift /Users/admin/builder/spi-builder-workspace/.dependencies/checkouts/swift-otel/Sources/OTel/Metrics/OTelMetricReader/OTelPeriodicExportingMetricsReaderConfiguration.swift (in target 'OTel' from project 'swift-otel')
SwiftCompile normal arm64 /Users/admin/builder/spi-builder-workspace/.dependencies/checkouts/swift-otel/Sources/OTel/Metrics/OTelMetricExporter/OTelMetricExporter.swift (in target 'OTel' from project 'swift-otel')
cd /Users/admin/builder/spi-builder-workspace/.swiftpm/xcode
builtin-SwiftPerFileCompile OTelMetricExporter.swift
SwiftCompile normal arm64 /Users/admin/builder/spi-builder-workspace/.dependencies/checkouts/swift-otel/Sources/OTel/Metrics/OTelMetricExporter/OTelMultiplexMetricExporter.swift (in target 'OTel' from project 'swift-otel')
cd /Users/admin/builder/spi-builder-workspace/.swiftpm/xcode
builtin-SwiftPerFileCompile OTelMultiplexMetricExporter.swift
SwiftCompile normal arm64 /Users/admin/builder/spi-builder-workspace/.dependencies/checkouts/swift-otel/Sources/OTel/Metrics/OTelMetricProducer/OTLPMetricsDataModel.swift (in target 'OTel' from project 'swift-otel')
cd /Users/admin/builder/spi-builder-workspace/.swiftpm/xcode
builtin-SwiftPerFileCompile OTLPMetricsDataModel.swift
SwiftCompile normal arm64 /Users/admin/builder/spi-builder-workspace/.dependencies/checkouts/swift-otel/Sources/OTel/Metrics/OTelMetricProducer/OTelMetricProducer.swift (in target 'OTel' from project 'swift-otel')
cd /Users/admin/builder/spi-builder-workspace/.swiftpm/xcode
builtin-SwiftPerFileCompile OTelMetricProducer.swift
SwiftCompile normal arm64 /Users/admin/builder/spi-builder-workspace/.dependencies/checkouts/swift-otel/Sources/OTel/Metrics/OTelMetricProducer/OTelMetricRegistry+Produce.swift (in target 'OTel' from project 'swift-otel')
cd /Users/admin/builder/spi-builder-workspace/.swiftpm/xcode
builtin-SwiftPerFileCompile OTelMetricRegistry+Produce.swift
SwiftCompile normal arm64 /Users/admin/builder/spi-builder-workspace/.dependencies/checkouts/swift-otel/Sources/OTel/Metrics/OTelMetricReader/OTelPeriodicExportingMetricsReader.swift (in target 'OTel' from project 'swift-otel')
cd /Users/admin/builder/spi-builder-workspace/.swiftpm/xcode
builtin-SwiftPerFileCompile OTelPeriodicExportingMetricsReader.swift
SwiftCompile normal arm64 /Users/admin/builder/spi-builder-workspace/.dependencies/checkouts/swift-otel/Sources/OTel/Metrics/OTelMetricReader/OTelPeriodicExportingMetricsReaderConfiguration.swift (in target 'OTel' from project 'swift-otel')
cd /Users/admin/builder/spi-builder-workspace/.swiftpm/xcode
builtin-SwiftPerFileCompile OTelPeriodicExportingMetricsReaderConfiguration.swift
SwiftCompile normal arm64 Compiling\ OTelW3CPropagator.swift,\ OTelConstantSampler.swift,\ OTelParentBasedSampler.swift,\ OTelSampler.swift,\ OTelSamplingResult.swift,\ OTelTraceIDRatioBasedSampler.swift /Users/admin/builder/spi-builder-workspace/.dependencies/checkouts/swift-otel/Sources/OTel/Tracing/Propagating/OTelW3CPropagator.swift /Users/admin/builder/spi-builder-workspace/.dependencies/checkouts/swift-otel/Sources/OTel/Tracing/Sampling/OTelConstantSampler.swift /Users/admin/builder/spi-builder-workspace/.dependencies/checkouts/swift-otel/Sources/OTel/Tracing/Sampling/OTelParentBasedSampler.swift /Users/admin/builder/spi-builder-workspace/.dependencies/checkouts/swift-otel/Sources/OTel/Tracing/Sampling/OTelSampler.swift /Users/admin/builder/spi-builder-workspace/.dependencies/checkouts/swift-otel/Sources/OTel/Tracing/Sampling/OTelSamplingResult.swift /Users/admin/builder/spi-builder-workspace/.dependencies/checkouts/swift-otel/Sources/OTel/Tracing/Sampling/OTelTraceIDRatioBasedSampler.swift (in target 'OTel' from project 'swift-otel')
SwiftCompile normal arm64 /Users/admin/builder/spi-builder-workspace/.dependencies/checkouts/swift-otel/Sources/OTel/Tracing/Propagating/OTelW3CPropagator.swift (in target 'OTel' from project 'swift-otel')
cd /Users/admin/builder/spi-builder-workspace/.swiftpm/xcode
builtin-SwiftPerFileCompile OTelW3CPropagator.swift
SwiftCompile normal arm64 /Users/admin/builder/spi-builder-workspace/.dependencies/checkouts/swift-otel/Sources/OTel/Tracing/Sampling/OTelConstantSampler.swift (in target 'OTel' from project 'swift-otel')
cd /Users/admin/builder/spi-builder-workspace/.swiftpm/xcode
builtin-SwiftPerFileCompile OTelConstantSampler.swift
SwiftCompile normal arm64 /Users/admin/builder/spi-builder-workspace/.dependencies/checkouts/swift-otel/Sources/OTel/Tracing/Sampling/OTelParentBasedSampler.swift (in target 'OTel' from project 'swift-otel')
cd /Users/admin/builder/spi-builder-workspace/.swiftpm/xcode
builtin-SwiftPerFileCompile OTelParentBasedSampler.swift
SwiftCompile normal arm64 /Users/admin/builder/spi-builder-workspace/.dependencies/checkouts/swift-otel/Sources/OTel/Tracing/Sampling/OTelSampler.swift (in target 'OTel' from project 'swift-otel')
cd /Users/admin/builder/spi-builder-workspace/.swiftpm/xcode
builtin-SwiftPerFileCompile OTelSampler.swift
SwiftCompile normal arm64 /Users/admin/builder/spi-builder-workspace/.dependencies/checkouts/swift-otel/Sources/OTel/Tracing/Sampling/OTelSamplingResult.swift (in target 'OTel' from project 'swift-otel')
cd /Users/admin/builder/spi-builder-workspace/.swiftpm/xcode
builtin-SwiftPerFileCompile OTelSamplingResult.swift
SwiftCompile normal arm64 /Users/admin/builder/spi-builder-workspace/.dependencies/checkouts/swift-otel/Sources/OTel/Tracing/Sampling/OTelTraceIDRatioBasedSampler.swift (in target 'OTel' from project 'swift-otel')
cd /Users/admin/builder/spi-builder-workspace/.swiftpm/xcode
builtin-SwiftPerFileCompile OTelTraceIDRatioBasedSampler.swift
SwiftCompile normal arm64 Compiling\ OTelSpanExporter.swift,\ OTelFinishedSpan.swift,\ OTelSpan.swift,\ OTelTracer.swift,\ OTelTracing+Benchmarking.swift,\ OTelBatchSpanProcessor.swift,\ OTelBatchSpanProcessorConfiguration.swift /Users/admin/builder/spi-builder-workspace/.dependencies/checkouts/swift-otel/Sources/OTel/Tracing/Exporting/OTelSpanExporter.swift /Users/admin/builder/spi-builder-workspace/.dependencies/checkouts/swift-otel/Sources/OTel/Tracing/OTelFinishedSpan.swift /Users/admin/builder/spi-builder-workspace/.dependencies/checkouts/swift-otel/Sources/OTel/Tracing/OTelSpan.swift /Users/admin/builder/spi-builder-workspace/.dependencies/checkouts/swift-otel/Sources/OTel/Tracing/OTelTracer.swift /Users/admin/builder/spi-builder-workspace/.dependencies/checkouts/swift-otel/Sources/OTel/Tracing/OTelTracing+Benchmarking.swift /Users/admin/builder/spi-builder-workspace/.dependencies/checkouts/swift-otel/Sources/OTel/Tracing/Processing/Batch/OTelBatchSpanProcessor.swift /Users/admin/builder/spi-builder-workspace/.dependencies/checkouts/swift-otel/Sources/OTel/Tracing/Processing/Batch/OTelBatchSpanProcessorConfiguration.swift (in target 'OTel' from project 'swift-otel')
SwiftCompile normal arm64 /Users/admin/builder/spi-builder-workspace/.dependencies/checkouts/swift-otel/Sources/OTel/Tracing/Exporting/OTelSpanExporter.swift (in target 'OTel' from project 'swift-otel')
cd /Users/admin/builder/spi-builder-workspace/.swiftpm/xcode
builtin-SwiftPerFileCompile OTelSpanExporter.swift
SwiftCompile normal arm64 /Users/admin/builder/spi-builder-workspace/.dependencies/checkouts/swift-otel/Sources/OTel/Tracing/OTelFinishedSpan.swift (in target 'OTel' from project 'swift-otel')
cd /Users/admin/builder/spi-builder-workspace/.swiftpm/xcode
builtin-SwiftPerFileCompile OTelFinishedSpan.swift
SwiftCompile normal arm64 /Users/admin/builder/spi-builder-workspace/.dependencies/checkouts/swift-otel/Sources/OTel/Tracing/OTelSpan.swift (in target 'OTel' from project 'swift-otel')
cd /Users/admin/builder/spi-builder-workspace/.swiftpm/xcode
builtin-SwiftPerFileCompile OTelSpan.swift
SwiftCompile normal arm64 /Users/admin/builder/spi-builder-workspace/.dependencies/checkouts/swift-otel/Sources/OTel/Tracing/OTelTracer.swift (in target 'OTel' from project 'swift-otel')
cd /Users/admin/builder/spi-builder-workspace/.swiftpm/xcode
builtin-SwiftPerFileCompile OTelTracer.swift
SwiftCompile normal arm64 /Users/admin/builder/spi-builder-workspace/.dependencies/checkouts/swift-otel/Sources/OTel/Tracing/OTelTracing+Benchmarking.swift (in target 'OTel' from project 'swift-otel')
cd /Users/admin/builder/spi-builder-workspace/.swiftpm/xcode
builtin-SwiftPerFileCompile OTelTracing+Benchmarking.swift
SwiftCompile normal arm64 /Users/admin/builder/spi-builder-workspace/.dependencies/checkouts/swift-otel/Sources/OTel/Tracing/Processing/Batch/OTelBatchSpanProcessor.swift (in target 'OTel' from project 'swift-otel')
cd /Users/admin/builder/spi-builder-workspace/.swiftpm/xcode
builtin-SwiftPerFileCompile OTelBatchSpanProcessor.swift
SwiftCompile normal arm64 /Users/admin/builder/spi-builder-workspace/.dependencies/checkouts/swift-otel/Sources/OTel/Tracing/Processing/Batch/OTelBatchSpanProcessorConfiguration.swift (in target 'OTel' from project 'swift-otel')
cd /Users/admin/builder/spi-builder-workspace/.swiftpm/xcode
builtin-SwiftPerFileCompile OTelBatchSpanProcessorConfiguration.swift
SwiftCompile normal arm64 Compiling\ OTelMultiplexSpanProcessor.swift,\ OTelNoOpSpanProcessor.swift,\ OTelSimpleSpanProcessor.swift,\ OTelSpanProcessor.swift,\ OTelMultiplexPropagator.swift,\ OTelPropagator.swift /Users/admin/builder/spi-builder-workspace/.dependencies/checkouts/swift-otel/Sources/OTel/Tracing/Processing/OTelMultiplexSpanProcessor.swift /Users/admin/builder/spi-builder-workspace/.dependencies/checkouts/swift-otel/Sources/OTel/Tracing/Processing/OTelNoOpSpanProcessor.swift /Users/admin/builder/spi-builder-workspace/.dependencies/checkouts/swift-otel/Sources/OTel/Tracing/Processing/OTelSimpleSpanProcessor.swift /Users/admin/builder/spi-builder-workspace/.dependencies/checkouts/swift-otel/Sources/OTel/Tracing/Processing/OTelSpanProcessor.swift /Users/admin/builder/spi-builder-workspace/.dependencies/checkouts/swift-otel/Sources/OTel/Tracing/Propagating/OTelMultiplexPropagator.swift /Users/admin/builder/spi-builder-workspace/.dependencies/checkouts/swift-otel/Sources/OTel/Tracing/Propagating/OTelPropagator.swift (in target 'OTel' from project 'swift-otel')
SwiftCompile normal arm64 /Users/admin/builder/spi-builder-workspace/.dependencies/checkouts/swift-otel/Sources/OTel/Tracing/Processing/OTelMultiplexSpanProcessor.swift (in target 'OTel' from project 'swift-otel')
cd /Users/admin/builder/spi-builder-workspace/.swiftpm/xcode
builtin-SwiftPerFileCompile OTelMultiplexSpanProcessor.swift
SwiftCompile normal arm64 /Users/admin/builder/spi-builder-workspace/.dependencies/checkouts/swift-otel/Sources/OTel/Tracing/Processing/OTelNoOpSpanProcessor.swift (in target 'OTel' from project 'swift-otel')
cd /Users/admin/builder/spi-builder-workspace/.swiftpm/xcode
builtin-SwiftPerFileCompile OTelNoOpSpanProcessor.swift
SwiftCompile normal arm64 /Users/admin/builder/spi-builder-workspace/.dependencies/checkouts/swift-otel/Sources/OTel/Tracing/Processing/OTelSimpleSpanProcessor.swift (in target 'OTel' from project 'swift-otel')
cd /Users/admin/builder/spi-builder-workspace/.swiftpm/xcode
builtin-SwiftPerFileCompile OTelSimpleSpanProcessor.swift
SwiftCompile normal arm64 /Users/admin/builder/spi-builder-workspace/.dependencies/checkouts/swift-otel/Sources/OTel/Tracing/Processing/OTelSpanProcessor.swift (in target 'OTel' from project 'swift-otel')
cd /Users/admin/builder/spi-builder-workspace/.swiftpm/xcode
builtin-SwiftPerFileCompile OTelSpanProcessor.swift
SwiftCompile normal arm64 /Users/admin/builder/spi-builder-workspace/.dependencies/checkouts/swift-otel/Sources/OTel/Tracing/Propagating/OTelMultiplexPropagator.swift (in target 'OTel' from project 'swift-otel')
cd /Users/admin/builder/spi-builder-workspace/.swiftpm/xcode
builtin-SwiftPerFileCompile OTelMultiplexPropagator.swift
SwiftCompile normal arm64 /Users/admin/builder/spi-builder-workspace/.dependencies/checkouts/swift-otel/Sources/OTel/Tracing/Propagating/OTelPropagator.swift (in target 'OTel' from project 'swift-otel')
cd /Users/admin/builder/spi-builder-workspace/.swiftpm/xcode
builtin-SwiftPerFileCompile OTelPropagator.swift
SwiftCompile normal arm64 Compiling\ OTelEnvironment.swift,\ OTelEnvironmentValueError.swift,\ OTelIDGenerator.swift,\ OTelRandomIDGenerator.swift,\ OTelSpanContext.swift,\ ServiceContext+OTelSpanContext.swift,\ Timeout.swift /Users/admin/builder/spi-builder-workspace/.dependencies/checkouts/swift-otel/Sources/OTel/Configuration/OTelEnvironment.swift /Users/admin/builder/spi-builder-workspace/.dependencies/checkouts/swift-otel/Sources/OTel/Configuration/OTelEnvironmentValueError.swift /Users/admin/builder/spi-builder-workspace/.dependencies/checkouts/swift-otel/Sources/OTel/Context/OTelIDGenerator.swift /Users/admin/builder/spi-builder-workspace/.dependencies/checkouts/swift-otel/Sources/OTel/Context/OTelRandomIDGenerator.swift /Users/admin/builder/spi-builder-workspace/.dependencies/checkouts/swift-otel/Sources/OTel/Context/OTelSpanContext.swift /Users/admin/builder/spi-builder-workspace/.dependencies/checkouts/swift-otel/Sources/OTel/Context/ServiceContext+OTelSpanContext.swift /Users/admin/builder/spi-builder-workspace/.dependencies/checkouts/swift-otel/Sources/OTel/Helpers/Timeout.swift (in target 'OTel' from project 'swift-otel')
SwiftCompile normal arm64 /Users/admin/builder/spi-builder-workspace/.dependencies/checkouts/swift-otel/Sources/OTel/Configuration/OTelEnvironment.swift (in target 'OTel' from project 'swift-otel')
cd /Users/admin/builder/spi-builder-workspace/.swiftpm/xcode
builtin-SwiftPerFileCompile OTelEnvironment.swift
SwiftCompile normal arm64 /Users/admin/builder/spi-builder-workspace/.dependencies/checkouts/swift-otel/Sources/OTel/Configuration/OTelEnvironmentValueError.swift (in target 'OTel' from project 'swift-otel')
cd /Users/admin/builder/spi-builder-workspace/.swiftpm/xcode
builtin-SwiftPerFileCompile OTelEnvironmentValueError.swift
SwiftCompile normal arm64 /Users/admin/builder/spi-builder-workspace/.dependencies/checkouts/swift-otel/Sources/OTel/Context/OTelIDGenerator.swift (in target 'OTel' from project 'swift-otel')
cd /Users/admin/builder/spi-builder-workspace/.swiftpm/xcode
builtin-SwiftPerFileCompile OTelIDGenerator.swift
SwiftCompile normal arm64 /Users/admin/builder/spi-builder-workspace/.dependencies/checkouts/swift-otel/Sources/OTel/Context/OTelRandomIDGenerator.swift (in target 'OTel' from project 'swift-otel')
cd /Users/admin/builder/spi-builder-workspace/.swiftpm/xcode
builtin-SwiftPerFileCompile OTelRandomIDGenerator.swift
SwiftCompile normal arm64 /Users/admin/builder/spi-builder-workspace/.dependencies/checkouts/swift-otel/Sources/OTel/Context/OTelSpanContext.swift (in target 'OTel' from project 'swift-otel')
cd /Users/admin/builder/spi-builder-workspace/.swiftpm/xcode
builtin-SwiftPerFileCompile OTelSpanContext.swift
SwiftCompile normal arm64 /Users/admin/builder/spi-builder-workspace/.dependencies/checkouts/swift-otel/Sources/OTel/Context/ServiceContext+OTelSpanContext.swift (in target 'OTel' from project 'swift-otel')
cd /Users/admin/builder/spi-builder-workspace/.swiftpm/xcode
builtin-SwiftPerFileCompile ServiceContext+OTelSpanContext.swift
SwiftCompile normal arm64 /Users/admin/builder/spi-builder-workspace/.dependencies/checkouts/swift-otel/Sources/OTel/Helpers/Timeout.swift (in target 'OTel' from project 'swift-otel')
cd /Users/admin/builder/spi-builder-workspace/.swiftpm/xcode
builtin-SwiftPerFileCompile Timeout.swift
SwiftCompile normal arm64 Compiling\ OTelLogRecordExporter.swift,\ Logger+OTelDisabled.swift,\ MetadataProvider+OTel.swift,\ OTelLogHandler.swift,\ OTelLogRecord.swift,\ OTelBatchLogRecordProcessor.swift,\ OTelBatchLogRecordProcessorConfiguration.swift /Users/admin/builder/spi-builder-workspace/.dependencies/checkouts/swift-otel/Sources/OTel/Logging/Exporting/OTelLogRecordExporter.swift /Users/admin/builder/spi-builder-workspace/.dependencies/checkouts/swift-otel/Sources/OTel/Logging/Logger+OTelDisabled.swift /Users/admin/builder/spi-builder-workspace/.dependencies/checkouts/swift-otel/Sources/OTel/Logging/MetadataProvider+OTel.swift /Users/admin/builder/spi-builder-workspace/.dependencies/checkouts/swift-otel/Sources/OTel/Logging/OTelLogHandler.swift /Users/admin/builder/spi-builder-workspace/.dependencies/checkouts/swift-otel/Sources/OTel/Logging/OTelLogRecord.swift /Users/admin/builder/spi-builder-workspace/.dependencies/checkouts/swift-otel/Sources/OTel/Logging/Processing/Batch/OTelBatchLogRecordProcessor.swift /Users/admin/builder/spi-builder-workspace/.dependencies/checkouts/swift-otel/Sources/OTel/Logging/Processing/Batch/OTelBatchLogRecordProcessorConfiguration.swift (in target 'OTel' from project 'swift-otel')
SwiftCompile normal arm64 /Users/admin/builder/spi-builder-workspace/.dependencies/checkouts/swift-otel/Sources/OTel/Logging/Exporting/OTelLogRecordExporter.swift (in target 'OTel' from project 'swift-otel')
cd /Users/admin/builder/spi-builder-workspace/.swiftpm/xcode
builtin-SwiftPerFileCompile OTelLogRecordExporter.swift
SwiftCompile normal arm64 /Users/admin/builder/spi-builder-workspace/.dependencies/checkouts/swift-otel/Sources/OTel/Logging/Logger+OTelDisabled.swift (in target 'OTel' from project 'swift-otel')
cd /Users/admin/builder/spi-builder-workspace/.swiftpm/xcode
builtin-SwiftPerFileCompile Logger+OTelDisabled.swift
SwiftCompile normal arm64 /Users/admin/builder/spi-builder-workspace/.dependencies/checkouts/swift-otel/Sources/OTel/Logging/MetadataProvider+OTel.swift (in target 'OTel' from project 'swift-otel')
cd /Users/admin/builder/spi-builder-workspace/.swiftpm/xcode
builtin-SwiftPerFileCompile MetadataProvider+OTel.swift
SwiftCompile normal arm64 /Users/admin/builder/spi-builder-workspace/.dependencies/checkouts/swift-otel/Sources/OTel/Logging/OTelLogHandler.swift (in target 'OTel' from project 'swift-otel')
cd /Users/admin/builder/spi-builder-workspace/.swiftpm/xcode
builtin-SwiftPerFileCompile OTelLogHandler.swift
SwiftCompile normal arm64 /Users/admin/builder/spi-builder-workspace/.dependencies/checkouts/swift-otel/Sources/OTel/Logging/OTelLogRecord.swift (in target 'OTel' from project 'swift-otel')
cd /Users/admin/builder/spi-builder-workspace/.swiftpm/xcode
builtin-SwiftPerFileCompile OTelLogRecord.swift
SwiftCompile normal arm64 /Users/admin/builder/spi-builder-workspace/.dependencies/checkouts/swift-otel/Sources/OTel/Logging/Processing/Batch/OTelBatchLogRecordProcessor.swift (in target 'OTel' from project 'swift-otel')
cd /Users/admin/builder/spi-builder-workspace/.swiftpm/xcode
builtin-SwiftPerFileCompile OTelBatchLogRecordProcessor.swift
SwiftCompile normal arm64 /Users/admin/builder/spi-builder-workspace/.dependencies/checkouts/swift-otel/Sources/OTel/Logging/Processing/Batch/OTelBatchLogRecordProcessorConfiguration.swift (in target 'OTel' from project 'swift-otel')
cd /Users/admin/builder/spi-builder-workspace/.swiftpm/xcode
builtin-SwiftPerFileCompile OTelBatchLogRecordProcessorConfiguration.swift
SwiftCompile normal arm64 Compiling\ OTelLogRecordProcessor.swift,\ OTelMultiplexLogRecordProcessor.swift,\ Attribute.swift,\ Counter.swift,\ FloatingPointCounter.swift,\ Gauge.swift,\ Histogram.swift /Users/admin/builder/spi-builder-workspace/.dependencies/checkouts/swift-otel/Sources/OTel/Logging/Processing/OTelLogRecordProcessor.swift /Users/admin/builder/spi-builder-workspace/.dependencies/checkouts/swift-otel/Sources/OTel/Logging/Processing/OTelMultiplexLogRecordProcessor.swift /Users/admin/builder/spi-builder-workspace/.dependencies/checkouts/swift-otel/Sources/OTel/Metrics/MetricStore/Attribute.swift /Users/admin/builder/spi-builder-workspace/.dependencies/checkouts/swift-otel/Sources/OTel/Metrics/MetricStore/Counter.swift /Users/admin/builder/spi-builder-workspace/.dependencies/checkouts/swift-otel/Sources/OTel/Metrics/MetricStore/FloatingPointCounter.swift /Users/admin/builder/spi-builder-workspace/.dependencies/checkouts/swift-otel/Sources/OTel/Metrics/MetricStore/Gauge.swift /Users/admin/builder/spi-builder-workspace/.dependencies/checkouts/swift-otel/Sources/OTel/Metrics/MetricStore/Histogram.swift (in target 'OTel' from project 'swift-otel')
SwiftCompile normal arm64 /Users/admin/builder/spi-builder-workspace/.dependencies/checkouts/swift-otel/Sources/OTel/Logging/Processing/OTelLogRecordProcessor.swift (in target 'OTel' from project 'swift-otel')
cd /Users/admin/builder/spi-builder-workspace/.swiftpm/xcode
builtin-SwiftPerFileCompile OTelLogRecordProcessor.swift
SwiftCompile normal arm64 /Users/admin/builder/spi-builder-workspace/.dependencies/checkouts/swift-otel/Sources/OTel/Logging/Processing/OTelMultiplexLogRecordProcessor.swift (in target 'OTel' from project 'swift-otel')
cd /Users/admin/builder/spi-builder-workspace/.swiftpm/xcode
builtin-SwiftPerFileCompile OTelMultiplexLogRecordProcessor.swift
SwiftCompile normal arm64 /Users/admin/builder/spi-builder-workspace/.dependencies/checkouts/swift-otel/Sources/OTel/Metrics/MetricStore/Attribute.swift (in target 'OTel' from project 'swift-otel')
cd /Users/admin/builder/spi-builder-workspace/.swiftpm/xcode
builtin-SwiftPerFileCompile Attribute.swift
SwiftCompile normal arm64 /Users/admin/builder/spi-builder-workspace/.dependencies/checkouts/swift-otel/Sources/OTel/Metrics/MetricStore/Counter.swift (in target 'OTel' from project 'swift-otel')
cd /Users/admin/builder/spi-builder-workspace/.swiftpm/xcode
builtin-SwiftPerFileCompile Counter.swift
SwiftCompile normal arm64 /Users/admin/builder/spi-builder-workspace/.dependencies/checkouts/swift-otel/Sources/OTel/Metrics/MetricStore/FloatingPointCounter.swift (in target 'OTel' from project 'swift-otel')
cd /Users/admin/builder/spi-builder-workspace/.swiftpm/xcode
builtin-SwiftPerFileCompile FloatingPointCounter.swift
SwiftCompile normal arm64 /Users/admin/builder/spi-builder-workspace/.dependencies/checkouts/swift-otel/Sources/OTel/Metrics/MetricStore/Gauge.swift (in target 'OTel' from project 'swift-otel')
cd /Users/admin/builder/spi-builder-workspace/.swiftpm/xcode
builtin-SwiftPerFileCompile Gauge.swift
SwiftCompile normal arm64 /Users/admin/builder/spi-builder-workspace/.dependencies/checkouts/swift-otel/Sources/OTel/Metrics/MetricStore/Histogram.swift (in target 'OTel' from project 'swift-otel')
cd /Users/admin/builder/spi-builder-workspace/.swiftpm/xcode
builtin-SwiftPerFileCompile Histogram.swift
SwiftDriverJobDiscovery normal arm64 Compiling OTelW3CPropagator.swift, OTelConstantSampler.swift, OTelParentBasedSampler.swift, OTelSampler.swift, OTelSamplingResult.swift, OTelTraceIDRatioBasedSampler.swift (in target 'OTel' from project 'swift-otel')
SwiftDriverJobDiscovery normal arm64 Compiling Counter+SwiftMetrics.swift, FloatingPointCounter+SwiftMetrics.swift, Gauge+SwiftMetrics.swift, Histogram+SwiftMetrics.swift, OTLPMetricsFactory.swift, OTelLibrary.swift, OTelEnvironmentResourceDetector.swift (in target 'OTel' from project 'swift-otel')
SwiftDriverJobDiscovery normal arm64 Compiling OTelMultiplexSpanProcessor.swift, OTelNoOpSpanProcessor.swift, OTelSimpleSpanProcessor.swift, OTelSpanProcessor.swift, OTelMultiplexPropagator.swift, OTelPropagator.swift (in target 'OTel' from project 'swift-otel')
SwiftDriverJobDiscovery normal arm64 Emitting module for OTel (in target 'OTel' from project 'swift-otel')
SwiftDriver\ Compilation\ Requirements OTel normal arm64 com.apple.xcode.tools.swift.compiler (in target 'OTel' from project 'swift-otel')
cd /Users/admin/builder/spi-builder-workspace/.swiftpm/xcode
builtin-Swift-Compilation-Requirements -- /Applications/Xcode-27.0.0-Release.Candidate.app/Contents/Developer/Toolchains/XcodeDefault.xctoolchain/usr/bin/swiftc -parse-as-library -module-name OTel -Onone @/Users/admin/builder/spi-builder-workspace/.derivedData/Build/Intermediates.noindex/swift-otel.build/Debug/OTel-t.build/Objects-normal/arm64/OTel.SwiftFileList -DSWIFT_PACKAGE -DDEBUG -DSWIFT_MODULE_RESOURCE_BUNDLE_UNAVAILABLE -Xcc -fmodule-map-file\=/Users/admin/builder/spi-builder-workspace/.derivedData/Build/Intermediates.noindex/GeneratedModuleMaps/CNIOAtomics.modulemap -Xcc -fmodule-map-file\=/Users/admin/builder/spi-builder-workspace/.dependencies/checkouts/swift-atomics/Sources/_AtomicsShims/include/module.modulemap -DXcode -enable-experimental-feature StrictConcurrency\=complete -plugin-path /Applications/Xcode-27.0.0-Release.Candidate.app/Contents/Developer/Toolchains/XcodeDefault.xctoolchain/usr/lib/swift/host/plugins/testing -enable-experimental-feature DebugDescriptionMacro -sdk /Applications/Xcode-27.0.0-Release.Candidate.app/Contents/Developer/Platforms/MacOSX.platform/Developer/SDKs/MacOSX27.0.sdk -target arm64-apple-macos13.0 -g -module-cache-path /Users/admin/builder/spi-builder-workspace/.derivedData/ModuleCache.noindex -Xfrontend -serialize-debugging-options -profile-coverage-mapping -profile-generate -enable-testing -suppress-warnings -index-store-path /Users/admin/builder/spi-builder-workspace/.derivedData/Index.noindex/DataStore -Xcc -D_LIBCPP_HARDENING_MODE\=_LIBCPP_HARDENING_MODE_DEBUG -swift-version 6 -I /Users/admin/builder/spi-builder-workspace/.derivedData/Build/Products/Debug -Isystem /Applications/Xcode-27.0.0-Release.Candidate.app/Contents/Developer/Platforms/MacOSX.platform/Developer/usr/lib -F /Users/admin/builder/spi-builder-workspace/.derivedData/Build/Products/Debug/PackageFrameworks -F /Users/admin/builder/spi-builder-workspace/.derivedData/Build/Products/Debug -F /Applications/Xcode-27.0.0-Release.Candidate.app/Contents/Developer/Platforms/MacOSX.platform/Developer/Library/Frameworks -c -j10 -enable-batch-mode -incremental -Xcc -ivfsstatcache -Xcc /Users/admin/builder/spi-builder-workspace/.derivedData/SDKStatCaches.noindex/macosx27.0-26A425-e829b21a6f8c9b70876ba0858053c0446a22442a12e9d48fe1a705f55a1adfc4.sdkstatcache -output-file-map /Users/admin/builder/spi-builder-workspace/.derivedData/Build/Intermediates.noindex/swift-otel.build/Debug/OTel-t.build/Objects-normal/arm64/OTel-OutputFileMap.json -save-temps -no-color-diagnostics -explicit-module-build -module-cache-path /Users/admin/builder/spi-builder-workspace/.derivedData/Build/Intermediates.noindex/SwiftExplicitPrecompiledModules -clang-scanner-module-cache-path /Users/admin/builder/spi-builder-workspace/.derivedData/ModuleCache.noindex -sdk-module-cache-path /Users/admin/builder/spi-builder-workspace/.derivedData/SDKExplicitPrecompiledModules -emit-dependencies -emit-module -emit-module-path /Users/admin/builder/spi-builder-workspace/.derivedData/Build/Intermediates.noindex/swift-otel.build/Debug/OTel-t.build/Objects-normal/arm64/OTel.swiftmodule -serialize-diagnostics -dependency-scan-serialize-diagnostics-path /Users/admin/builder/spi-builder-workspace/.derivedData/Build/Intermediates.noindex/swift-otel.build/Debug/OTel-t.build/Objects-normal/arm64/OTel-dependency-scan.dia -validate-clang-modules-once -clang-build-session-file /Users/admin/builder/spi-builder-workspace/.derivedData/ModuleCache.noindex/Session.modulevalidation -Xcc -fmodules-prune-interval\=86400 -Xcc -fmodules-prune-after\=345600 -package-name swift_otel -emit-const-values -const-gather-protocols-list /Users/admin/builder/spi-builder-workspace/.derivedData/Build/Intermediates.noindex/swift-otel.build/Debug/OTel-t.build/Objects-normal/arm64/OTel_const_extract_protocols.json -Xcc -I/Users/admin/builder/spi-builder-workspace/.dependencies/checkouts/swift-nio/Sources/CNIOAtomics/include -Xcc -I/Users/admin/builder/spi-builder-workspace/.dependencies/checkouts/swift-atomics/Sources/_AtomicsShims/include -Xcc -I/Users/admin/builder/spi-builder-workspace/.derivedData/Build/Products/Debug/include -Xcc -I/Users/admin/builder/spi-builder-workspace/.derivedData/Build/Intermediates.noindex/swift-otel.build/Debug/OTel-t.build/DerivedSources-normal/arm64 -Xcc -I/Users/admin/builder/spi-builder-workspace/.derivedData/Build/Intermediates.noindex/swift-otel.build/Debug/OTel-t.build/DerivedSources/arm64 -Xcc -I/Users/admin/builder/spi-builder-workspace/.derivedData/Build/Intermediates.noindex/swift-otel.build/Debug/OTel-t.build/DerivedSources -Xcc -DSWIFT_PACKAGE -Xcc -DDEBUG\=1 -emit-objc-header -emit-objc-header-path /Users/admin/builder/spi-builder-workspace/.derivedData/Build/Intermediates.noindex/swift-otel.build/Debug/OTel-t.build/Objects-normal/arm64/OTel-Swift.h -working-directory /Users/admin/builder/spi-builder-workspace/.swiftpm/xcode -experimental-emit-module-separately -disable-cmo
SwiftMergeGeneratedHeaders /Users/admin/builder/spi-builder-workspace/.derivedData/Build/Intermediates.noindex/GeneratedModuleMaps/OTel-Swift.h /Users/admin/builder/spi-builder-workspace/.derivedData/Build/Intermediates.noindex/swift-otel.build/Debug/OTel-t.build/Objects-normal/arm64/OTel-Swift.h (in target 'OTel' from project 'swift-otel')
cd /Users/admin/builder/spi-builder-workspace/.dependencies/checkouts/swift-otel
builtin-swiftHeaderTool -arch arm64 /Users/admin/builder/spi-builder-workspace/.derivedData/Build/Intermediates.noindex/swift-otel.build/Debug/OTel-t.build/Objects-normal/arm64/OTel-Swift.h -o /Users/admin/builder/spi-builder-workspace/.derivedData/Build/Intermediates.noindex/GeneratedModuleMaps/OTel-Swift.h
Copy /Users/admin/builder/spi-builder-workspace/.derivedData/Build/Products/Debug/OTel.swiftmodule/arm64-apple-macos.swiftdoc /Users/admin/builder/spi-builder-workspace/.derivedData/Build/Intermediates.noindex/swift-otel.build/Debug/OTel-t.build/Objects-normal/arm64/OTel.swiftdoc (in target 'OTel' from project 'swift-otel')
cd /Users/admin/builder/spi-builder-workspace/.dependencies/checkouts/swift-otel
builtin-copy -exclude .DS_Store -exclude CVS -exclude .svn -exclude .git -exclude .hg -resolve-src-symlinks -rename /Users/admin/builder/spi-builder-workspace/.derivedData/Build/Intermediates.noindex/swift-otel.build/Debug/OTel-t.build/Objects-normal/arm64/OTel.swiftdoc /Users/admin/builder/spi-builder-workspace/.derivedData/Build/Products/Debug/OTel.swiftmodule/arm64-apple-macos.swiftdoc
Copy /Users/admin/builder/spi-builder-workspace/.derivedData/Build/Products/Debug/OTel.swiftmodule/arm64-apple-macos.swiftmodule /Users/admin/builder/spi-builder-workspace/.derivedData/Build/Intermediates.noindex/swift-otel.build/Debug/OTel-t.build/Objects-normal/arm64/OTel.swiftmodule (in target 'OTel' from project 'swift-otel')
cd /Users/admin/builder/spi-builder-workspace/.dependencies/checkouts/swift-otel
builtin-copy -exclude .DS_Store -exclude CVS -exclude .svn -exclude .git -exclude .hg -resolve-src-symlinks -rename /Users/admin/builder/spi-builder-workspace/.derivedData/Build/Intermediates.noindex/swift-otel.build/Debug/OTel-t.build/Objects-normal/arm64/OTel.swiftmodule /Users/admin/builder/spi-builder-workspace/.derivedData/Build/Products/Debug/OTel.swiftmodule/arm64-apple-macos.swiftmodule
Copy /Users/admin/builder/spi-builder-workspace/.derivedData/Build/Products/Debug/OTel.swiftmodule/arm64-apple-macos.abi.json /Users/admin/builder/spi-builder-workspace/.derivedData/Build/Intermediates.noindex/swift-otel.build/Debug/OTel-t.build/Objects-normal/arm64/OTel.abi.json (in target 'OTel' from project 'swift-otel')
cd /Users/admin/builder/spi-builder-workspace/.dependencies/checkouts/swift-otel
builtin-copy -exclude .DS_Store -exclude CVS -exclude .svn -exclude .git -exclude .hg -resolve-src-symlinks -rename /Users/admin/builder/spi-builder-workspace/.derivedData/Build/Intermediates.noindex/swift-otel.build/Debug/OTel-t.build/Objects-normal/arm64/OTel.abi.json /Users/admin/builder/spi-builder-workspace/.derivedData/Build/Products/Debug/OTel.swiftmodule/arm64-apple-macos.abi.json
Copy /Users/admin/builder/spi-builder-workspace/.derivedData/Build/Products/Debug/OTel.swiftmodule/Project/arm64-apple-macos.swiftsourceinfo /Users/admin/builder/spi-builder-workspace/.derivedData/Build/Intermediates.noindex/swift-otel.build/Debug/OTel-t.build/Objects-normal/arm64/OTel.swiftsourceinfo (in target 'OTel' from project 'swift-otel')
cd /Users/admin/builder/spi-builder-workspace/.dependencies/checkouts/swift-otel
builtin-copy -exclude .DS_Store -exclude CVS -exclude .svn -exclude .git -exclude .hg -resolve-src-symlinks -rename /Users/admin/builder/spi-builder-workspace/.derivedData/Build/Intermediates.noindex/swift-otel.build/Debug/OTel-t.build/Objects-normal/arm64/OTel.swiftsourceinfo /Users/admin/builder/spi-builder-workspace/.derivedData/Build/Products/Debug/OTel.swiftmodule/Project/arm64-apple-macos.swiftsourceinfo
SwiftDriver OpenTelemetryXRay normal arm64 com.apple.xcode.tools.swift.compiler (in target 'OpenTelemetryXRay' from project 'swift-otel-xray')
cd /Users/admin/builder/spi-builder-workspace/.swiftpm/xcode
builtin-SwiftDriver -- /Applications/Xcode-27.0.0-Release.Candidate.app/Contents/Developer/Toolchains/XcodeDefault.xctoolchain/usr/bin/swiftc -parse-as-library -module-name OpenTelemetryXRay -Onone @/Users/admin/builder/spi-builder-workspace/.derivedData/Build/Intermediates.noindex/swift-otel-xray.build/Debug/OpenTelemetryXRay-t.build/Objects-normal/arm64/OpenTelemetryXRay.SwiftFileList -DSWIFT_PACKAGE -DDEBUG -DSWIFT_MODULE_RESOURCE_BUNDLE_UNAVAILABLE -Xcc -fmodule-map-file\=/Users/admin/builder/spi-builder-workspace/.derivedData/Build/Intermediates.noindex/GeneratedModuleMaps/CNIOAtomics.modulemap -Xcc -fmodule-map-file\=/Users/admin/builder/spi-builder-workspace/.dependencies/checkouts/swift-atomics/Sources/_AtomicsShims/include/module.modulemap -DXcode -plugin-path /Applications/Xcode-27.0.0-Release.Candidate.app/Contents/Developer/Toolchains/XcodeDefault.xctoolchain/usr/lib/swift/host/plugins/testing -enable-experimental-feature DebugDescriptionMacro -sdk /Applications/Xcode-27.0.0-Release.Candidate.app/Contents/Developer/Platforms/MacOSX.platform/Developer/SDKs/MacOSX27.0.sdk -target arm64-apple-macos13.0 -g -module-cache-path /Users/admin/builder/spi-builder-workspace/.derivedData/ModuleCache.noindex -Xfrontend -serialize-debugging-options -profile-coverage-mapping -profile-generate -enable-testing -index-store-path /Users/admin/builder/spi-builder-workspace/.derivedData/Index.noindex/DataStore -Xcc -D_LIBCPP_HARDENING_MODE\=_LIBCPP_HARDENING_MODE_DEBUG -swift-version 6 -I /Users/admin/builder/spi-builder-workspace/.derivedData/Build/Products/Debug -Isystem /Applications/Xcode-27.0.0-Release.Candidate.app/Contents/Developer/Platforms/MacOSX.platform/Developer/usr/lib -F /Users/admin/builder/spi-builder-workspace/.derivedData/Build/Products/Debug/PackageFrameworks -F /Users/admin/builder/spi-builder-workspace/.derivedData/Build/Products/Debug -F /Applications/Xcode-27.0.0-Release.Candidate.app/Contents/Developer/Platforms/MacOSX.platform/Developer/Library/Frameworks -c -j10 -enable-batch-mode -incremental -Xcc -ivfsstatcache -Xcc /Users/admin/builder/spi-builder-workspace/.derivedData/SDKStatCaches.noindex/macosx27.0-26A425-e829b21a6f8c9b70876ba0858053c0446a22442a12e9d48fe1a705f55a1adfc4.sdkstatcache -output-file-map /Users/admin/builder/spi-builder-workspace/.derivedData/Build/Intermediates.noindex/swift-otel-xray.build/Debug/OpenTelemetryXRay-t.build/Objects-normal/arm64/OpenTelemetryXRay-OutputFileMap.json -save-temps -no-color-diagnostics -explicit-module-build -module-cache-path /Users/admin/builder/spi-builder-workspace/.derivedData/Build/Intermediates.noindex/SwiftExplicitPrecompiledModules -clang-scanner-module-cache-path /Users/admin/builder/spi-builder-workspace/.derivedData/ModuleCache.noindex -sdk-module-cache-path /Users/admin/builder/spi-builder-workspace/.derivedData/SDKExplicitPrecompiledModules -emit-dependencies -emit-module -emit-module-path /Users/admin/builder/spi-builder-workspace/.derivedData/Build/Intermediates.noindex/swift-otel-xray.build/Debug/OpenTelemetryXRay-t.build/Objects-normal/arm64/OpenTelemetryXRay.swiftmodule -serialize-diagnostics -dependency-scan-serialize-diagnostics-path /Users/admin/builder/spi-builder-workspace/.derivedData/Build/Intermediates.noindex/swift-otel-xray.build/Debug/OpenTelemetryXRay-t.build/Objects-normal/arm64/OpenTelemetryXRay-dependency-scan.dia -validate-clang-modules-once -clang-build-session-file /Users/admin/builder/spi-builder-workspace/.derivedData/ModuleCache.noindex/Session.modulevalidation -Xcc -fmodules-prune-interval\=86400 -Xcc -fmodules-prune-after\=345600 -package-name spi_builder_workspace -emit-const-values -const-gather-protocols-list /Users/admin/builder/spi-builder-workspace/.derivedData/Build/Intermediates.noindex/swift-otel-xray.build/Debug/OpenTelemetryXRay-t.build/Objects-normal/arm64/OpenTelemetryXRay_const_extract_protocols.json -Xcc -I/Users/admin/builder/spi-builder-workspace/.dependencies/checkouts/swift-nio/Sources/CNIOAtomics/include -Xcc -I/Users/admin/builder/spi-builder-workspace/.dependencies/checkouts/swift-atomics/Sources/_AtomicsShims/include -Xcc -I/Users/admin/builder/spi-builder-workspace/.derivedData/Build/Products/Debug/include -Xcc -I/Users/admin/builder/spi-builder-workspace/.derivedData/Build/Intermediates.noindex/swift-otel-xray.build/Debug/OpenTelemetryXRay-t.build/DerivedSources-normal/arm64 -Xcc -I/Users/admin/builder/spi-builder-workspace/.derivedData/Build/Intermediates.noindex/swift-otel-xray.build/Debug/OpenTelemetryXRay-t.build/DerivedSources/arm64 -Xcc -I/Users/admin/builder/spi-builder-workspace/.derivedData/Build/Intermediates.noindex/swift-otel-xray.build/Debug/OpenTelemetryXRay-t.build/DerivedSources -Xcc -DSWIFT_PACKAGE -Xcc -DDEBUG\=1 -emit-objc-header -emit-objc-header-path /Users/admin/builder/spi-builder-workspace/.derivedData/Build/Intermediates.noindex/swift-otel-xray.build/Debug/OpenTelemetryXRay-t.build/Objects-normal/arm64/OpenTelemetryXRay-Swift.h -working-directory /Users/admin/builder/spi-builder-workspace/.swiftpm/xcode -experimental-emit-module-separately -disable-cmo
SwiftDriverJobDiscovery normal arm64 Compiling OTelMetricRegistry.swift, Counter+OTelInstrument.swift, FloatingPointCounter+OTelInstrument.swift, Gauge+OTelInstrument.swift, Histogram+OTelInstrument.swift, OTelMetricInstrument.swift, OTelConsoleMetricExporter.swift (in target 'OTel' from project 'swift-otel')
SwiftDriverJobDiscovery normal arm64 Compiling OTelMetricExporter.swift, OTelMultiplexMetricExporter.swift, OTLPMetricsDataModel.swift, OTelMetricProducer.swift, OTelMetricRegistry+Produce.swift, OTelPeriodicExportingMetricsReader.swift, OTelPeriodicExportingMetricsReaderConfiguration.swift (in target 'OTel' from project 'swift-otel')
SwiftDriverJobDiscovery normal arm64 Compiling OTelLogRecordExporter.swift, Logger+OTelDisabled.swift, MetadataProvider+OTel.swift, OTelLogHandler.swift, OTelLogRecord.swift, OTelBatchLogRecordProcessor.swift, OTelBatchLogRecordProcessorConfiguration.swift (in target 'OTel' from project 'swift-otel')
SwiftDriverJobDiscovery normal arm64 Compiling OTelSpanExporter.swift, OTelFinishedSpan.swift, OTelSpan.swift, OTelTracer.swift, OTelTracing+Benchmarking.swift, OTelBatchSpanProcessor.swift, OTelBatchSpanProcessorConfiguration.swift (in target 'OTel' from project 'swift-otel')
SwiftCompile normal arm64 Compiling\ Hex.swift /Users/admin/builder/spi-builder-workspace/Sources/OpenTelemetryXRay/Hex.swift (in target 'OpenTelemetryXRay' from project 'swift-otel-xray')
SwiftCompile normal arm64 /Users/admin/builder/spi-builder-workspace/Sources/OpenTelemetryXRay/Hex.swift (in target 'OpenTelemetryXRay' from project 'swift-otel-xray')
cd /Users/admin/builder/spi-builder-workspace/.swiftpm/xcode
builtin-SwiftPerFileCompile Hex.swift
SwiftEmitModule normal arm64 Emitting\ module\ for\ OpenTelemetryXRay (in target 'OpenTelemetryXRay' from project 'swift-otel-xray')
SwiftCompile normal arm64 (in target 'OpenTelemetryXRay' from project 'swift-otel-xray')
cd /Users/admin/builder/spi-builder-workspace/.swiftpm/xcode
SwiftCompile normal arm64 Compiling\ MetadataProvider+OTelXRay.swift /Users/admin/builder/spi-builder-workspace/Sources/OpenTelemetryXRay/MetadataProvider+OTelXRay.swift (in target 'OpenTelemetryXRay' from project 'swift-otel-xray')
/Users/admin/builder/spi-builder-workspace/Sources/OpenTelemetryXRay/MetadataProvider+OTelXRay.swift:29:52: error: value of type 'TraceID' has no member 'hexBytes'
27 | guard let spanContext = ServiceContext.current?.spanContext else { return [:] }
28 |
29 | let traceIDBytes = spanContext.traceID.hexBytes
| `- error: value of type 'TraceID' has no member 'hexBytes'
30 | let timestampBytes = traceIDBytes[0 ..< 8]
31 | let randomBytes = traceIDBytes[8...]
Failed frontend command:
/Applications/Xcode-27.0.0-Release.Candidate.app/Contents/Developer/Toolchains/XcodeDefault.xctoolchain/usr/bin/swift-frontend -frontend -c /Users/admin/builder/spi-builder-workspace/Sources/OpenTelemetryXRay/Hex.swift /Users/admin/builder/spi-builder-workspace/Sources/OpenTelemetryXRay/IDGenerator.swift -primary-file /Users/admin/builder/spi-builder-workspace/Sources/OpenTelemetryXRay/MetadataProvider+OTelXRay.swift /Users/admin/builder/spi-builder-workspace/Sources/OpenTelemetryXRay/Propagator.swift -emit-dependencies-path /Users/admin/builder/spi-builder-workspace/.derivedData/Build/Intermediates.noindex/swift-otel-xray.build/Debug/OpenTelemetryXRay-t.build/Objects-normal/arm64/MetadataProvider+OTelXRay.d -emit-const-values-path /Users/admin/builder/spi-builder-workspace/.derivedData/Build/Intermediates.noindex/swift-otel-xray.build/Debug/OpenTelemetryXRay-t.build/Objects-normal/arm64/MetadataProvider+OTelXRay.swiftconstvalues -emit-reference-dependencies-path /Users/admin/builder/spi-builder-workspace/.derivedData/Build/Intermediates.noindex/swift-otel-xray.build/Debug/OpenTelemetryXRay-t.build/Objects-normal/arm64/MetadataProvider+OTelXRay.swiftdeps -serialize-diagnostics-path /Users/admin/builder/spi-builder-workspace/.derivedData/Build/Intermediates.noindex/swift-otel-xray.build/Debug/OpenTelemetryXRay-t.build/Objects-normal/arm64/MetadataProvider+OTelXRay.dia -target arm64-apple-macos13.0 -disable-cross-import-overlay-search -load-resolved-plugin /Applications/Xcode-27.0.0-Release.Candidate.app/Contents/Developer/Platforms/MacOSX.platform/Developer/usr/lib/swift/host/plugins/libFoundationMacros.dylib\#/Applications/Xcode-27.0.0-Release.Candidate.app/Contents/Developer/Platforms/MacOSX.platform/Developer/usr/bin/swift-plugin-server\#FoundationMacros -load-resolved-plugin /Applications/Xcode-27.0.0-Release.Candidate.app/Contents/Developer/Platforms/MacOSX.platform/Developer/usr/lib/swift/host/plugins/libObservationMacros.dylib\#/Applications/Xcode-27.0.0-Release.Candidate.app/Contents/Developer/Platforms/MacOSX.platform/Developer/usr/bin/swift-plugin-server\#ObservationMacros -load-resolved-plugin /Applications/Xcode-27.0.0-Release.Candidate.app/Contents/Developer/Platforms/MacOSX.platform/Developer/usr/lib/swift/host/plugins/libSwiftMacros.dylib\#/Applications/Xcode-27.0.0-Release.Candidate.app/Contents/Developer/Platforms/MacOSX.platform/Developer/usr/bin/swift-plugin-server\#SwiftMacros -disable-implicit-swift-modules -Xcc -fno-implicit-modules -Xcc -fno-implicit-module-maps -explicit-swift-module-map-file /Users/admin/builder/spi-builder-workspace/.derivedData/Build/Intermediates.noindex/swift-otel-xray.build/Debug/OpenTelemetryXRay-t.build/Objects-normal/arm64/OpenTelemetryXRay-dependencies-1.json -Xllvm -aarch64-use-tbi -enable-objc-interop -stack-check -sdk /Applications/Xcode-27.0.0-Release.Candidate.app/Contents/Developer/Platforms/MacOSX.platform/Developer/SDKs/MacOSX27.0.sdk -I /Users/admin/builder/spi-builder-workspace/.derivedData/Build/Products/Debug -Isystem /Applications/Xcode-27.0.0-Release.Candidate.app/Contents/Developer/Platforms/MacOSX.platform/Developer/usr/lib -F /Users/admin/builder/spi-builder-workspace/.derivedData/Build/Products/Debug/PackageFrameworks -F /Users/admin/builder/spi-builder-workspace/.derivedData/Build/Products/Debug -F /Applications/Xcode-27.0.0-Release.Candidate.app/Contents/Developer/Platforms/MacOSX.platform/Developer/Library/Frameworks -module-cache-path /Users/admin/builder/spi-builder-workspace/.derivedData/Build/Intermediates.noindex/SwiftExplicitPrecompiledModules -no-color-diagnostics -Xcc -fno-color-diagnostics -enable-testing -g -debug-info-format\=dwarf -dwarf-version\=4 -profile-generate -profile-coverage-mapping -swift-version 6 -Onone -D SWIFT_PACKAGE -D DEBUG -D SWIFT_MODULE_RESOURCE_BUNDLE_UNAVAILABLE -D Xcode -serialize-debugging-options -enable-experimental-feature DebugDescriptionMacro -empty-abi-descriptor -validate-clang-modules-once -clang-build-session-file /Users/admin/builder/spi-builder-workspace/.derivedData/ModuleCache.noindex/Session.modulevalidation -Xcc -working-directory -Xcc /Users/admin/builder/spi-builder-workspace/.swiftpm/xcode -enable-anonymous-context-mangled-names -file-compilation-dir /Users/admin/builder/spi-builder-workspace/.swiftpm/xcode -Xcc -fmodule-map-file\=/Users/admin/builder/spi-builder-workspace/.derivedData/Build/Intermediates.noindex/GeneratedModuleMaps/CNIOAtomics.modulemap -Xcc -fmodule-map-file\=/Users/admin/builder/spi-builder-workspace/.dependencies/checkouts/swift-atomics/Sources/_AtomicsShims/include/module.modulemap -Xcc -D_LIBCPP_HARDENING_MODE\=_LIBCPP_HARDENING_MODE_DEBUG -Xcc -ivfsstatcache -Xcc /Users/admin/builder/spi-builder-workspace/.derivedData/SDKStatCaches.noindex/macosx27.0-26A425-e829b21a6f8c9b70876ba0858053c0446a22442a12e9d48fe1a705f55a1adfc4.sdkstatcache -Xcc -fmodules-prune-interval\=86400 -Xcc -fmodules-prune-after\=345600 -Xcc -I/Users/admin/builder/spi-builder-workspace/.dependencies/checkouts/swift-nio/Sources/CNIOAtomics/include -Xcc -I/Users/admin/builder/spi-builder-workspace/.dependencies/checkouts/swift-atomics/Sources/_AtomicsShims/include -Xcc -I/Users/admin/builder/spi-builder-workspace/.derivedData/Build/Products/Debug/include -Xcc -I/Users/admin/builder/spi-builder-workspace/.derivedData/Build/Intermediates.noindex/swift-otel-xray.build/Debug/OpenTelemetryXRay-t.build/DerivedSources-normal/arm64 -Xcc -I/Users/admin/builder/spi-builder-workspace/.derivedData/Build/Intermediates.noindex/swift-otel-xray.build/Debug/OpenTelemetryXRay-t.build/DerivedSources/arm64 -Xcc -I/Users/admin/builder/spi-builder-workspace/.derivedData/Build/Intermediates.noindex/swift-otel-xray.build/Debug/OpenTelemetryXRay-t.build/DerivedSources -Xcc -DSWIFT_PACKAGE -Xcc -DDEBUG\=1 -no-auto-bridging-header-chaining -module-name OpenTelemetryXRay -package-name spi_builder_workspace -const-gather-protocols-file /Users/admin/builder/spi-builder-workspace/.derivedData/Build/Intermediates.noindex/swift-otel-xray.build/Debug/OpenTelemetryXRay-t.build/Objects-normal/arm64/OpenTelemetryXRay_const_extract_protocols.json -disable-clang-spi -clang-target arm64-apple-macos27.0 -target-sdk-version 27.0 -target-sdk-name macosx27.0 -in-process-plugin-server-path /Applications/Xcode-27.0.0-Release.Candidate.app/Contents/Developer/Toolchains/XcodeDefault.xctoolchain/usr/lib/swift/host/libSwiftInProcPluginServer.dylib -parse-as-library -o /Users/admin/builder/spi-builder-workspace/.derivedData/Build/Intermediates.noindex/swift-otel-xray.build/Debug/OpenTelemetryXRay-t.build/Objects-normal/arm64/MetadataProvider+OTelXRay.o -debug-module-path /Users/admin/builder/spi-builder-workspace/.derivedData/Build/Intermediates.noindex/swift-otel-xray.build/Debug/OpenTelemetryXRay-t.build/Objects-normal/arm64/OpenTelemetryXRay.swiftmodule -index-unit-output-path /swift-otel-xray.build/Debug/OpenTelemetryXRay-t.build/Objects-normal/arm64/MetadataProvider+OTelXRay.o -index-store-path /Users/admin/builder/spi-builder-workspace/.derivedData/Index.noindex/DataStore -index-system-modules
SwiftCompile normal arm64 /Users/admin/builder/spi-builder-workspace/Sources/OpenTelemetryXRay/MetadataProvider+OTelXRay.swift (in target 'OpenTelemetryXRay' from project 'swift-otel-xray')
cd /Users/admin/builder/spi-builder-workspace/.swiftpm/xcode
builtin-SwiftPerFileCompile MetadataProvider+OTelXRay.swift
SwiftCompile normal arm64 Compiling\ IDGenerator.swift /Users/admin/builder/spi-builder-workspace/Sources/OpenTelemetryXRay/IDGenerator.swift (in target 'OpenTelemetryXRay' from project 'swift-otel-xray')
/Users/admin/builder/spi-builder-workspace/Sources/OpenTelemetryXRay/IDGenerator.swift:42:34: error: cannot find type 'OTelTraceID' in scope
40 | }
41 |
42 | public func nextTraceID() -> OTelTraceID {
| `- error: cannot find type 'OTelTraceID' in scope
43 | var traceIDBytes: OTelTraceID.Bytes = (0, 0, 0, 0, 0, 0, 0, 0, 0, 0, 0, 0, 0, 0, 0, 0)
44 | withUnsafeMutableBytes(of: &traceIDBytes) { ptr in
/Users/admin/builder/spi-builder-workspace/Sources/OpenTelemetryXRay/IDGenerator.swift:60:33: error: cannot find type 'OTelSpanID' in scope
58 | }
59 |
60 | public func nextSpanID() -> OTelSpanID {
| `- error: cannot find type 'OTelSpanID' in scope
61 | var spanIDBytes: OTelSpanID.Bytes = (0, 0, 0, 0, 0, 0, 0, 0)
62 | withUnsafeMutableBytes(of: &spanIDBytes) { ptr in
SwiftCompile normal arm64 /Users/admin/builder/spi-builder-workspace/Sources/OpenTelemetryXRay/IDGenerator.swift (in target 'OpenTelemetryXRay' from project 'swift-otel-xray')
cd /Users/admin/builder/spi-builder-workspace/.swiftpm/xcode
builtin-SwiftPerFileCompile IDGenerator.swift
SwiftCompile normal arm64 Compiling\ Propagator.swift /Users/admin/builder/spi-builder-workspace/Sources/OpenTelemetryXRay/Propagator.swift (in target 'OpenTelemetryXRay' from project 'swift-otel-xray')
/Users/admin/builder/spi-builder-workspace/Sources/OpenTelemetryXRay/Propagator.swift:87:74: error: cannot find type 'OTelTraceID' in scope
85 | }
86 |
87 | private func extractTraceID(_ string: some StringProtocol) throws -> OTelTraceID {
| `- error: cannot find type 'OTelTraceID' in scope
88 | let result = try string.utf8.withContiguousStorageIfAvailable { traceIDBytes -> OTelTraceID in
89 | guard traceIDBytes.count == 35 else {
SwiftCompile normal arm64 /Users/admin/builder/spi-builder-workspace/Sources/OpenTelemetryXRay/Propagator.swift (in target 'OpenTelemetryXRay' from project 'swift-otel-xray')
cd /Users/admin/builder/spi-builder-workspace/.swiftpm/xcode
builtin-SwiftPerFileCompile Propagator.swift
SwiftDriverJobDiscovery normal arm64 Compiling OTelLogRecordProcessor.swift, OTelMultiplexLogRecordProcessor.swift, Attribute.swift, Counter.swift, FloatingPointCounter.swift, Gauge.swift, Histogram.swift (in target 'OTel' from project 'swift-otel')
PruneExplicitPrecompiledModules /Users/admin/builder/spi-builder-workspace/.derivedData/SDKExplicitPrecompiledModules
PruneExplicitPrecompiledModules /Users/admin/builder/spi-builder-workspace/.derivedData/Build/Intermediates.noindex/ExplicitPrecompiledModules
PruneExplicitPrecompiledModules /Users/admin/builder/spi-builder-workspace/.derivedData/Build/Intermediates.noindex/SwiftExplicitPrecompiledModules
2026-09-20 16:58:25.110 xcodebuild[1662:8319] [MT] IDERunDestination: Supported platforms for the buildables in the current scheme is empty.
--- xcodebuild: WARNING: Using the first of multiple matching destinations:
{ platform:macOS, arch:arm64, id:256c97a6fe878fab62fdb286af1a02c33dc02f03, name:My Mac }
{ platform:macOS, arch:arm64, variant:Mac Catalyst, id:256c97a6fe878fab62fdb286af1a02c33dc02f03, name:My Mac }
{ platform:macOS, arch:arm64, variant:DriverKit, id:256c97a6fe878fab62fdb286af1a02c33dc02f03, name:My Mac }
{ platform:macOS, arch:arm64, variant:Designed for [iPad,iPhone], id:256c97a6fe878fab62fdb286af1a02c33dc02f03, name:My Mac }
** BUILD FAILED **
The following build commands failed:
SwiftCompile normal arm64 Compiling\ MetadataProvider+OTelXRay.swift /Users/admin/builder/spi-builder-workspace/Sources/OpenTelemetryXRay/MetadataProvider+OTelXRay.swift (in target 'OpenTelemetryXRay' from project 'swift-otel-xray')
SwiftCompile normal arm64 /Users/admin/builder/spi-builder-workspace/Sources/OpenTelemetryXRay/MetadataProvider+OTelXRay.swift (in target 'OpenTelemetryXRay' from project 'swift-otel-xray')
Building workspace swift-otel-xray with scheme swift-otel-xray
(3 failures)
Command line invocation:
/Applications/Xcode-27.0.0-Release.Candidate.app/Contents/Developer/usr/bin/xcodebuild -IDEClonedSourcePackagesDirPathOverride=/Users/admin/builder/spi-builder-workspace/.dependencies -resolvePackageDependencies
Resolve Package Graph
Resolved source packages:
swift-atomics: https://github.com/apple/swift-atomics.git @ 1.3.1
swift-otel-xray: /Users/admin/builder/spi-builder-workspace
swift-distributed-tracing: https://github.com/apple/swift-distributed-tracing.git @ 1.5.0
swift-numerics: https://github.com/apple/swift-numerics.git @ 1.1.1
swift-log: https://github.com/apple/swift-log.git @ 1.15.1
swift-async-algorithms: https://github.com/apple/swift-async-algorithms.git @ 1.1.5
swift-nio-extras: https://github.com/apple/swift-nio-extras.git @ 1.35.1
swift-system: https://github.com/apple/swift-system.git @ 1.8.1
swift-algorithms: https://github.com/apple/swift-algorithms.git @ 1.2.1
swift-service-context: https://github.com/apple/swift-service-context.git @ 1.3.0
swift-collections: https://github.com/apple/swift-collections.git @ 1.6.0
swift-asn1: https://github.com/apple/swift-asn1.git @ 1.7.3
swift-otel: https://github.com/slashmo/swift-otel.git @ 0.12.0
swift-http-types: https://github.com/apple/swift-http-types.git @ 1.8.0
swift-certificates: https://github.com/apple/swift-certificates.git @ 1.20.0
swift-nio-transport-services: https://github.com/apple/swift-nio-transport-services.git @ 1.28.0
swift-http-structured-headers: https://github.com/apple/swift-http-structured-headers.git @ 1.7.0
swift-nio-ssl: https://github.com/apple/swift-nio-ssl.git @ 2.37.5
swift-w3c-trace-context: https://github.com/swift-otel/swift-w3c-trace-context.git @ 1.0.0-beta.3
swift-nio: https://github.com/apple/swift-nio.git @ 2.103.0
SwiftProtobuf: https://github.com/apple/swift-protobuf.git @ 1.38.1
swift-service-lifecycle: https://github.com/swift-server/swift-service-lifecycle.git @ 2.12.0
grpc-swift: https://github.com/grpc/grpc-swift.git @ 1.27.6
swift-metrics: https://github.com/apple/swift-metrics.git @ 2.11.0
swift-crypto: https://github.com/apple/swift-crypto.git @ 4.5.2
swift-nio-http2: https://github.com/apple/swift-nio-http2.git @ 1.46.0
resolved source packages: swift-atomics, swift-otel-xray, swift-distributed-tracing, swift-numerics, swift-log, swift-async-algorithms, swift-nio-extras, swift-system, swift-algorithms, swift-service-context, swift-collections, swift-asn1, swift-otel, swift-http-types, swift-certificates, swift-nio-transport-services, swift-http-structured-headers, swift-nio-ssl, swift-w3c-trace-context, swift-nio, SwiftProtobuf, swift-service-lifecycle, grpc-swift, swift-metrics, swift-crypto, swift-nio-http2
2026-09-20 16:58:44.458 xcodebuild[2163:11024] [MT] IDERunDestination: Supported platforms for the buildables in the current scheme is empty.
{
"dependencies" : [
{
"identity" : "swift-otel",
"requirement" : {
"range" : [
{
"lower_bound" : "0.9.0",
"upper_bound" : "1.0.0"
}
]
},
"type" : "sourceControl",
"url" : "https://github.com/slashmo/swift-otel.git"
},
{
"identity" : "swift-nio",
"requirement" : {
"range" : [
{
"lower_bound" : "2.0.0",
"upper_bound" : "3.0.0"
}
]
},
"type" : "sourceControl",
"url" : "https://github.com/apple/swift-nio.git"
}
],
"manifest_display_name" : "swift-otel-xray",
"name" : "swift-otel-xray",
"path" : "/Users/admin/builder/spi-builder-workspace",
"platforms" : [
{
"name" : "macos",
"version" : "13.0"
}
],
"products" : [
{
"name" : "OpenTelemetryXRay",
"targets" : [
"OpenTelemetryXRay"
],
"type" : {
"library" : [
"automatic"
]
}
}
],
"swift_languages_versions" : [
"6",
"5"
],
"targets" : [
{
"c99name" : "OpenTelemetryXRayTests",
"module_type" : "SwiftTarget",
"name" : "OpenTelemetryXRayTests",
"path" : "Tests/OpenTelemetryXRayTests",
"product_dependencies" : [
"OTel"
],
"sources" : [
"Helpers/XCTAssertThrowsEquatableError.swift",
"IDGeneratorTests.swift",
"MetadataProviderTests.swift",
"PropagatorTests.swift"
],
"target_dependencies" : [
"OpenTelemetryXRay"
],
"type" : "test"
},
{
"c99name" : "OpenTelemetryXRay",
"module_type" : "SwiftTarget",
"name" : "OpenTelemetryXRay",
"path" : "Sources/OpenTelemetryXRay",
"product_dependencies" : [
"NIOConcurrencyHelpers",
"OTel"
],
"product_memberships" : [
"OpenTelemetryXRay"
],
"sources" : [
"Hex.swift",
"IDGenerator.swift",
"MetadataProvider+OTelXRay.swift",
"Propagator.swift"
],
"type" : "library"
}
],
"tools_version" : "5.9"
}
{
"workspace" : {
"name" : "swift-otel-xray",
"schemes" : [
"swift-otel-xray"
]
}
}
2026-09-20 16:58:48.003 xcodebuild[2173:11104] [MT] IDERunDestination: Supported platforms for the buildables in the current scheme is empty.
Running build ...
env DEVELOPER_DIR=/Applications/Xcode-27.0.0-Release.Candidate.app xcrun xcodebuild -IDEClonedSourcePackagesDirPathOverride=$PWD/.dependencies -skipMacroValidation -skipPackagePluginValidation -derivedDataPath $PWD/.derivedData build -scheme swift-otel-xray -destination platform=macOS,arch=arm64
Command line invocation:
/Applications/Xcode-27.0.0-Release.Candidate.app/Contents/Developer/usr/bin/xcodebuild -IDEClonedSourcePackagesDirPathOverride=/Users/admin/builder/spi-builder-workspace/.dependencies -skipMacroValidation -skipPackagePluginValidation -derivedDataPath /Users/admin/builder/spi-builder-workspace/.derivedData build -scheme swift-otel-xray -destination platform=macOS,arch=arm64
Resolve Package Graph
Resolved source packages:
swift-async-algorithms: https://github.com/apple/swift-async-algorithms.git @ 1.1.5
swift-service-lifecycle: https://github.com/swift-server/swift-service-lifecycle.git @ 2.12.0
swift-nio-http2: https://github.com/apple/swift-nio-http2.git @ 1.46.0
swift-nio-transport-services: https://github.com/apple/swift-nio-transport-services.git @ 1.28.0
swift-nio-ssl: https://github.com/apple/swift-nio-ssl.git @ 2.37.5
swift-atomics: https://github.com/apple/swift-atomics.git @ 1.3.1
swift-system: https://github.com/apple/swift-system.git @ 1.8.1
swift-certificates: https://github.com/apple/swift-certificates.git @ 1.20.0
swift-numerics: https://github.com/apple/swift-numerics.git @ 1.1.1
swift-nio-extras: https://github.com/apple/swift-nio-extras.git @ 1.35.1
swift-algorithms: https://github.com/apple/swift-algorithms.git @ 1.2.1
swift-otel: https://github.com/slashmo/swift-otel.git @ 0.12.0
grpc-swift: https://github.com/grpc/grpc-swift.git @ 1.27.6
swift-collections: https://github.com/apple/swift-collections.git @ 1.6.0
SwiftProtobuf: https://github.com/apple/swift-protobuf.git @ 1.38.1
swift-crypto: https://github.com/apple/swift-crypto.git @ 4.5.2
swift-asn1: https://github.com/apple/swift-asn1.git @ 1.7.3
swift-http-types: https://github.com/apple/swift-http-types.git @ 1.8.0
swift-http-structured-headers: https://github.com/apple/swift-http-structured-headers.git @ 1.7.0
swift-distributed-tracing: https://github.com/apple/swift-distributed-tracing.git @ 1.5.0
swift-service-context: https://github.com/apple/swift-service-context.git @ 1.3.0
swift-nio: https://github.com/apple/swift-nio.git @ 2.103.0
swift-otel-xray: /Users/admin/builder/spi-builder-workspace
swift-metrics: https://github.com/apple/swift-metrics.git @ 2.11.0
swift-log: https://github.com/apple/swift-log.git @ 1.15.1
swift-w3c-trace-context: https://github.com/swift-otel/swift-w3c-trace-context.git @ 1.0.0-beta.3
ComputePackagePrebuildTargetDependencyGraph
Prepare packages
CreateBuildRequest
SendProjectDescription
CreateBuildOperation
ComputeTargetDependencyGraph
note: Building targets in dependency order
note: Target dependency graph (33 targets)
Target 'OpenTelemetryXRay-product' in project 'swift-otel-xray'
➜ Explicit dependency on target 'OpenTelemetryXRay' in project 'swift-otel-xray'
➜ Explicit dependency on target 'NIOConcurrencyHelpers-product' in project 'swift-nio'
➜ Explicit dependency on target 'OTel-product' in project 'swift-otel'
Target 'OpenTelemetryXRay' in project 'swift-otel-xray'
➜ Explicit dependency on target 'NIOConcurrencyHelpers-product' in project 'swift-nio'
➜ Explicit dependency on target 'OTel-product' in project 'swift-otel'
Target 'OTel-product' in project 'swift-otel'
➜ Explicit dependency on target 'OTel' in project 'swift-otel'
➜ Explicit dependency on target 'AsyncAlgorithms-product' in project 'swift-async-algorithms'
➜ Explicit dependency on target 'DequeModule-product' in project 'swift-collections'
➜ Explicit dependency on target 'Logging-product' in project 'swift-log'
➜ Explicit dependency on target 'NIOConcurrencyHelpers-product' in project 'swift-nio'
➜ Explicit dependency on target 'ServiceLifecycle-product' in project 'swift-service-lifecycle'
➜ Explicit dependency on target 'Tracing-product' in project 'swift-distributed-tracing'
➜ Explicit dependency on target 'Atomics-product' in project 'swift-atomics'
➜ Explicit dependency on target 'CoreMetrics-product' in project 'swift-metrics'
➜ Explicit dependency on target 'W3CTraceContext-product' in project 'swift-w3c-trace-context'
Target 'OTel' in project 'swift-otel'
➜ Explicit dependency on target 'AsyncAlgorithms-product' in project 'swift-async-algorithms'
➜ Explicit dependency on target 'DequeModule-product' in project 'swift-collections'
➜ Explicit dependency on target 'Logging-product' in project 'swift-log'
➜ Explicit dependency on target 'NIOConcurrencyHelpers-product' in project 'swift-nio'
➜ Explicit dependency on target 'ServiceLifecycle-product' in project 'swift-service-lifecycle'
➜ Explicit dependency on target 'Tracing-product' in project 'swift-distributed-tracing'
➜ Explicit dependency on target 'Atomics-product' in project 'swift-atomics'
➜ Explicit dependency on target 'CoreMetrics-product' in project 'swift-metrics'
➜ Explicit dependency on target 'W3CTraceContext-product' in project 'swift-w3c-trace-context'
Target 'W3CTraceContext-product' in project 'swift-w3c-trace-context'
➜ Explicit dependency on target 'W3CTraceContext' in project 'swift-w3c-trace-context'
➜ Explicit dependency on target 'OrderedCollections-product' in project 'swift-collections'
Target 'W3CTraceContext' in project 'swift-w3c-trace-context'
➜ Explicit dependency on target 'OrderedCollections-product' in project 'swift-collections'
Target 'CoreMetrics-product' in project 'swift-metrics'
➜ Explicit dependency on target 'CoreMetrics' in project 'swift-metrics'
Target 'CoreMetrics' in project 'swift-metrics' (no dependencies)
Target 'Atomics-product' in project 'swift-atomics'
➜ Explicit dependency on target 'Atomics' in project 'swift-atomics'
➜ Explicit dependency on target '_AtomicsShims' in project 'swift-atomics'
Target 'Atomics' in project 'swift-atomics'
➜ Explicit dependency on target '_AtomicsShims' in project 'swift-atomics'
Target '_AtomicsShims' in project 'swift-atomics' (no dependencies)
Target 'Tracing-product' in project 'swift-distributed-tracing'
➜ Explicit dependency on target 'Tracing' in project 'swift-distributed-tracing'
➜ Explicit dependency on target 'Instrumentation' in project 'swift-distributed-tracing'
➜ Explicit dependency on target 'ServiceContextModule-product' in project 'swift-service-context'
Target 'Tracing' in project 'swift-distributed-tracing'
➜ Explicit dependency on target 'Instrumentation' in project 'swift-distributed-tracing'
➜ Explicit dependency on target 'ServiceContextModule-product' in project 'swift-service-context'
Target 'Instrumentation' in project 'swift-distributed-tracing'
➜ Explicit dependency on target 'ServiceContextModule-product' in project 'swift-service-context'
Target 'ServiceContextModule-product' in project 'swift-service-context'
➜ Explicit dependency on target 'ServiceContextModule' in project 'swift-service-context'
Target 'ServiceContextModule' in project 'swift-service-context' (no dependencies)
Target 'ServiceLifecycle-product' in project 'swift-service-lifecycle'
➜ Explicit dependency on target 'ServiceLifecycle' in project 'swift-service-lifecycle'
➜ Explicit dependency on target 'ConcurrencyHelpers' in project 'swift-service-lifecycle'
➜ Explicit dependency on target 'UnixSignals' in project 'swift-service-lifecycle'
➜ Explicit dependency on target 'Logging-product' in project 'swift-log'
➜ Explicit dependency on target 'AsyncAlgorithms-product' in project 'swift-async-algorithms'
Target 'ServiceLifecycle' in project 'swift-service-lifecycle'
➜ Explicit dependency on target 'ConcurrencyHelpers' in project 'swift-service-lifecycle'
➜ Explicit dependency on target 'UnixSignals' in project 'swift-service-lifecycle'
➜ Explicit dependency on target 'Logging-product' in project 'swift-log'
➜ Explicit dependency on target 'AsyncAlgorithms-product' in project 'swift-async-algorithms'
Target 'UnixSignals' in project 'swift-service-lifecycle'
➜ Explicit dependency on target 'ConcurrencyHelpers' in project 'swift-service-lifecycle'
Target 'ConcurrencyHelpers' in project 'swift-service-lifecycle' (no dependencies)
Target 'Logging-product' in project 'swift-log'
➜ Explicit dependency on target 'Logging' in project 'swift-log'
Target 'Logging' in project 'swift-log' (no dependencies)
Target 'AsyncAlgorithms-product' in project 'swift-async-algorithms'
➜ Explicit dependency on target 'AsyncAlgorithms' in project 'swift-async-algorithms'
➜ Explicit dependency on target 'OrderedCollections-product' in project 'swift-collections'
➜ Explicit dependency on target 'DequeModule-product' in project 'swift-collections'
Target 'AsyncAlgorithms' in project 'swift-async-algorithms'
➜ Explicit dependency on target 'OrderedCollections-product' in project 'swift-collections'
➜ Explicit dependency on target 'DequeModule-product' in project 'swift-collections'
Target 'DequeModule-product' in project 'swift-collections'
➜ Explicit dependency on target 'DequeModule' in project 'swift-collections'
➜ Explicit dependency on target 'InternalCollectionsUtilities' in project 'swift-collections'
➜ Explicit dependency on target 'ContainersPreview' in project 'swift-collections'
Target 'DequeModule' in project 'swift-collections'
➜ Explicit dependency on target 'InternalCollectionsUtilities' in project 'swift-collections'
➜ Explicit dependency on target 'ContainersPreview' in project 'swift-collections'
Target 'ContainersPreview' in project 'swift-collections'
➜ Explicit dependency on target 'InternalCollectionsUtilities' in project 'swift-collections'
Target 'OrderedCollections-product' in project 'swift-collections'
➜ Explicit dependency on target 'OrderedCollections' in project 'swift-collections'
➜ Explicit dependency on target 'InternalCollectionsUtilities' in project 'swift-collections'
Target 'OrderedCollections' in project 'swift-collections'
➜ Explicit dependency on target 'InternalCollectionsUtilities' in project 'swift-collections'
Target 'InternalCollectionsUtilities' in project 'swift-collections' (no dependencies)
Target 'NIOConcurrencyHelpers-product' in project 'swift-nio'
➜ Explicit dependency on target 'NIOConcurrencyHelpers' in project 'swift-nio'
➜ Explicit dependency on target 'CNIOAtomics' in project 'swift-nio'
Target 'NIOConcurrencyHelpers' in project 'swift-nio'
➜ Explicit dependency on target 'CNIOAtomics' in project 'swift-nio'
Target 'CNIOAtomics' in project 'swift-nio' (no dependencies)
GatherProvisioningInputs
CreateBuildDescription
ClangStatCache /Applications/Xcode-27.0.0-Release.Candidate.app/Contents/Developer/Toolchains/XcodeDefault.xctoolchain/usr/bin/clang-stat-cache /Applications/Xcode-27.0.0-Release.Candidate.app/Contents/Developer/Platforms/MacOSX.platform/Developer/SDKs/MacOSX27.0.sdk /Users/admin/builder/spi-builder-workspace/.derivedData/SDKStatCaches.noindex/macosx27.0-26A425-e829b21a6f8c9b70876ba0858053c0446a22442a12e9d48fe1a705f55a1adfc4.sdkstatcache
cd /Users/admin/builder/spi-builder-workspace/.swiftpm/xcode
/Applications/Xcode-27.0.0-Release.Candidate.app/Contents/Developer/Toolchains/XcodeDefault.xctoolchain/usr/bin/clang-stat-cache /Applications/Xcode-27.0.0-Release.Candidate.app/Contents/Developer/Platforms/MacOSX.platform/Developer/SDKs/MacOSX27.0.sdk -o /Users/admin/builder/spi-builder-workspace/.derivedData/SDKStatCaches.noindex/macosx27.0-26A425-e829b21a6f8c9b70876ba0858053c0446a22442a12e9d48fe1a705f55a1adfc4.sdkstatcache
SwiftDriver OpenTelemetryXRay normal arm64 com.apple.xcode.tools.swift.compiler (in target 'OpenTelemetryXRay' from project 'swift-otel-xray')
cd /Users/admin/builder/spi-builder-workspace/.swiftpm/xcode
builtin-SwiftDriver -- /Applications/Xcode-27.0.0-Release.Candidate.app/Contents/Developer/Toolchains/XcodeDefault.xctoolchain/usr/bin/swiftc -parse-as-library -module-name OpenTelemetryXRay -Onone @/Users/admin/builder/spi-builder-workspace/.derivedData/Build/Intermediates.noindex/swift-otel-xray.build/Debug/OpenTelemetryXRay-t.build/Objects-normal/arm64/OpenTelemetryXRay.SwiftFileList -DSWIFT_PACKAGE -DDEBUG -DSWIFT_MODULE_RESOURCE_BUNDLE_UNAVAILABLE -Xcc -fmodule-map-file\=/Users/admin/builder/spi-builder-workspace/.derivedData/Build/Intermediates.noindex/GeneratedModuleMaps/CNIOAtomics.modulemap -Xcc -fmodule-map-file\=/Users/admin/builder/spi-builder-workspace/.dependencies/checkouts/swift-atomics/Sources/_AtomicsShims/include/module.modulemap -DXcode -plugin-path /Applications/Xcode-27.0.0-Release.Candidate.app/Contents/Developer/Toolchains/XcodeDefault.xctoolchain/usr/lib/swift/host/plugins/testing -enable-experimental-feature DebugDescriptionMacro -sdk /Applications/Xcode-27.0.0-Release.Candidate.app/Contents/Developer/Platforms/MacOSX.platform/Developer/SDKs/MacOSX27.0.sdk -target arm64-apple-macos13.0 -g -module-cache-path /Users/admin/builder/spi-builder-workspace/.derivedData/ModuleCache.noindex -Xfrontend -serialize-debugging-options -profile-coverage-mapping -profile-generate -enable-testing -index-store-path /Users/admin/builder/spi-builder-workspace/.derivedData/Index.noindex/DataStore -Xcc -D_LIBCPP_HARDENING_MODE\=_LIBCPP_HARDENING_MODE_DEBUG -swift-version 6 -I /Users/admin/builder/spi-builder-workspace/.derivedData/Build/Products/Debug -Isystem /Applications/Xcode-27.0.0-Release.Candidate.app/Contents/Developer/Platforms/MacOSX.platform/Developer/usr/lib -F /Users/admin/builder/spi-builder-workspace/.derivedData/Build/Products/Debug/PackageFrameworks -F /Users/admin/builder/spi-builder-workspace/.derivedData/Build/Products/Debug -F /Applications/Xcode-27.0.0-Release.Candidate.app/Contents/Developer/Platforms/MacOSX.platform/Developer/Library/Frameworks -c -j10 -enable-batch-mode -incremental -Xcc -ivfsstatcache -Xcc /Users/admin/builder/spi-builder-workspace/.derivedData/SDKStatCaches.noindex/macosx27.0-26A425-e829b21a6f8c9b70876ba0858053c0446a22442a12e9d48fe1a705f55a1adfc4.sdkstatcache -output-file-map /Users/admin/builder/spi-builder-workspace/.derivedData/Build/Intermediates.noindex/swift-otel-xray.build/Debug/OpenTelemetryXRay-t.build/Objects-normal/arm64/OpenTelemetryXRay-OutputFileMap.json -save-temps -no-color-diagnostics -explicit-module-build -module-cache-path /Users/admin/builder/spi-builder-workspace/.derivedData/Build/Intermediates.noindex/SwiftExplicitPrecompiledModules -clang-scanner-module-cache-path /Users/admin/builder/spi-builder-workspace/.derivedData/ModuleCache.noindex -sdk-module-cache-path /Users/admin/builder/spi-builder-workspace/.derivedData/SDKExplicitPrecompiledModules -emit-dependencies -emit-module -emit-module-path /Users/admin/builder/spi-builder-workspace/.derivedData/Build/Intermediates.noindex/swift-otel-xray.build/Debug/OpenTelemetryXRay-t.build/Objects-normal/arm64/OpenTelemetryXRay.swiftmodule -serialize-diagnostics -dependency-scan-serialize-diagnostics-path /Users/admin/builder/spi-builder-workspace/.derivedData/Build/Intermediates.noindex/swift-otel-xray.build/Debug/OpenTelemetryXRay-t.build/Objects-normal/arm64/OpenTelemetryXRay-dependency-scan.dia -validate-clang-modules-once -clang-build-session-file /Users/admin/builder/spi-builder-workspace/.derivedData/ModuleCache.noindex/Session.modulevalidation -Xcc -fmodules-prune-interval\=86400 -Xcc -fmodules-prune-after\=345600 -package-name spi_builder_workspace -emit-const-values -const-gather-protocols-list /Users/admin/builder/spi-builder-workspace/.derivedData/Build/Intermediates.noindex/swift-otel-xray.build/Debug/OpenTelemetryXRay-t.build/Objects-normal/arm64/OpenTelemetryXRay_const_extract_protocols.json -Xcc -I/Users/admin/builder/spi-builder-workspace/.dependencies/checkouts/swift-nio/Sources/CNIOAtomics/include -Xcc -I/Users/admin/builder/spi-builder-workspace/.dependencies/checkouts/swift-atomics/Sources/_AtomicsShims/include -Xcc -I/Users/admin/builder/spi-builder-workspace/.derivedData/Build/Products/Debug/include -Xcc -I/Users/admin/builder/spi-builder-workspace/.derivedData/Build/Intermediates.noindex/swift-otel-xray.build/Debug/OpenTelemetryXRay-t.build/DerivedSources-normal/arm64 -Xcc -I/Users/admin/builder/spi-builder-workspace/.derivedData/Build/Intermediates.noindex/swift-otel-xray.build/Debug/OpenTelemetryXRay-t.build/DerivedSources/arm64 -Xcc -I/Users/admin/builder/spi-builder-workspace/.derivedData/Build/Intermediates.noindex/swift-otel-xray.build/Debug/OpenTelemetryXRay-t.build/DerivedSources -Xcc -DSWIFT_PACKAGE -Xcc -DDEBUG\=1 -emit-objc-header -emit-objc-header-path /Users/admin/builder/spi-builder-workspace/.derivedData/Build/Intermediates.noindex/swift-otel-xray.build/Debug/OpenTelemetryXRay-t.build/Objects-normal/arm64/OpenTelemetryXRay-Swift.h -working-directory /Users/admin/builder/spi-builder-workspace/.swiftpm/xcode -experimental-emit-module-separately -disable-cmo
SwiftDriver OTel normal arm64 com.apple.xcode.tools.swift.compiler (in target 'OTel' from project 'swift-otel')
cd /Users/admin/builder/spi-builder-workspace/.swiftpm/xcode
builtin-SwiftDriver -- /Applications/Xcode-27.0.0-Release.Candidate.app/Contents/Developer/Toolchains/XcodeDefault.xctoolchain/usr/bin/swiftc -parse-as-library -module-name OTel -Onone @/Users/admin/builder/spi-builder-workspace/.derivedData/Build/Intermediates.noindex/swift-otel.build/Debug/OTel-t.build/Objects-normal/arm64/OTel.SwiftFileList -DSWIFT_PACKAGE -DDEBUG -DSWIFT_MODULE_RESOURCE_BUNDLE_UNAVAILABLE -Xcc -fmodule-map-file\=/Users/admin/builder/spi-builder-workspace/.derivedData/Build/Intermediates.noindex/GeneratedModuleMaps/CNIOAtomics.modulemap -Xcc -fmodule-map-file\=/Users/admin/builder/spi-builder-workspace/.dependencies/checkouts/swift-atomics/Sources/_AtomicsShims/include/module.modulemap -DXcode -enable-experimental-feature StrictConcurrency\=complete -plugin-path /Applications/Xcode-27.0.0-Release.Candidate.app/Contents/Developer/Toolchains/XcodeDefault.xctoolchain/usr/lib/swift/host/plugins/testing -enable-experimental-feature DebugDescriptionMacro -sdk /Applications/Xcode-27.0.0-Release.Candidate.app/Contents/Developer/Platforms/MacOSX.platform/Developer/SDKs/MacOSX27.0.sdk -target arm64-apple-macos13.0 -g -module-cache-path /Users/admin/builder/spi-builder-workspace/.derivedData/ModuleCache.noindex -Xfrontend -serialize-debugging-options -profile-coverage-mapping -profile-generate -enable-testing -suppress-warnings -index-store-path /Users/admin/builder/spi-builder-workspace/.derivedData/Index.noindex/DataStore -Xcc -D_LIBCPP_HARDENING_MODE\=_LIBCPP_HARDENING_MODE_DEBUG -swift-version 6 -I /Users/admin/builder/spi-builder-workspace/.derivedData/Build/Products/Debug -Isystem /Applications/Xcode-27.0.0-Release.Candidate.app/Contents/Developer/Platforms/MacOSX.platform/Developer/usr/lib -F /Users/admin/builder/spi-builder-workspace/.derivedData/Build/Products/Debug/PackageFrameworks -F /Users/admin/builder/spi-builder-workspace/.derivedData/Build/Products/Debug -F /Applications/Xcode-27.0.0-Release.Candidate.app/Contents/Developer/Platforms/MacOSX.platform/Developer/Library/Frameworks -c -j10 -enable-batch-mode -incremental -Xcc -ivfsstatcache -Xcc /Users/admin/builder/spi-builder-workspace/.derivedData/SDKStatCaches.noindex/macosx27.0-26A425-e829b21a6f8c9b70876ba0858053c0446a22442a12e9d48fe1a705f55a1adfc4.sdkstatcache -output-file-map /Users/admin/builder/spi-builder-workspace/.derivedData/Build/Intermediates.noindex/swift-otel.build/Debug/OTel-t.build/Objects-normal/arm64/OTel-OutputFileMap.json -save-temps -no-color-diagnostics -explicit-module-build -module-cache-path /Users/admin/builder/spi-builder-workspace/.derivedData/Build/Intermediates.noindex/SwiftExplicitPrecompiledModules -clang-scanner-module-cache-path /Users/admin/builder/spi-builder-workspace/.derivedData/ModuleCache.noindex -sdk-module-cache-path /Users/admin/builder/spi-builder-workspace/.derivedData/SDKExplicitPrecompiledModules -emit-dependencies -emit-module -emit-module-path /Users/admin/builder/spi-builder-workspace/.derivedData/Build/Intermediates.noindex/swift-otel.build/Debug/OTel-t.build/Objects-normal/arm64/OTel.swiftmodule -serialize-diagnostics -dependency-scan-serialize-diagnostics-path /Users/admin/builder/spi-builder-workspace/.derivedData/Build/Intermediates.noindex/swift-otel.build/Debug/OTel-t.build/Objects-normal/arm64/OTel-dependency-scan.dia -validate-clang-modules-once -clang-build-session-file /Users/admin/builder/spi-builder-workspace/.derivedData/ModuleCache.noindex/Session.modulevalidation -Xcc -fmodules-prune-interval\=86400 -Xcc -fmodules-prune-after\=345600 -package-name swift_otel -emit-const-values -const-gather-protocols-list /Users/admin/builder/spi-builder-workspace/.derivedData/Build/Intermediates.noindex/swift-otel.build/Debug/OTel-t.build/Objects-normal/arm64/OTel_const_extract_protocols.json -Xcc -I/Users/admin/builder/spi-builder-workspace/.dependencies/checkouts/swift-nio/Sources/CNIOAtomics/include -Xcc -I/Users/admin/builder/spi-builder-workspace/.dependencies/checkouts/swift-atomics/Sources/_AtomicsShims/include -Xcc -I/Users/admin/builder/spi-builder-workspace/.derivedData/Build/Products/Debug/include -Xcc -I/Users/admin/builder/spi-builder-workspace/.derivedData/Build/Intermediates.noindex/swift-otel.build/Debug/OTel-t.build/DerivedSources-normal/arm64 -Xcc -I/Users/admin/builder/spi-builder-workspace/.derivedData/Build/Intermediates.noindex/swift-otel.build/Debug/OTel-t.build/DerivedSources/arm64 -Xcc -I/Users/admin/builder/spi-builder-workspace/.derivedData/Build/Intermediates.noindex/swift-otel.build/Debug/OTel-t.build/DerivedSources -Xcc -DSWIFT_PACKAGE -Xcc -DDEBUG\=1 -emit-objc-header -emit-objc-header-path /Users/admin/builder/spi-builder-workspace/.derivedData/Build/Intermediates.noindex/swift-otel.build/Debug/OTel-t.build/Objects-normal/arm64/OTel-Swift.h -working-directory /Users/admin/builder/spi-builder-workspace/.swiftpm/xcode -experimental-emit-module-separately -disable-cmo
SwiftCompile normal arm64 Compiling\ IDGenerator.swift /Users/admin/builder/spi-builder-workspace/Sources/OpenTelemetryXRay/IDGenerator.swift (in target 'OpenTelemetryXRay' from project 'swift-otel-xray')
SwiftCompile normal arm64 /Users/admin/builder/spi-builder-workspace/Sources/OpenTelemetryXRay/IDGenerator.swift (in target 'OpenTelemetryXRay' from project 'swift-otel-xray')
cd /Users/admin/builder/spi-builder-workspace/.swiftpm/xcode
builtin-SwiftPerFileCompile IDGenerator.swift
/Users/admin/builder/spi-builder-workspace/Sources/OpenTelemetryXRay/IDGenerator.swift:42:34: error: cannot find type 'OTelTraceID' in scope
40 | }
41 |
42 | public func nextTraceID() -> OTelTraceID {
| `- error: cannot find type 'OTelTraceID' in scope
43 | var traceIDBytes: OTelTraceID.Bytes = (0, 0, 0, 0, 0, 0, 0, 0, 0, 0, 0, 0, 0, 0, 0, 0)
44 | withUnsafeMutableBytes(of: &traceIDBytes) { ptr in
/Users/admin/builder/spi-builder-workspace/Sources/OpenTelemetryXRay/IDGenerator.swift:60:33: error: cannot find type 'OTelSpanID' in scope
58 | }
59 |
60 | public func nextSpanID() -> OTelSpanID {
| `- error: cannot find type 'OTelSpanID' in scope
61 | var spanIDBytes: OTelSpanID.Bytes = (0, 0, 0, 0, 0, 0, 0, 0)
62 | withUnsafeMutableBytes(of: &spanIDBytes) { ptr in
/Users/admin/builder/spi-builder-workspace/Sources/OpenTelemetryXRay/IDGenerator.swift:43:27: error: cannot find type 'OTelTraceID' in scope
41 |
42 | public func nextTraceID() -> OTelTraceID {
43 | var traceIDBytes: OTelTraceID.Bytes = (0, 0, 0, 0, 0, 0, 0, 0, 0, 0, 0, 0, 0, 0, 0, 0)
| `- error: cannot find type 'OTelTraceID' in scope
44 | withUnsafeMutableBytes(of: &traceIDBytes) { ptr in
45 | ptr.storeBytes(of: self.getCurrentSecondsSinceEpoch().bigEndian, as: UInt32.self)
SwiftCompile normal arm64 Compiling\ Propagator.swift /Users/admin/builder/spi-builder-workspace/Sources/OpenTelemetryXRay/Propagator.swift (in target 'OpenTelemetryXRay' from project 'swift-otel-xray')
/Users/admin/builder/spi-builder-workspace/Sources/OpenTelemetryXRay/Propagator.swift:87:74: error: cannot find type 'OTelTraceID' in scope
85 | }
86 |
87 | private func extractTraceID(_ string: some StringProtocol) throws -> OTelTraceID {
| `- error: cannot find type 'OTelTraceID' in scope
88 | let result = try string.utf8.withContiguousStorageIfAvailable { traceIDBytes -> OTelTraceID in
89 | guard traceIDBytes.count == 35 else {
SwiftCompile normal arm64 /Users/admin/builder/spi-builder-workspace/Sources/OpenTelemetryXRay/Propagator.swift (in target 'OpenTelemetryXRay' from project 'swift-otel-xray')
cd /Users/admin/builder/spi-builder-workspace/.swiftpm/xcode
builtin-SwiftPerFileCompile Propagator.swift
SwiftEmitModule normal arm64 Emitting\ module\ for\ OpenTelemetryXRay (in target 'OpenTelemetryXRay' from project 'swift-otel-xray')
SwiftCompile normal arm64 (in target 'OpenTelemetryXRay' from project 'swift-otel-xray')
cd /Users/admin/builder/spi-builder-workspace/.swiftpm/xcode
SwiftCompile normal arm64 Compiling\ MetadataProvider+OTelXRay.swift /Users/admin/builder/spi-builder-workspace/Sources/OpenTelemetryXRay/MetadataProvider+OTelXRay.swift (in target 'OpenTelemetryXRay' from project 'swift-otel-xray')
/Users/admin/builder/spi-builder-workspace/Sources/OpenTelemetryXRay/MetadataProvider+OTelXRay.swift:29:52: error: value of type 'TraceID' has no member 'hexBytes'
27 | guard let spanContext = ServiceContext.current?.spanContext else { return [:] }
28 |
29 | let traceIDBytes = spanContext.traceID.hexBytes
| `- error: value of type 'TraceID' has no member 'hexBytes'
30 | let timestampBytes = traceIDBytes[0 ..< 8]
31 | let randomBytes = traceIDBytes[8...]
Failed frontend command:
/Applications/Xcode-27.0.0-Release.Candidate.app/Contents/Developer/Toolchains/XcodeDefault.xctoolchain/usr/bin/swift-frontend -frontend -c /Users/admin/builder/spi-builder-workspace/Sources/OpenTelemetryXRay/Hex.swift /Users/admin/builder/spi-builder-workspace/Sources/OpenTelemetryXRay/IDGenerator.swift -primary-file /Users/admin/builder/spi-builder-workspace/Sources/OpenTelemetryXRay/MetadataProvider+OTelXRay.swift /Users/admin/builder/spi-builder-workspace/Sources/OpenTelemetryXRay/Propagator.swift -emit-dependencies-path /Users/admin/builder/spi-builder-workspace/.derivedData/Build/Intermediates.noindex/swift-otel-xray.build/Debug/OpenTelemetryXRay-t.build/Objects-normal/arm64/MetadataProvider+OTelXRay.d -emit-const-values-path /Users/admin/builder/spi-builder-workspace/.derivedData/Build/Intermediates.noindex/swift-otel-xray.build/Debug/OpenTelemetryXRay-t.build/Objects-normal/arm64/MetadataProvider+OTelXRay.swiftconstvalues -emit-reference-dependencies-path /Users/admin/builder/spi-builder-workspace/.derivedData/Build/Intermediates.noindex/swift-otel-xray.build/Debug/OpenTelemetryXRay-t.build/Objects-normal/arm64/MetadataProvider+OTelXRay.swiftdeps -serialize-diagnostics-path /Users/admin/builder/spi-builder-workspace/.derivedData/Build/Intermediates.noindex/swift-otel-xray.build/Debug/OpenTelemetryXRay-t.build/Objects-normal/arm64/MetadataProvider+OTelXRay.dia -target arm64-apple-macos13.0 -disable-cross-import-overlay-search -load-resolved-plugin /Applications/Xcode-27.0.0-Release.Candidate.app/Contents/Developer/Platforms/MacOSX.platform/Developer/usr/lib/swift/host/plugins/libFoundationMacros.dylib\#/Applications/Xcode-27.0.0-Release.Candidate.app/Contents/Developer/Platforms/MacOSX.platform/Developer/usr/bin/swift-plugin-server\#FoundationMacros -load-resolved-plugin /Applications/Xcode-27.0.0-Release.Candidate.app/Contents/Developer/Platforms/MacOSX.platform/Developer/usr/lib/swift/host/plugins/libObservationMacros.dylib\#/Applications/Xcode-27.0.0-Release.Candidate.app/Contents/Developer/Platforms/MacOSX.platform/Developer/usr/bin/swift-plugin-server\#ObservationMacros -load-resolved-plugin /Applications/Xcode-27.0.0-Release.Candidate.app/Contents/Developer/Platforms/MacOSX.platform/Developer/usr/lib/swift/host/plugins/libSwiftMacros.dylib\#/Applications/Xcode-27.0.0-Release.Candidate.app/Contents/Developer/Platforms/MacOSX.platform/Developer/usr/bin/swift-plugin-server\#SwiftMacros -disable-implicit-swift-modules -Xcc -fno-implicit-modules -Xcc -fno-implicit-module-maps -explicit-swift-module-map-file /Users/admin/builder/spi-builder-workspace/.derivedData/Build/Intermediates.noindex/swift-otel-xray.build/Debug/OpenTelemetryXRay-t.build/Objects-normal/arm64/OpenTelemetryXRay-dependencies-1.json -Xllvm -aarch64-use-tbi -enable-objc-interop -stack-check -sdk /Applications/Xcode-27.0.0-Release.Candidate.app/Contents/Developer/Platforms/MacOSX.platform/Developer/SDKs/MacOSX27.0.sdk -I /Users/admin/builder/spi-builder-workspace/.derivedData/Build/Products/Debug -Isystem /Applications/Xcode-27.0.0-Release.Candidate.app/Contents/Developer/Platforms/MacOSX.platform/Developer/usr/lib -F /Users/admin/builder/spi-builder-workspace/.derivedData/Build/Products/Debug/PackageFrameworks -F /Users/admin/builder/spi-builder-workspace/.derivedData/Build/Products/Debug -F /Applications/Xcode-27.0.0-Release.Candidate.app/Contents/Developer/Platforms/MacOSX.platform/Developer/Library/Frameworks -module-cache-path /Users/admin/builder/spi-builder-workspace/.derivedData/Build/Intermediates.noindex/SwiftExplicitPrecompiledModules -no-color-diagnostics -Xcc -fno-color-diagnostics -enable-testing -g -debug-info-format\=dwarf -dwarf-version\=4 -profile-generate -profile-coverage-mapping -swift-version 6 -Onone -D SWIFT_PACKAGE -D DEBUG -D SWIFT_MODULE_RESOURCE_BUNDLE_UNAVAILABLE -D Xcode -serialize-debugging-options -enable-experimental-feature DebugDescriptionMacro -empty-abi-descriptor -validate-clang-modules-once -clang-build-session-file /Users/admin/builder/spi-builder-workspace/.derivedData/ModuleCache.noindex/Session.modulevalidation -Xcc -working-directory -Xcc /Users/admin/builder/spi-builder-workspace/.swiftpm/xcode -enable-anonymous-context-mangled-names -file-compilation-dir /Users/admin/builder/spi-builder-workspace/.swiftpm/xcode -Xcc -fmodule-map-file\=/Users/admin/builder/spi-builder-workspace/.derivedData/Build/Intermediates.noindex/GeneratedModuleMaps/CNIOAtomics.modulemap -Xcc -fmodule-map-file\=/Users/admin/builder/spi-builder-workspace/.dependencies/checkouts/swift-atomics/Sources/_AtomicsShims/include/module.modulemap -Xcc -D_LIBCPP_HARDENING_MODE\=_LIBCPP_HARDENING_MODE_DEBUG -Xcc -ivfsstatcache -Xcc /Users/admin/builder/spi-builder-workspace/.derivedData/SDKStatCaches.noindex/macosx27.0-26A425-e829b21a6f8c9b70876ba0858053c0446a22442a12e9d48fe1a705f55a1adfc4.sdkstatcache -Xcc -fmodules-prune-interval\=86400 -Xcc -fmodules-prune-after\=345600 -Xcc -I/Users/admin/builder/spi-builder-workspace/.dependencies/checkouts/swift-nio/Sources/CNIOAtomics/include -Xcc -I/Users/admin/builder/spi-builder-workspace/.dependencies/checkouts/swift-atomics/Sources/_AtomicsShims/include -Xcc -I/Users/admin/builder/spi-builder-workspace/.derivedData/Build/Products/Debug/include -Xcc -I/Users/admin/builder/spi-builder-workspace/.derivedData/Build/Intermediates.noindex/swift-otel-xray.build/Debug/OpenTelemetryXRay-t.build/DerivedSources-normal/arm64 -Xcc -I/Users/admin/builder/spi-builder-workspace/.derivedData/Build/Intermediates.noindex/swift-otel-xray.build/Debug/OpenTelemetryXRay-t.build/DerivedSources/arm64 -Xcc -I/Users/admin/builder/spi-builder-workspace/.derivedData/Build/Intermediates.noindex/swift-otel-xray.build/Debug/OpenTelemetryXRay-t.build/DerivedSources -Xcc -DSWIFT_PACKAGE -Xcc -DDEBUG\=1 -no-auto-bridging-header-chaining -module-name OpenTelemetryXRay -package-name spi_builder_workspace -const-gather-protocols-file /Users/admin/builder/spi-builder-workspace/.derivedData/Build/Intermediates.noindex/swift-otel-xray.build/Debug/OpenTelemetryXRay-t.build/Objects-normal/arm64/OpenTelemetryXRay_const_extract_protocols.json -disable-clang-spi -clang-target arm64-apple-macos27.0 -target-sdk-version 27.0 -target-sdk-name macosx27.0 -in-process-plugin-server-path /Applications/Xcode-27.0.0-Release.Candidate.app/Contents/Developer/Toolchains/XcodeDefault.xctoolchain/usr/lib/swift/host/libSwiftInProcPluginServer.dylib -parse-as-library -o /Users/admin/builder/spi-builder-workspace/.derivedData/Build/Intermediates.noindex/swift-otel-xray.build/Debug/OpenTelemetryXRay-t.build/Objects-normal/arm64/MetadataProvider+OTelXRay.o -debug-module-path /Users/admin/builder/spi-builder-workspace/.derivedData/Build/Intermediates.noindex/swift-otel-xray.build/Debug/OpenTelemetryXRay-t.build/Objects-normal/arm64/OpenTelemetryXRay.swiftmodule -index-unit-output-path /swift-otel-xray.build/Debug/OpenTelemetryXRay-t.build/Objects-normal/arm64/MetadataProvider+OTelXRay.o -index-store-path /Users/admin/builder/spi-builder-workspace/.derivedData/Index.noindex/DataStore -index-system-modules
SwiftCompile normal arm64 /Users/admin/builder/spi-builder-workspace/Sources/OpenTelemetryXRay/MetadataProvider+OTelXRay.swift (in target 'OpenTelemetryXRay' from project 'swift-otel-xray')
cd /Users/admin/builder/spi-builder-workspace/.swiftpm/xcode
builtin-SwiftPerFileCompile MetadataProvider+OTelXRay.swift
SwiftCompile normal arm64 Compiling\ Hex.swift /Users/admin/builder/spi-builder-workspace/Sources/OpenTelemetryXRay/Hex.swift (in target 'OpenTelemetryXRay' from project 'swift-otel-xray')
SwiftCompile normal arm64 /Users/admin/builder/spi-builder-workspace/Sources/OpenTelemetryXRay/Hex.swift (in target 'OpenTelemetryXRay' from project 'swift-otel-xray')
cd /Users/admin/builder/spi-builder-workspace/.swiftpm/xcode
builtin-SwiftPerFileCompile Hex.swift
SwiftCompile normal arm64 Compiling\ OTelIDGenerator.swift,\ OTelRandomIDGenerator.swift /Users/admin/builder/spi-builder-workspace/.dependencies/checkouts/swift-otel/Sources/OTel/Context/OTelIDGenerator.swift /Users/admin/builder/spi-builder-workspace/.dependencies/checkouts/swift-otel/Sources/OTel/Context/OTelRandomIDGenerator.swift (in target 'OTel' from project 'swift-otel')
SwiftCompile normal arm64 /Users/admin/builder/spi-builder-workspace/.dependencies/checkouts/swift-otel/Sources/OTel/Context/OTelIDGenerator.swift (in target 'OTel' from project 'swift-otel')
cd /Users/admin/builder/spi-builder-workspace/.swiftpm/xcode
builtin-SwiftPerFileCompile OTelIDGenerator.swift
SwiftCompile normal arm64 /Users/admin/builder/spi-builder-workspace/.dependencies/checkouts/swift-otel/Sources/OTel/Context/OTelRandomIDGenerator.swift (in target 'OTel' from project 'swift-otel')
cd /Users/admin/builder/spi-builder-workspace/.swiftpm/xcode
builtin-SwiftPerFileCompile OTelRandomIDGenerator.swift
SwiftEmitModule normal arm64 Emitting\ module\ for\ OTel (in target 'OTel' from project 'swift-otel')
SwiftCompile normal arm64 (in target 'OTel' from project 'swift-otel')
cd /Users/admin/builder/spi-builder-workspace/.swiftpm/xcode
SwiftCompile normal arm64 Compiling\ OTelMultiplexSpanExporter.swift /Users/admin/builder/spi-builder-workspace/.dependencies/checkouts/swift-otel/Sources/OTel/Tracing/Exporting/OTelMultiplexSpanExporter.swift (in target 'OTel' from project 'swift-otel')
SwiftCompile normal arm64 /Users/admin/builder/spi-builder-workspace/.dependencies/checkouts/swift-otel/Sources/OTel/Tracing/Exporting/OTelMultiplexSpanExporter.swift (in target 'OTel' from project 'swift-otel')
cd /Users/admin/builder/spi-builder-workspace/.swiftpm/xcode
builtin-SwiftPerFileCompile OTelMultiplexSpanExporter.swift
SwiftCompile normal arm64 Compiling\ Timeout.swift,\ OTelManualResourceDetector.swift /Users/admin/builder/spi-builder-workspace/.dependencies/checkouts/swift-otel/Sources/OTel/Helpers/Timeout.swift /Users/admin/builder/spi-builder-workspace/.dependencies/checkouts/swift-otel/Sources/OTel/Resource/OTelManualResourceDetector.swift (in target 'OTel' from project 'swift-otel')
SwiftCompile normal arm64 /Users/admin/builder/spi-builder-workspace/.dependencies/checkouts/swift-otel/Sources/OTel/Helpers/Timeout.swift (in target 'OTel' from project 'swift-otel')
cd /Users/admin/builder/spi-builder-workspace/.swiftpm/xcode
builtin-SwiftPerFileCompile Timeout.swift
SwiftCompile normal arm64 /Users/admin/builder/spi-builder-workspace/.dependencies/checkouts/swift-otel/Sources/OTel/Resource/OTelManualResourceDetector.swift (in target 'OTel' from project 'swift-otel')
cd /Users/admin/builder/spi-builder-workspace/.swiftpm/xcode
builtin-SwiftPerFileCompile OTelManualResourceDetector.swift
SwiftCompile normal arm64 Compiling\ OTelResourceDetector.swift /Users/admin/builder/spi-builder-workspace/.dependencies/checkouts/swift-otel/Sources/OTel/Resource/OTelResourceDetector.swift (in target 'OTel' from project 'swift-otel')
SwiftCompile normal arm64 /Users/admin/builder/spi-builder-workspace/.dependencies/checkouts/swift-otel/Sources/OTel/Resource/OTelResourceDetector.swift (in target 'OTel' from project 'swift-otel')
cd /Users/admin/builder/spi-builder-workspace/.swiftpm/xcode
builtin-SwiftPerFileCompile OTelResourceDetector.swift
SwiftCompile normal arm64 Compiling\ OTelResourceDetection.swift /Users/admin/builder/spi-builder-workspace/.dependencies/checkouts/swift-otel/Sources/OTel/Resource/OTelResourceDetection.swift (in target 'OTel' from project 'swift-otel')
SwiftCompile normal arm64 /Users/admin/builder/spi-builder-workspace/.dependencies/checkouts/swift-otel/Sources/OTel/Resource/OTelResourceDetection.swift (in target 'OTel' from project 'swift-otel')
cd /Users/admin/builder/spi-builder-workspace/.swiftpm/xcode
builtin-SwiftPerFileCompile OTelResourceDetection.swift
PruneExplicitPrecompiledModules /Users/admin/builder/spi-builder-workspace/.derivedData/Build/Intermediates.noindex/SwiftExplicitPrecompiledModules
PruneExplicitPrecompiledModules /Users/admin/builder/spi-builder-workspace/.derivedData/Build/Intermediates.noindex/ExplicitPrecompiledModules
PruneExplicitPrecompiledModules /Users/admin/builder/spi-builder-workspace/.derivedData/SDKExplicitPrecompiledModules
2026-09-20 16:58:51.317 xcodebuild[2176:11142] [MT] IDERunDestination: Supported platforms for the buildables in the current scheme is empty.
--- xcodebuild: WARNING: Using the first of multiple matching destinations:
{ platform:macOS, arch:arm64, id:256c97a6fe878fab62fdb286af1a02c33dc02f03, name:My Mac }
{ platform:macOS, arch:arm64, variant:Mac Catalyst, id:256c97a6fe878fab62fdb286af1a02c33dc02f03, name:My Mac }
{ platform:macOS, arch:arm64, variant:DriverKit, id:256c97a6fe878fab62fdb286af1a02c33dc02f03, name:My Mac }
{ platform:macOS, arch:arm64, variant:Designed for [iPad,iPhone], id:256c97a6fe878fab62fdb286af1a02c33dc02f03, name:My Mac }
** BUILD FAILED **
The following build commands failed:
SwiftCompile normal arm64 Compiling\ MetadataProvider+OTelXRay.swift /Users/admin/builder/spi-builder-workspace/Sources/OpenTelemetryXRay/MetadataProvider+OTelXRay.swift (in target 'OpenTelemetryXRay' from project 'swift-otel-xray')
SwiftCompile normal arm64 /Users/admin/builder/spi-builder-workspace/Sources/OpenTelemetryXRay/MetadataProvider+OTelXRay.swift (in target 'OpenTelemetryXRay' from project 'swift-otel-xray')
Building workspace swift-otel-xray with scheme swift-otel-xray
(3 failures)
BUILD FAILURE 6.4 macosXcodebuild