The Swift Package Index logo.Swift Package Index

Build Information

Failed to build SpeziNotifications, reference 1.0.8 (827b7e), with Swift 6.4 for Android on 22 Sep 2026 22:56:40 UTC.

Build Command

bash -c docker run --pull=always --rm -v "checkouts-54344845-0":/host -w "$PWD" -e JAVA_HOME="/root/.sdkman/candidates/java/current" -e SPI_BUILD="1" -e SPI_PROCESSING="1" registry.gitlab.com/saguaro1/spi-images:android-6.4-latest swift build --swift-sdk aarch64-unknown-linux-android28 2>&1

Build Log

========================================
RunAll
========================================
Builder version: 5.1.0
Interrupt handler set up.
========================================
Checkout
========================================
Clone URL: https://github.com/StanfordSpezi/SpeziNotifications.git
Reference: 1.0.8
Initialized empty Git repository in /host/spi-builder-workspace/.git/
hint: Using 'master' as the name for the initial branch. This default branch name
hint: is subject to change. To configure the initial branch name to use in all
hint: of your new repositories, which will suppress this warning, call:
hint:
hint: 	git config --global init.defaultBranch <name>
hint:
hint: Names commonly chosen instead of 'master' are 'main', 'trunk' and
hint: 'development'. The just-created branch can be renamed via this command:
hint:
hint: 	git branch -m <name>
From https://github.com/StanfordSpezi/SpeziNotifications
 * tag               1.0.8      -> FETCH_HEAD
HEAD is now at 827b7ec support release testing (#14)
Cloned https://github.com/StanfordSpezi/SpeziNotifications.git
Revision (git rev-parse @):
827b7ecefe44eaac2412a3b7d669f16d0d1e906b
SPI manifest file found: $PWD/.spi.yml
SUCCESS checkout https://github.com/StanfordSpezi/SpeziNotifications.git at 1.0.8
========================================
Build
========================================
Selected platform:         android
Swift version:             6.4
Building package at path:  $PWD
https://github.com/StanfordSpezi/SpeziNotifications.git
Running build ...
bash -c docker run --pull=always --rm -v "checkouts-54344845-0":/host -w "$PWD" -e JAVA_HOME="/root/.sdkman/candidates/java/current" -e SPI_BUILD="1" -e SPI_PROCESSING="1" registry.gitlab.com/saguaro1/spi-images:android-6.4-latest swift build --swift-sdk aarch64-unknown-linux-android28 2>&1
android-6.4-latest: Pulling from saguaro1/spi-images
Digest: sha256:abadcff584c273feba50641b454858d377ba30b35ea7287a94f45ebd8afd0ea0
Status: Image is up to date for registry.gitlab.com/saguaro1/spi-images:android-6.4-latest
Fetching https://github.com/StanfordSpezi/SpeziViews.git
Fetching https://github.com/StanfordSpezi/Spezi.git
[1/10350] Fetching spezi
[10351/15482] Fetching spezi, speziviews
Fetched https://github.com/StanfordSpezi/Spezi.git (0.83s)
Fetched https://github.com/StanfordSpezi/SpeziViews.git (0.83s)
Computing version for https://github.com/StanfordSpezi/Spezi.git
Computed https://github.com/StanfordSpezi/Spezi.git at 1.10.2 (1.07s)
Fetching https://github.com/StanfordSpezi/SpeziFoundation.git
Fetching https://github.com/apple/swift-collections.git
Fetching https://github.com/StanfordBDHG/XCTRuntimeAssertions.git
[1/3189] Fetching spezifoundation
[2872/3924] Fetching spezifoundation, xctruntimeassertions
[3925/31586] Fetching spezifoundation, xctruntimeassertions, swift-collections
Fetched https://github.com/StanfordBDHG/XCTRuntimeAssertions.git (1.35s)
Fetched https://github.com/StanfordSpezi/SpeziFoundation.git (1.35s)
Fetched https://github.com/apple/swift-collections.git (1.36s)
Computing version for https://github.com/StanfordBDHG/XCTRuntimeAssertions.git
Computed https://github.com/StanfordBDHG/XCTRuntimeAssertions.git at 2.2.0 (1.59s)
Computing version for https://github.com/StanfordSpezi/SpeziFoundation.git
Computed https://github.com/StanfordSpezi/SpeziFoundation.git at 2.7.7 (0.23s)
Fetching https://github.com/apple/swift-atomics.git
Fetching https://github.com/apple/swift-log
Fetching https://github.com/StanfordBDHG/zstd.git
Fetching https://github.com/apple/swift-algorithms.git
Fetching https://github.com/StanfordBDHG/ThreadLocal.git
[1/8148] Fetching swift-log
[572/14293] Fetching swift-log, swift-algorithms
[2102/77450] Fetching swift-log, swift-algorithms, zstd
[5553/79325] Fetching swift-log, swift-algorithms, zstd, swift-atomics
Fetched https://github.com/apple/swift-log (0.60s)
[17494/71177] Fetching swift-algorithms, zstd, swift-atomics
Fetched https://github.com/apple/swift-atomics.git (0.61s)
[18145/69302] Fetching swift-algorithms, zstd
[32041/69485] Fetching swift-algorithms, zstd, threadlocal
Fetched https://github.com/StanfordBDHG/ThreadLocal.git (0.96s)
Fetched https://github.com/apple/swift-algorithms.git (0.96s)
[26526/63157] Fetching zstd
Fetched https://github.com/StanfordBDHG/zstd.git (1.96s)
Computing version for https://github.com/apple/swift-algorithms.git
Computed https://github.com/apple/swift-algorithms.git at 1.2.1 (3.01s)
Fetching https://github.com/apple/swift-numerics.git
[1/6640] Fetching swift-numerics
Fetched https://github.com/apple/swift-numerics.git (0.63s)
Computing version for https://github.com/apple/swift-atomics.git
Computed https://github.com/apple/swift-atomics.git at 1.3.1 (0.80s)
Computing version for https://github.com/StanfordBDHG/ThreadLocal.git
Computed https://github.com/StanfordBDHG/ThreadLocal.git at 0.1.3 (0.16s)
Fetching https://github.com/swiftlang/swift-syntax.git
[1/80010] Fetching swift-syntax
Fetched https://github.com/swiftlang/swift-syntax.git (2.96s)
Computing version for https://github.com/apple/swift-numerics.git
Computed https://github.com/apple/swift-numerics.git at 1.1.1 (3.14s)
Computing version for https://github.com/swiftlang/swift-syntax.git
Computed https://github.com/swiftlang/swift-syntax.git at 603.0.2 (0.30s)
Computing version for https://github.com/apple/swift-collections.git
Computed https://github.com/apple/swift-collections.git at 1.6.0 (0.28s)
Computing version for https://github.com/apple/swift-log
Computed https://github.com/apple/swift-log at 1.15.1 (0.18s)
Computing version for https://github.com/StanfordSpezi/SpeziViews.git
Computed https://github.com/StanfordSpezi/SpeziViews.git at 1.12.14 (0.21s)
Fetching https://github.com/gonzalezreal/swift-markdown-ui.git
[1/8522] Fetching swift-markdown-ui
Fetched https://github.com/gonzalezreal/swift-markdown-ui.git (1.67s)
Computing version for https://github.com/gonzalezreal/swift-markdown-ui.git
Computed https://github.com/gonzalezreal/swift-markdown-ui.git at 2.4.1 (1.87s)
Fetching https://github.com/swiftlang/swift-cmark
Fetching https://github.com/gonzalezreal/NetworkImage
[1/1072] Fetching networkimage
[1073/19672] Fetching networkimage, swift-cmark
Fetched https://github.com/gonzalezreal/NetworkImage (0.84s)
Fetched https://github.com/swiftlang/swift-cmark (0.85s)
Computing version for https://github.com/gonzalezreal/NetworkImage
Computed https://github.com/gonzalezreal/NetworkImage at 6.0.1 (1.02s)
Computing version for https://github.com/swiftlang/swift-cmark
Computed https://github.com/swiftlang/swift-cmark at 0.9.0 (0.18s)
Computing version for https://github.com/StanfordBDHG/zstd.git
Computed https://github.com/StanfordBDHG/zstd.git at 1.5.8-beta.1 (0.18s)
Creating working copy for https://github.com/apple/swift-numerics.git
Working copy of https://github.com/apple/swift-numerics.git resolved at 1.1.1
Creating working copy for https://github.com/apple/swift-atomics.git
Working copy of https://github.com/apple/swift-atomics.git resolved at 1.3.1
Creating working copy for https://github.com/gonzalezreal/swift-markdown-ui.git
Working copy of https://github.com/gonzalezreal/swift-markdown-ui.git resolved at 2.4.1
Creating working copy for https://github.com/apple/swift-algorithms.git
Working copy of https://github.com/apple/swift-algorithms.git resolved at 1.2.1
Creating working copy for https://github.com/StanfordSpezi/SpeziViews.git
Working copy of https://github.com/StanfordSpezi/SpeziViews.git resolved at 1.12.14
Creating working copy for https://github.com/StanfordBDHG/zstd.git
Working copy of https://github.com/StanfordBDHG/zstd.git resolved at 1.5.8-beta.1
Creating working copy for https://github.com/StanfordSpezi/SpeziFoundation.git
Working copy of https://github.com/StanfordSpezi/SpeziFoundation.git resolved at 2.7.7
Creating working copy for https://github.com/swiftlang/swift-syntax.git
Working copy of https://github.com/swiftlang/swift-syntax.git resolved at 603.0.2
Creating working copy for https://github.com/StanfordSpezi/Spezi.git
Working copy of https://github.com/StanfordSpezi/Spezi.git resolved at 1.10.2
Creating working copy for https://github.com/apple/swift-collections.git
Working copy of https://github.com/apple/swift-collections.git resolved at 1.6.0
Creating working copy for https://github.com/gonzalezreal/NetworkImage
Working copy of https://github.com/gonzalezreal/NetworkImage resolved at 6.0.1
Creating working copy for https://github.com/StanfordBDHG/ThreadLocal.git
Working copy of https://github.com/StanfordBDHG/ThreadLocal.git resolved at 0.1.3
Creating working copy for https://github.com/StanfordBDHG/XCTRuntimeAssertions.git
Working copy of https://github.com/StanfordBDHG/XCTRuntimeAssertions.git resolved at 2.2.0
Creating working copy for https://github.com/apple/swift-log
Working copy of https://github.com/apple/swift-log resolved at 1.15.1
Creating working copy for https://github.com/swiftlang/swift-cmark
Working copy of https://github.com/swiftlang/swift-cmark resolved at 0.9.0
Building for debugging...
[Computing dependencies]
[Constructing description]
[Pre-planning 1 / 1455]
[Planning 1451 / 1455]
[Planning deferred tasks]
[Starting]
warning: no rule to process file '/host/spi-builder-workspace/Sources/XCTSpeziNotificationsUI/Resources/Localizable.xcstrings' of type 'text.json.xcstrings' for architecture 'aarch64'
[58 / 597] XCTSpeziNotificationsUI
warning: no rule to process file '/host/spi-builder-workspace/.build/checkouts/SpeziViews/Sources/SpeziViews/Resources/Localizable.xcstrings' of type 'text.json.xcstrings' for architecture 'aarch64'
warning: no rule to process file '/host/spi-builder-workspace/.build/checkouts/SpeziFoundation/Sources/SpeziFoundation/Resources/Localizable.xcstrings' of type 'text.json.xcstrings' for architecture 'aarch64'
[262 / 597] libzstd
[265 / 597] libzstd
[269 / 597] libzstd
[274 / 597] libzstd
[279 / 597] libzstd
[281 / 597] libzstd
[290 / 597] cmark-gfm-extensions
[301 / 600] cmark-gfm
[318 / 600] cmark-gfm
[331 / 601] _NumericsShims
[366 / 616] SwiftSyntax510
[382 / 625] SwiftSyntax509
[387 / 625] RuntimeAssertions
[387 / 625] SwiftSyntax603
[395 / 627] SwiftSyntax509
[402 / 629] SwiftSyntax602
[409 / 631] SwiftSyntax600
[414 / 631]
[423 / 672] Logging
[424 / 672] RealModule
error: SwiftCompile normal aarch64 /host/spi-builder-workspace/.build/checkouts/XCTRuntimeAssertions/Sources/RuntimeAssertions/RuntimePrecondition.swift failed with a nonzero exit code. Command line:     cd /host
    builtin-SwiftPerFileCompile RuntimePrecondition.swift
/host/spi-builder-workspace/.build/checkouts/XCTRuntimeAssertions/Sources/RuntimeAssertions/RuntimePrecondition.swift:41:5: error: cannot find 'usleep' in scope
39 |     // `wait(for: [expectation], timeout: timeout)`
40 |     // here as we need to make the method independent of XCTestCase to also use it in our TestApp UITest target which fails if you import XCTest.
41 |     usleep(useconds_t(1_000_000 * timeout))
   |     `- error: cannot find 'usleep' in scope
42 |     expressionWorkItem.cancel()
43 | }
/host/spi-builder-workspace/.build/checkouts/XCTRuntimeAssertions/Sources/RuntimeAssertions/RuntimePrecondition.swift:67:5: error: cannot find 'usleep' in scope
65 |     // `wait(for: [expectation], timeout: timeout)`
66 |     // here as we need to make the method independent of XCTestCase to also use it in our TestApp UITest target which fails if you import XCTest.
67 |     usleep(useconds_t(1_000_000 * timeout))
   |     `- error: cannot find 'usleep' in scope
68 |     task.cancel()
69 | }
Failed frontend command:
/root/.local/share/swiftly/toolchains/6.4.x-snapshot-2026-09-04/usr/bin/swift-frontend -frontend -c /host/spi-builder-workspace/.build/checkouts/XCTRuntimeAssertions/Sources/RuntimeAssertions/Assert.swift /host/spi-builder-workspace/.build/checkouts/XCTRuntimeAssertions/Sources/RuntimeAssertions/Counter.swift /host/spi-builder-workspace/.build/checkouts/XCTRuntimeAssertions/Sources/RuntimeAssertions/DebugOnly.swift /host/spi-builder-workspace/.build/checkouts/XCTRuntimeAssertions/Sources/RuntimeAssertions/NeverReturn.swift /host/spi-builder-workspace/.build/checkouts/XCTRuntimeAssertions/Sources/RuntimeAssertions/Precondition.swift /host/spi-builder-workspace/.build/checkouts/XCTRuntimeAssertions/Sources/RuntimeAssertions/RuntimeAssertion.swift /host/spi-builder-workspace/.build/checkouts/XCTRuntimeAssertions/Sources/RuntimeAssertions/RuntimeAssertionInjection.swift -primary-file /host/spi-builder-workspace/.build/checkouts/XCTRuntimeAssertions/Sources/RuntimeAssertions/RuntimePrecondition.swift -emit-dependencies-path /host/spi-builder-workspace/.build/out/Intermediates.noindex/RuntimeAssertions.build/Debug-android-aarch64/RuntimeAssertions-t.build/Objects-normal/aarch64/RuntimePrecondition.d -emit-const-values-path /host/spi-builder-workspace/.build/out/Intermediates.noindex/RuntimeAssertions.build/Debug-android-aarch64/RuntimeAssertions-t.build/Objects-normal/aarch64/RuntimePrecondition.swiftconstvalues -emit-reference-dependencies-path /host/spi-builder-workspace/.build/out/Intermediates.noindex/RuntimeAssertions.build/Debug-android-aarch64/RuntimeAssertions-t.build/Objects-normal/aarch64/RuntimePrecondition.swiftdeps -serialize-diagnostics-path /host/spi-builder-workspace/.build/out/Intermediates.noindex/RuntimeAssertions.build/Debug-android-aarch64/RuntimeAssertions-t.build/Objects-normal/aarch64/RuntimePrecondition.dia -target aarch64-unknown-linux-android28 -Xllvm -aarch64-use-tbi -disable-objc-interop -sdk /android-ndk/android-ndk-r27d/toolchains/llvm/prebuilt/linux-x86_64/sysroot -sysroot /android-ndk/android-ndk-r27d/toolchains/llvm/prebuilt/linux-x86_64/sysroot -I /host/spi-builder-workspace/.build/out/Products/Debug-android-aarch64 -module-cache-path /host/spi-builder-workspace/.build/out/ModuleCache.noindex -color-diagnostics -Xcc -fcolor-diagnostics -enable-testing -g -debug-info-format\=dwarf -dwarf-version\=4 -suppress-warnings -swift-version 5 -Onone -D SWIFT_PACKAGE -D DEBUG -D SWIFT_MODULE_RESOURCE_BUNDLE_UNAVAILABLE -D Xcode -serialize-debugging-options -enable-experimental-feature DebugDescriptionMacro -empty-abi-descriptor -external-plugin-path /root/.local/share/swiftly/toolchains/6.4.x-snapshot-2026-09-04/usr/lib/swift/host/plugins/testing\#/root/.local/share/swiftly/toolchains/6.4.x-snapshot-2026-09-04/usr/bin/swift-plugin-server -user-module-version 2.2.0 -validate-clang-modules-once -clang-build-session-file /host/spi-builder-workspace/.build/out/ModuleCache.noindex/Session.modulevalidation -Xcc -working-directory -Xcc /host -resource-dir /root/.swiftpm/swift-sdks/swift-6.4.x-DEVELOPMENT-SNAPSHOT-2026-09-04-a_android.artifactbundle/swift-android/swift-resources/usr/lib/swift-aarch64 -enable-anonymous-context-mangled-names -file-compilation-dir /host -Xcc -resource-dir -Xcc /android-ndk/android-ndk-r27d/toolchains/llvm/prebuilt/linux-x86_64/lib/clang/18 -Xcc -fno-omit-frame-pointer -Xcc -D_LIBCPP_HARDENING_MODE\=_LIBCPP_HARDENING_MODE_DEBUG -Xcc -fmodules-prune-interval\=86400 -Xcc -fmodules-prune-after\=345600 -Xcc -I/host/spi-builder-workspace/.build/out/Products/Debug-android-aarch64/include -Xcc -I/host/spi-builder-workspace/.build/out/Intermediates.noindex/RuntimeAssertions.build/Debug-android-aarch64/RuntimeAssertions-t.build/DerivedSources-normal/aarch64 -Xcc -I/host/spi-builder-workspace/.build/out/Intermediates.noindex/RuntimeAssertions.build/Debug-android-aarch64/RuntimeAssertions-t.build/DerivedSources/aarch64 -Xcc -I/host/spi-builder-workspace/.build/out/Intermediates.noindex/RuntimeAssertions.build/Debug-android-aarch64/RuntimeAssertions-t.build/DerivedSources -Xcc -DSWIFT_PACKAGE -Xcc -DDEBUG\=1 -no-auto-bridging-header-chaining -module-name RuntimeAssertions -package-name xctruntimeassertions -const-gather-protocols-file /host/spi-builder-workspace/.build/out/Intermediates.noindex/RuntimeAssertions.build/Debug-android-aarch64/RuntimeAssertions-t.build/Objects-normal/aarch64/RuntimeAssertions_const_extract_protocols.json -in-process-plugin-server-path /root/.local/share/swiftly/toolchains/6.4.x-snapshot-2026-09-04/usr/lib/swift/host/libSwiftInProcPluginServer.so -plugin-path /root/.local/share/swiftly/toolchains/6.4.x-snapshot-2026-09-04/usr/lib/swift/host/plugins -plugin-path /root/.local/share/swiftly/toolchains/6.4.x-snapshot-2026-09-04/usr/local/lib/swift/host/plugins -parse-as-library -o /host/spi-builder-workspace/.build/out/Intermediates.noindex/RuntimeAssertions.build/Debug-android-aarch64/RuntimeAssertions-t.build/Objects-normal/aarch64/RuntimePrecondition.o -index-unit-output-path /RuntimeAssertions.build/Debug-android-aarch64/RuntimeAssertions-t.build/Objects-normal/aarch64/RuntimePrecondition.o -index-store-path /host/spi-builder-workspace/.build/out -index-system-modules
error: Build failed
BUILD FAILURE 6.4 android