Build Information
Failed to build TVFocusKit, reference main (4d1c89), with Swift 6.1 for visionOS using Xcode 16.3 on 3 Oct 2026 06:38:38 UTC.
Build Command
env DEVELOPER_DIR=/Applications/Xcode-16.3.0.app xcrun xcodebuild -IDEClonedSourcePackagesDirPathOverride=$PWD/.dependencies -skipMacroValidation -skipPackagePluginValidation -derivedDataPath $PWD/.derivedData build -scheme TVFocusKit -destination generic/platform=xrOSBuild Log
========================================
RunAll
========================================
Builder version: 5.1.1
Interrupt handler set up.
========================================
Checkout
========================================
Clone URL: https://github.com/CreatureSurvive/TVFocusKit.git
Reference: main
Initialized empty Git repository in /Users/admin/builder/spi-builder-workspace/.git/
From https://github.com/CreatureSurvive/TVFocusKit
* branch main -> FETCH_HEAD
* [new branch] main -> origin/main
HEAD is now at 4d1c898 Name SwiftUI items in the focus monitor; add README screenshots
Cloned https://github.com/CreatureSurvive/TVFocusKit.git
Revision (git rev-parse @):
4d1c8981a215b40cc583ae8707bfe200752c5634
SPI manifest file found: $PWD/.spi.yml
SUCCESS checkout https://github.com/CreatureSurvive/TVFocusKit.git at main
========================================
Build
========================================
Selected platform: visionOS
Swift version: 6.1
Building package at path: $PWD
https://github.com/CreatureSurvive/TVFocusKit.git
https://github.com/CreatureSurvive/TVFocusKit.git
{
"dependencies" : [
],
"manifest_display_name" : "TVFocusKit",
"name" : "TVFocusKit",
"path" : "/Users/admin/builder/spi-builder-workspace",
"platforms" : [
{
"name" : "tvos",
"version" : "17.0"
},
{
"name" : "ios",
"version" : "17.0"
},
{
"name" : "macos",
"version" : "14.0"
},
{
"name" : "visionos",
"version" : "1.0"
}
],
"products" : [
{
"name" : "TVFocusKit",
"targets" : [
"TVFocusKit"
],
"type" : {
"library" : [
"automatic"
]
}
}
],
"swift_languages_versions" : [
"6"
],
"targets" : [
{
"c99name" : "TVFocusKitTests",
"module_type" : "SwiftTarget",
"name" : "TVFocusKitTests",
"path" : "Tests/TVFocusKitTests",
"sources" : [
"TVFocusKitTests.swift"
],
"target_dependencies" : [
"TVFocusKit"
],
"type" : "test"
},
{
"c99name" : "TVFocusKit",
"module_type" : "SwiftTarget",
"name" : "TVFocusKit",
"path" : "Sources/TVFocusKit",
"product_memberships" : [
"TVFocusKit"
],
"sources" : [
"FocusDebug.swift",
"FocusMemory.swift",
"FocusRequest.swift",
"FocusShelf.swift",
"ShelfStack.swift"
],
"type" : "library"
}
],
"tools_version" : "6.0"
}
Command line invocation:
/Applications/Xcode-16.3.0.app/Contents/Developer/usr/bin/xcodebuild -IDEClonedSourcePackagesDirPathOverride=/Users/admin/builder/spi-builder-workspace/.dependencies -resolvePackageDependencies
Resolve Package Graph
Resolve Package Graph
Resolved source packages:
TVFocusKit: /Users/admin/builder/spi-builder-workspace
resolved source packages: TVFocusKit
{
"dependencies" : [
],
"manifest_display_name" : "TVFocusKit",
"name" : "TVFocusKit",
"path" : "/Users/admin/builder/spi-builder-workspace",
"platforms" : [
{
"name" : "tvos",
"version" : "17.0"
},
{
"name" : "ios",
"version" : "17.0"
},
{
"name" : "macos",
"version" : "14.0"
},
{
"name" : "visionos",
"version" : "1.0"
}
],
"products" : [
{
"name" : "TVFocusKit",
"targets" : [
"TVFocusKit"
],
"type" : {
"library" : [
"automatic"
]
}
}
],
"swift_languages_versions" : [
"6"
],
"targets" : [
{
"c99name" : "TVFocusKitTests",
"module_type" : "SwiftTarget",
"name" : "TVFocusKitTests",
"path" : "Tests/TVFocusKitTests",
"sources" : [
"TVFocusKitTests.swift"
],
"target_dependencies" : [
"TVFocusKit"
],
"type" : "test"
},
{
"c99name" : "TVFocusKit",
"module_type" : "SwiftTarget",
"name" : "TVFocusKit",
"path" : "Sources/TVFocusKit",
"product_memberships" : [
"TVFocusKit"
],
"sources" : [
"FocusDebug.swift",
"FocusMemory.swift",
"FocusRequest.swift",
"FocusShelf.swift",
"ShelfStack.swift"
],
"type" : "library"
}
],
"tools_version" : "6.0"
}
{
"workspace" : {
"name" : "spi-builder-workspace",
"schemes" : [
"TVFocusKit"
]
}
}
Running build ...
env DEVELOPER_DIR=/Applications/Xcode-16.3.0.app xcrun xcodebuild -IDEClonedSourcePackagesDirPathOverride=$PWD/.dependencies -skipMacroValidation -skipPackagePluginValidation -derivedDataPath $PWD/.derivedData build -scheme TVFocusKit -destination generic/platform=xrOS OTHER_SWIFT_FLAGS=-stats-output-dir .stats
Command line invocation:
/Applications/Xcode-16.3.0.app/Contents/Developer/usr/bin/xcodebuild -IDEClonedSourcePackagesDirPathOverride=/Users/admin/builder/spi-builder-workspace/.dependencies -skipMacroValidation -skipPackagePluginValidation -derivedDataPath /Users/admin/builder/spi-builder-workspace/.derivedData build -scheme TVFocusKit -destination generic/platform=xrOS "OTHER_SWIFT_FLAGS=-stats-output-dir .stats"
Build settings from command line:
OTHER_SWIFT_FLAGS = -stats-output-dir .stats
Resolve Package Graph
Resolved source packages:
TVFocusKit: /Users/admin/builder/spi-builder-workspace
ComputePackagePrebuildTargetDependencyGraph
Prepare packages
CreateBuildRequest
SendProjectDescription
CreateBuildOperation
ComputeTargetDependencyGraph
note: Building targets in dependency order
note: Target dependency graph (2 targets)
Target 'TVFocusKit' in project 'TVFocusKit'
➜ Explicit dependency on target 'TVFocusKit' in project 'TVFocusKit'
Target 'TVFocusKit' in project 'TVFocusKit' (no dependencies)
GatherProvisioningInputs
CreateBuildDescription
ExecuteExternalTool /Applications/Xcode-16.3.0.app/Contents/Developer/Toolchains/XcodeDefault.xctoolchain/usr/bin/clang -v -E -dM -isysroot /Applications/Xcode-16.3.0.app/Contents/Developer/Platforms/XROS.platform/Developer/SDKs/XROS2.4.sdk -x c -c /dev/null
ExecuteExternalTool /Applications/Xcode-16.3.0.app/Contents/Developer/Toolchains/XcodeDefault.xctoolchain/usr/bin/swiftc --version
ExecuteExternalTool /Applications/Xcode-16.3.0.app/Contents/Developer/Toolchains/XcodeDefault.xctoolchain/usr/bin/ld -version_details
Build description signature: 365e8aacb7c79409564074a23d7dc1d6
Build description path: /Users/admin/builder/spi-builder-workspace/.derivedData/Build/Intermediates.noindex/XCBuildData/365e8aacb7c79409564074a23d7dc1d6.xcbuilddata
CreateBuildDirectory /Users/admin/builder/spi-builder-workspace/.derivedData/Build/Products
cd /Users/admin/builder/spi-builder-workspace/.swiftpm/xcode
builtin-create-build-directory /Users/admin/builder/spi-builder-workspace/.derivedData/Build/Products
ClangStatCache /Applications/Xcode-16.3.0.app/Contents/Developer/Toolchains/XcodeDefault.xctoolchain/usr/bin/clang-stat-cache /Applications/Xcode-16.3.0.app/Contents/Developer/Platforms/XROS.platform/Developer/SDKs/XROS2.4.sdk /Users/admin/builder/spi-builder-workspace/.derivedData/SDKStatCaches.noindex/xros2.4-22O233-407b76dbb837030756cbe1ab3f0b01b6.sdkstatcache
cd /Users/admin/builder/spi-builder-workspace/.swiftpm/xcode
/Applications/Xcode-16.3.0.app/Contents/Developer/Toolchains/XcodeDefault.xctoolchain/usr/bin/clang-stat-cache /Applications/Xcode-16.3.0.app/Contents/Developer/Platforms/XROS.platform/Developer/SDKs/XROS2.4.sdk -o /Users/admin/builder/spi-builder-workspace/.derivedData/SDKStatCaches.noindex/xros2.4-22O233-407b76dbb837030756cbe1ab3f0b01b6.sdkstatcache
CreateBuildDirectory /Users/admin/builder/spi-builder-workspace/.derivedData/Build/Intermediates.noindex
cd /Users/admin/builder/spi-builder-workspace/.swiftpm/xcode
builtin-create-build-directory /Users/admin/builder/spi-builder-workspace/.derivedData/Build/Intermediates.noindex
CreateBuildDirectory /Users/admin/builder/spi-builder-workspace/.derivedData/Build/Intermediates.noindex/EagerLinkingTBDs/Debug-xros
cd /Users/admin/builder/spi-builder-workspace/.swiftpm/xcode
builtin-create-build-directory /Users/admin/builder/spi-builder-workspace/.derivedData/Build/Intermediates.noindex/EagerLinkingTBDs/Debug-xros
CreateBuildDirectory /Users/admin/builder/spi-builder-workspace/.derivedData/Build/Products/Debug-xros
cd /Users/admin/builder/spi-builder-workspace/.swiftpm/xcode
builtin-create-build-directory /Users/admin/builder/spi-builder-workspace/.derivedData/Build/Products/Debug-xros
CreateBuildDirectory /Users/admin/builder/spi-builder-workspace/.derivedData/Build/Products/Debug-xros/PackageFrameworks
cd /Users/admin/builder/spi-builder-workspace/.swiftpm/xcode
builtin-create-build-directory /Users/admin/builder/spi-builder-workspace/.derivedData/Build/Products/Debug-xros/PackageFrameworks
WriteAuxiliaryFile /Users/admin/builder/spi-builder-workspace/.derivedData/Build/Intermediates.noindex/TVFocusKit.build/Debug-xros/TVFocusKit.build/TVFocusKit.DependencyMetadataFileList (in target 'TVFocusKit' from project 'TVFocusKit')
cd /Users/admin/builder/spi-builder-workspace
write-file /Users/admin/builder/spi-builder-workspace/.derivedData/Build/Intermediates.noindex/TVFocusKit.build/Debug-xros/TVFocusKit.build/TVFocusKit.DependencyMetadataFileList
WriteAuxiliaryFile /Users/admin/builder/spi-builder-workspace/.derivedData/Build/Intermediates.noindex/TVFocusKit.build/Debug-xros/TVFocusKit.build/TVFocusKit.modulemap (in target 'TVFocusKit' from project 'TVFocusKit')
cd /Users/admin/builder/spi-builder-workspace
write-file /Users/admin/builder/spi-builder-workspace/.derivedData/Build/Intermediates.noindex/TVFocusKit.build/Debug-xros/TVFocusKit.build/TVFocusKit.modulemap
WriteAuxiliaryFile /Users/admin/builder/spi-builder-workspace/.derivedData/Build/Intermediates.noindex/TVFocusKit.build/Debug-xros/TVFocusKit.build/TVFocusKit.DependencyStaticMetadataFileList (in target 'TVFocusKit' from project 'TVFocusKit')
cd /Users/admin/builder/spi-builder-workspace
write-file /Users/admin/builder/spi-builder-workspace/.derivedData/Build/Intermediates.noindex/TVFocusKit.build/Debug-xros/TVFocusKit.build/TVFocusKit.DependencyStaticMetadataFileList
WriteAuxiliaryFile /Users/admin/builder/spi-builder-workspace/.derivedData/Build/Intermediates.noindex/TVFocusKit.build/Debug-xros/TVFocusKit.build/Objects-normal/arm64/TVFocusKit.SwiftConstValuesFileList (in target 'TVFocusKit' from project 'TVFocusKit')
cd /Users/admin/builder/spi-builder-workspace
write-file /Users/admin/builder/spi-builder-workspace/.derivedData/Build/Intermediates.noindex/TVFocusKit.build/Debug-xros/TVFocusKit.build/Objects-normal/arm64/TVFocusKit.SwiftConstValuesFileList
WriteAuxiliaryFile /Users/admin/builder/spi-builder-workspace/.derivedData/Build/Intermediates.noindex/TVFocusKit.build/Debug-xros/TVFocusKit.build/Objects-normal/arm64/TVFocusKit_const_extract_protocols.json (in target 'TVFocusKit' from project 'TVFocusKit')
cd /Users/admin/builder/spi-builder-workspace
write-file /Users/admin/builder/spi-builder-workspace/.derivedData/Build/Intermediates.noindex/TVFocusKit.build/Debug-xros/TVFocusKit.build/Objects-normal/arm64/TVFocusKit_const_extract_protocols.json
WriteAuxiliaryFile /Users/admin/builder/spi-builder-workspace/.derivedData/Build/Intermediates.noindex/TVFocusKit.build/Debug-xros/TVFocusKit.build/Objects-normal/arm64/TVFocusKit.SwiftFileList (in target 'TVFocusKit' from project 'TVFocusKit')
cd /Users/admin/builder/spi-builder-workspace
write-file /Users/admin/builder/spi-builder-workspace/.derivedData/Build/Intermediates.noindex/TVFocusKit.build/Debug-xros/TVFocusKit.build/Objects-normal/arm64/TVFocusKit.SwiftFileList
WriteAuxiliaryFile /Users/admin/builder/spi-builder-workspace/.derivedData/Build/Intermediates.noindex/TVFocusKit.build/Debug-xros/TVFocusKit.build/Objects-normal/arm64/TVFocusKit-OutputFileMap.json (in target 'TVFocusKit' from project 'TVFocusKit')
cd /Users/admin/builder/spi-builder-workspace
write-file /Users/admin/builder/spi-builder-workspace/.derivedData/Build/Intermediates.noindex/TVFocusKit.build/Debug-xros/TVFocusKit.build/Objects-normal/arm64/TVFocusKit-OutputFileMap.json
WriteAuxiliaryFile /Users/admin/builder/spi-builder-workspace/.derivedData/Build/Intermediates.noindex/TVFocusKit.build/Debug-xros/TVFocusKit.build/Objects-normal/arm64/TVFocusKit.LinkFileList (in target 'TVFocusKit' from project 'TVFocusKit')
cd /Users/admin/builder/spi-builder-workspace
write-file /Users/admin/builder/spi-builder-workspace/.derivedData/Build/Intermediates.noindex/TVFocusKit.build/Debug-xros/TVFocusKit.build/Objects-normal/arm64/TVFocusKit.LinkFileList
Copy /Users/admin/builder/spi-builder-workspace/.derivedData/Build/Intermediates.noindex/GeneratedModuleMaps-xros/TVFocusKit.modulemap /Users/admin/builder/spi-builder-workspace/.derivedData/Build/Intermediates.noindex/TVFocusKit.build/Debug-xros/TVFocusKit.build/TVFocusKit.modulemap (in target 'TVFocusKit' from project 'TVFocusKit')
cd /Users/admin/builder/spi-builder-workspace
builtin-copy -exclude .DS_Store -exclude CVS -exclude .svn -exclude .git -exclude .hg -resolve-src-symlinks /Users/admin/builder/spi-builder-workspace/.derivedData/Build/Intermediates.noindex/TVFocusKit.build/Debug-xros/TVFocusKit.build/TVFocusKit.modulemap /Users/admin/builder/spi-builder-workspace/.derivedData/Build/Intermediates.noindex/GeneratedModuleMaps-xros
SwiftDriver TVFocusKit normal arm64 com.apple.xcode.tools.swift.compiler (in target 'TVFocusKit' from project 'TVFocusKit')
cd /Users/admin/builder/spi-builder-workspace/.swiftpm/xcode
builtin-SwiftDriver -- /Applications/Xcode-16.3.0.app/Contents/Developer/Toolchains/XcodeDefault.xctoolchain/usr/bin/swiftc -module-name TVFocusKit -Onone -enforce-exclusivity\=checked @/Users/admin/builder/spi-builder-workspace/.derivedData/Build/Intermediates.noindex/TVFocusKit.build/Debug-xros/TVFocusKit.build/Objects-normal/arm64/TVFocusKit.SwiftFileList -DSWIFT_PACKAGE -DDEBUG -stats-output-dir .stats -plugin-path /Applications/Xcode-16.3.0.app/Contents/Developer/Toolchains/XcodeDefault.xctoolchain/usr/lib/swift/host/plugins/testing -enable-experimental-feature DebugDescriptionMacro -sdk /Applications/Xcode-16.3.0.app/Contents/Developer/Platforms/XROS.platform/Developer/SDKs/XROS2.4.sdk -target arm64-apple-xros1.0 -g -module-cache-path /Users/admin/builder/spi-builder-workspace/.derivedData/ModuleCache.noindex -Xfrontend -serialize-debugging-options -profile-coverage-mapping -profile-generate -enable-testing -index-store-path /Users/admin/builder/spi-builder-workspace/.derivedData/Index.noindex/DataStore -swift-version 6 -I /Users/admin/builder/spi-builder-workspace/.derivedData/Build/Products/Debug-xros -I /Applications/Xcode-16.3.0.app/Contents/Developer/Platforms/XROS.platform/Developer/usr/lib -F /Users/admin/builder/spi-builder-workspace/.derivedData/Build/Products/Debug-xros -F /Applications/Xcode-16.3.0.app/Contents/Developer/Platforms/XROS.platform/Developer/Library/Frameworks -F /Applications/Xcode-16.3.0.app/Contents/Developer/Platforms/XROS.platform/Developer/SDKs/XROS2.4.sdk/Developer/Library/Frameworks -c -j10 -enable-batch-mode -incremental -Xcc -ivfsstatcache -Xcc /Users/admin/builder/spi-builder-workspace/.derivedData/SDKStatCaches.noindex/xros2.4-22O233-407b76dbb837030756cbe1ab3f0b01b6.sdkstatcache -output-file-map /Users/admin/builder/spi-builder-workspace/.derivedData/Build/Intermediates.noindex/TVFocusKit.build/Debug-xros/TVFocusKit.build/Objects-normal/arm64/TVFocusKit-OutputFileMap.json -use-frontend-parseable-output -save-temps -no-color-diagnostics -serialize-diagnostics -emit-dependencies -emit-module -emit-module-path /Users/admin/builder/spi-builder-workspace/.derivedData/Build/Intermediates.noindex/TVFocusKit.build/Debug-xros/TVFocusKit.build/Objects-normal/arm64/TVFocusKit.swiftmodule -validate-clang-modules-once -clang-build-session-file /Users/admin/builder/spi-builder-workspace/.derivedData/ModuleCache.noindex/Session.modulevalidation -package-name spi_builder_workspace -Xcc -I/Users/admin/builder/spi-builder-workspace/.derivedData/Build/Intermediates.noindex/TVFocusKit.build/Debug-xros/TVFocusKit.build/swift-overrides.hmap -emit-const-values -Xfrontend -const-gather-protocols-file -Xfrontend /Users/admin/builder/spi-builder-workspace/.derivedData/Build/Intermediates.noindex/TVFocusKit.build/Debug-xros/TVFocusKit.build/Objects-normal/arm64/TVFocusKit_const_extract_protocols.json -Xcc -I/Users/admin/builder/spi-builder-workspace/.derivedData/Build/Products/Debug-xros/include -Xcc -I/Users/admin/builder/spi-builder-workspace/.derivedData/Build/Intermediates.noindex/TVFocusKit.build/Debug-xros/TVFocusKit.build/DerivedSources-normal/arm64 -Xcc -I/Users/admin/builder/spi-builder-workspace/.derivedData/Build/Intermediates.noindex/TVFocusKit.build/Debug-xros/TVFocusKit.build/DerivedSources/arm64 -Xcc -I/Users/admin/builder/spi-builder-workspace/.derivedData/Build/Intermediates.noindex/TVFocusKit.build/Debug-xros/TVFocusKit.build/DerivedSources -Xcc -DSWIFT_PACKAGE -Xcc -DDEBUG\=1 -emit-objc-header -emit-objc-header-path /Users/admin/builder/spi-builder-workspace/.derivedData/Build/Intermediates.noindex/TVFocusKit.build/Debug-xros/TVFocusKit.build/Objects-normal/arm64/TVFocusKit-Swift.h -working-directory /Users/admin/builder/spi-builder-workspace/.swiftpm/xcode -experimental-emit-module-separately -disable-cmo
SwiftEmitModule normal arm64 Emitting\ module\ for\ TVFocusKit (in target 'TVFocusKit' from project 'TVFocusKit')
EmitSwiftModule normal arm64 (in target 'TVFocusKit' from project 'TVFocusKit')
cd /Users/admin/builder/spi-builder-workspace/.swiftpm/xcode
SwiftCompile normal arm64 Compiling\ FocusRequest.swift /Users/admin/builder/spi-builder-workspace/Sources/TVFocusKit/FocusRequest.swift (in target 'TVFocusKit' from project 'TVFocusKit')
SwiftCompile normal arm64 /Users/admin/builder/spi-builder-workspace/Sources/TVFocusKit/FocusRequest.swift (in target 'TVFocusKit' from project 'TVFocusKit')
cd /Users/admin/builder/spi-builder-workspace/.swiftpm/xcode
SwiftCompile normal arm64 Compiling\ FocusShelf.swift /Users/admin/builder/spi-builder-workspace/Sources/TVFocusKit/FocusShelf.swift (in target 'TVFocusKit' from project 'TVFocusKit')
SwiftCompile normal arm64 /Users/admin/builder/spi-builder-workspace/Sources/TVFocusKit/FocusShelf.swift (in target 'TVFocusKit' from project 'TVFocusKit')
cd /Users/admin/builder/spi-builder-workspace/.swiftpm/xcode
SwiftCompile normal arm64 Compiling\ ShelfStack.swift /Users/admin/builder/spi-builder-workspace/Sources/TVFocusKit/ShelfStack.swift (in target 'TVFocusKit' from project 'TVFocusKit')
SwiftCompile normal arm64 /Users/admin/builder/spi-builder-workspace/Sources/TVFocusKit/ShelfStack.swift (in target 'TVFocusKit' from project 'TVFocusKit')
cd /Users/admin/builder/spi-builder-workspace/.swiftpm/xcode
SwiftCompile normal arm64 Compiling\ FocusDebug.swift /Users/admin/builder/spi-builder-workspace/Sources/TVFocusKit/FocusDebug.swift (in target 'TVFocusKit' from project 'TVFocusKit')
SwiftCompile normal arm64 /Users/admin/builder/spi-builder-workspace/Sources/TVFocusKit/FocusDebug.swift (in target 'TVFocusKit' from project 'TVFocusKit')
cd /Users/admin/builder/spi-builder-workspace/.swiftpm/xcode
/Users/admin/builder/spi-builder-workspace/Sources/TVFocusKit/FocusDebug.swift:242:55: error: 'screen' is unavailable in visionOS
let target = window.convert(frame, to: window.screen.coordinateSpace)
^~~~~~
/Applications/Xcode-16.3.0.app/Contents/Developer/Platforms/XROS.platform/Developer/SDKs/XROS2.4.sdk/System/Library/Frameworks/UIKit.framework/Headers/UIWindow.h:34:39: note: 'screen' has been explicitly marked unavailable here
@property(nonatomic,strong) UIScreen *screen API_AVAILABLE(ios(3.2)) API_UNAVAILABLE(visionos); // default is [UIScreen mainScreen]. changing the screen may be an expensive operation and should not be done in performance-sensitive code
^
Failed frontend command:
/Applications/Xcode-16.3.0.app/Contents/Developer/Toolchains/XcodeDefault.xctoolchain/usr/bin/swift-frontend -frontend -c -primary-file /Users/admin/builder/spi-builder-workspace/Sources/TVFocusKit/FocusDebug.swift /Users/admin/builder/spi-builder-workspace/Sources/TVFocusKit/FocusMemory.swift /Users/admin/builder/spi-builder-workspace/Sources/TVFocusKit/FocusRequest.swift /Users/admin/builder/spi-builder-workspace/Sources/TVFocusKit/FocusShelf.swift /Users/admin/builder/spi-builder-workspace/Sources/TVFocusKit/ShelfStack.swift -emit-dependencies-path /Users/admin/builder/spi-builder-workspace/.derivedData/Build/Intermediates.noindex/TVFocusKit.build/Debug-xros/TVFocusKit.build/Objects-normal/arm64/FocusDebug.d -emit-const-values-path /Users/admin/builder/spi-builder-workspace/.derivedData/Build/Intermediates.noindex/TVFocusKit.build/Debug-xros/TVFocusKit.build/Objects-normal/arm64/FocusDebug.swiftconstvalues -emit-reference-dependencies-path /Users/admin/builder/spi-builder-workspace/.derivedData/Build/Intermediates.noindex/TVFocusKit.build/Debug-xros/TVFocusKit.build/Objects-normal/arm64/FocusDebug.swiftdeps -serialize-diagnostics-path /Users/admin/builder/spi-builder-workspace/.derivedData/Build/Intermediates.noindex/TVFocusKit.build/Debug-xros/TVFocusKit.build/Objects-normal/arm64/FocusDebug.dia -target arm64-apple-xros1.0 -Xllvm -aarch64-use-tbi -enable-objc-interop -stack-check -sdk /Applications/Xcode-16.3.0.app/Contents/Developer/Platforms/XROS.platform/Developer/SDKs/XROS2.4.sdk -I /Users/admin/builder/spi-builder-workspace/.derivedData/Build/Products/Debug-xros -I /Applications/Xcode-16.3.0.app/Contents/Developer/Platforms/XROS.platform/Developer/usr/lib -F /Users/admin/builder/spi-builder-workspace/.derivedData/Build/Products/Debug-xros -F /Applications/Xcode-16.3.0.app/Contents/Developer/Platforms/XROS.platform/Developer/Library/Frameworks -F /Applications/Xcode-16.3.0.app/Contents/Developer/Platforms/XROS.platform/Developer/SDKs/XROS2.4.sdk/Developer/Library/Frameworks -no-color-diagnostics -enable-testing -g -debug-info-format\=dwarf -dwarf-version\=4 -module-cache-path /Users/admin/builder/spi-builder-workspace/.derivedData/ModuleCache.noindex -profile-generate -profile-coverage-mapping -swift-version 6 -enforce-exclusivity\=checked -stats-output-dir /Users/admin/builder/spi-builder-workspace/.swiftpm/xcode/.stats -Onone -D SWIFT_PACKAGE -D DEBUG -serialize-debugging-options -const-gather-protocols-file /Users/admin/builder/spi-builder-workspace/.derivedData/Build/Intermediates.noindex/TVFocusKit.build/Debug-xros/TVFocusKit.build/Objects-normal/arm64/TVFocusKit_const_extract_protocols.json -enable-experimental-feature DebugDescriptionMacro -empty-abi-descriptor -plugin-path /Applications/Xcode-16.3.0.app/Contents/Developer/Toolchains/XcodeDefault.xctoolchain/usr/lib/swift/host/plugins/testing -validate-clang-modules-once -clang-build-session-file /Users/admin/builder/spi-builder-workspace/.derivedData/ModuleCache.noindex/Session.modulevalidation -Xcc -working-directory -Xcc /Users/admin/builder/spi-builder-workspace/.swiftpm/xcode -resource-dir /Applications/Xcode-16.3.0.app/Contents/Developer/Toolchains/XcodeDefault.xctoolchain/usr/lib/swift -enable-anonymous-context-mangled-names -file-compilation-dir /Users/admin/builder/spi-builder-workspace/.swiftpm/xcode -Xcc -ivfsstatcache -Xcc /Users/admin/builder/spi-builder-workspace/.derivedData/SDKStatCaches.noindex/xros2.4-22O233-407b76dbb837030756cbe1ab3f0b01b6.sdkstatcache -Xcc -I/Users/admin/builder/spi-builder-workspace/.derivedData/Build/Intermediates.noindex/TVFocusKit.build/Debug-xros/TVFocusKit.build/swift-overrides.hmap -Xcc -I/Users/admin/builder/spi-builder-workspace/.derivedData/Build/Products/Debug-xros/include -Xcc -I/Users/admin/builder/spi-builder-workspace/.derivedData/Build/Intermediates.noindex/TVFocusKit.build/Debug-xros/TVFocusKit.build/DerivedSources-normal/arm64 -Xcc -I/Users/admin/builder/spi-builder-workspace/.derivedData/Build/Intermediates.noindex/TVFocusKit.build/Debug-xros/TVFocusKit.build/DerivedSources/arm64 -Xcc -I/Users/admin/builder/spi-builder-workspace/.derivedData/Build/Intermediates.noindex/TVFocusKit.build/Debug-xros/TVFocusKit.build/DerivedSources -Xcc -DSWIFT_PACKAGE -Xcc -DDEBUG\=1 -module-name TVFocusKit -package-name spi_builder_workspace -frontend-parseable-output -disable-clang-spi -target-sdk-version 2.4 -target-sdk-name xros2.4 -external-plugin-path /Applications/Xcode-16.3.0.app/Contents/Developer/Platforms/XROS.platform/Developer/usr/lib/swift/host/plugins\#/Applications/Xcode-16.3.0.app/Contents/Developer/Platforms/XROS.platform/Developer/usr/bin/swift-plugin-server -external-plugin-path /Applications/Xcode-16.3.0.app/Contents/Developer/Platforms/XROS.platform/Developer/usr/local/lib/swift/host/plugins\#/Applications/Xcode-16.3.0.app/Contents/Developer/Platforms/XROS.platform/Developer/usr/bin/swift-plugin-server -in-process-plugin-server-path /Applications/Xcode-16.3.0.app/Contents/Developer/Toolchains/XcodeDefault.xctoolchain/usr/lib/swift/host/libSwiftInProcPluginServer.dylib -plugin-path /Applications/Xcode-16.3.0.app/Contents/Developer/Toolchains/XcodeDefault.xctoolchain/usr/lib/swift/host/plugins -plugin-path /Applications/Xcode-16.3.0.app/Contents/Developer/Toolchains/XcodeDefault.xctoolchain/usr/local/lib/swift/host/plugins -o /Users/admin/builder/spi-builder-workspace/.derivedData/Build/Intermediates.noindex/TVFocusKit.build/Debug-xros/TVFocusKit.build/Objects-normal/arm64/FocusDebug.o -index-unit-output-path /TVFocusKit.build/Debug-xros/TVFocusKit.build/Objects-normal/arm64/FocusDebug.o -index-store-path /Users/admin/builder/spi-builder-workspace/.derivedData/Index.noindex/DataStore -index-system-modules
SwiftCompile normal arm64 Compiling\ FocusMemory.swift /Users/admin/builder/spi-builder-workspace/Sources/TVFocusKit/FocusMemory.swift (in target 'TVFocusKit' from project 'TVFocusKit')
SwiftCompile normal arm64 /Users/admin/builder/spi-builder-workspace/Sources/TVFocusKit/FocusMemory.swift (in target 'TVFocusKit' from project 'TVFocusKit')
cd /Users/admin/builder/spi-builder-workspace/.swiftpm/xcode
SwiftDriverJobDiscovery normal arm64 Emitting module for TVFocusKit (in target 'TVFocusKit' from project 'TVFocusKit')
SwiftDriver\ Compilation\ Requirements TVFocusKit normal arm64 com.apple.xcode.tools.swift.compiler (in target 'TVFocusKit' from project 'TVFocusKit')
cd /Users/admin/builder/spi-builder-workspace/.swiftpm/xcode
builtin-Swift-Compilation-Requirements -- /Applications/Xcode-16.3.0.app/Contents/Developer/Toolchains/XcodeDefault.xctoolchain/usr/bin/swiftc -module-name TVFocusKit -Onone -enforce-exclusivity\=checked @/Users/admin/builder/spi-builder-workspace/.derivedData/Build/Intermediates.noindex/TVFocusKit.build/Debug-xros/TVFocusKit.build/Objects-normal/arm64/TVFocusKit.SwiftFileList -DSWIFT_PACKAGE -DDEBUG -stats-output-dir .stats -plugin-path /Applications/Xcode-16.3.0.app/Contents/Developer/Toolchains/XcodeDefault.xctoolchain/usr/lib/swift/host/plugins/testing -enable-experimental-feature DebugDescriptionMacro -sdk /Applications/Xcode-16.3.0.app/Contents/Developer/Platforms/XROS.platform/Developer/SDKs/XROS2.4.sdk -target arm64-apple-xros1.0 -g -module-cache-path /Users/admin/builder/spi-builder-workspace/.derivedData/ModuleCache.noindex -Xfrontend -serialize-debugging-options -profile-coverage-mapping -profile-generate -enable-testing -index-store-path /Users/admin/builder/spi-builder-workspace/.derivedData/Index.noindex/DataStore -swift-version 6 -I /Users/admin/builder/spi-builder-workspace/.derivedData/Build/Products/Debug-xros -I /Applications/Xcode-16.3.0.app/Contents/Developer/Platforms/XROS.platform/Developer/usr/lib -F /Users/admin/builder/spi-builder-workspace/.derivedData/Build/Products/Debug-xros -F /Applications/Xcode-16.3.0.app/Contents/Developer/Platforms/XROS.platform/Developer/Library/Frameworks -F /Applications/Xcode-16.3.0.app/Contents/Developer/Platforms/XROS.platform/Developer/SDKs/XROS2.4.sdk/Developer/Library/Frameworks -c -j10 -enable-batch-mode -incremental -Xcc -ivfsstatcache -Xcc /Users/admin/builder/spi-builder-workspace/.derivedData/SDKStatCaches.noindex/xros2.4-22O233-407b76dbb837030756cbe1ab3f0b01b6.sdkstatcache -output-file-map /Users/admin/builder/spi-builder-workspace/.derivedData/Build/Intermediates.noindex/TVFocusKit.build/Debug-xros/TVFocusKit.build/Objects-normal/arm64/TVFocusKit-OutputFileMap.json -use-frontend-parseable-output -save-temps -no-color-diagnostics -serialize-diagnostics -emit-dependencies -emit-module -emit-module-path /Users/admin/builder/spi-builder-workspace/.derivedData/Build/Intermediates.noindex/TVFocusKit.build/Debug-xros/TVFocusKit.build/Objects-normal/arm64/TVFocusKit.swiftmodule -validate-clang-modules-once -clang-build-session-file /Users/admin/builder/spi-builder-workspace/.derivedData/ModuleCache.noindex/Session.modulevalidation -package-name spi_builder_workspace -Xcc -I/Users/admin/builder/spi-builder-workspace/.derivedData/Build/Intermediates.noindex/TVFocusKit.build/Debug-xros/TVFocusKit.build/swift-overrides.hmap -emit-const-values -Xfrontend -const-gather-protocols-file -Xfrontend /Users/admin/builder/spi-builder-workspace/.derivedData/Build/Intermediates.noindex/TVFocusKit.build/Debug-xros/TVFocusKit.build/Objects-normal/arm64/TVFocusKit_const_extract_protocols.json -Xcc -I/Users/admin/builder/spi-builder-workspace/.derivedData/Build/Products/Debug-xros/include -Xcc -I/Users/admin/builder/spi-builder-workspace/.derivedData/Build/Intermediates.noindex/TVFocusKit.build/Debug-xros/TVFocusKit.build/DerivedSources-normal/arm64 -Xcc -I/Users/admin/builder/spi-builder-workspace/.derivedData/Build/Intermediates.noindex/TVFocusKit.build/Debug-xros/TVFocusKit.build/DerivedSources/arm64 -Xcc -I/Users/admin/builder/spi-builder-workspace/.derivedData/Build/Intermediates.noindex/TVFocusKit.build/Debug-xros/TVFocusKit.build/DerivedSources -Xcc -DSWIFT_PACKAGE -Xcc -DDEBUG\=1 -emit-objc-header -emit-objc-header-path /Users/admin/builder/spi-builder-workspace/.derivedData/Build/Intermediates.noindex/TVFocusKit.build/Debug-xros/TVFocusKit.build/Objects-normal/arm64/TVFocusKit-Swift.h -working-directory /Users/admin/builder/spi-builder-workspace/.swiftpm/xcode -experimental-emit-module-separately -disable-cmo
SwiftMergeGeneratedHeaders /Users/admin/builder/spi-builder-workspace/.derivedData/Build/Intermediates.noindex/GeneratedModuleMaps-xros/TVFocusKit-Swift.h /Users/admin/builder/spi-builder-workspace/.derivedData/Build/Intermediates.noindex/TVFocusKit.build/Debug-xros/TVFocusKit.build/Objects-normal/arm64/TVFocusKit-Swift.h (in target 'TVFocusKit' from project 'TVFocusKit')
cd /Users/admin/builder/spi-builder-workspace
builtin-swiftHeaderTool -arch arm64 /Users/admin/builder/spi-builder-workspace/.derivedData/Build/Intermediates.noindex/TVFocusKit.build/Debug-xros/TVFocusKit.build/Objects-normal/arm64/TVFocusKit-Swift.h -o /Users/admin/builder/spi-builder-workspace/.derivedData/Build/Intermediates.noindex/GeneratedModuleMaps-xros/TVFocusKit-Swift.h
Copy /Users/admin/builder/spi-builder-workspace/.derivedData/Build/Products/Debug-xros/TVFocusKit.swiftmodule/arm64-apple-xros.abi.json /Users/admin/builder/spi-builder-workspace/.derivedData/Build/Intermediates.noindex/TVFocusKit.build/Debug-xros/TVFocusKit.build/Objects-normal/arm64/TVFocusKit.abi.json (in target 'TVFocusKit' from project 'TVFocusKit')
cd /Users/admin/builder/spi-builder-workspace
builtin-copy -exclude .DS_Store -exclude CVS -exclude .svn -exclude .git -exclude .hg -resolve-src-symlinks -rename /Users/admin/builder/spi-builder-workspace/.derivedData/Build/Intermediates.noindex/TVFocusKit.build/Debug-xros/TVFocusKit.build/Objects-normal/arm64/TVFocusKit.abi.json /Users/admin/builder/spi-builder-workspace/.derivedData/Build/Products/Debug-xros/TVFocusKit.swiftmodule/arm64-apple-xros.abi.json
Copy /Users/admin/builder/spi-builder-workspace/.derivedData/Build/Products/Debug-xros/TVFocusKit.swiftmodule/arm64-apple-xros.swiftdoc /Users/admin/builder/spi-builder-workspace/.derivedData/Build/Intermediates.noindex/TVFocusKit.build/Debug-xros/TVFocusKit.build/Objects-normal/arm64/TVFocusKit.swiftdoc (in target 'TVFocusKit' from project 'TVFocusKit')
cd /Users/admin/builder/spi-builder-workspace
builtin-copy -exclude .DS_Store -exclude CVS -exclude .svn -exclude .git -exclude .hg -resolve-src-symlinks -rename /Users/admin/builder/spi-builder-workspace/.derivedData/Build/Intermediates.noindex/TVFocusKit.build/Debug-xros/TVFocusKit.build/Objects-normal/arm64/TVFocusKit.swiftdoc /Users/admin/builder/spi-builder-workspace/.derivedData/Build/Products/Debug-xros/TVFocusKit.swiftmodule/arm64-apple-xros.swiftdoc
Copy /Users/admin/builder/spi-builder-workspace/.derivedData/Build/Products/Debug-xros/TVFocusKit.swiftmodule/arm64-apple-xros.swiftmodule /Users/admin/builder/spi-builder-workspace/.derivedData/Build/Intermediates.noindex/TVFocusKit.build/Debug-xros/TVFocusKit.build/Objects-normal/arm64/TVFocusKit.swiftmodule (in target 'TVFocusKit' from project 'TVFocusKit')
cd /Users/admin/builder/spi-builder-workspace
builtin-copy -exclude .DS_Store -exclude CVS -exclude .svn -exclude .git -exclude .hg -resolve-src-symlinks -rename /Users/admin/builder/spi-builder-workspace/.derivedData/Build/Intermediates.noindex/TVFocusKit.build/Debug-xros/TVFocusKit.build/Objects-normal/arm64/TVFocusKit.swiftmodule /Users/admin/builder/spi-builder-workspace/.derivedData/Build/Products/Debug-xros/TVFocusKit.swiftmodule/arm64-apple-xros.swiftmodule
Copy /Users/admin/builder/spi-builder-workspace/.derivedData/Build/Products/Debug-xros/TVFocusKit.swiftmodule/Project/arm64-apple-xros.swiftsourceinfo /Users/admin/builder/spi-builder-workspace/.derivedData/Build/Intermediates.noindex/TVFocusKit.build/Debug-xros/TVFocusKit.build/Objects-normal/arm64/TVFocusKit.swiftsourceinfo (in target 'TVFocusKit' from project 'TVFocusKit')
cd /Users/admin/builder/spi-builder-workspace
builtin-copy -exclude .DS_Store -exclude CVS -exclude .svn -exclude .git -exclude .hg -resolve-src-symlinks -rename /Users/admin/builder/spi-builder-workspace/.derivedData/Build/Intermediates.noindex/TVFocusKit.build/Debug-xros/TVFocusKit.build/Objects-normal/arm64/TVFocusKit.swiftsourceinfo /Users/admin/builder/spi-builder-workspace/.derivedData/Build/Products/Debug-xros/TVFocusKit.swiftmodule/Project/arm64-apple-xros.swiftsourceinfo
SwiftDriverJobDiscovery normal arm64 Compiling FocusRequest.swift (in target 'TVFocusKit' from project 'TVFocusKit')
SwiftDriverJobDiscovery normal arm64 Compiling FocusMemory.swift (in target 'TVFocusKit' from project 'TVFocusKit')
SwiftDriverJobDiscovery normal arm64 Compiling ShelfStack.swift (in target 'TVFocusKit' from project 'TVFocusKit')
SwiftDriverJobDiscovery normal arm64 Compiling FocusShelf.swift (in target 'TVFocusKit' from project 'TVFocusKit')
** BUILD FAILED **
The following build commands failed:
SwiftCompile normal arm64 /Users/admin/builder/spi-builder-workspace/Sources/TVFocusKit/FocusDebug.swift (in target 'TVFocusKit' from project 'TVFocusKit')
SwiftCompile normal arm64 Compiling\ FocusDebug.swift /Users/admin/builder/spi-builder-workspace/Sources/TVFocusKit/FocusDebug.swift (in target 'TVFocusKit' from project 'TVFocusKit')
Building workspace spi-builder-workspace with scheme TVFocusKit
(3 failures)
Command line invocation:
/Applications/Xcode-16.3.0.app/Contents/Developer/usr/bin/xcodebuild -IDEClonedSourcePackagesDirPathOverride=/Users/admin/builder/spi-builder-workspace/.dependencies -resolvePackageDependencies
Resolve Package Graph
Resolved source packages:
TVFocusKit: /Users/admin/builder/spi-builder-workspace
resolved source packages: TVFocusKit
{
"dependencies" : [
],
"manifest_display_name" : "TVFocusKit",
"name" : "TVFocusKit",
"path" : "/Users/admin/builder/spi-builder-workspace",
"platforms" : [
{
"name" : "tvos",
"version" : "17.0"
},
{
"name" : "ios",
"version" : "17.0"
},
{
"name" : "macos",
"version" : "14.0"
},
{
"name" : "visionos",
"version" : "1.0"
}
],
"products" : [
{
"name" : "TVFocusKit",
"targets" : [
"TVFocusKit"
],
"type" : {
"library" : [
"automatic"
]
}
}
],
"swift_languages_versions" : [
"6"
],
"targets" : [
{
"c99name" : "TVFocusKitTests",
"module_type" : "SwiftTarget",
"name" : "TVFocusKitTests",
"path" : "Tests/TVFocusKitTests",
"sources" : [
"TVFocusKitTests.swift"
],
"target_dependencies" : [
"TVFocusKit"
],
"type" : "test"
},
{
"c99name" : "TVFocusKit",
"module_type" : "SwiftTarget",
"name" : "TVFocusKit",
"path" : "Sources/TVFocusKit",
"product_memberships" : [
"TVFocusKit"
],
"sources" : [
"FocusDebug.swift",
"FocusMemory.swift",
"FocusRequest.swift",
"FocusShelf.swift",
"ShelfStack.swift"
],
"type" : "library"
}
],
"tools_version" : "6.0"
}
{
"workspace" : {
"name" : "spi-builder-workspace",
"schemes" : [
"TVFocusKit"
]
}
}
Running build ...
env DEVELOPER_DIR=/Applications/Xcode-16.3.0.app xcrun xcodebuild -IDEClonedSourcePackagesDirPathOverride=$PWD/.dependencies -skipMacroValidation -skipPackagePluginValidation -derivedDataPath $PWD/.derivedData build -scheme TVFocusKit -destination generic/platform=xrOS
Command line invocation:
/Applications/Xcode-16.3.0.app/Contents/Developer/usr/bin/xcodebuild -IDEClonedSourcePackagesDirPathOverride=/Users/admin/builder/spi-builder-workspace/.dependencies -skipMacroValidation -skipPackagePluginValidation -derivedDataPath /Users/admin/builder/spi-builder-workspace/.derivedData build -scheme TVFocusKit -destination generic/platform=xrOS
Resolve Package Graph
Resolved source packages:
TVFocusKit: /Users/admin/builder/spi-builder-workspace
ComputePackagePrebuildTargetDependencyGraph
Prepare packages
CreateBuildRequest
SendProjectDescription
CreateBuildOperation
ComputeTargetDependencyGraph
note: Building targets in dependency order
note: Target dependency graph (2 targets)
Target 'TVFocusKit' in project 'TVFocusKit'
➜ Explicit dependency on target 'TVFocusKit' in project 'TVFocusKit'
Target 'TVFocusKit' in project 'TVFocusKit' (no dependencies)
GatherProvisioningInputs
CreateBuildDescription
ExecuteExternalTool /Applications/Xcode-16.3.0.app/Contents/Developer/Toolchains/XcodeDefault.xctoolchain/usr/bin/clang -v -E -dM -isysroot /Applications/Xcode-16.3.0.app/Contents/Developer/Platforms/XROS.platform/Developer/SDKs/XROS2.4.sdk -x c -c /dev/null
ExecuteExternalTool /Applications/Xcode-16.3.0.app/Contents/Developer/Toolchains/XcodeDefault.xctoolchain/usr/bin/swiftc --version
ExecuteExternalTool /Applications/Xcode-16.3.0.app/Contents/Developer/Toolchains/XcodeDefault.xctoolchain/usr/bin/ld -version_details
Build description signature: b3f48b2746813776fef1cafd98206750
Build description path: /Users/admin/builder/spi-builder-workspace/.derivedData/Build/Intermediates.noindex/XCBuildData/b3f48b2746813776fef1cafd98206750.xcbuilddata
ClangStatCache /Applications/Xcode-16.3.0.app/Contents/Developer/Toolchains/XcodeDefault.xctoolchain/usr/bin/clang-stat-cache /Applications/Xcode-16.3.0.app/Contents/Developer/Platforms/XROS.platform/Developer/SDKs/XROS2.4.sdk /Users/admin/builder/spi-builder-workspace/.derivedData/SDKStatCaches.noindex/xros2.4-22O233-407b76dbb837030756cbe1ab3f0b01b6.sdkstatcache
cd /Users/admin/builder/spi-builder-workspace/.swiftpm/xcode
/Applications/Xcode-16.3.0.app/Contents/Developer/Toolchains/XcodeDefault.xctoolchain/usr/bin/clang-stat-cache /Applications/Xcode-16.3.0.app/Contents/Developer/Platforms/XROS.platform/Developer/SDKs/XROS2.4.sdk -o /Users/admin/builder/spi-builder-workspace/.derivedData/SDKStatCaches.noindex/xros2.4-22O233-407b76dbb837030756cbe1ab3f0b01b6.sdkstatcache
SwiftDriver TVFocusKit normal arm64 com.apple.xcode.tools.swift.compiler (in target 'TVFocusKit' from project 'TVFocusKit')
cd /Users/admin/builder/spi-builder-workspace/.swiftpm/xcode
builtin-SwiftDriver -- /Applications/Xcode-16.3.0.app/Contents/Developer/Toolchains/XcodeDefault.xctoolchain/usr/bin/swiftc -module-name TVFocusKit -Onone -enforce-exclusivity\=checked @/Users/admin/builder/spi-builder-workspace/.derivedData/Build/Intermediates.noindex/TVFocusKit.build/Debug-xros/TVFocusKit.build/Objects-normal/arm64/TVFocusKit.SwiftFileList -DSWIFT_PACKAGE -DDEBUG -DXcode -enable-upcoming-feature ExistentialAny -plugin-path /Applications/Xcode-16.3.0.app/Contents/Developer/Toolchains/XcodeDefault.xctoolchain/usr/lib/swift/host/plugins/testing -enable-experimental-feature DebugDescriptionMacro -sdk /Applications/Xcode-16.3.0.app/Contents/Developer/Platforms/XROS.platform/Developer/SDKs/XROS2.4.sdk -target arm64-apple-xros1.0 -g -module-cache-path /Users/admin/builder/spi-builder-workspace/.derivedData/ModuleCache.noindex -Xfrontend -serialize-debugging-options -profile-coverage-mapping -profile-generate -enable-testing -index-store-path /Users/admin/builder/spi-builder-workspace/.derivedData/Index.noindex/DataStore -swift-version 6 -I /Users/admin/builder/spi-builder-workspace/.derivedData/Build/Products/Debug-xros -I /Applications/Xcode-16.3.0.app/Contents/Developer/Platforms/XROS.platform/Developer/usr/lib -F /Users/admin/builder/spi-builder-workspace/.derivedData/Build/Products/Debug-xros -F /Applications/Xcode-16.3.0.app/Contents/Developer/Platforms/XROS.platform/Developer/Library/Frameworks -F /Applications/Xcode-16.3.0.app/Contents/Developer/Platforms/XROS.platform/Developer/SDKs/XROS2.4.sdk/Developer/Library/Frameworks -c -j10 -enable-batch-mode -incremental -Xcc -ivfsstatcache -Xcc /Users/admin/builder/spi-builder-workspace/.derivedData/SDKStatCaches.noindex/xros2.4-22O233-407b76dbb837030756cbe1ab3f0b01b6.sdkstatcache -output-file-map /Users/admin/builder/spi-builder-workspace/.derivedData/Build/Intermediates.noindex/TVFocusKit.build/Debug-xros/TVFocusKit.build/Objects-normal/arm64/TVFocusKit-OutputFileMap.json -use-frontend-parseable-output -save-temps -no-color-diagnostics -serialize-diagnostics -emit-dependencies -emit-module -emit-module-path /Users/admin/builder/spi-builder-workspace/.derivedData/Build/Intermediates.noindex/TVFocusKit.build/Debug-xros/TVFocusKit.build/Objects-normal/arm64/TVFocusKit.swiftmodule -validate-clang-modules-once -clang-build-session-file /Users/admin/builder/spi-builder-workspace/.derivedData/ModuleCache.noindex/Session.modulevalidation -package-name spi_builder_workspace -Xcc -I/Users/admin/builder/spi-builder-workspace/.derivedData/Build/Intermediates.noindex/TVFocusKit.build/Debug-xros/TVFocusKit.build/swift-overrides.hmap -emit-const-values -Xfrontend -const-gather-protocols-file -Xfrontend /Users/admin/builder/spi-builder-workspace/.derivedData/Build/Intermediates.noindex/TVFocusKit.build/Debug-xros/TVFocusKit.build/Objects-normal/arm64/TVFocusKit_const_extract_protocols.json -Xcc -I/Users/admin/builder/spi-builder-workspace/.derivedData/Build/Products/Debug-xros/include -Xcc -I/Users/admin/builder/spi-builder-workspace/.derivedData/Build/Intermediates.noindex/TVFocusKit.build/Debug-xros/TVFocusKit.build/DerivedSources-normal/arm64 -Xcc -I/Users/admin/builder/spi-builder-workspace/.derivedData/Build/Intermediates.noindex/TVFocusKit.build/Debug-xros/TVFocusKit.build/DerivedSources/arm64 -Xcc -I/Users/admin/builder/spi-builder-workspace/.derivedData/Build/Intermediates.noindex/TVFocusKit.build/Debug-xros/TVFocusKit.build/DerivedSources -Xcc -DSWIFT_PACKAGE -Xcc -DDEBUG\=1 -emit-objc-header -emit-objc-header-path /Users/admin/builder/spi-builder-workspace/.derivedData/Build/Intermediates.noindex/TVFocusKit.build/Debug-xros/TVFocusKit.build/Objects-normal/arm64/TVFocusKit-Swift.h -working-directory /Users/admin/builder/spi-builder-workspace/.swiftpm/xcode -experimental-emit-module-separately -disable-cmo
SwiftCompile normal arm64 Compiling\ FocusMemory.swift /Users/admin/builder/spi-builder-workspace/Sources/TVFocusKit/FocusMemory.swift (in target 'TVFocusKit' from project 'TVFocusKit')
SwiftCompile normal arm64 /Users/admin/builder/spi-builder-workspace/Sources/TVFocusKit/FocusMemory.swift (in target 'TVFocusKit' from project 'TVFocusKit')
cd /Users/admin/builder/spi-builder-workspace/.swiftpm/xcode
SwiftCompile normal arm64 Compiling\ ShelfStack.swift /Users/admin/builder/spi-builder-workspace/Sources/TVFocusKit/ShelfStack.swift (in target 'TVFocusKit' from project 'TVFocusKit')
SwiftCompile normal arm64 /Users/admin/builder/spi-builder-workspace/Sources/TVFocusKit/ShelfStack.swift (in target 'TVFocusKit' from project 'TVFocusKit')
cd /Users/admin/builder/spi-builder-workspace/.swiftpm/xcode
SwiftEmitModule normal arm64 Emitting\ module\ for\ TVFocusKit (in target 'TVFocusKit' from project 'TVFocusKit')
EmitSwiftModule normal arm64 (in target 'TVFocusKit' from project 'TVFocusKit')
cd /Users/admin/builder/spi-builder-workspace/.swiftpm/xcode
SwiftCompile normal arm64 Compiling\ FocusRequest.swift /Users/admin/builder/spi-builder-workspace/Sources/TVFocusKit/FocusRequest.swift (in target 'TVFocusKit' from project 'TVFocusKit')
SwiftCompile normal arm64 /Users/admin/builder/spi-builder-workspace/Sources/TVFocusKit/FocusRequest.swift (in target 'TVFocusKit' from project 'TVFocusKit')
cd /Users/admin/builder/spi-builder-workspace/.swiftpm/xcode
SwiftCompile normal arm64 Compiling\ FocusDebug.swift /Users/admin/builder/spi-builder-workspace/Sources/TVFocusKit/FocusDebug.swift (in target 'TVFocusKit' from project 'TVFocusKit')
SwiftCompile normal arm64 /Users/admin/builder/spi-builder-workspace/Sources/TVFocusKit/FocusDebug.swift (in target 'TVFocusKit' from project 'TVFocusKit')
cd /Users/admin/builder/spi-builder-workspace/.swiftpm/xcode
/Users/admin/builder/spi-builder-workspace/Sources/TVFocusKit/FocusDebug.swift:242:55: error: 'screen' is unavailable in visionOS
let target = window.convert(frame, to: window.screen.coordinateSpace)
^~~~~~
/Applications/Xcode-16.3.0.app/Contents/Developer/Platforms/XROS.platform/Developer/SDKs/XROS2.4.sdk/System/Library/Frameworks/UIKit.framework/Headers/UIWindow.h:34:39: note: 'screen' has been explicitly marked unavailable here
@property(nonatomic,strong) UIScreen *screen API_AVAILABLE(ios(3.2)) API_UNAVAILABLE(visionos); // default is [UIScreen mainScreen]. changing the screen may be an expensive operation and should not be done in performance-sensitive code
^
Failed frontend command:
/Applications/Xcode-16.3.0.app/Contents/Developer/Toolchains/XcodeDefault.xctoolchain/usr/bin/swift-frontend -frontend -c -primary-file /Users/admin/builder/spi-builder-workspace/Sources/TVFocusKit/FocusDebug.swift /Users/admin/builder/spi-builder-workspace/Sources/TVFocusKit/FocusMemory.swift /Users/admin/builder/spi-builder-workspace/Sources/TVFocusKit/FocusRequest.swift /Users/admin/builder/spi-builder-workspace/Sources/TVFocusKit/FocusShelf.swift /Users/admin/builder/spi-builder-workspace/Sources/TVFocusKit/ShelfStack.swift -emit-dependencies-path /Users/admin/builder/spi-builder-workspace/.derivedData/Build/Intermediates.noindex/TVFocusKit.build/Debug-xros/TVFocusKit.build/Objects-normal/arm64/FocusDebug.d -emit-const-values-path /Users/admin/builder/spi-builder-workspace/.derivedData/Build/Intermediates.noindex/TVFocusKit.build/Debug-xros/TVFocusKit.build/Objects-normal/arm64/FocusDebug.swiftconstvalues -emit-reference-dependencies-path /Users/admin/builder/spi-builder-workspace/.derivedData/Build/Intermediates.noindex/TVFocusKit.build/Debug-xros/TVFocusKit.build/Objects-normal/arm64/FocusDebug.swiftdeps -serialize-diagnostics-path /Users/admin/builder/spi-builder-workspace/.derivedData/Build/Intermediates.noindex/TVFocusKit.build/Debug-xros/TVFocusKit.build/Objects-normal/arm64/FocusDebug.dia -target arm64-apple-xros1.0 -Xllvm -aarch64-use-tbi -enable-objc-interop -stack-check -sdk /Applications/Xcode-16.3.0.app/Contents/Developer/Platforms/XROS.platform/Developer/SDKs/XROS2.4.sdk -I /Users/admin/builder/spi-builder-workspace/.derivedData/Build/Products/Debug-xros -I /Applications/Xcode-16.3.0.app/Contents/Developer/Platforms/XROS.platform/Developer/usr/lib -F /Users/admin/builder/spi-builder-workspace/.derivedData/Build/Products/Debug-xros -F /Applications/Xcode-16.3.0.app/Contents/Developer/Platforms/XROS.platform/Developer/Library/Frameworks -F /Applications/Xcode-16.3.0.app/Contents/Developer/Platforms/XROS.platform/Developer/SDKs/XROS2.4.sdk/Developer/Library/Frameworks -no-color-diagnostics -enable-testing -g -debug-info-format\=dwarf -dwarf-version\=4 -module-cache-path /Users/admin/builder/spi-builder-workspace/.derivedData/ModuleCache.noindex -profile-generate -profile-coverage-mapping -swift-version 6 -enforce-exclusivity\=checked -Onone -D SWIFT_PACKAGE -D DEBUG -D Xcode -serialize-debugging-options -const-gather-protocols-file /Users/admin/builder/spi-builder-workspace/.derivedData/Build/Intermediates.noindex/TVFocusKit.build/Debug-xros/TVFocusKit.build/Objects-normal/arm64/TVFocusKit_const_extract_protocols.json -enable-upcoming-feature ExistentialAny -enable-experimental-feature DebugDescriptionMacro -empty-abi-descriptor -plugin-path /Applications/Xcode-16.3.0.app/Contents/Developer/Toolchains/XcodeDefault.xctoolchain/usr/lib/swift/host/plugins/testing -validate-clang-modules-once -clang-build-session-file /Users/admin/builder/spi-builder-workspace/.derivedData/ModuleCache.noindex/Session.modulevalidation -Xcc -working-directory -Xcc /Users/admin/builder/spi-builder-workspace/.swiftpm/xcode -resource-dir /Applications/Xcode-16.3.0.app/Contents/Developer/Toolchains/XcodeDefault.xctoolchain/usr/lib/swift -enable-anonymous-context-mangled-names -file-compilation-dir /Users/admin/builder/spi-builder-workspace/.swiftpm/xcode -Xcc -ivfsstatcache -Xcc /Users/admin/builder/spi-builder-workspace/.derivedData/SDKStatCaches.noindex/xros2.4-22O233-407b76dbb837030756cbe1ab3f0b01b6.sdkstatcache -Xcc -I/Users/admin/builder/spi-builder-workspace/.derivedData/Build/Intermediates.noindex/TVFocusKit.build/Debug-xros/TVFocusKit.build/swift-overrides.hmap -Xcc -I/Users/admin/builder/spi-builder-workspace/.derivedData/Build/Products/Debug-xros/include -Xcc -I/Users/admin/builder/spi-builder-workspace/.derivedData/Build/Intermediates.noindex/TVFocusKit.build/Debug-xros/TVFocusKit.build/DerivedSources-normal/arm64 -Xcc -I/Users/admin/builder/spi-builder-workspace/.derivedData/Build/Intermediates.noindex/TVFocusKit.build/Debug-xros/TVFocusKit.build/DerivedSources/arm64 -Xcc -I/Users/admin/builder/spi-builder-workspace/.derivedData/Build/Intermediates.noindex/TVFocusKit.build/Debug-xros/TVFocusKit.build/DerivedSources -Xcc -DSWIFT_PACKAGE -Xcc -DDEBUG\=1 -module-name TVFocusKit -package-name spi_builder_workspace -frontend-parseable-output -disable-clang-spi -target-sdk-version 2.4 -target-sdk-name xros2.4 -external-plugin-path /Applications/Xcode-16.3.0.app/Contents/Developer/Platforms/XROS.platform/Developer/usr/lib/swift/host/plugins\#/Applications/Xcode-16.3.0.app/Contents/Developer/Platforms/XROS.platform/Developer/usr/bin/swift-plugin-server -external-plugin-path /Applications/Xcode-16.3.0.app/Contents/Developer/Platforms/XROS.platform/Developer/usr/local/lib/swift/host/plugins\#/Applications/Xcode-16.3.0.app/Contents/Developer/Platforms/XROS.platform/Developer/usr/bin/swift-plugin-server -in-process-plugin-server-path /Applications/Xcode-16.3.0.app/Contents/Developer/Toolchains/XcodeDefault.xctoolchain/usr/lib/swift/host/libSwiftInProcPluginServer.dylib -plugin-path /Applications/Xcode-16.3.0.app/Contents/Developer/Toolchains/XcodeDefault.xctoolchain/usr/lib/swift/host/plugins -plugin-path /Applications/Xcode-16.3.0.app/Contents/Developer/Toolchains/XcodeDefault.xctoolchain/usr/local/lib/swift/host/plugins -o /Users/admin/builder/spi-builder-workspace/.derivedData/Build/Intermediates.noindex/TVFocusKit.build/Debug-xros/TVFocusKit.build/Objects-normal/arm64/FocusDebug.o -index-unit-output-path /TVFocusKit.build/Debug-xros/TVFocusKit.build/Objects-normal/arm64/FocusDebug.o -index-store-path /Users/admin/builder/spi-builder-workspace/.derivedData/Index.noindex/DataStore -index-system-modules
SwiftCompile normal arm64 Compiling\ FocusShelf.swift /Users/admin/builder/spi-builder-workspace/Sources/TVFocusKit/FocusShelf.swift (in target 'TVFocusKit' from project 'TVFocusKit')
SwiftCompile normal arm64 /Users/admin/builder/spi-builder-workspace/Sources/TVFocusKit/FocusShelf.swift (in target 'TVFocusKit' from project 'TVFocusKit')
cd /Users/admin/builder/spi-builder-workspace/.swiftpm/xcode
SwiftDriverJobDiscovery normal arm64 Compiling FocusMemory.swift (in target 'TVFocusKit' from project 'TVFocusKit')
SwiftDriverJobDiscovery normal arm64 Compiling FocusRequest.swift (in target 'TVFocusKit' from project 'TVFocusKit')
SwiftDriverJobDiscovery normal arm64 Emitting module for TVFocusKit (in target 'TVFocusKit' from project 'TVFocusKit')
SwiftDriver\ Compilation\ Requirements TVFocusKit normal arm64 com.apple.xcode.tools.swift.compiler (in target 'TVFocusKit' from project 'TVFocusKit')
cd /Users/admin/builder/spi-builder-workspace/.swiftpm/xcode
builtin-Swift-Compilation-Requirements -- /Applications/Xcode-16.3.0.app/Contents/Developer/Toolchains/XcodeDefault.xctoolchain/usr/bin/swiftc -module-name TVFocusKit -Onone -enforce-exclusivity\=checked @/Users/admin/builder/spi-builder-workspace/.derivedData/Build/Intermediates.noindex/TVFocusKit.build/Debug-xros/TVFocusKit.build/Objects-normal/arm64/TVFocusKit.SwiftFileList -DSWIFT_PACKAGE -DDEBUG -DXcode -enable-upcoming-feature ExistentialAny -plugin-path /Applications/Xcode-16.3.0.app/Contents/Developer/Toolchains/XcodeDefault.xctoolchain/usr/lib/swift/host/plugins/testing -enable-experimental-feature DebugDescriptionMacro -sdk /Applications/Xcode-16.3.0.app/Contents/Developer/Platforms/XROS.platform/Developer/SDKs/XROS2.4.sdk -target arm64-apple-xros1.0 -g -module-cache-path /Users/admin/builder/spi-builder-workspace/.derivedData/ModuleCache.noindex -Xfrontend -serialize-debugging-options -profile-coverage-mapping -profile-generate -enable-testing -index-store-path /Users/admin/builder/spi-builder-workspace/.derivedData/Index.noindex/DataStore -swift-version 6 -I /Users/admin/builder/spi-builder-workspace/.derivedData/Build/Products/Debug-xros -I /Applications/Xcode-16.3.0.app/Contents/Developer/Platforms/XROS.platform/Developer/usr/lib -F /Users/admin/builder/spi-builder-workspace/.derivedData/Build/Products/Debug-xros -F /Applications/Xcode-16.3.0.app/Contents/Developer/Platforms/XROS.platform/Developer/Library/Frameworks -F /Applications/Xcode-16.3.0.app/Contents/Developer/Platforms/XROS.platform/Developer/SDKs/XROS2.4.sdk/Developer/Library/Frameworks -c -j10 -enable-batch-mode -incremental -Xcc -ivfsstatcache -Xcc /Users/admin/builder/spi-builder-workspace/.derivedData/SDKStatCaches.noindex/xros2.4-22O233-407b76dbb837030756cbe1ab3f0b01b6.sdkstatcache -output-file-map /Users/admin/builder/spi-builder-workspace/.derivedData/Build/Intermediates.noindex/TVFocusKit.build/Debug-xros/TVFocusKit.build/Objects-normal/arm64/TVFocusKit-OutputFileMap.json -use-frontend-parseable-output -save-temps -no-color-diagnostics -serialize-diagnostics -emit-dependencies -emit-module -emit-module-path /Users/admin/builder/spi-builder-workspace/.derivedData/Build/Intermediates.noindex/TVFocusKit.build/Debug-xros/TVFocusKit.build/Objects-normal/arm64/TVFocusKit.swiftmodule -validate-clang-modules-once -clang-build-session-file /Users/admin/builder/spi-builder-workspace/.derivedData/ModuleCache.noindex/Session.modulevalidation -package-name spi_builder_workspace -Xcc -I/Users/admin/builder/spi-builder-workspace/.derivedData/Build/Intermediates.noindex/TVFocusKit.build/Debug-xros/TVFocusKit.build/swift-overrides.hmap -emit-const-values -Xfrontend -const-gather-protocols-file -Xfrontend /Users/admin/builder/spi-builder-workspace/.derivedData/Build/Intermediates.noindex/TVFocusKit.build/Debug-xros/TVFocusKit.build/Objects-normal/arm64/TVFocusKit_const_extract_protocols.json -Xcc -I/Users/admin/builder/spi-builder-workspace/.derivedData/Build/Products/Debug-xros/include -Xcc -I/Users/admin/builder/spi-builder-workspace/.derivedData/Build/Intermediates.noindex/TVFocusKit.build/Debug-xros/TVFocusKit.build/DerivedSources-normal/arm64 -Xcc -I/Users/admin/builder/spi-builder-workspace/.derivedData/Build/Intermediates.noindex/TVFocusKit.build/Debug-xros/TVFocusKit.build/DerivedSources/arm64 -Xcc -I/Users/admin/builder/spi-builder-workspace/.derivedData/Build/Intermediates.noindex/TVFocusKit.build/Debug-xros/TVFocusKit.build/DerivedSources -Xcc -DSWIFT_PACKAGE -Xcc -DDEBUG\=1 -emit-objc-header -emit-objc-header-path /Users/admin/builder/spi-builder-workspace/.derivedData/Build/Intermediates.noindex/TVFocusKit.build/Debug-xros/TVFocusKit.build/Objects-normal/arm64/TVFocusKit-Swift.h -working-directory /Users/admin/builder/spi-builder-workspace/.swiftpm/xcode -experimental-emit-module-separately -disable-cmo
Copy /Users/admin/builder/spi-builder-workspace/.derivedData/Build/Products/Debug-xros/TVFocusKit.swiftmodule/arm64-apple-xros.abi.json /Users/admin/builder/spi-builder-workspace/.derivedData/Build/Intermediates.noindex/TVFocusKit.build/Debug-xros/TVFocusKit.build/Objects-normal/arm64/TVFocusKit.abi.json (in target 'TVFocusKit' from project 'TVFocusKit')
cd /Users/admin/builder/spi-builder-workspace
builtin-copy -exclude .DS_Store -exclude CVS -exclude .svn -exclude .git -exclude .hg -resolve-src-symlinks -rename /Users/admin/builder/spi-builder-workspace/.derivedData/Build/Intermediates.noindex/TVFocusKit.build/Debug-xros/TVFocusKit.build/Objects-normal/arm64/TVFocusKit.abi.json /Users/admin/builder/spi-builder-workspace/.derivedData/Build/Products/Debug-xros/TVFocusKit.swiftmodule/arm64-apple-xros.abi.json
SwiftDriverJobDiscovery normal arm64 Compiling ShelfStack.swift (in target 'TVFocusKit' from project 'TVFocusKit')
** BUILD FAILED **
The following build commands failed:
SwiftCompile normal arm64 /Users/admin/builder/spi-builder-workspace/Sources/TVFocusKit/FocusDebug.swift (in target 'TVFocusKit' from project 'TVFocusKit')
SwiftCompile normal arm64 Compiling\ FocusDebug.swift /Users/admin/builder/spi-builder-workspace/Sources/TVFocusKit/FocusDebug.swift (in target 'TVFocusKit' from project 'TVFocusKit')
Building workspace spi-builder-workspace with scheme TVFocusKit
(3 failures)
BUILD FAILURE 6.1 visionOS