Build Information
Failed to build VeloxQuant, reference v0.2.0-alpha (dd61b2), with Swift 6.1 for watchOS using Xcode 16.3 on 30 Sep 2026 00:09:58 UTC.
Build Command
env DEVELOPER_DIR=/Applications/Xcode-16.3.0.app xcrun xcodebuild -IDEClonedSourcePackagesDirPathOverride=$PWD/.dependencies -skipMacroValidation -skipPackagePluginValidation -derivedDataPath $PWD/.derivedData build -scheme VeloxQuant-Package -destination generic/platform=watchOSBuild Log
"Hardware/HardwareInfo.swift",
"Hardware/HostMemory.swift",
"Interpreter/ProcessRunning.swift",
"Interpreter/PythonEnvironment.swift",
"Process/ServeConfig.swift",
"Process/ServeProcessLaunching.swift",
"Process/VeloxQuantProcess.swift"
],
"target_dependencies" : [
"VeloxQuantCore"
],
"type" : "library"
},
{
"c99name" : "VeloxQuantCoreTests",
"module_type" : "SwiftTarget",
"name" : "VeloxQuantCoreTests",
"path" : "Tests/VeloxQuantCoreTests",
"sources" : [
"ChatStreamTests.swift",
"ChatTests.swift",
"CodableDirectDecodingTests.swift",
"ConversationTests.swift",
"MemoryEstimatorTests.swift",
"MockURLProtocol.swift",
"MonitorTests.swift",
"OfflineOptimizerTests.swift",
"StructuredOutputAndEmbeddingsTests.swift",
"VeloxQuantErrorExhaustivenessTests.swift"
],
"target_dependencies" : [
"VeloxQuantCore"
],
"type" : "test"
},
{
"c99name" : "VeloxQuantCore",
"module_type" : "SwiftTarget",
"name" : "VeloxQuantCore",
"path" : "Sources/VeloxQuantCore",
"product_memberships" : [
"VeloxQuantCore",
"VeloxQuantRuntime"
],
"sources" : [
"Client/Chat.swift",
"Client/ResponseValidation.swift",
"Client/URLSessionCompat.swift",
"Client/VeloxQuantClient.swift",
"Conversation/Conversation.swift",
"Embeddings/Embeddings.swift",
"Errors/VeloxQuantError.swift",
"Memory/MemoryEstimator.swift",
"Memory/ModelRegistry.swift",
"Memory/OfflineOptimizer.swift",
"Memory/Precision.swift",
"Models/ChatRequest.swift",
"Models/ChatResponse.swift",
"Models/ErrorBody.swift",
"Models/JSONValue.swift",
"Models/Message.swift",
"Models/Recommendation.swift",
"Monitoring/Metrics.swift",
"Monitoring/Monitor.swift",
"Streaming/AsyncByteLines.swift",
"Streaming/ChatChunk.swift",
"Streaming/ChatStream.swift",
"StructuredOutput/ChatStructured.swift"
],
"type" : "library"
}
],
"tools_version" : "5.9"
}
{
"workspace" : {
"name" : "spi-builder-workspace",
"schemes" : [
"VeloxQuant-Package",
"VeloxQuantCore",
"VeloxQuantRuntime"
]
}
}
Running build ...
env DEVELOPER_DIR=/Applications/Xcode-16.3.0.app xcrun xcodebuild -IDEClonedSourcePackagesDirPathOverride=$PWD/.dependencies -skipMacroValidation -skipPackagePluginValidation -derivedDataPath $PWD/.derivedData build -scheme VeloxQuant-Package -destination generic/platform=watchOS OTHER_SWIFT_FLAGS=-stats-output-dir .stats -strict-concurrency=complete -enable-upcoming-feature StrictConcurrency -enable-upcoming-feature DisableOutwardActorInference -enable-upcoming-feature GlobalActorIsolatedTypesUsability -enable-upcoming-feature InferSendableFromCaptures
Command line invocation:
/Applications/Xcode-16.3.0.app/Contents/Developer/usr/bin/xcodebuild -IDEClonedSourcePackagesDirPathOverride=/Users/admin/builder/spi-builder-workspace/.dependencies -skipMacroValidation -skipPackagePluginValidation -derivedDataPath /Users/admin/builder/spi-builder-workspace/.derivedData build -scheme VeloxQuant-Package -destination generic/platform=watchOS "OTHER_SWIFT_FLAGS=-stats-output-dir .stats -strict-concurrency=complete -enable-upcoming-feature StrictConcurrency -enable-upcoming-feature DisableOutwardActorInference -enable-upcoming-feature GlobalActorIsolatedTypesUsability -enable-upcoming-feature InferSendableFromCaptures"
Build settings from command line:
OTHER_SWIFT_FLAGS = -stats-output-dir .stats -strict-concurrency=complete -enable-upcoming-feature StrictConcurrency -enable-upcoming-feature DisableOutwardActorInference -enable-upcoming-feature GlobalActorIsolatedTypesUsability -enable-upcoming-feature InferSendableFromCaptures
Resolve Package Graph
Resolved source packages:
VeloxQuant: /Users/admin/builder/spi-builder-workspace
ComputePackagePrebuildTargetDependencyGraph
Prepare packages
CreateBuildRequest
SendProjectDescription
CreateBuildOperation
ComputeTargetDependencyGraph
note: Building targets in dependency order
note: Target dependency graph (4 targets)
Target 'VeloxQuantRuntime' in project 'VeloxQuant'
➜ Explicit dependency on target 'VeloxQuantRuntime' in project 'VeloxQuant'
➜ Explicit dependency on target 'VeloxQuantCore' in project 'VeloxQuant'
Target 'VeloxQuantRuntime' in project 'VeloxQuant'
➜ Explicit dependency on target 'VeloxQuantCore' in project 'VeloxQuant'
Target 'VeloxQuantCore' in project 'VeloxQuant'
➜ Explicit dependency on target 'VeloxQuantCore' in project 'VeloxQuant'
Target 'VeloxQuantCore' in project 'VeloxQuant' (no dependencies)
GatherProvisioningInputs
CreateBuildDescription
ExecuteExternalTool /Applications/Xcode-16.3.0.app/Contents/Developer/Toolchains/XcodeDefault.xctoolchain/usr/bin/clang -v -E -dM -isysroot /Applications/Xcode-16.3.0.app/Contents/Developer/Platforms/WatchOS.platform/Developer/SDKs/WatchOS11.4.sdk -x c -c /dev/null
ExecuteExternalTool /Applications/Xcode-16.3.0.app/Contents/Developer/Toolchains/XcodeDefault.xctoolchain/usr/bin/swiftc --version
ExecuteExternalTool /Applications/Xcode-16.3.0.app/Contents/Developer/Toolchains/XcodeDefault.xctoolchain/usr/bin/ld -version_details
Build description signature: e1eb03f42d2f61536c9030ed828e5c1d
Build description path: /Users/admin/builder/spi-builder-workspace/.derivedData/Build/Intermediates.noindex/XCBuildData/e1eb03f42d2f61536c9030ed828e5c1d.xcbuilddata
ClangStatCache /Applications/Xcode-16.3.0.app/Contents/Developer/Toolchains/XcodeDefault.xctoolchain/usr/bin/clang-stat-cache /Applications/Xcode-16.3.0.app/Contents/Developer/Platforms/WatchOS.platform/Developer/SDKs/WatchOS11.4.sdk /Users/admin/builder/spi-builder-workspace/.derivedData/SDKStatCaches.noindex/watchos11.4-22T246-43efb940ff07ba2497b70ec94253f576.sdkstatcache
cd /Users/admin/builder/spi-builder-workspace/.swiftpm/xcode
/Applications/Xcode-16.3.0.app/Contents/Developer/Toolchains/XcodeDefault.xctoolchain/usr/bin/clang-stat-cache /Applications/Xcode-16.3.0.app/Contents/Developer/Platforms/WatchOS.platform/Developer/SDKs/WatchOS11.4.sdk -o /Users/admin/builder/spi-builder-workspace/.derivedData/SDKStatCaches.noindex/watchos11.4-22T246-43efb940ff07ba2497b70ec94253f576.sdkstatcache
CreateBuildDirectory /Users/admin/builder/spi-builder-workspace/.derivedData/Build/Intermediates.noindex
cd /Users/admin/builder/spi-builder-workspace/.swiftpm/xcode
builtin-create-build-directory /Users/admin/builder/spi-builder-workspace/.derivedData/Build/Intermediates.noindex
CreateBuildDirectory /Users/admin/builder/spi-builder-workspace/.derivedData/Build/Products
cd /Users/admin/builder/spi-builder-workspace/.swiftpm/xcode
builtin-create-build-directory /Users/admin/builder/spi-builder-workspace/.derivedData/Build/Products
CreateBuildDirectory /Users/admin/builder/spi-builder-workspace/.derivedData/Build/Products/Debug-watchos
cd /Users/admin/builder/spi-builder-workspace/.swiftpm/xcode
builtin-create-build-directory /Users/admin/builder/spi-builder-workspace/.derivedData/Build/Products/Debug-watchos
CreateBuildDirectory /Users/admin/builder/spi-builder-workspace/.derivedData/Build/Intermediates.noindex/EagerLinkingTBDs/Debug-watchos
cd /Users/admin/builder/spi-builder-workspace/.swiftpm/xcode
builtin-create-build-directory /Users/admin/builder/spi-builder-workspace/.derivedData/Build/Intermediates.noindex/EagerLinkingTBDs/Debug-watchos
CreateBuildDirectory /Users/admin/builder/spi-builder-workspace/.derivedData/Build/Products/Debug-watchos/PackageFrameworks
cd /Users/admin/builder/spi-builder-workspace/.swiftpm/xcode
builtin-create-build-directory /Users/admin/builder/spi-builder-workspace/.derivedData/Build/Products/Debug-watchos/PackageFrameworks
WriteAuxiliaryFile /Users/admin/builder/spi-builder-workspace/.derivedData/Build/Intermediates.noindex/VeloxQuant.build/Debug-watchos/VeloxQuantRuntime.build/VeloxQuantRuntime.DependencyMetadataFileList (in target 'VeloxQuantRuntime' from project 'VeloxQuant')
cd /Users/admin/builder/spi-builder-workspace
write-file /Users/admin/builder/spi-builder-workspace/.derivedData/Build/Intermediates.noindex/VeloxQuant.build/Debug-watchos/VeloxQuantRuntime.build/VeloxQuantRuntime.DependencyMetadataFileList
WriteAuxiliaryFile /Users/admin/builder/spi-builder-workspace/.derivedData/Build/Intermediates.noindex/VeloxQuant.build/Debug-watchos/VeloxQuantRuntime.build/VeloxQuantRuntime.modulemap (in target 'VeloxQuantRuntime' from project 'VeloxQuant')
cd /Users/admin/builder/spi-builder-workspace
write-file /Users/admin/builder/spi-builder-workspace/.derivedData/Build/Intermediates.noindex/VeloxQuant.build/Debug-watchos/VeloxQuantRuntime.build/VeloxQuantRuntime.modulemap
WriteAuxiliaryFile /Users/admin/builder/spi-builder-workspace/.derivedData/Build/Intermediates.noindex/VeloxQuant.build/Debug-watchos/VeloxQuantRuntime.build/VeloxQuantRuntime.DependencyStaticMetadataFileList (in target 'VeloxQuantRuntime' from project 'VeloxQuant')
cd /Users/admin/builder/spi-builder-workspace
write-file /Users/admin/builder/spi-builder-workspace/.derivedData/Build/Intermediates.noindex/VeloxQuant.build/Debug-watchos/VeloxQuantRuntime.build/VeloxQuantRuntime.DependencyStaticMetadataFileList
WriteAuxiliaryFile /Users/admin/builder/spi-builder-workspace/.derivedData/Build/Intermediates.noindex/VeloxQuant.build/Debug-watchos/VeloxQuantRuntime.build/Objects-normal/arm64_32/VeloxQuantRuntime_const_extract_protocols.json (in target 'VeloxQuantRuntime' from project 'VeloxQuant')
cd /Users/admin/builder/spi-builder-workspace
write-file /Users/admin/builder/spi-builder-workspace/.derivedData/Build/Intermediates.noindex/VeloxQuant.build/Debug-watchos/VeloxQuantRuntime.build/Objects-normal/arm64_32/VeloxQuantRuntime_const_extract_protocols.json
WriteAuxiliaryFile /Users/admin/builder/spi-builder-workspace/.derivedData/Build/Intermediates.noindex/VeloxQuant.build/Debug-watchos/VeloxQuantRuntime.build/Objects-normal/arm64_32/VeloxQuantRuntime.LinkFileList (in target 'VeloxQuantRuntime' from project 'VeloxQuant')
cd /Users/admin/builder/spi-builder-workspace
write-file /Users/admin/builder/spi-builder-workspace/.derivedData/Build/Intermediates.noindex/VeloxQuant.build/Debug-watchos/VeloxQuantRuntime.build/Objects-normal/arm64_32/VeloxQuantRuntime.LinkFileList
WriteAuxiliaryFile /Users/admin/builder/spi-builder-workspace/.derivedData/Build/Intermediates.noindex/VeloxQuant.build/Debug-watchos/VeloxQuantRuntime.build/Objects-normal/arm64_32/VeloxQuantRuntime-OutputFileMap.json (in target 'VeloxQuantRuntime' from project 'VeloxQuant')
cd /Users/admin/builder/spi-builder-workspace
write-file /Users/admin/builder/spi-builder-workspace/.derivedData/Build/Intermediates.noindex/VeloxQuant.build/Debug-watchos/VeloxQuantRuntime.build/Objects-normal/arm64_32/VeloxQuantRuntime-OutputFileMap.json
WriteAuxiliaryFile /Users/admin/builder/spi-builder-workspace/.derivedData/Build/Intermediates.noindex/VeloxQuant.build/Debug-watchos/VeloxQuantRuntime.build/Objects-normal/arm64_32/VeloxQuantRuntime.SwiftConstValuesFileList (in target 'VeloxQuantRuntime' from project 'VeloxQuant')
cd /Users/admin/builder/spi-builder-workspace
write-file /Users/admin/builder/spi-builder-workspace/.derivedData/Build/Intermediates.noindex/VeloxQuant.build/Debug-watchos/VeloxQuantRuntime.build/Objects-normal/arm64_32/VeloxQuantRuntime.SwiftConstValuesFileList
WriteAuxiliaryFile /Users/admin/builder/spi-builder-workspace/.derivedData/Build/Intermediates.noindex/VeloxQuant.build/Debug-watchos/VeloxQuantRuntime.build/Objects-normal/arm64_32/VeloxQuantRuntime.SwiftFileList (in target 'VeloxQuantRuntime' from project 'VeloxQuant')
cd /Users/admin/builder/spi-builder-workspace
write-file /Users/admin/builder/spi-builder-workspace/.derivedData/Build/Intermediates.noindex/VeloxQuant.build/Debug-watchos/VeloxQuantRuntime.build/Objects-normal/arm64_32/VeloxQuantRuntime.SwiftFileList
WriteAuxiliaryFile /Users/admin/builder/spi-builder-workspace/.derivedData/Build/Intermediates.noindex/VeloxQuant.build/Debug-watchos/VeloxQuantRuntime.build/Objects-normal/arm64/VeloxQuantRuntime_const_extract_protocols.json (in target 'VeloxQuantRuntime' from project 'VeloxQuant')
cd /Users/admin/builder/spi-builder-workspace
write-file /Users/admin/builder/spi-builder-workspace/.derivedData/Build/Intermediates.noindex/VeloxQuant.build/Debug-watchos/VeloxQuantRuntime.build/Objects-normal/arm64/VeloxQuantRuntime_const_extract_protocols.json
WriteAuxiliaryFile /Users/admin/builder/spi-builder-workspace/.derivedData/Build/Intermediates.noindex/VeloxQuant.build/Debug-watchos/VeloxQuantRuntime.build/Objects-normal/arm64/VeloxQuantRuntime.SwiftConstValuesFileList (in target 'VeloxQuantRuntime' from project 'VeloxQuant')
cd /Users/admin/builder/spi-builder-workspace
write-file /Users/admin/builder/spi-builder-workspace/.derivedData/Build/Intermediates.noindex/VeloxQuant.build/Debug-watchos/VeloxQuantRuntime.build/Objects-normal/arm64/VeloxQuantRuntime.SwiftConstValuesFileList
WriteAuxiliaryFile /Users/admin/builder/spi-builder-workspace/.derivedData/Build/Intermediates.noindex/VeloxQuant.build/Debug-watchos/VeloxQuantRuntime.build/Objects-normal/arm64/VeloxQuantRuntime.SwiftFileList (in target 'VeloxQuantRuntime' from project 'VeloxQuant')
cd /Users/admin/builder/spi-builder-workspace
write-file /Users/admin/builder/spi-builder-workspace/.derivedData/Build/Intermediates.noindex/VeloxQuant.build/Debug-watchos/VeloxQuantRuntime.build/Objects-normal/arm64/VeloxQuantRuntime.SwiftFileList
WriteAuxiliaryFile /Users/admin/builder/spi-builder-workspace/.derivedData/Build/Intermediates.noindex/VeloxQuant.build/Debug-watchos/VeloxQuantRuntime.build/Objects-normal/arm64/VeloxQuantRuntime.LinkFileList (in target 'VeloxQuantRuntime' from project 'VeloxQuant')
cd /Users/admin/builder/spi-builder-workspace
write-file /Users/admin/builder/spi-builder-workspace/.derivedData/Build/Intermediates.noindex/VeloxQuant.build/Debug-watchos/VeloxQuantRuntime.build/Objects-normal/arm64/VeloxQuantRuntime.LinkFileList
WriteAuxiliaryFile /Users/admin/builder/spi-builder-workspace/.derivedData/Build/Intermediates.noindex/VeloxQuant.build/Debug-watchos/VeloxQuantRuntime.build/Objects-normal/arm64/VeloxQuantRuntime-OutputFileMap.json (in target 'VeloxQuantRuntime' from project 'VeloxQuant')
cd /Users/admin/builder/spi-builder-workspace
write-file /Users/admin/builder/spi-builder-workspace/.derivedData/Build/Intermediates.noindex/VeloxQuant.build/Debug-watchos/VeloxQuantRuntime.build/Objects-normal/arm64/VeloxQuantRuntime-OutputFileMap.json
Copy /Users/admin/builder/spi-builder-workspace/.derivedData/Build/Intermediates.noindex/GeneratedModuleMaps-watchos/VeloxQuantRuntime.modulemap /Users/admin/builder/spi-builder-workspace/.derivedData/Build/Intermediates.noindex/VeloxQuant.build/Debug-watchos/VeloxQuantRuntime.build/VeloxQuantRuntime.modulemap (in target 'VeloxQuantRuntime' from project 'VeloxQuant')
cd /Users/admin/builder/spi-builder-workspace
builtin-copy -exclude .DS_Store -exclude CVS -exclude .svn -exclude .git -exclude .hg -resolve-src-symlinks /Users/admin/builder/spi-builder-workspace/.derivedData/Build/Intermediates.noindex/VeloxQuant.build/Debug-watchos/VeloxQuantRuntime.build/VeloxQuantRuntime.modulemap /Users/admin/builder/spi-builder-workspace/.derivedData/Build/Intermediates.noindex/GeneratedModuleMaps-watchos
WriteAuxiliaryFile /Users/admin/builder/spi-builder-workspace/.derivedData/Build/Intermediates.noindex/VeloxQuant.build/Debug-watchos/VeloxQuantCore.build/VeloxQuantCore.DependencyMetadataFileList (in target 'VeloxQuantCore' from project 'VeloxQuant')
cd /Users/admin/builder/spi-builder-workspace
write-file /Users/admin/builder/spi-builder-workspace/.derivedData/Build/Intermediates.noindex/VeloxQuant.build/Debug-watchos/VeloxQuantCore.build/VeloxQuantCore.DependencyMetadataFileList
WriteAuxiliaryFile /Users/admin/builder/spi-builder-workspace/.derivedData/Build/Intermediates.noindex/VeloxQuant.build/Debug-watchos/VeloxQuantCore.build/VeloxQuantCore.modulemap (in target 'VeloxQuantCore' from project 'VeloxQuant')
cd /Users/admin/builder/spi-builder-workspace
write-file /Users/admin/builder/spi-builder-workspace/.derivedData/Build/Intermediates.noindex/VeloxQuant.build/Debug-watchos/VeloxQuantCore.build/VeloxQuantCore.modulemap
WriteAuxiliaryFile /Users/admin/builder/spi-builder-workspace/.derivedData/Build/Intermediates.noindex/VeloxQuant.build/Debug-watchos/VeloxQuantCore.build/VeloxQuantCore.DependencyStaticMetadataFileList (in target 'VeloxQuantCore' from project 'VeloxQuant')
cd /Users/admin/builder/spi-builder-workspace
write-file /Users/admin/builder/spi-builder-workspace/.derivedData/Build/Intermediates.noindex/VeloxQuant.build/Debug-watchos/VeloxQuantCore.build/VeloxQuantCore.DependencyStaticMetadataFileList
WriteAuxiliaryFile /Users/admin/builder/spi-builder-workspace/.derivedData/Build/Intermediates.noindex/VeloxQuant.build/Debug-watchos/VeloxQuantCore.build/Objects-normal/arm64_32/VeloxQuantCore_const_extract_protocols.json (in target 'VeloxQuantCore' from project 'VeloxQuant')
cd /Users/admin/builder/spi-builder-workspace
write-file /Users/admin/builder/spi-builder-workspace/.derivedData/Build/Intermediates.noindex/VeloxQuant.build/Debug-watchos/VeloxQuantCore.build/Objects-normal/arm64_32/VeloxQuantCore_const_extract_protocols.json
WriteAuxiliaryFile /Users/admin/builder/spi-builder-workspace/.derivedData/Build/Intermediates.noindex/VeloxQuant.build/Debug-watchos/VeloxQuantCore.build/Objects-normal/arm64_32/VeloxQuantCore.SwiftFileList (in target 'VeloxQuantCore' from project 'VeloxQuant')
cd /Users/admin/builder/spi-builder-workspace
write-file /Users/admin/builder/spi-builder-workspace/.derivedData/Build/Intermediates.noindex/VeloxQuant.build/Debug-watchos/VeloxQuantCore.build/Objects-normal/arm64_32/VeloxQuantCore.SwiftFileList
WriteAuxiliaryFile /Users/admin/builder/spi-builder-workspace/.derivedData/Build/Intermediates.noindex/VeloxQuant.build/Debug-watchos/VeloxQuantCore.build/Objects-normal/arm64_32/VeloxQuantCore.SwiftConstValuesFileList (in target 'VeloxQuantCore' from project 'VeloxQuant')
cd /Users/admin/builder/spi-builder-workspace
write-file /Users/admin/builder/spi-builder-workspace/.derivedData/Build/Intermediates.noindex/VeloxQuant.build/Debug-watchos/VeloxQuantCore.build/Objects-normal/arm64_32/VeloxQuantCore.SwiftConstValuesFileList
WriteAuxiliaryFile /Users/admin/builder/spi-builder-workspace/.derivedData/Build/Intermediates.noindex/VeloxQuant.build/Debug-watchos/VeloxQuantCore.build/Objects-normal/arm64_32/VeloxQuantCore.LinkFileList (in target 'VeloxQuantCore' from project 'VeloxQuant')
cd /Users/admin/builder/spi-builder-workspace
write-file /Users/admin/builder/spi-builder-workspace/.derivedData/Build/Intermediates.noindex/VeloxQuant.build/Debug-watchos/VeloxQuantCore.build/Objects-normal/arm64_32/VeloxQuantCore.LinkFileList
WriteAuxiliaryFile /Users/admin/builder/spi-builder-workspace/.derivedData/Build/Intermediates.noindex/VeloxQuant.build/Debug-watchos/VeloxQuantCore.build/Objects-normal/arm64_32/VeloxQuantCore-OutputFileMap.json (in target 'VeloxQuantCore' from project 'VeloxQuant')
cd /Users/admin/builder/spi-builder-workspace
write-file /Users/admin/builder/spi-builder-workspace/.derivedData/Build/Intermediates.noindex/VeloxQuant.build/Debug-watchos/VeloxQuantCore.build/Objects-normal/arm64_32/VeloxQuantCore-OutputFileMap.json
WriteAuxiliaryFile /Users/admin/builder/spi-builder-workspace/.derivedData/Build/Intermediates.noindex/VeloxQuant.build/Debug-watchos/VeloxQuantCore.build/Objects-normal/arm64/VeloxQuantCore_const_extract_protocols.json (in target 'VeloxQuantCore' from project 'VeloxQuant')
cd /Users/admin/builder/spi-builder-workspace
write-file /Users/admin/builder/spi-builder-workspace/.derivedData/Build/Intermediates.noindex/VeloxQuant.build/Debug-watchos/VeloxQuantCore.build/Objects-normal/arm64/VeloxQuantCore_const_extract_protocols.json
WriteAuxiliaryFile /Users/admin/builder/spi-builder-workspace/.derivedData/Build/Intermediates.noindex/VeloxQuant.build/Debug-watchos/VeloxQuantCore.build/Objects-normal/arm64/VeloxQuantCore.SwiftFileList (in target 'VeloxQuantCore' from project 'VeloxQuant')
cd /Users/admin/builder/spi-builder-workspace
write-file /Users/admin/builder/spi-builder-workspace/.derivedData/Build/Intermediates.noindex/VeloxQuant.build/Debug-watchos/VeloxQuantCore.build/Objects-normal/arm64/VeloxQuantCore.SwiftFileList
WriteAuxiliaryFile /Users/admin/builder/spi-builder-workspace/.derivedData/Build/Intermediates.noindex/VeloxQuant.build/Debug-watchos/VeloxQuantCore.build/Objects-normal/arm64/VeloxQuantCore.SwiftConstValuesFileList (in target 'VeloxQuantCore' from project 'VeloxQuant')
cd /Users/admin/builder/spi-builder-workspace
write-file /Users/admin/builder/spi-builder-workspace/.derivedData/Build/Intermediates.noindex/VeloxQuant.build/Debug-watchos/VeloxQuantCore.build/Objects-normal/arm64/VeloxQuantCore.SwiftConstValuesFileList
WriteAuxiliaryFile /Users/admin/builder/spi-builder-workspace/.derivedData/Build/Intermediates.noindex/VeloxQuant.build/Debug-watchos/VeloxQuantCore.build/Objects-normal/arm64/VeloxQuantCore.LinkFileList (in target 'VeloxQuantCore' from project 'VeloxQuant')
cd /Users/admin/builder/spi-builder-workspace
write-file /Users/admin/builder/spi-builder-workspace/.derivedData/Build/Intermediates.noindex/VeloxQuant.build/Debug-watchos/VeloxQuantCore.build/Objects-normal/arm64/VeloxQuantCore.LinkFileList
WriteAuxiliaryFile /Users/admin/builder/spi-builder-workspace/.derivedData/Build/Intermediates.noindex/VeloxQuant.build/Debug-watchos/VeloxQuantCore.build/Objects-normal/arm64/VeloxQuantCore-OutputFileMap.json (in target 'VeloxQuantCore' from project 'VeloxQuant')
cd /Users/admin/builder/spi-builder-workspace
write-file /Users/admin/builder/spi-builder-workspace/.derivedData/Build/Intermediates.noindex/VeloxQuant.build/Debug-watchos/VeloxQuantCore.build/Objects-normal/arm64/VeloxQuantCore-OutputFileMap.json
Copy /Users/admin/builder/spi-builder-workspace/.derivedData/Build/Intermediates.noindex/GeneratedModuleMaps-watchos/VeloxQuantCore.modulemap /Users/admin/builder/spi-builder-workspace/.derivedData/Build/Intermediates.noindex/VeloxQuant.build/Debug-watchos/VeloxQuantCore.build/VeloxQuantCore.modulemap (in target 'VeloxQuantCore' from project 'VeloxQuant')
cd /Users/admin/builder/spi-builder-workspace
builtin-copy -exclude .DS_Store -exclude CVS -exclude .svn -exclude .git -exclude .hg -resolve-src-symlinks /Users/admin/builder/spi-builder-workspace/.derivedData/Build/Intermediates.noindex/VeloxQuant.build/Debug-watchos/VeloxQuantCore.build/VeloxQuantCore.modulemap /Users/admin/builder/spi-builder-workspace/.derivedData/Build/Intermediates.noindex/GeneratedModuleMaps-watchos
SwiftDriver VeloxQuantCore normal arm64_32 com.apple.xcode.tools.swift.compiler (in target 'VeloxQuantCore' from project 'VeloxQuant')
cd /Users/admin/builder/spi-builder-workspace/.swiftpm/xcode
builtin-SwiftDriver -- /Applications/Xcode-16.3.0.app/Contents/Developer/Toolchains/XcodeDefault.xctoolchain/usr/bin/swiftc -module-name VeloxQuantCore -Onone -enforce-exclusivity\=checked @/Users/admin/builder/spi-builder-workspace/.derivedData/Build/Intermediates.noindex/VeloxQuant.build/Debug-watchos/VeloxQuantCore.build/Objects-normal/arm64_32/VeloxQuantCore.SwiftFileList -DSWIFT_PACKAGE -DDEBUG -stats-output-dir .stats -strict-concurrency\=complete -enable-upcoming-feature StrictConcurrency -enable-upcoming-feature DisableOutwardActorInference -enable-upcoming-feature GlobalActorIsolatedTypesUsability -enable-upcoming-feature InferSendableFromCaptures -plugin-path /Applications/Xcode-16.3.0.app/Contents/Developer/Toolchains/XcodeDefault.xctoolchain/usr/lib/swift/host/plugins/testing -enable-experimental-feature DebugDescriptionMacro -sdk /Applications/Xcode-16.3.0.app/Contents/Developer/Platforms/WatchOS.platform/Developer/SDKs/WatchOS11.4.sdk -target arm64_32-apple-watchos9.0 -g -module-cache-path /Users/admin/builder/spi-builder-workspace/.derivedData/ModuleCache.noindex -Xfrontend -serialize-debugging-options -profile-coverage-mapping -profile-generate -enable-testing -index-store-path /Users/admin/builder/spi-builder-workspace/.derivedData/Index.noindex/DataStore -swift-version 5 -I /Users/admin/builder/spi-builder-workspace/.derivedData/Build/Products/Debug-watchos -I /Applications/Xcode-16.3.0.app/Contents/Developer/Platforms/WatchOS.platform/Developer/usr/lib -F /Users/admin/builder/spi-builder-workspace/.derivedData/Build/Products/Debug-watchos -F /Applications/Xcode-16.3.0.app/Contents/Developer/Platforms/WatchOS.platform/Developer/Library/Frameworks -F /Applications/Xcode-16.3.0.app/Contents/Developer/Platforms/WatchOS.platform/Developer/SDKs/WatchOS11.4.sdk/Developer/Library/Frameworks -c -j10 -enable-batch-mode -incremental -Xcc -ivfsstatcache -Xcc /Users/admin/builder/spi-builder-workspace/.derivedData/SDKStatCaches.noindex/watchos11.4-22T246-43efb940ff07ba2497b70ec94253f576.sdkstatcache -output-file-map /Users/admin/builder/spi-builder-workspace/.derivedData/Build/Intermediates.noindex/VeloxQuant.build/Debug-watchos/VeloxQuantCore.build/Objects-normal/arm64_32/VeloxQuantCore-OutputFileMap.json -use-frontend-parseable-output -save-temps -no-color-diagnostics -serialize-diagnostics -emit-dependencies -emit-module -emit-module-path /Users/admin/builder/spi-builder-workspace/.derivedData/Build/Intermediates.noindex/VeloxQuant.build/Debug-watchos/VeloxQuantCore.build/Objects-normal/arm64_32/VeloxQuantCore.swiftmodule -validate-clang-modules-once -clang-build-session-file /Users/admin/builder/spi-builder-workspace/.derivedData/ModuleCache.noindex/Session.modulevalidation -package-name spi_builder_workspace -Xcc -I/Users/admin/builder/spi-builder-workspace/.derivedData/Build/Intermediates.noindex/VeloxQuant.build/Debug-watchos/VeloxQuantCore.build/swift-overrides.hmap -emit-const-values -Xfrontend -const-gather-protocols-file -Xfrontend /Users/admin/builder/spi-builder-workspace/.derivedData/Build/Intermediates.noindex/VeloxQuant.build/Debug-watchos/VeloxQuantCore.build/Objects-normal/arm64_32/VeloxQuantCore_const_extract_protocols.json -Xcc -I/Users/admin/builder/spi-builder-workspace/.derivedData/Build/Products/Debug-watchos/include -Xcc -I/Users/admin/builder/spi-builder-workspace/.derivedData/Build/Intermediates.noindex/VeloxQuant.build/Debug-watchos/VeloxQuantCore.build/DerivedSources-normal/arm64_32 -Xcc -I/Users/admin/builder/spi-builder-workspace/.derivedData/Build/Intermediates.noindex/VeloxQuant.build/Debug-watchos/VeloxQuantCore.build/DerivedSources/arm64_32 -Xcc -I/Users/admin/builder/spi-builder-workspace/.derivedData/Build/Intermediates.noindex/VeloxQuant.build/Debug-watchos/VeloxQuantCore.build/DerivedSources -Xcc -DSWIFT_PACKAGE -Xcc -DDEBUG\=1 -emit-objc-header -emit-objc-header-path /Users/admin/builder/spi-builder-workspace/.derivedData/Build/Intermediates.noindex/VeloxQuant.build/Debug-watchos/VeloxQuantCore.build/Objects-normal/arm64_32/VeloxQuantCore-Swift.h -working-directory /Users/admin/builder/spi-builder-workspace/.swiftpm/xcode -experimental-emit-module-separately -disable-cmo
SwiftDriver VeloxQuantCore normal arm64 com.apple.xcode.tools.swift.compiler (in target 'VeloxQuantCore' from project 'VeloxQuant')
cd /Users/admin/builder/spi-builder-workspace/.swiftpm/xcode
builtin-SwiftDriver -- /Applications/Xcode-16.3.0.app/Contents/Developer/Toolchains/XcodeDefault.xctoolchain/usr/bin/swiftc -module-name VeloxQuantCore -Onone -enforce-exclusivity\=checked @/Users/admin/builder/spi-builder-workspace/.derivedData/Build/Intermediates.noindex/VeloxQuant.build/Debug-watchos/VeloxQuantCore.build/Objects-normal/arm64/VeloxQuantCore.SwiftFileList -DSWIFT_PACKAGE -DDEBUG -stats-output-dir .stats -strict-concurrency\=complete -enable-upcoming-feature StrictConcurrency -enable-upcoming-feature DisableOutwardActorInference -enable-upcoming-feature GlobalActorIsolatedTypesUsability -enable-upcoming-feature InferSendableFromCaptures -plugin-path /Applications/Xcode-16.3.0.app/Contents/Developer/Toolchains/XcodeDefault.xctoolchain/usr/lib/swift/host/plugins/testing -enable-experimental-feature DebugDescriptionMacro -sdk /Applications/Xcode-16.3.0.app/Contents/Developer/Platforms/WatchOS.platform/Developer/SDKs/WatchOS11.4.sdk -target arm64-apple-watchos9.0 -g -module-cache-path /Users/admin/builder/spi-builder-workspace/.derivedData/ModuleCache.noindex -Xfrontend -serialize-debugging-options -profile-coverage-mapping -profile-generate -enable-testing -index-store-path /Users/admin/builder/spi-builder-workspace/.derivedData/Index.noindex/DataStore -swift-version 5 -I /Users/admin/builder/spi-builder-workspace/.derivedData/Build/Products/Debug-watchos -I /Applications/Xcode-16.3.0.app/Contents/Developer/Platforms/WatchOS.platform/Developer/usr/lib -F /Users/admin/builder/spi-builder-workspace/.derivedData/Build/Products/Debug-watchos -F /Applications/Xcode-16.3.0.app/Contents/Developer/Platforms/WatchOS.platform/Developer/Library/Frameworks -F /Applications/Xcode-16.3.0.app/Contents/Developer/Platforms/WatchOS.platform/Developer/SDKs/WatchOS11.4.sdk/Developer/Library/Frameworks -c -j10 -enable-batch-mode -incremental -Xcc -ivfsstatcache -Xcc /Users/admin/builder/spi-builder-workspace/.derivedData/SDKStatCaches.noindex/watchos11.4-22T246-43efb940ff07ba2497b70ec94253f576.sdkstatcache -output-file-map /Users/admin/builder/spi-builder-workspace/.derivedData/Build/Intermediates.noindex/VeloxQuant.build/Debug-watchos/VeloxQuantCore.build/Objects-normal/arm64/VeloxQuantCore-OutputFileMap.json -use-frontend-parseable-output -save-temps -no-color-diagnostics -serialize-diagnostics -emit-dependencies -emit-module -emit-module-path /Users/admin/builder/spi-builder-workspace/.derivedData/Build/Intermediates.noindex/VeloxQuant.build/Debug-watchos/VeloxQuantCore.build/Objects-normal/arm64/VeloxQuantCore.swiftmodule -validate-clang-modules-once -clang-build-session-file /Users/admin/builder/spi-builder-workspace/.derivedData/ModuleCache.noindex/Session.modulevalidation -package-name spi_builder_workspace -Xcc -I/Users/admin/builder/spi-builder-workspace/.derivedData/Build/Intermediates.noindex/VeloxQuant.build/Debug-watchos/VeloxQuantCore.build/swift-overrides.hmap -emit-const-values -Xfrontend -const-gather-protocols-file -Xfrontend /Users/admin/builder/spi-builder-workspace/.derivedData/Build/Intermediates.noindex/VeloxQuant.build/Debug-watchos/VeloxQuantCore.build/Objects-normal/arm64/VeloxQuantCore_const_extract_protocols.json -Xcc -I/Users/admin/builder/spi-builder-workspace/.derivedData/Build/Products/Debug-watchos/include -Xcc -I/Users/admin/builder/spi-builder-workspace/.derivedData/Build/Intermediates.noindex/VeloxQuant.build/Debug-watchos/VeloxQuantCore.build/DerivedSources-normal/arm64 -Xcc -I/Users/admin/builder/spi-builder-workspace/.derivedData/Build/Intermediates.noindex/VeloxQuant.build/Debug-watchos/VeloxQuantCore.build/DerivedSources/arm64 -Xcc -I/Users/admin/builder/spi-builder-workspace/.derivedData/Build/Intermediates.noindex/VeloxQuant.build/Debug-watchos/VeloxQuantCore.build/DerivedSources -Xcc -DSWIFT_PACKAGE -Xcc -DDEBUG\=1 -emit-objc-header -emit-objc-header-path /Users/admin/builder/spi-builder-workspace/.derivedData/Build/Intermediates.noindex/VeloxQuant.build/Debug-watchos/VeloxQuantCore.build/Objects-normal/arm64/VeloxQuantCore-Swift.h -working-directory /Users/admin/builder/spi-builder-workspace/.swiftpm/xcode -experimental-emit-module-separately -disable-cmo
SwiftCompile normal arm64 Compiling\ VeloxQuantError.swift,\ MemoryEstimator.swift,\ ModelRegistry.swift /Users/admin/builder/spi-builder-workspace/Sources/VeloxQuantCore/Errors/VeloxQuantError.swift /Users/admin/builder/spi-builder-workspace/Sources/VeloxQuantCore/Memory/MemoryEstimator.swift /Users/admin/builder/spi-builder-workspace/Sources/VeloxQuantCore/Memory/ModelRegistry.swift (in target 'VeloxQuantCore' from project 'VeloxQuant')
SwiftCompile normal arm64 /Users/admin/builder/spi-builder-workspace/Sources/VeloxQuantCore/Errors/VeloxQuantError.swift (in target 'VeloxQuantCore' from project 'VeloxQuant')
cd /Users/admin/builder/spi-builder-workspace/.swiftpm/xcode
SwiftCompile normal arm64 /Users/admin/builder/spi-builder-workspace/Sources/VeloxQuantCore/Memory/MemoryEstimator.swift (in target 'VeloxQuantCore' from project 'VeloxQuant')
cd /Users/admin/builder/spi-builder-workspace/.swiftpm/xcode
SwiftCompile normal arm64 /Users/admin/builder/spi-builder-workspace/Sources/VeloxQuantCore/Memory/ModelRegistry.swift (in target 'VeloxQuantCore' from project 'VeloxQuant')
cd /Users/admin/builder/spi-builder-workspace/.swiftpm/xcode
SwiftCompile normal arm64 Compiling\ VeloxQuantClient.swift,\ Conversation.swift,\ Embeddings.swift /Users/admin/builder/spi-builder-workspace/Sources/VeloxQuantCore/Client/VeloxQuantClient.swift /Users/admin/builder/spi-builder-workspace/Sources/VeloxQuantCore/Conversation/Conversation.swift /Users/admin/builder/spi-builder-workspace/Sources/VeloxQuantCore/Embeddings/Embeddings.swift (in target 'VeloxQuantCore' from project 'VeloxQuant')
SwiftCompile normal arm64 /Users/admin/builder/spi-builder-workspace/Sources/VeloxQuantCore/Client/VeloxQuantClient.swift (in target 'VeloxQuantCore' from project 'VeloxQuant')
cd /Users/admin/builder/spi-builder-workspace/.swiftpm/xcode
SwiftCompile normal arm64 /Users/admin/builder/spi-builder-workspace/Sources/VeloxQuantCore/Conversation/Conversation.swift (in target 'VeloxQuantCore' from project 'VeloxQuant')
cd /Users/admin/builder/spi-builder-workspace/.swiftpm/xcode
SwiftCompile normal arm64 /Users/admin/builder/spi-builder-workspace/Sources/VeloxQuantCore/Embeddings/Embeddings.swift (in target 'VeloxQuantCore' from project 'VeloxQuant')
cd /Users/admin/builder/spi-builder-workspace/.swiftpm/xcode
SwiftCompile normal arm64 Compiling\ OfflineOptimizer.swift,\ Precision.swift /Users/admin/builder/spi-builder-workspace/Sources/VeloxQuantCore/Memory/OfflineOptimizer.swift /Users/admin/builder/spi-builder-workspace/Sources/VeloxQuantCore/Memory/Precision.swift (in target 'VeloxQuantCore' from project 'VeloxQuant')
SwiftCompile normal arm64 /Users/admin/builder/spi-builder-workspace/Sources/VeloxQuantCore/Memory/OfflineOptimizer.swift (in target 'VeloxQuantCore' from project 'VeloxQuant')
cd /Users/admin/builder/spi-builder-workspace/.swiftpm/xcode
SwiftCompile normal arm64 /Users/admin/builder/spi-builder-workspace/Sources/VeloxQuantCore/Memory/Precision.swift (in target 'VeloxQuantCore' from project 'VeloxQuant')
cd /Users/admin/builder/spi-builder-workspace/.swiftpm/xcode
SwiftCompile normal arm64 Compiling\ ErrorBody.swift,\ JSONValue.swift /Users/admin/builder/spi-builder-workspace/Sources/VeloxQuantCore/Models/ErrorBody.swift /Users/admin/builder/spi-builder-workspace/Sources/VeloxQuantCore/Models/JSONValue.swift (in target 'VeloxQuantCore' from project 'VeloxQuant')
SwiftCompile normal arm64 /Users/admin/builder/spi-builder-workspace/Sources/VeloxQuantCore/Models/ErrorBody.swift (in target 'VeloxQuantCore' from project 'VeloxQuant')
cd /Users/admin/builder/spi-builder-workspace/.swiftpm/xcode
SwiftCompile normal arm64 /Users/admin/builder/spi-builder-workspace/Sources/VeloxQuantCore/Models/JSONValue.swift (in target 'VeloxQuantCore' from project 'VeloxQuant')
cd /Users/admin/builder/spi-builder-workspace/.swiftpm/xcode
SwiftCompile normal arm64 Compiling\ Metrics.swift,\ Monitor.swift /Users/admin/builder/spi-builder-workspace/Sources/VeloxQuantCore/Monitoring/Metrics.swift /Users/admin/builder/spi-builder-workspace/Sources/VeloxQuantCore/Monitoring/Monitor.swift (in target 'VeloxQuantCore' from project 'VeloxQuant')
SwiftCompile normal arm64 /Users/admin/builder/spi-builder-workspace/Sources/VeloxQuantCore/Monitoring/Metrics.swift (in target 'VeloxQuantCore' from project 'VeloxQuant')
cd /Users/admin/builder/spi-builder-workspace/.swiftpm/xcode
SwiftCompile normal arm64 /Users/admin/builder/spi-builder-workspace/Sources/VeloxQuantCore/Monitoring/Monitor.swift (in target 'VeloxQuantCore' from project 'VeloxQuant')
cd /Users/admin/builder/spi-builder-workspace/.swiftpm/xcode
SwiftCompile normal arm64 Compiling\ ChatStream.swift,\ ChatStructured.swift /Users/admin/builder/spi-builder-workspace/Sources/VeloxQuantCore/Streaming/ChatStream.swift /Users/admin/builder/spi-builder-workspace/Sources/VeloxQuantCore/StructuredOutput/ChatStructured.swift (in target 'VeloxQuantCore' from project 'VeloxQuant')
SwiftCompile normal arm64 /Users/admin/builder/spi-builder-workspace/Sources/VeloxQuantCore/Streaming/ChatStream.swift (in target 'VeloxQuantCore' from project 'VeloxQuant')
cd /Users/admin/builder/spi-builder-workspace/.swiftpm/xcode
SwiftCompile normal arm64 /Users/admin/builder/spi-builder-workspace/Sources/VeloxQuantCore/StructuredOutput/ChatStructured.swift (in target 'VeloxQuantCore' from project 'VeloxQuant')
cd /Users/admin/builder/spi-builder-workspace/.swiftpm/xcode
SwiftCompile normal arm64 Compiling\ AsyncByteLines.swift,\ ChatChunk.swift /Users/admin/builder/spi-builder-workspace/Sources/VeloxQuantCore/Streaming/AsyncByteLines.swift /Users/admin/builder/spi-builder-workspace/Sources/VeloxQuantCore/Streaming/ChatChunk.swift (in target 'VeloxQuantCore' from project 'VeloxQuant')
SwiftCompile normal arm64 /Users/admin/builder/spi-builder-workspace/Sources/VeloxQuantCore/Streaming/AsyncByteLines.swift (in target 'VeloxQuantCore' from project 'VeloxQuant')
cd /Users/admin/builder/spi-builder-workspace/.swiftpm/xcode
/Users/admin/builder/spi-builder-workspace/Sources/VeloxQuantCore/Streaming/AsyncByteLines.swift:13:29: warning: passing closure as a 'sending' parameter risks causing data races between code in the current task and concurrent execution of the closure; this is an error in the Swift 6 language mode
let task = Task {
^
/Users/admin/builder/spi-builder-workspace/Sources/VeloxQuantCore/Streaming/AsyncByteLines.swift:16:43: note: closure captures 'self' which is accessible to code in the current task
for try await byte in self {
^
SwiftCompile normal arm64 /Users/admin/builder/spi-builder-workspace/Sources/VeloxQuantCore/Streaming/ChatChunk.swift (in target 'VeloxQuantCore' from project 'VeloxQuant')
cd /Users/admin/builder/spi-builder-workspace/.swiftpm/xcode
SwiftEmitModule normal arm64 Emitting\ module\ for\ VeloxQuantCore (in target 'VeloxQuantCore' from project 'VeloxQuant')
EmitSwiftModule normal arm64 (in target 'VeloxQuantCore' from project 'VeloxQuant')
cd /Users/admin/builder/spi-builder-workspace/.swiftpm/xcode
SwiftCompile normal arm64 Compiling\ Chat.swift,\ ResponseValidation.swift,\ URLSessionCompat.swift /Users/admin/builder/spi-builder-workspace/Sources/VeloxQuantCore/Client/Chat.swift /Users/admin/builder/spi-builder-workspace/Sources/VeloxQuantCore/Client/ResponseValidation.swift /Users/admin/builder/spi-builder-workspace/Sources/VeloxQuantCore/Client/URLSessionCompat.swift (in target 'VeloxQuantCore' from project 'VeloxQuant')
SwiftCompile normal arm64 /Users/admin/builder/spi-builder-workspace/Sources/VeloxQuantCore/Client/Chat.swift (in target 'VeloxQuantCore' from project 'VeloxQuant')
cd /Users/admin/builder/spi-builder-workspace/.swiftpm/xcode
SwiftCompile normal arm64 /Users/admin/builder/spi-builder-workspace/Sources/VeloxQuantCore/Client/ResponseValidation.swift (in target 'VeloxQuantCore' from project 'VeloxQuant')
cd /Users/admin/builder/spi-builder-workspace/.swiftpm/xcode
SwiftCompile normal arm64 /Users/admin/builder/spi-builder-workspace/Sources/VeloxQuantCore/Client/URLSessionCompat.swift (in target 'VeloxQuantCore' from project 'VeloxQuant')
cd /Users/admin/builder/spi-builder-workspace/.swiftpm/xcode
SwiftCompile normal arm64 Compiling\ ChatRequest.swift,\ ChatResponse.swift /Users/admin/builder/spi-builder-workspace/Sources/VeloxQuantCore/Models/ChatRequest.swift /Users/admin/builder/spi-builder-workspace/Sources/VeloxQuantCore/Models/ChatResponse.swift (in target 'VeloxQuantCore' from project 'VeloxQuant')
SwiftCompile normal arm64 /Users/admin/builder/spi-builder-workspace/Sources/VeloxQuantCore/Models/ChatRequest.swift (in target 'VeloxQuantCore' from project 'VeloxQuant')
cd /Users/admin/builder/spi-builder-workspace/.swiftpm/xcode
SwiftCompile normal arm64 /Users/admin/builder/spi-builder-workspace/Sources/VeloxQuantCore/Models/ChatResponse.swift (in target 'VeloxQuantCore' from project 'VeloxQuant')
cd /Users/admin/builder/spi-builder-workspace/.swiftpm/xcode
SwiftEmitModule normal arm64_32 Emitting\ module\ for\ VeloxQuantCore (in target 'VeloxQuantCore' from project 'VeloxQuant')
EmitSwiftModule normal arm64_32 (in target 'VeloxQuantCore' from project 'VeloxQuant')
cd /Users/admin/builder/spi-builder-workspace/.swiftpm/xcode
SwiftDriverJobDiscovery normal arm64 Emitting module for VeloxQuantCore (in target 'VeloxQuantCore' from project 'VeloxQuant')
SwiftDriver\ Compilation\ Requirements VeloxQuantCore normal arm64 com.apple.xcode.tools.swift.compiler (in target 'VeloxQuantCore' from project 'VeloxQuant')
cd /Users/admin/builder/spi-builder-workspace/.swiftpm/xcode
builtin-Swift-Compilation-Requirements -- /Applications/Xcode-16.3.0.app/Contents/Developer/Toolchains/XcodeDefault.xctoolchain/usr/bin/swiftc -module-name VeloxQuantCore -Onone -enforce-exclusivity\=checked @/Users/admin/builder/spi-builder-workspace/.derivedData/Build/Intermediates.noindex/VeloxQuant.build/Debug-watchos/VeloxQuantCore.build/Objects-normal/arm64/VeloxQuantCore.SwiftFileList -DSWIFT_PACKAGE -DDEBUG -stats-output-dir .stats -strict-concurrency\=complete -enable-upcoming-feature StrictConcurrency -enable-upcoming-feature DisableOutwardActorInference -enable-upcoming-feature GlobalActorIsolatedTypesUsability -enable-upcoming-feature InferSendableFromCaptures -plugin-path /Applications/Xcode-16.3.0.app/Contents/Developer/Toolchains/XcodeDefault.xctoolchain/usr/lib/swift/host/plugins/testing -enable-experimental-feature DebugDescriptionMacro -sdk /Applications/Xcode-16.3.0.app/Contents/Developer/Platforms/WatchOS.platform/Developer/SDKs/WatchOS11.4.sdk -target arm64-apple-watchos9.0 -g -module-cache-path /Users/admin/builder/spi-builder-workspace/.derivedData/ModuleCache.noindex -Xfrontend -serialize-debugging-options -profile-coverage-mapping -profile-generate -enable-testing -index-store-path /Users/admin/builder/spi-builder-workspace/.derivedData/Index.noindex/DataStore -swift-version 5 -I /Users/admin/builder/spi-builder-workspace/.derivedData/Build/Products/Debug-watchos -I /Applications/Xcode-16.3.0.app/Contents/Developer/Platforms/WatchOS.platform/Developer/usr/lib -F /Users/admin/builder/spi-builder-workspace/.derivedData/Build/Products/Debug-watchos -F /Applications/Xcode-16.3.0.app/Contents/Developer/Platforms/WatchOS.platform/Developer/Library/Frameworks -F /Applications/Xcode-16.3.0.app/Contents/Developer/Platforms/WatchOS.platform/Developer/SDKs/WatchOS11.4.sdk/Developer/Library/Frameworks -c -j10 -enable-batch-mode -incremental -Xcc -ivfsstatcache -Xcc /Users/admin/builder/spi-builder-workspace/.derivedData/SDKStatCaches.noindex/watchos11.4-22T246-43efb940ff07ba2497b70ec94253f576.sdkstatcache -output-file-map /Users/admin/builder/spi-builder-workspace/.derivedData/Build/Intermediates.noindex/VeloxQuant.build/Debug-watchos/VeloxQuantCore.build/Objects-normal/arm64/VeloxQuantCore-OutputFileMap.json -use-frontend-parseable-output -save-temps -no-color-diagnostics -serialize-diagnostics -emit-dependencies -emit-module -emit-module-path /Users/admin/builder/spi-builder-workspace/.derivedData/Build/Intermediates.noindex/VeloxQuant.build/Debug-watchos/VeloxQuantCore.build/Objects-normal/arm64/VeloxQuantCore.swiftmodule -validate-clang-modules-once -clang-build-session-file /Users/admin/builder/spi-builder-workspace/.derivedData/ModuleCache.noindex/Session.modulevalidation -package-name spi_builder_workspace -Xcc -I/Users/admin/builder/spi-builder-workspace/.derivedData/Build/Intermediates.noindex/VeloxQuant.build/Debug-watchos/VeloxQuantCore.build/swift-overrides.hmap -emit-const-values -Xfrontend -const-gather-protocols-file -Xfrontend /Users/admin/builder/spi-builder-workspace/.derivedData/Build/Intermediates.noindex/VeloxQuant.build/Debug-watchos/VeloxQuantCore.build/Objects-normal/arm64/VeloxQuantCore_const_extract_protocols.json -Xcc -I/Users/admin/builder/spi-builder-workspace/.derivedData/Build/Products/Debug-watchos/include -Xcc -I/Users/admin/builder/spi-builder-workspace/.derivedData/Build/Intermediates.noindex/VeloxQuant.build/Debug-watchos/VeloxQuantCore.build/DerivedSources-normal/arm64 -Xcc -I/Users/admin/builder/spi-builder-workspace/.derivedData/Build/Intermediates.noindex/VeloxQuant.build/Debug-watchos/VeloxQuantCore.build/DerivedSources/arm64 -Xcc -I/Users/admin/builder/spi-builder-workspace/.derivedData/Build/Intermediates.noindex/VeloxQuant.build/Debug-watchos/VeloxQuantCore.build/DerivedSources -Xcc -DSWIFT_PACKAGE -Xcc -DDEBUG\=1 -emit-objc-header -emit-objc-header-path /Users/admin/builder/spi-builder-workspace/.derivedData/Build/Intermediates.noindex/VeloxQuant.build/Debug-watchos/VeloxQuantCore.build/Objects-normal/arm64/VeloxQuantCore-Swift.h -working-directory /Users/admin/builder/spi-builder-workspace/.swiftpm/xcode -experimental-emit-module-separately -disable-cmo
SwiftDriverJobDiscovery normal arm64 Compiling ChatRequest.swift, ChatResponse.swift (in target 'VeloxQuantCore' from project 'VeloxQuant')
SwiftCompile normal arm64_32 Compiling\ Chat.swift,\ ResponseValidation.swift,\ URLSessionCompat.swift /Users/admin/builder/spi-builder-workspace/Sources/VeloxQuantCore/Client/Chat.swift /Users/admin/builder/spi-builder-workspace/Sources/VeloxQuantCore/Client/ResponseValidation.swift /Users/admin/builder/spi-builder-workspace/Sources/VeloxQuantCore/Client/URLSessionCompat.swift (in target 'VeloxQuantCore' from project 'VeloxQuant')
SwiftCompile normal arm64_32 /Users/admin/builder/spi-builder-workspace/Sources/VeloxQuantCore/Client/Chat.swift (in target 'VeloxQuantCore' from project 'VeloxQuant')
cd /Users/admin/builder/spi-builder-workspace/.swiftpm/xcode
SwiftCompile normal arm64_32 /Users/admin/builder/spi-builder-workspace/Sources/VeloxQuantCore/Client/ResponseValidation.swift (in target 'VeloxQuantCore' from project 'VeloxQuant')
cd /Users/admin/builder/spi-builder-workspace/.swiftpm/xcode
SwiftCompile normal arm64_32 /Users/admin/builder/spi-builder-workspace/Sources/VeloxQuantCore/Client/URLSessionCompat.swift (in target 'VeloxQuantCore' from project 'VeloxQuant')
cd /Users/admin/builder/spi-builder-workspace/.swiftpm/xcode
Copy /Users/admin/builder/spi-builder-workspace/.derivedData/Build/Products/Debug-watchos/VeloxQuantCore.swiftmodule/arm64-apple-watchos.swiftmodule /Users/admin/builder/spi-builder-workspace/.derivedData/Build/Intermediates.noindex/VeloxQuant.build/Debug-watchos/VeloxQuantCore.build/Objects-normal/arm64/VeloxQuantCore.swiftmodule (in target 'VeloxQuantCore' from project 'VeloxQuant')
cd /Users/admin/builder/spi-builder-workspace
builtin-copy -exclude .DS_Store -exclude CVS -exclude .svn -exclude .git -exclude .hg -resolve-src-symlinks -rename /Users/admin/builder/spi-builder-workspace/.derivedData/Build/Intermediates.noindex/VeloxQuant.build/Debug-watchos/VeloxQuantCore.build/Objects-normal/arm64/VeloxQuantCore.swiftmodule /Users/admin/builder/spi-builder-workspace/.derivedData/Build/Products/Debug-watchos/VeloxQuantCore.swiftmodule/arm64-apple-watchos.swiftmodule
SwiftDriverJobDiscovery normal arm64 Compiling ErrorBody.swift, JSONValue.swift (in target 'VeloxQuantCore' from project 'VeloxQuant')
Copy /Users/admin/builder/spi-builder-workspace/.derivedData/Build/Products/Debug-watchos/VeloxQuantCore.swiftmodule/arm64-apple-watchos.swiftdoc /Users/admin/builder/spi-builder-workspace/.derivedData/Build/Intermediates.noindex/VeloxQuant.build/Debug-watchos/VeloxQuantCore.build/Objects-normal/arm64/VeloxQuantCore.swiftdoc (in target 'VeloxQuantCore' from project 'VeloxQuant')
cd /Users/admin/builder/spi-builder-workspace
builtin-copy -exclude .DS_Store -exclude CVS -exclude .svn -exclude .git -exclude .hg -resolve-src-symlinks -rename /Users/admin/builder/spi-builder-workspace/.derivedData/Build/Intermediates.noindex/VeloxQuant.build/Debug-watchos/VeloxQuantCore.build/Objects-normal/arm64/VeloxQuantCore.swiftdoc /Users/admin/builder/spi-builder-workspace/.derivedData/Build/Products/Debug-watchos/VeloxQuantCore.swiftmodule/arm64-apple-watchos.swiftdoc
Copy /Users/admin/builder/spi-builder-workspace/.derivedData/Build/Products/Debug-watchos/VeloxQuantCore.swiftmodule/arm64-apple-watchos.abi.json /Users/admin/builder/spi-builder-workspace/.derivedData/Build/Intermediates.noindex/VeloxQuant.build/Debug-watchos/VeloxQuantCore.build/Objects-normal/arm64/VeloxQuantCore.abi.json (in target 'VeloxQuantCore' from project 'VeloxQuant')
cd /Users/admin/builder/spi-builder-workspace
builtin-copy -exclude .DS_Store -exclude CVS -exclude .svn -exclude .git -exclude .hg -resolve-src-symlinks -rename /Users/admin/builder/spi-builder-workspace/.derivedData/Build/Intermediates.noindex/VeloxQuant.build/Debug-watchos/VeloxQuantCore.build/Objects-normal/arm64/VeloxQuantCore.abi.json /Users/admin/builder/spi-builder-workspace/.derivedData/Build/Products/Debug-watchos/VeloxQuantCore.swiftmodule/arm64-apple-watchos.abi.json
Copy /Users/admin/builder/spi-builder-workspace/.derivedData/Build/Products/Debug-watchos/VeloxQuantCore.swiftmodule/Project/arm64-apple-watchos.swiftsourceinfo /Users/admin/builder/spi-builder-workspace/.derivedData/Build/Intermediates.noindex/VeloxQuant.build/Debug-watchos/VeloxQuantCore.build/Objects-normal/arm64/VeloxQuantCore.swiftsourceinfo (in target 'VeloxQuantCore' from project 'VeloxQuant')
cd /Users/admin/builder/spi-builder-workspace
builtin-copy -exclude .DS_Store -exclude CVS -exclude .svn -exclude .git -exclude .hg -resolve-src-symlinks -rename /Users/admin/builder/spi-builder-workspace/.derivedData/Build/Intermediates.noindex/VeloxQuant.build/Debug-watchos/VeloxQuantCore.build/Objects-normal/arm64/VeloxQuantCore.swiftsourceinfo /Users/admin/builder/spi-builder-workspace/.derivedData/Build/Products/Debug-watchos/VeloxQuantCore.swiftmodule/Project/arm64-apple-watchos.swiftsourceinfo
SwiftCompile normal arm64_32 Compiling\ OfflineOptimizer.swift,\ Precision.swift /Users/admin/builder/spi-builder-workspace/Sources/VeloxQuantCore/Memory/OfflineOptimizer.swift /Users/admin/builder/spi-builder-workspace/Sources/VeloxQuantCore/Memory/Precision.swift (in target 'VeloxQuantCore' from project 'VeloxQuant')
SwiftCompile normal arm64_32 /Users/admin/builder/spi-builder-workspace/Sources/VeloxQuantCore/Memory/OfflineOptimizer.swift (in target 'VeloxQuantCore' from project 'VeloxQuant')
cd /Users/admin/builder/spi-builder-workspace/.swiftpm/xcode
SwiftCompile normal arm64_32 /Users/admin/builder/spi-builder-workspace/Sources/VeloxQuantCore/Memory/Precision.swift (in target 'VeloxQuantCore' from project 'VeloxQuant')
cd /Users/admin/builder/spi-builder-workspace/.swiftpm/xcode
SwiftCompile normal arm64_32 Compiling\ ErrorBody.swift,\ JSONValue.swift /Users/admin/builder/spi-builder-workspace/Sources/VeloxQuantCore/Models/ErrorBody.swift /Users/admin/builder/spi-builder-workspace/Sources/VeloxQuantCore/Models/JSONValue.swift (in target 'VeloxQuantCore' from project 'VeloxQuant')
SwiftCompile normal arm64_32 /Users/admin/builder/spi-builder-workspace/Sources/VeloxQuantCore/Models/ErrorBody.swift (in target 'VeloxQuantCore' from project 'VeloxQuant')
cd /Users/admin/builder/spi-builder-workspace/.swiftpm/xcode
SwiftCompile normal arm64_32 /Users/admin/builder/spi-builder-workspace/Sources/VeloxQuantCore/Models/JSONValue.swift (in target 'VeloxQuantCore' from project 'VeloxQuant')
cd /Users/admin/builder/spi-builder-workspace/.swiftpm/xcode
SwiftDriverJobDiscovery normal arm64 Compiling OfflineOptimizer.swift, Precision.swift (in target 'VeloxQuantCore' from project 'VeloxQuant')
SwiftCompile normal arm64_32 Compiling\ Message.swift,\ Recommendation.swift /Users/admin/builder/spi-builder-workspace/Sources/VeloxQuantCore/Models/Message.swift /Users/admin/builder/spi-builder-workspace/Sources/VeloxQuantCore/Models/Recommendation.swift (in target 'VeloxQuantCore' from project 'VeloxQuant')
SwiftCompile normal arm64_32 /Users/admin/builder/spi-builder-workspace/Sources/VeloxQuantCore/Models/Message.swift (in target 'VeloxQuantCore' from project 'VeloxQuant')
cd /Users/admin/builder/spi-builder-workspace/.swiftpm/xcode
SwiftCompile normal arm64_32 /Users/admin/builder/spi-builder-workspace/Sources/VeloxQuantCore/Models/Recommendation.swift (in target 'VeloxQuantCore' from project 'VeloxQuant')
cd /Users/admin/builder/spi-builder-workspace/.swiftpm/xcode
SwiftDriverJobDiscovery normal arm64 Compiling Metrics.swift, Monitor.swift (in target 'VeloxQuantCore' from project 'VeloxQuant')
SwiftCompile normal arm64_32 Compiling\ ChatRequest.swift,\ ChatResponse.swift /Users/admin/builder/spi-builder-workspace/Sources/VeloxQuantCore/Models/ChatRequest.swift /Users/admin/builder/spi-builder-workspace/Sources/VeloxQuantCore/Models/ChatResponse.swift (in target 'VeloxQuantCore' from project 'VeloxQuant')
SwiftCompile normal arm64_32 /Users/admin/builder/spi-builder-workspace/Sources/VeloxQuantCore/Models/ChatRequest.swift (in target 'VeloxQuantCore' from project 'VeloxQuant')
cd /Users/admin/builder/spi-builder-workspace/.swiftpm/xcode
SwiftCompile normal arm64_32 /Users/admin/builder/spi-builder-workspace/Sources/VeloxQuantCore/Models/ChatResponse.swift (in target 'VeloxQuantCore' from project 'VeloxQuant')
cd /Users/admin/builder/spi-builder-workspace/.swiftpm/xcode
SwiftDriverJobDiscovery normal arm64 Compiling AsyncByteLines.swift, ChatChunk.swift (in target 'VeloxQuantCore' from project 'VeloxQuant')
SwiftCompile normal arm64_32 Compiling\ VeloxQuantClient.swift,\ Conversation.swift,\ Embeddings.swift /Users/admin/builder/spi-builder-workspace/Sources/VeloxQuantCore/Client/VeloxQuantClient.swift /Users/admin/builder/spi-builder-workspace/Sources/VeloxQuantCore/Conversation/Conversation.swift /Users/admin/builder/spi-builder-workspace/Sources/VeloxQuantCore/Embeddings/Embeddings.swift (in target 'VeloxQuantCore' from project 'VeloxQuant')
SwiftCompile normal arm64_32 /Users/admin/builder/spi-builder-workspace/Sources/VeloxQuantCore/Client/VeloxQuantClient.swift (in target 'VeloxQuantCore' from project 'VeloxQuant')
cd /Users/admin/builder/spi-builder-workspace/.swiftpm/xcode
SwiftCompile normal arm64_32 /Users/admin/builder/spi-builder-workspace/Sources/VeloxQuantCore/Conversation/Conversation.swift (in target 'VeloxQuantCore' from project 'VeloxQuant')
cd /Users/admin/builder/spi-builder-workspace/.swiftpm/xcode
SwiftCompile normal arm64_32 /Users/admin/builder/spi-builder-workspace/Sources/VeloxQuantCore/Embeddings/Embeddings.swift (in target 'VeloxQuantCore' from project 'VeloxQuant')
cd /Users/admin/builder/spi-builder-workspace/.swiftpm/xcode
SwiftDriverJobDiscovery normal arm64 Compiling ChatStream.swift, ChatStructured.swift (in target 'VeloxQuantCore' from project 'VeloxQuant')
SwiftCompile normal arm64_32 Compiling\ ChatStream.swift,\ ChatStructured.swift /Users/admin/builder/spi-builder-workspace/Sources/VeloxQuantCore/Streaming/ChatStream.swift /Users/admin/builder/spi-builder-workspace/Sources/VeloxQuantCore/StructuredOutput/ChatStructured.swift (in target 'VeloxQuantCore' from project 'VeloxQuant')
SwiftCompile normal arm64_32 /Users/admin/builder/spi-builder-workspace/Sources/VeloxQuantCore/Streaming/ChatStream.swift (in target 'VeloxQuantCore' from project 'VeloxQuant')
cd /Users/admin/builder/spi-builder-workspace/.swiftpm/xcode
SwiftCompile normal arm64_32 /Users/admin/builder/spi-builder-workspace/Sources/VeloxQuantCore/StructuredOutput/ChatStructured.swift (in target 'VeloxQuantCore' from project 'VeloxQuant')
cd /Users/admin/builder/spi-builder-workspace/.swiftpm/xcode
SwiftCompile normal arm64_32 Compiling\ Metrics.swift,\ Monitor.swift /Users/admin/builder/spi-builder-workspace/Sources/VeloxQuantCore/Monitoring/Metrics.swift /Users/admin/builder/spi-builder-workspace/Sources/VeloxQuantCore/Monitoring/Monitor.swift (in target 'VeloxQuantCore' from project 'VeloxQuant')
SwiftCompile normal arm64_32 /Users/admin/builder/spi-builder-workspace/Sources/VeloxQuantCore/Monitoring/Metrics.swift (in target 'VeloxQuantCore' from project 'VeloxQuant')
cd /Users/admin/builder/spi-builder-workspace/.swiftpm/xcode
SwiftCompile normal arm64_32 /Users/admin/builder/spi-builder-workspace/Sources/VeloxQuantCore/Monitoring/Monitor.swift (in target 'VeloxQuantCore' from project 'VeloxQuant')
cd /Users/admin/builder/spi-builder-workspace/.swiftpm/xcode
SwiftCompile normal arm64 Compiling\ Message.swift,\ Recommendation.swift /Users/admin/builder/spi-builder-workspace/Sources/VeloxQuantCore/Models/Message.swift /Users/admin/builder/spi-builder-workspace/Sources/VeloxQuantCore/Models/Recommendation.swift (in target 'VeloxQuantCore' from project 'VeloxQuant')
SwiftCompile normal arm64 /Users/admin/builder/spi-builder-workspace/Sources/VeloxQuantCore/Models/Message.swift (in target 'VeloxQuantCore' from project 'VeloxQuant')
cd /Users/admin/builder/spi-builder-workspace/.swiftpm/xcode
SwiftCompile normal arm64 /Users/admin/builder/spi-builder-workspace/Sources/VeloxQuantCore/Models/Recommendation.swift (in target 'VeloxQuantCore' from project 'VeloxQuant')
cd /Users/admin/builder/spi-builder-workspace/.swiftpm/xcode
SwiftDriverJobDiscovery normal arm64 Compiling Chat.swift, ResponseValidation.swift, URLSessionCompat.swift (in target 'VeloxQuantCore' from project 'VeloxQuant')
SwiftDriverJobDiscovery normal arm64 Compiling VeloxQuantClient.swift, Conversation.swift, Embeddings.swift (in target 'VeloxQuantCore' from project 'VeloxQuant')
SwiftDriverJobDiscovery normal arm64 Compiling VeloxQuantError.swift, MemoryEstimator.swift, ModelRegistry.swift (in target 'VeloxQuantCore' from project 'VeloxQuant')
SwiftCompile normal arm64_32 Compiling\ AsyncByteLines.swift,\ ChatChunk.swift /Users/admin/builder/spi-builder-workspace/Sources/VeloxQuantCore/Streaming/AsyncByteLines.swift /Users/admin/builder/spi-builder-workspace/Sources/VeloxQuantCore/Streaming/ChatChunk.swift (in target 'VeloxQuantCore' from project 'VeloxQuant')
SwiftCompile normal arm64_32 /Users/admin/builder/spi-builder-workspace/Sources/VeloxQuantCore/Streaming/AsyncByteLines.swift (in target 'VeloxQuantCore' from project 'VeloxQuant')
cd /Users/admin/builder/spi-builder-workspace/.swiftpm/xcode
/Users/admin/builder/spi-builder-workspace/Sources/VeloxQuantCore/Streaming/AsyncByteLines.swift:13:29: warning: passing closure as a 'sending' parameter risks causing data races between code in the current task and concurrent execution of the closure; this is an error in the Swift 6 language mode
let task = Task {
^
/Users/admin/builder/spi-builder-workspace/Sources/VeloxQuantCore/Streaming/AsyncByteLines.swift:16:43: note: closure captures 'self' which is accessible to code in the current task
for try await byte in self {
^
SwiftCompile normal arm64_32 /Users/admin/builder/spi-builder-workspace/Sources/VeloxQuantCore/Streaming/ChatChunk.swift (in target 'VeloxQuantCore' from project 'VeloxQuant')
cd /Users/admin/builder/spi-builder-workspace/.swiftpm/xcode
SwiftDriverJobDiscovery normal arm64_32 Emitting module for VeloxQuantCore (in target 'VeloxQuantCore' from project 'VeloxQuant')
SwiftDriver\ Compilation\ Requirements VeloxQuantCore normal arm64_32 com.apple.xcode.tools.swift.compiler (in target 'VeloxQuantCore' from project 'VeloxQuant')
cd /Users/admin/builder/spi-builder-workspace/.swiftpm/xcode
builtin-Swift-Compilation-Requirements -- /Applications/Xcode-16.3.0.app/Contents/Developer/Toolchains/XcodeDefault.xctoolchain/usr/bin/swiftc -module-name VeloxQuantCore -Onone -enforce-exclusivity\=checked @/Users/admin/builder/spi-builder-workspace/.derivedData/Build/Intermediates.noindex/VeloxQuant.build/Debug-watchos/VeloxQuantCore.build/Objects-normal/arm64_32/VeloxQuantCore.SwiftFileList -DSWIFT_PACKAGE -DDEBUG -stats-output-dir .stats -strict-concurrency\=complete -enable-upcoming-feature StrictConcurrency -enable-upcoming-feature DisableOutwardActorInference -enable-upcoming-feature GlobalActorIsolatedTypesUsability -enable-upcoming-feature InferSendableFromCaptures -plugin-path /Applications/Xcode-16.3.0.app/Contents/Developer/Toolchains/XcodeDefault.xctoolchain/usr/lib/swift/host/plugins/testing -enable-experimental-feature DebugDescriptionMacro -sdk /Applications/Xcode-16.3.0.app/Contents/Developer/Platforms/WatchOS.platform/Developer/SDKs/WatchOS11.4.sdk -target arm64_32-apple-watchos9.0 -g -module-cache-path /Users/admin/builder/spi-builder-workspace/.derivedData/ModuleCache.noindex -Xfrontend -serialize-debugging-options -profile-coverage-mapping -profile-generate -enable-testing -index-store-path /Users/admin/builder/spi-builder-workspace/.derivedData/Index.noindex/DataStore -swift-version 5 -I /Users/admin/builder/spi-builder-workspace/.derivedData/Build/Products/Debug-watchos -I /Applications/Xcode-16.3.0.app/Contents/Developer/Platforms/WatchOS.platform/Developer/usr/lib -F /Users/admin/builder/spi-builder-workspace/.derivedData/Build/Products/Debug-watchos -F /Applications/Xcode-16.3.0.app/Contents/Developer/Platforms/WatchOS.platform/Developer/Library/Frameworks -F /Applications/Xcode-16.3.0.app/Contents/Developer/Platforms/WatchOS.platform/Developer/SDKs/WatchOS11.4.sdk/Developer/Library/Frameworks -c -j10 -enable-batch-mode -incremental -Xcc -ivfsstatcache -Xcc /Users/admin/builder/spi-builder-workspace/.derivedData/SDKStatCaches.noindex/watchos11.4-22T246-43efb940ff07ba2497b70ec94253f576.sdkstatcache -output-file-map /Users/admin/builder/spi-builder-workspace/.derivedData/Build/Intermediates.noindex/VeloxQuant.build/Debug-watchos/VeloxQuantCore.build/Objects-normal/arm64_32/VeloxQuantCore-OutputFileMap.json -use-frontend-parseable-output -save-temps -no-color-diagnostics -serialize-diagnostics -emit-dependencies -emit-module -emit-module-path /Users/admin/builder/spi-builder-workspace/.derivedData/Build/Intermediates.noindex/VeloxQuant.build/Debug-watchos/VeloxQuantCore.build/Objects-normal/arm64_32/VeloxQuantCore.swiftmodule -validate-clang-modules-once -clang-build-session-file /Users/admin/builder/spi-builder-workspace/.derivedData/ModuleCache.noindex/Session.modulevalidation -package-name spi_builder_workspace -Xcc -I/Users/admin/builder/spi-builder-workspace/.derivedData/Build/Intermediates.noindex/VeloxQuant.build/Debug-watchos/VeloxQuantCore.build/swift-overrides.hmap -emit-const-values -Xfrontend -const-gather-protocols-file -Xfrontend /Users/admin/builder/spi-builder-workspace/.derivedData/Build/Intermediates.noindex/VeloxQuant.build/Debug-watchos/VeloxQuantCore.build/Objects-normal/arm64_32/VeloxQuantCore_const_extract_protocols.json -Xcc -I/Users/admin/builder/spi-builder-workspace/.derivedData/Build/Products/Debug-watchos/include -Xcc -I/Users/admin/builder/spi-builder-workspace/.derivedData/Build/Intermediates.noindex/VeloxQuant.build/Debug-watchos/VeloxQuantCore.build/DerivedSources-normal/arm64_32 -Xcc -I/Users/admin/builder/spi-builder-workspace/.derivedData/Build/Intermediates.noindex/VeloxQuant.build/Debug-watchos/VeloxQuantCore.build/DerivedSources/arm64_32 -Xcc -I/Users/admin/builder/spi-builder-workspace/.derivedData/Build/Intermediates.noindex/VeloxQuant.build/Debug-watchos/VeloxQuantCore.build/DerivedSources -Xcc -DSWIFT_PACKAGE -Xcc -DDEBUG\=1 -emit-objc-header -emit-objc-header-path /Users/admin/builder/spi-builder-workspace/.derivedData/Build/Intermediates.noindex/VeloxQuant.build/Debug-watchos/VeloxQuantCore.build/Objects-normal/arm64_32/VeloxQuantCore-Swift.h -working-directory /Users/admin/builder/spi-builder-workspace/.swiftpm/xcode -experimental-emit-module-separately -disable-cmo
SwiftDriverJobDiscovery normal arm64 Compiling Message.swift, Recommendation.swift (in target 'VeloxQuantCore' from project 'VeloxQuant')
SwiftCompile normal arm64_32 Compiling\ VeloxQuantError.swift,\ MemoryEstimator.swift,\ ModelRegistry.swift /Users/admin/builder/spi-builder-workspace/Sources/VeloxQuantCore/Errors/VeloxQuantError.swift /Users/admin/builder/spi-builder-workspace/Sources/VeloxQuantCore/Memory/MemoryEstimator.swift /Users/admin/builder/spi-builder-workspace/Sources/VeloxQuantCore/Memory/ModelRegistry.swift (in target 'VeloxQuantCore' from project 'VeloxQuant')
SwiftCompile normal arm64_32 /Users/admin/builder/spi-builder-workspace/Sources/VeloxQuantCore/Errors/VeloxQuantError.swift (in target 'VeloxQuantCore' from project 'VeloxQuant')
cd /Users/admin/builder/spi-builder-workspace/.swiftpm/xcode
SwiftCompile normal arm64_32 /Users/admin/builder/spi-builder-workspace/Sources/VeloxQuantCore/Memory/MemoryEstimator.swift (in target 'VeloxQuantCore' from project 'VeloxQuant')
cd /Users/admin/builder/spi-builder-workspace/.swiftpm/xcode
SwiftCompile normal arm64_32 /Users/admin/builder/spi-builder-workspace/Sources/VeloxQuantCore/Memory/ModelRegistry.swift (in target 'VeloxQuantCore' from project 'VeloxQuant')
cd /Users/admin/builder/spi-builder-workspace/.swiftpm/xcode
SwiftMergeGeneratedHeaders /Users/admin/builder/spi-builder-workspace/.derivedData/Build/Intermediates.noindex/GeneratedModuleMaps-watchos/VeloxQuantCore-Swift.h /Users/admin/builder/spi-builder-workspace/.derivedData/Build/Intermediates.noindex/VeloxQuant.build/Debug-watchos/VeloxQuantCore.build/Objects-normal/arm64/VeloxQuantCore-Swift.h /Users/admin/builder/spi-builder-workspace/.derivedData/Build/Intermediates.noindex/VeloxQuant.build/Debug-watchos/VeloxQuantCore.build/Objects-normal/arm64_32/VeloxQuantCore-Swift.h (in target 'VeloxQuantCore' from project 'VeloxQuant')
cd /Users/admin/builder/spi-builder-workspace
builtin-swiftHeaderTool -arch arm64 /Users/admin/builder/spi-builder-workspace/.derivedData/Build/Intermediates.noindex/VeloxQuant.build/Debug-watchos/VeloxQuantCore.build/Objects-normal/arm64/VeloxQuantCore-Swift.h -arch arm64_32 /Users/admin/builder/spi-builder-workspace/.derivedData/Build/Intermediates.noindex/VeloxQuant.build/Debug-watchos/VeloxQuantCore.build/Objects-normal/arm64_32/VeloxQuantCore-Swift.h -o /Users/admin/builder/spi-builder-workspace/.derivedData/Build/Intermediates.noindex/GeneratedModuleMaps-watchos/VeloxQuantCore-Swift.h
SwiftDriverJobDiscovery normal arm64_32 Compiling VeloxQuantError.swift, MemoryEstimator.swift, ModelRegistry.swift (in target 'VeloxQuantCore' from project 'VeloxQuant')
Copy /Users/admin/builder/spi-builder-workspace/.derivedData/Build/Products/Debug-watchos/VeloxQuantCore.swiftmodule/arm64_32-apple-watchos.swiftmodule /Users/admin/builder/spi-builder-workspace/.derivedData/Build/Intermediates.noindex/VeloxQuant.build/Debug-watchos/VeloxQuantCore.build/Objects-normal/arm64_32/VeloxQuantCore.swiftmodule (in target 'VeloxQuantCore' from project 'VeloxQuant')
cd /Users/admin/builder/spi-builder-workspace
builtin-copy -exclude .DS_Store -exclude CVS -exclude .svn -exclude .git -exclude .hg -resolve-src-symlinks -rename /Users/admin/builder/spi-builder-workspace/.derivedData/Build/Intermediates.noindex/VeloxQuant.build/Debug-watchos/VeloxQuantCore.build/Objects-normal/arm64_32/VeloxQuantCore.swiftmodule /Users/admin/builder/spi-builder-workspace/.derivedData/Build/Products/Debug-watchos/VeloxQuantCore.swiftmodule/arm64_32-apple-watchos.swiftmodule
Copy /Users/admin/builder/spi-builder-workspace/.derivedData/Build/Products/Debug-watchos/VeloxQuantCore.swiftmodule/arm64_32-apple-watchos.swiftdoc /Users/admin/builder/spi-builder-workspace/.derivedData/Build/Intermediates.noindex/VeloxQuant.build/Debug-watchos/VeloxQuantCore.build/Objects-normal/arm64_32/VeloxQuantCore.swiftdoc (in target 'VeloxQuantCore' from project 'VeloxQuant')
cd /Users/admin/builder/spi-builder-workspace
builtin-copy -exclude .DS_Store -exclude CVS -exclude .svn -exclude .git -exclude .hg -resolve-src-symlinks -rename /Users/admin/builder/spi-builder-workspace/.derivedData/Build/Intermediates.noindex/VeloxQuant.build/Debug-watchos/VeloxQuantCore.build/Objects-normal/arm64_32/VeloxQuantCore.swiftdoc /Users/admin/builder/spi-builder-workspace/.derivedData/Build/Products/Debug-watchos/VeloxQuantCore.swiftmodule/arm64_32-apple-watchos.swiftdoc
Copy /Users/admin/builder/spi-builder-workspace/.derivedData/Build/Products/Debug-watchos/VeloxQuantCore.swiftmodule/arm64_32-apple-watchos.abi.json /Users/admin/builder/spi-builder-workspace/.derivedData/Build/Intermediates.noindex/VeloxQuant.build/Debug-watchos/VeloxQuantCore.build/Objects-normal/arm64_32/VeloxQuantCore.abi.json (in target 'VeloxQuantCore' from project 'VeloxQuant')
cd /Users/admin/builder/spi-builder-workspace
builtin-copy -exclude .DS_Store -exclude CVS -exclude .svn -exclude .git -exclude .hg -resolve-src-symlinks -rename /Users/admin/builder/spi-builder-workspace/.derivedData/Build/Intermediates.noindex/VeloxQuant.build/Debug-watchos/VeloxQuantCore.build/Objects-normal/arm64_32/VeloxQuantCore.abi.json /Users/admin/builder/spi-builder-workspace/.derivedData/Build/Products/Debug-watchos/VeloxQuantCore.swiftmodule/arm64_32-apple-watchos.abi.json
Copy /Users/admin/builder/spi-builder-workspace/.derivedData/Build/Products/Debug-watchos/VeloxQuantCore.swiftmodule/Project/arm64_32-apple-watchos.swiftsourceinfo /Users/admin/builder/spi-builder-workspace/.derivedData/Build/Intermediates.noindex/VeloxQuant.build/Debug-watchos/VeloxQuantCore.build/Objects-normal/arm64_32/VeloxQuantCore.swiftsourceinfo (in target 'VeloxQuantCore' from project 'VeloxQuant')
cd /Users/admin/builder/spi-builder-workspace
builtin-copy -exclude .DS_Store -exclude CVS -exclude .svn -exclude .git -exclude .hg -resolve-src-symlinks -rename /Users/admin/builder/spi-builder-workspace/.derivedData/Build/Intermediates.noindex/VeloxQuant.build/Debug-watchos/VeloxQuantCore.build/Objects-normal/arm64_32/VeloxQuantCore.swiftsourceinfo /Users/admin/builder/spi-builder-workspace/.derivedData/Build/Products/Debug-watchos/VeloxQuantCore.swiftmodule/Project/arm64_32-apple-watchos.swiftsourceinfo
SwiftDriver\ Compilation VeloxQuantCore normal arm64 com.apple.xcode.tools.swift.compiler (in target 'VeloxQuantCore' from project 'VeloxQuant')
cd /Users/admin/builder/spi-builder-workspace/.swiftpm/xcode
builtin-Swift-Compilation -- /Applications/Xcode-16.3.0.app/Contents/Developer/Toolchains/XcodeDefault.xctoolchain/usr/bin/swiftc -module-name VeloxQuantCore -Onone -enforce-exclusivity\=checked @/Users/admin/builder/spi-builder-workspace/.derivedData/Build/Intermediates.noindex/VeloxQuant.build/Debug-watchos/VeloxQuantCore.build/Objects-normal/arm64/VeloxQuantCore.SwiftFileList -DSWIFT_PACKAGE -DDEBUG -stats-output-dir .stats -strict-concurrency\=complete -enable-upcoming-feature StrictConcurrency -enable-upcoming-feature DisableOutwardActorInference -enable-upcoming-feature GlobalActorIsolatedTypesUsability -enable-upcoming-feature InferSendableFromCaptures -plugin-path /Applications/Xcode-16.3.0.app/Contents/Developer/Toolchains/XcodeDefault.xctoolchain/usr/lib/swift/host/plugins/testing -enable-experimental-feature DebugDescriptionMacro -sdk /Applications/Xcode-16.3.0.app/Contents/Developer/Platforms/WatchOS.platform/Developer/SDKs/WatchOS11.4.sdk -target arm64-apple-watchos9.0 -g -module-cache-path /Users/admin/builder/spi-builder-workspace/.derivedData/ModuleCache.noindex -Xfrontend -serialize-debugging-options -profile-coverage-mapping -profile-generate -enable-testing -index-store-path /Users/admin/builder/spi-builder-workspace/.derivedData/Index.noindex/DataStore -swift-version 5 -I /Users/admin/builder/spi-builder-workspace/.derivedData/Build/Products/Debug-watchos -I /Applications/Xcode-16.3.0.app/Contents/Developer/Platforms/WatchOS.platform/Developer/usr/lib -F /Users/admin/builder/spi-builder-workspace/.derivedData/Build/Products/Debug-watchos -F /Applications/Xcode-16.3.0.app/Contents/Developer/Platforms/WatchOS.platform/Developer/Library/Frameworks -F /Applications/Xcode-16.3.0.app/Contents/Developer/Platforms/WatchOS.platform/Developer/SDKs/WatchOS11.4.sdk/Developer/Library/Frameworks -c -j10 -enable-batch-mode -incremental -Xcc -ivfsstatcache -Xcc /Users/admin/builder/spi-builder-workspace/.derivedData/SDKStatCaches.noindex/watchos11.4-22T246-43efb940ff07ba2497b70ec94253f576.sdkstatcache -output-file-map /Users/admin/builder/spi-builder-workspace/.derivedData/Build/Intermediates.noindex/VeloxQuant.build/Debug-watchos/VeloxQuantCore.build/Objects-normal/arm64/VeloxQuantCore-OutputFileMap.json -use-frontend-parseable-output -save-temps -no-color-diagnostics -serialize-diagnostics -emit-dependencies -emit-module -emit-module-path /Users/admin/builder/spi-builder-workspace/.derivedData/Build/Intermediates.noindex/VeloxQuant.build/Debug-watchos/VeloxQuantCore.build/Objects-normal/arm64/VeloxQuantCore.swiftmodule -validate-clang-modules-once -clang-build-session-file /Users/admin/builder/spi-builder-workspace/.derivedData/ModuleCache.noindex/Session.modulevalidation -package-name spi_builder_workspace -Xcc -I/Users/admin/builder/spi-builder-workspace/.derivedData/Build/Intermediates.noindex/VeloxQuant.build/Debug-watchos/VeloxQuantCore.build/swift-overrides.hmap -emit-const-values -Xfrontend -const-gather-protocols-file -Xfrontend /Users/admin/builder/spi-builder-workspace/.derivedData/Build/Intermediates.noindex/VeloxQuant.build/Debug-watchos/VeloxQuantCore.build/Objects-normal/arm64/VeloxQuantCore_const_extract_protocols.json -Xcc -I/Users/admin/builder/spi-builder-workspace/.derivedData/Build/Products/Debug-watchos/include -Xcc -I/Users/admin/builder/spi-builder-workspace/.derivedData/Build/Intermediates.noindex/VeloxQuant.build/Debug-watchos/VeloxQuantCore.build/DerivedSources-normal/arm64 -Xcc -I/Users/admin/builder/spi-builder-workspace/.derivedData/Build/Intermediates.noindex/VeloxQuant.build/Debug-watchos/VeloxQuantCore.build/DerivedSources/arm64 -Xcc -I/Users/admin/builder/spi-builder-workspace/.derivedData/Build/Intermediates.noindex/VeloxQuant.build/Debug-watchos/VeloxQuantCore.build/DerivedSources -Xcc -DSWIFT_PACKAGE -Xcc -DDEBUG\=1 -emit-objc-header -emit-objc-header-path /Users/admin/builder/spi-builder-workspace/.derivedData/Build/Intermediates.noindex/VeloxQuant.build/Debug-watchos/VeloxQuantCore.build/Objects-normal/arm64/VeloxQuantCore-Swift.h -working-directory /Users/admin/builder/spi-builder-workspace/.swiftpm/xcode -experimental-emit-module-separately -disable-cmo
Ld /Users/admin/builder/spi-builder-workspace/.derivedData/Build/Intermediates.noindex/VeloxQuant.build/Debug-watchos/VeloxQuantCore.build/Objects-normal/arm64/Binary/VeloxQuantCore.o normal arm64 (in target 'VeloxQuantCore' from project 'VeloxQuant')
cd /Users/admin/builder/spi-builder-workspace
/Applications/Xcode-16.3.0.app/Contents/Developer/Toolchains/XcodeDefault.xctoolchain/usr/bin/clang -Xlinker -reproducible -target arm64-apple-watchos9.0 -r -isysroot /Applications/Xcode-16.3.0.app/Contents/Developer/Platforms/WatchOS.platform/Developer/SDKs/WatchOS11.4.sdk -O0 -L/Users/admin/builder/spi-builder-workspace/.derivedData/Build/Intermediates.noindex/EagerLinkingTBDs/Debug-watchos -L/Users/admin/builder/spi-builder-workspace/.derivedData/Build/Products/Debug-watchos -L/Applications/Xcode-16.3.0.app/Contents/Developer/Platforms/WatchOS.platform/Developer/usr/lib -F/Users/admin/builder/spi-builder-workspace/.derivedData/Build/Intermediates.noindex/EagerLinkingTBDs/Debug-watchos -F/Users/admin/builder/spi-builder-workspace/.derivedData/Build/Products/Debug-watchos -iframework /Applications/Xcode-16.3.0.app/Contents/Developer/Platforms/WatchOS.platform/Developer/Library/Frameworks -iframework /Applications/Xcode-16.3.0.app/Contents/Developer/Platforms/WatchOS.platform/Developer/SDKs/WatchOS11.4.sdk/Developer/Library/Frameworks -filelist /Users/admin/builder/spi-builder-workspace/.derivedData/Build/Intermediates.noindex/VeloxQuant.build/Debug-watchos/VeloxQuantCore.build/Objects-normal/arm64/VeloxQuantCore.LinkFileList -nostdlib -Xlinker -object_path_lto -Xlinker /Users/admin/builder/spi-builder-workspace/.derivedData/Build/Intermediates.noindex/VeloxQuant.build/Debug-watchos/VeloxQuantCore.build/Objects-normal/arm64/VeloxQuantCore_lto.o -rdynamic -Xlinker -no_deduplicate -Xlinker -debug_variant -Xlinker -dependency_info -Xlinker /Users/admin/builder/spi-builder-workspace/.derivedData/Build/Intermediates.noindex/VeloxQuant.build/Debug-watchos/VeloxQuantCore.build/Objects-normal/arm64/VeloxQuantCore_dependency_info.dat -fobjc-link-runtime -L/Applications/Xcode-16.3.0.app/Contents/Developer/Toolchains/XcodeDefault.xctoolchain/usr/lib/swift/watchos -L/usr/lib/swift -Xlinker -add_ast_path -Xlinker /Users/admin/builder/spi-builder-workspace/.derivedData/Build/Intermediates.noindex/VeloxQuant.build/Debug-watchos/VeloxQuantCore.build/Objects-normal/arm64/VeloxQuantCore.swiftmodule -o /Users/admin/builder/spi-builder-workspace/.derivedData/Build/Intermediates.noindex/VeloxQuant.build/Debug-watchos/VeloxQuantCore.build/Objects-normal/arm64/Binary/VeloxQuantCore.o
SwiftDriverJobDiscovery normal arm64_32 Compiling AsyncByteLines.swift, ChatChunk.swift (in target 'VeloxQuantCore' from project 'VeloxQuant')
SwiftDriver VeloxQuantRuntime normal arm64_32 com.apple.xcode.tools.swift.compiler (in target 'VeloxQuantRuntime' from project 'VeloxQuant')
cd /Users/admin/builder/spi-builder-workspace/.swiftpm/xcode
builtin-SwiftDriver -- /Applications/Xcode-16.3.0.app/Contents/Developer/Toolchains/XcodeDefault.xctoolchain/usr/bin/swiftc -module-name VeloxQuantRuntime -Onone -enforce-exclusivity\=checked @/Users/admin/builder/spi-builder-workspace/.derivedData/Build/Intermediates.noindex/VeloxQuant.build/Debug-watchos/VeloxQuantRuntime.build/Objects-normal/arm64_32/VeloxQuantRuntime.SwiftFileList -DSWIFT_PACKAGE -DDEBUG -stats-output-dir .stats -strict-concurrency\=complete -enable-upcoming-feature StrictConcurrency -enable-upcoming-feature DisableOutwardActorInference -enable-upcoming-feature GlobalActorIsolatedTypesUsability -enable-upcoming-feature InferSendableFromCaptures -plugin-path /Applications/Xcode-16.3.0.app/Contents/Developer/Toolchains/XcodeDefault.xctoolchain/usr/lib/swift/host/plugins/testing -enable-experimental-feature DebugDescriptionMacro -sdk /Applications/Xcode-16.3.0.app/Contents/Developer/Platforms/WatchOS.platform/Developer/SDKs/WatchOS11.4.sdk -target arm64_32-apple-watchos9.0 -g -module-cache-path /Users/admin/builder/spi-builder-workspace/.derivedData/ModuleCache.noindex -Xfrontend -serialize-debugging-options -profile-coverage-mapping -profile-generate -enable-testing -index-store-path /Users/admin/builder/spi-builder-workspace/.derivedData/Index.noindex/DataStore -swift-version 5 -I /Users/admin/builder/spi-builder-workspace/.derivedData/Build/Products/Debug-watchos -I /Applications/Xcode-16.3.0.app/Contents/Developer/Platforms/WatchOS.platform/Developer/usr/lib -F /Users/admin/builder/spi-builder-workspace/.derivedData/Build/Products/Debug-watchos/PackageFrameworks -F /Users/admin/builder/spi-builder-workspace/.derivedData/Build/Products/Debug-watchos -F /Applications/Xcode-16.3.0.app/Contents/Developer/Platforms/WatchOS.platform/Developer/Library/Frameworks -F /Applications/Xcode-16.3.0.app/Contents/Developer/Platforms/WatchOS.platform/Developer/SDKs/WatchOS11.4.sdk/Developer/Library/Frameworks -c -j10 -enable-batch-mode -incremental -Xcc -ivfsstatcache -Xcc /Users/admin/builder/spi-builder-workspace/.derivedData/SDKStatCaches.noindex/watchos11.4-22T246-43efb940ff07ba2497b70ec94253f576.sdkstatcache -output-file-map /Users/admin/builder/spi-builder-workspace/.derivedData/Build/Intermediates.noindex/VeloxQuant.build/Debug-watchos/VeloxQuantRuntime.build/Objects-normal/arm64_32/VeloxQuantRuntime-OutputFileMap.json -use-frontend-parseable-output -save-temps -no-color-diagnostics -serialize-diagnostics -emit-dependencies -emit-module -emit-module-path /Users/admin/builder/spi-builder-workspace/.derivedData/Build/Intermediates.noindex/VeloxQuant.build/Debug-watchos/VeloxQuantRuntime.build/Objects-normal/arm64_32/VeloxQuantRuntime.swiftmodule -validate-clang-modules-once -clang-build-session-file /Users/admin/builder/spi-builder-workspace/.derivedData/ModuleCache.noindex/Session.modulevalidation -package-name spi_builder_workspace -Xcc -I/Users/admin/builder/spi-builder-workspace/.derivedData/Build/Intermediates.noindex/VeloxQuant.build/Debug-watchos/VeloxQuantRuntime.build/swift-overrides.hmap -emit-const-values -Xfrontend -const-gather-protocols-file -Xfrontend /Users/admin/builder/spi-builder-workspace/.derivedData/Build/Intermediates.noindex/VeloxQuant.build/Debug-watchos/VeloxQuantRuntime.build/Objects-normal/arm64_32/VeloxQuantRuntime_const_extract_protocols.json -Xcc -I/Users/admin/builder/spi-builder-workspace/.derivedData/Build/Products/Debug-watchos/include -Xcc -I/Users/admin/builder/spi-builder-workspace/.derivedData/Build/Intermediates.noindex/VeloxQuant.build/Debug-watchos/VeloxQuantRuntime.build/DerivedSources-normal/arm64_32 -Xcc -I/Users/admin/builder/spi-builder-workspace/.derivedData/Build/Intermediates.noindex/VeloxQuant.build/Debug-watchos/VeloxQuantRuntime.build/DerivedSources/arm64_32 -Xcc -I/Users/admin/builder/spi-builder-workspace/.derivedData/Build/Intermediates.noindex/VeloxQuant.build/Debug-watchos/VeloxQuantRuntime.build/DerivedSources -Xcc -DSWIFT_PACKAGE -Xcc -DDEBUG\=1 -emit-objc-header -emit-objc-header-path /Users/admin/builder/spi-builder-workspace/.derivedData/Build/Intermediates.noindex/VeloxQuant.build/Debug-watchos/VeloxQuantRuntime.build/Objects-normal/arm64_32/VeloxQuantRuntime-Swift.h -working-directory /Users/admin/builder/spi-builder-workspace/.swiftpm/xcode -experimental-emit-module-separately -disable-cmo
SwiftDriver VeloxQuantRuntime normal arm64 com.apple.xcode.tools.swift.compiler (in target 'VeloxQuantRuntime' from project 'VeloxQuant')
cd /Users/admin/builder/spi-builder-workspace/.swiftpm/xcode
builtin-SwiftDriver -- /Applications/Xcode-16.3.0.app/Contents/Developer/Toolchains/XcodeDefault.xctoolchain/usr/bin/swiftc -module-name VeloxQuantRuntime -Onone -enforce-exclusivity\=checked @/Users/admin/builder/spi-builder-workspace/.derivedData/Build/Intermediates.noindex/VeloxQuant.build/Debug-watchos/VeloxQuantRuntime.build/Objects-normal/arm64/VeloxQuantRuntime.SwiftFileList -DSWIFT_PACKAGE -DDEBUG -stats-output-dir .stats -strict-concurrency\=complete -enable-upcoming-feature StrictConcurrency -enable-upcoming-feature DisableOutwardActorInference -enable-upcoming-feature GlobalActorIsolatedTypesUsability -enable-upcoming-feature InferSendableFromCaptures -plugin-path /Applications/Xcode-16.3.0.app/Contents/Developer/Toolchains/XcodeDefault.xctoolchain/usr/lib/swift/host/plugins/testing -enable-experimental-feature DebugDescriptionMacro -sdk /Applications/Xcode-16.3.0.app/Contents/Developer/Platforms/WatchOS.platform/Developer/SDKs/WatchOS11.4.sdk -target arm64-apple-watchos9.0 -g -module-cache-path /Users/admin/builder/spi-builder-workspace/.derivedData/ModuleCache.noindex -Xfrontend -serialize-debugging-options -profile-coverage-mapping -profile-generate -enable-testing -index-store-path /Users/admin/builder/spi-builder-workspace/.derivedData/Index.noindex/DataStore -swift-version 5 -I /Users/admin/builder/spi-builder-workspace/.derivedData/Build/Products/Debug-watchos -I /Applications/Xcode-16.3.0.app/Contents/Developer/Platforms/WatchOS.platform/Developer/usr/lib -F /Users/admin/builder/spi-builder-workspace/.derivedData/Build/Products/Debug-watchos/PackageFrameworks -F /Users/admin/builder/spi-builder-workspace/.derivedData/Build/Products/Debug-watchos -F /Applications/Xcode-16.3.0.app/Contents/Developer/Platforms/WatchOS.platform/Developer/Library/Frameworks -F /Applications/Xcode-16.3.0.app/Contents/Developer/Platforms/WatchOS.platform/Developer/SDKs/WatchOS11.4.sdk/Developer/Library/Frameworks -c -j10 -enable-batch-mode -incremental -Xcc -ivfsstatcache -Xcc /Users/admin/builder/spi-builder-workspace/.derivedData/SDKStatCaches.noindex/watchos11.4-22T246-43efb940ff07ba2497b70ec94253f576.sdkstatcache -output-file-map /Users/admin/builder/spi-builder-workspace/.derivedData/Build/Intermediates.noindex/VeloxQuant.build/Debug-watchos/VeloxQuantRuntime.build/Objects-normal/arm64/VeloxQuantRuntime-OutputFileMap.json -use-frontend-parseable-output -save-temps -no-color-diagnostics -serialize-diagnostics -emit-dependencies -emit-module -emit-module-path /Users/admin/builder/spi-builder-workspace/.derivedData/Build/Intermediates.noindex/VeloxQuant.build/Debug-watchos/VeloxQuantRuntime.build/Objects-normal/arm64/VeloxQuantRuntime.swiftmodule -validate-clang-modules-once -clang-build-session-file /Users/admin/builder/spi-builder-workspace/.derivedData/ModuleCache.noindex/Session.modulevalidation -package-name spi_builder_workspace -Xcc -I/Users/admin/builder/spi-builder-workspace/.derivedData/Build/Intermediates.noindex/VeloxQuant.build/Debug-watchos/VeloxQuantRuntime.build/swift-overrides.hmap -emit-const-values -Xfrontend -const-gather-protocols-file -Xfrontend /Users/admin/builder/spi-builder-workspace/.derivedData/Build/Intermediates.noindex/VeloxQuant.build/Debug-watchos/VeloxQuantRuntime.build/Objects-normal/arm64/VeloxQuantRuntime_const_extract_protocols.json -Xcc -I/Users/admin/builder/spi-builder-workspace/.derivedData/Build/Products/Debug-watchos/include -Xcc -I/Users/admin/builder/spi-builder-workspace/.derivedData/Build/Intermediates.noindex/VeloxQuant.build/Debug-watchos/VeloxQuantRuntime.build/DerivedSources-normal/arm64 -Xcc -I/Users/admin/builder/spi-builder-workspace/.derivedData/Build/Intermediates.noindex/VeloxQuant.build/Debug-watchos/VeloxQuantRuntime.build/DerivedSources/arm64 -Xcc -I/Users/admin/builder/spi-builder-workspace/.derivedData/Build/Intermediates.noindex/VeloxQuant.build/Debug-watchos/VeloxQuantRuntime.build/DerivedSources -Xcc -DSWIFT_PACKAGE -Xcc -DDEBUG\=1 -emit-objc-header -emit-objc-header-path /Users/admin/builder/spi-builder-workspace/.derivedData/Build/Intermediates.noindex/VeloxQuant.build/Debug-watchos/VeloxQuantRuntime.build/Objects-normal/arm64/VeloxQuantRuntime-Swift.h -working-directory /Users/admin/builder/spi-builder-workspace/.swiftpm/xcode -experimental-emit-module-separately -disable-cmo
SwiftEmitModule normal arm64_32 Emitting\ module\ for\ VeloxQuantRuntime (in target 'VeloxQuantRuntime' from project 'VeloxQuant')
EmitSwiftModule normal arm64_32 (in target 'VeloxQuantRuntime' from project 'VeloxQuant')
cd /Users/admin/builder/spi-builder-workspace/.swiftpm/xcode
/Users/admin/builder/spi-builder-workspace/Sources/VeloxQuantRuntime/AutoPilot/AutoPilot.swift:476:8: error: VeloxQuantRuntime requires macOS — process management and CLI shell-outs are not available on this platform.
#error("VeloxQuantRuntime requires macOS — process management and CLI shell-outs are not available on this platform.")
/Users/admin/builder/spi-builder-workspace/Sources/VeloxQuantRuntime/CLI/CLIModels.swift:472:8: error: VeloxQuantRuntime requires macOS — process management and CLI shell-outs are not available on this platform.
#error("VeloxQuantRuntime requires macOS — process management and CLI shell-outs are not available on this platform.")
/Users/admin/builder/spi-builder-workspace/Sources/VeloxQuantRuntime/CLI/Registry.swift:108:8: error: VeloxQuantRuntime requires macOS — process management and CLI shell-outs are not available on this platform.
#error("VeloxQuantRuntime requires macOS — process management and CLI shell-outs are not available on this platform.")
/Users/admin/builder/spi-builder-workspace/Sources/VeloxQuantRuntime/CLI/VeloxQuantCLI.swift:270:8: error: VeloxQuantRuntime requires macOS — process management and CLI shell-outs are not available on this platform.
#error("VeloxQuantRuntime requires macOS — process management and CLI shell-outs are not available on this platform.")
/Users/admin/builder/spi-builder-workspace/Sources/VeloxQuantRuntime/Hardware/HardwareDetector.swift:79:8: error: VeloxQuantRuntime requires macOS — process management and CLI shell-outs are not available on this platform.
#error("VeloxQuantRuntime requires macOS — process management and CLI shell-outs are not available on this platform.")
/Users/admin/builder/spi-builder-workspace/Sources/VeloxQuantRuntime/Hardware/HardwareInfo.swift:62:8: error: VeloxQuantRuntime requires macOS — process management and CLI shell-outs are not available on this platform.
#error("VeloxQuantRuntime requires macOS — process management and CLI shell-outs are not available on this platform.")
/Users/admin/builder/spi-builder-workspace/Sources/VeloxQuantRuntime/Hardware/HostMemory.swift:94:8: error: VeloxQuantRuntime requires macOS — process management and CLI shell-outs are not available on this platform.
#error("VeloxQuantRuntime requires macOS — process management and CLI shell-outs are not available on this platform.")
/Users/admin/builder/spi-builder-workspace/Sources/VeloxQuantRuntime/Interpreter/ProcessRunning.swift:140:8: error: VeloxQuantRuntime requires macOS — process management and CLI shell-outs are not available on this platform.
#error("VeloxQuantRuntime requires macOS — process management and CLI shell-outs are not available on this platform.")
/Users/admin/builder/spi-builder-workspace/Sources/VeloxQuantRuntime/Interpreter/PythonEnvironment.swift:172:8: error: VeloxQuantRuntime requires macOS — process management and CLI shell-outs are not available on this platform.
#error("VeloxQuantRuntime requires macOS — process management and CLI shell-outs are not available on this platform.")
/Users/admin/builder/spi-builder-workspace/Sources/VeloxQuantRuntime/Process/ServeConfig.swift:184:8: error: VeloxQuantRuntime requires macOS — process management and CLI shell-outs are not available on this platform.
#error("VeloxQuantRuntime requires macOS — process management and CLI shell-outs are not available on this platform.")
/Users/admin/builder/spi-builder-workspace/Sources/VeloxQuantRuntime/Process/ServeProcessLaunching.swift:217:8: error: VeloxQuantRuntime requires macOS — process management and CLI shell-outs are not available on this platform.
#error("VeloxQuantRuntime requires macOS — process management and CLI shell-outs are not available on this platform.")
/Users/admin/builder/spi-builder-workspace/Sources/VeloxQuantRuntime/Process/VeloxQuantProcess.swift:453:8: error: VeloxQuantRuntime requires macOS — process management and CLI shell-outs are not available on this platform.
#error("VeloxQuantRuntime requires macOS — process management and CLI shell-outs are not available on this platform.")
Failed frontend command:
/Applications/Xcode-16.3.0.app/Contents/Developer/Toolchains/XcodeDefault.xctoolchain/usr/bin/swift-frontend -frontend -emit-module -experimental-skip-non-inlinable-function-bodies-without-types /Users/admin/builder/spi-builder-workspace/Sources/VeloxQuantRuntime/AutoPilot/AutoPilot.swift /Users/admin/builder/spi-builder-workspace/Sources/VeloxQuantRuntime/CLI/CLIModels.swift /Users/admin/builder/spi-builder-workspace/Sources/VeloxQuantRuntime/CLI/Registry.swift /Users/admin/builder/spi-builder-workspace/Sources/VeloxQuantRuntime/CLI/VeloxQuantCLI.swift /Users/admin/builder/spi-builder-workspace/Sources/VeloxQuantRuntime/Hardware/HardwareDetector.swift /Users/admin/builder/spi-builder-workspace/Sources/VeloxQuantRuntime/Hardware/HardwareInfo.swift /Users/admin/builder/spi-builder-workspace/Sources/VeloxQuantRuntime/Hardware/HostMemory.swift /Users/admin/builder/spi-builder-workspace/Sources/VeloxQuantRuntime/Interpreter/ProcessRunning.swift /Users/admin/builder/spi-builder-workspace/Sources/VeloxQuantRuntime/Interpreter/PythonEnvironment.swift /Users/admin/builder/spi-builder-workspace/Sources/VeloxQuantRuntime/Process/ServeConfig.swift /Users/admin/builder/spi-builder-workspace/Sources/VeloxQuantRuntime/Process/ServeProcessLaunching.swift /Users/admin/builder/spi-builder-workspace/Sources/VeloxQuantRuntime/Process/VeloxQuantProcess.swift -target arm64_32-apple-watchos9.0 -enable-objc-interop -sdk /Applications/Xcode-16.3.0.app/Contents/Developer/Platforms/WatchOS.platform/Developer/SDKs/WatchOS11.4.sdk -I /Users/admin/builder/spi-builder-workspace/.derivedData/Build/Products/Debug-watchos -I /Applications/Xcode-16.3.0.app/Contents/Developer/Platforms/WatchOS.platform/Developer/usr/lib -F /Users/admin/builder/spi-builder-workspace/.derivedData/Build/Products/Debug-watchos/PackageFrameworks -F /Users/admin/builder/spi-builder-workspace/.derivedData/Build/Products/Debug-watchos -F /Applications/Xcode-16.3.0.app/Contents/Developer/Platforms/WatchOS.platform/Developer/Library/Frameworks -F /Applications/Xcode-16.3.0.app/Contents/Developer/Platforms/WatchOS.platform/Developer/SDKs/WatchOS11.4.sdk/Developer/Library/Frameworks -no-color-diagnostics -enable-testing -g -debug-info-format\=dwarf -dwarf-version\=4 -module-cache-path /Users/admin/builder/spi-builder-workspace/.derivedData/ModuleCache.noindex -profile-generate -profile-coverage-mapping -swift-version 5 -enforce-exclusivity\=checked -stats-output-dir /Users/admin/builder/spi-builder-workspace/.swiftpm/xcode/.stats -Onone -D SWIFT_PACKAGE -D DEBUG -serialize-debugging-options -const-gather-protocols-file /Users/admin/builder/spi-builder-workspace/.derivedData/Build/Intermediates.noindex/VeloxQuant.build/Debug-watchos/VeloxQuantRuntime.build/Objects-normal/arm64_32/VeloxQuantRuntime_const_extract_protocols.json -enable-upcoming-feature StrictConcurrency -enable-upcoming-feature DisableOutwardActorInference -enable-upcoming-feature GlobalActorIsolatedTypesUsability -enable-upcoming-feature InferSendableFromCaptures -enable-experimental-feature DebugDescriptionMacro -strict-concurrency\=complete -empty-abi-descriptor -plugin-path /Applications/Xcode-16.3.0.app/Contents/Developer/Toolchains/XcodeDefault.xctoolchain/usr/lib/swift/host/plugins/testing -validate-clang-modules-once -clang-build-session-file /Users/admin/builder/spi-builder-workspace/.derivedData/ModuleCache.noindex/Session.modulevalidation -Xcc -working-directory -Xcc /Users/admin/builder/spi-builder-workspace/.swiftpm/xcode -resource-dir /Applications/Xcode-16.3.0.app/Contents/Developer/Toolchains/XcodeDefault.xctoolchain/usr/lib/swift -enable-anonymous-context-mangled-names -file-compilation-dir /Users/admin/builder/spi-builder-workspace/.swiftpm/xcode -Xcc -ivfsstatcache -Xcc /Users/admin/builder/spi-builder-workspace/.derivedData/SDKStatCaches.noindex/watchos11.4-22T246-43efb940ff07ba2497b70ec94253f576.sdkstatcache -Xcc -I/Users/admin/builder/spi-builder-workspace/.derivedData/Build/Intermediates.noindex/VeloxQuant.build/Debug-watchos/VeloxQuantRuntime.build/swift-overrides.hmap -Xcc -I/Users/admin/builder/spi-builder-workspace/.derivedData/Build/Products/Debug-watchos/include -Xcc -I/Users/admin/builder/spi-builder-workspace/.derivedData/Build/Intermediates.noindex/VeloxQuant.build/Debug-watchos/VeloxQuantRuntime.build/DerivedSources-normal/arm64_32 -Xcc -I/Users/admin/builder/spi-builder-workspace/.derivedData/Build/Intermediates.noindex/VeloxQuant.build/Debug-watchos/VeloxQuantRuntime.build/DerivedSources/arm64_32 -Xcc -I/Users/admin/builder/spi-builder-workspace/.derivedData/Build/Intermediates.noindex/VeloxQuant.build/Debug-watchos/VeloxQuantRuntime.build/DerivedSources -Xcc -DSWIFT_PACKAGE -Xcc -DDEBUG\=1 -module-name VeloxQuantRuntime -package-name spi_builder_workspace -frontend-parseable-output -disable-clang-spi -target-sdk-version 11.4 -target-sdk-name watchos11.4 -external-plugin-path /Applications/Xcode-16.3.0.app/Contents/Developer/Platforms/WatchOS.platform/Developer/usr/lib/swift/host/plugins\#/Applications/Xcode-16.3.0.app/Contents/Developer/Platforms/WatchOS.platform/Developer/usr/bin/swift-plugin-server -external-plugin-path /Applications/Xcode-16.3.0.app/Contents/Developer/Platforms/WatchOS.platform/Developer/usr/local/lib/swift/host/plugins\#/Applications/Xcode-16.3.0.app/Contents/Developer/Platforms/WatchOS.platform/Developer/usr/bin/swift-plugin-server -in-process-plugin-server-path /Applications/Xcode-16.3.0.app/Contents/Developer/Toolchains/XcodeDefault.xctoolchain/usr/lib/swift/host/libSwiftInProcPluginServer.dylib -plugin-path /Applications/Xcode-16.3.0.app/Contents/Developer/Toolchains/XcodeDefault.xctoolchain/usr/lib/swift/host/plugins -plugin-path /Applications/Xcode-16.3.0.app/Contents/Developer/Toolchains/XcodeDefault.xctoolchain/usr/local/lib/swift/host/plugins -emit-module-doc-path /Users/admin/builder/spi-builder-workspace/.derivedData/Build/Intermediates.noindex/VeloxQuant.build/Debug-watchos/VeloxQuantRuntime.build/Objects-normal/arm64_32/VeloxQuantRuntime.swiftdoc -emit-module-source-info-path /Users/admin/builder/spi-builder-workspace/.derivedData/Build/Intermediates.noindex/VeloxQuant.build/Debug-watchos/VeloxQuantRuntime.build/Objects-normal/arm64_32/VeloxQuantRuntime.swiftsourceinfo -emit-objc-header-path /Users/admin/builder/spi-builder-workspace/.derivedData/Build/Intermediates.noindex/VeloxQuant.build/Debug-watchos/VeloxQuantRuntime.build/Objects-normal/arm64_32/VeloxQuantRuntime-Swift.h -serialize-diagnostics-path /Users/admin/builder/spi-builder-workspace/.derivedData/Build/Intermediates.noindex/VeloxQuant.build/Debug-watchos/VeloxQuantRuntime.build/Objects-normal/arm64_32/VeloxQuantRuntime-master-emit-module.dia -emit-dependencies-path /Users/admin/builder/spi-builder-workspace/.derivedData/Build/Intermediates.noindex/VeloxQuant.build/Debug-watchos/VeloxQuantRuntime.build/Objects-normal/arm64_32/VeloxQuantRuntime-master-emit-module.d -o /Users/admin/builder/spi-builder-workspace/.derivedData/Build/Intermediates.noindex/VeloxQuant.build/Debug-watchos/VeloxQuantRuntime.build/Objects-normal/arm64_32/VeloxQuantRuntime.swiftmodule -emit-abi-descriptor-path /Users/admin/builder/spi-builder-workspace/.derivedData/Build/Intermediates.noindex/VeloxQuant.build/Debug-watchos/VeloxQuantRuntime.build/Objects-normal/arm64_32/VeloxQuantRuntime.abi.json
SwiftCompile normal arm64_32 Compiling\ VeloxQuantProcess.swift /Users/admin/builder/spi-builder-workspace/Sources/VeloxQuantRuntime/Process/VeloxQuantProcess.swift (in target 'VeloxQuantRuntime' from project 'VeloxQuant')
Failed frontend command:
/Applications/Xcode-16.3.0.app/Contents/Developer/Toolchains/XcodeDefault.xctoolchain/usr/bin/swift-frontend -frontend -c /Users/admin/builder/spi-builder-workspace/Sources/VeloxQuantRuntime/AutoPilot/AutoPilot.swift /Users/admin/builder/spi-builder-workspace/Sources/VeloxQuantRuntime/CLI/CLIModels.swift /Users/admin/builder/spi-builder-workspace/Sources/VeloxQuantRuntime/CLI/Registry.swift /Users/admin/builder/spi-builder-workspace/Sources/VeloxQuantRuntime/CLI/VeloxQuantCLI.swift /Users/admin/builder/spi-builder-workspace/Sources/VeloxQuantRuntime/Hardware/HardwareDetector.swift /Users/admin/builder/spi-builder-workspace/Sources/VeloxQuantRuntime/Hardware/HardwareInfo.swift /Users/admin/builder/spi-builder-workspace/Sources/VeloxQuantRuntime/Hardware/HostMemory.swift /Users/admin/builder/spi-builder-workspace/Sources/VeloxQuantRuntime/Interpreter/ProcessRunning.swift /Users/admin/builder/spi-builder-workspace/Sources/VeloxQuantRuntime/Interpreter/PythonEnvironment.swift /Users/admin/builder/spi-builder-workspace/Sources/VeloxQuantRuntime/Process/ServeConfig.swift /Users/admin/builder/spi-builder-workspace/Sources/VeloxQuantRuntime/Process/ServeProcessLaunching.swift -primary-file /Users/admin/builder/spi-builder-workspace/Sources/VeloxQuantRuntime/Process/VeloxQuantProcess.swift -emit-dependencies-path /Users/admin/builder/spi-builder-workspace/.derivedData/Build/Intermediates.noindex/VeloxQuant.build/Debug-watchos/VeloxQuantRuntime.build/Objects-normal/arm64_32/VeloxQuantProcess.d -emit-const-values-path /Users/admin/builder/spi-builder-workspace/.derivedData/Build/Intermediates.noindex/VeloxQuant.build/Debug-watchos/VeloxQuantRuntime.build/Objects-normal/arm64_32/VeloxQuantProcess.swiftconstvalues -emit-reference-dependencies-path /Users/admin/builder/spi-builder-workspace/.derivedData/Build/Intermediates.noindex/VeloxQuant.build/Debug-watchos/VeloxQuantRuntime.build/Objects-normal/arm64_32/VeloxQuantProcess.swiftdeps -serialize-diagnostics-path /Users/admin/builder/spi-builder-workspace/.derivedData/Build/Intermediates.noindex/VeloxQuant.build/Debug-watchos/VeloxQuantRuntime.build/Objects-normal/arm64_32/VeloxQuantProcess.dia -target arm64_32-apple-watchos9.0 -enable-objc-interop -sdk /Applications/Xcode-16.3.0.app/Contents/Developer/Platforms/WatchOS.platform/Developer/SDKs/WatchOS11.4.sdk -I /Users/admin/builder/spi-builder-workspace/.derivedData/Build/Products/Debug-watchos -I /Applications/Xcode-16.3.0.app/Contents/Developer/Platforms/WatchOS.platform/Developer/usr/lib -F /Users/admin/builder/spi-builder-workspace/.derivedData/Build/Products/Debug-watchos/PackageFrameworks -F /Users/admin/builder/spi-builder-workspace/.derivedData/Build/Products/Debug-watchos -F /Applications/Xcode-16.3.0.app/Contents/Developer/Platforms/WatchOS.platform/Developer/Library/Frameworks -F /Applications/Xcode-16.3.0.app/Contents/Developer/Platforms/WatchOS.platform/Developer/SDKs/WatchOS11.4.sdk/Developer/Library/Frameworks -no-color-diagnostics -enable-testing -g -debug-info-format\=dwarf -dwarf-version\=4 -module-cache-path /Users/admin/builder/spi-builder-workspace/.derivedData/ModuleCache.noindex -profile-generate -profile-coverage-mapping -swift-version 5 -enforce-exclusivity\=checked -stats-output-dir /Users/admin/builder/spi-builder-workspace/.swiftpm/xcode/.stats -Onone -D SWIFT_PACKAGE -D DEBUG -serialize-debugging-options -const-gather-protocols-file /Users/admin/builder/spi-builder-workspace/.derivedData/Build/Intermediates.noindex/VeloxQuant.build/Debug-watchos/VeloxQuantRuntime.build/Objects-normal/arm64_32/VeloxQuantRuntime_const_extract_protocols.json -enable-upcoming-feature StrictConcurrency -enable-upcoming-feature DisableOutwardActorInference -enable-upcoming-feature GlobalActorIsolatedTypesUsability -enable-upcoming-feature InferSendableFromCaptures -enable-experimental-feature DebugDescriptionMacro -strict-concurrency\=complete -empty-abi-descriptor -plugin-path /Applications/Xcode-16.3.0.app/Contents/Developer/Toolchains/XcodeDefault.xctoolchain/usr/lib/swift/host/plugins/testing -validate-clang-modules-once -clang-build-session-file /Users/admin/builder/spi-builder-workspace/.derivedData/ModuleCache.noindex/Session.modulevalidation -Xcc -working-directory -Xcc /Users/admin/builder/spi-builder-workspace/.swiftpm/xcode -resource-dir /Applications/Xcode-16.3.0.app/Contents/Developer/Toolchains/XcodeDefault.xctoolchain/usr/lib/swift -enable-anonymous-context-mangled-names -file-compilation-dir /Users/admin/builder/spi-builder-workspace/.swiftpm/xcode -Xcc -ivfsstatcache -Xcc /Users/admin/builder/spi-builder-workspace/.derivedData/SDKStatCaches.noindex/watchos11.4-22T246-43efb940ff07ba2497b70ec94253f576.sdkstatcache -Xcc -I/Users/admin/builder/spi-builder-workspace/.derivedData/Build/Intermediates.noindex/VeloxQuant.build/Debug-watchos/VeloxQuantRuntime.build/swift-overrides.hmap -Xcc -I/Users/admin/builder/spi-builder-workspace/.derivedData/Build/Products/Debug-watchos/include -Xcc -I/Users/admin/builder/spi-builder-workspace/.derivedData/Build/Intermediates.noindex/VeloxQuant.build/Debug-watchos/VeloxQuantRuntime.build/DerivedSources-normal/arm64_32 -Xcc -I/Users/admin/builder/spi-builder-workspace/.derivedData/Build/Intermediates.noindex/VeloxQuant.build/Debug-watchos/VeloxQuantRuntime.build/DerivedSources/arm64_32 -Xcc -I/Users/admin/builder/spi-builder-workspace/.derivedData/Build/Intermediates.noindex/VeloxQuant.build/Debug-watchos/VeloxQuantRuntime.build/DerivedSources -Xcc -DSWIFT_PACKAGE -Xcc -DDEBUG\=1 -module-name VeloxQuantRuntime -package-name spi_builder_workspace -frontend-parseable-output -disable-clang-spi -target-sdk-version 11.4 -target-sdk-name watchos11.4 -external-plugin-path /Applications/Xcode-16.3.0.app/Contents/Developer/Platforms/WatchOS.platform/Developer/usr/lib/swift/host/plugins\#/Applications/Xcode-16.3.0.app/Contents/Developer/Platforms/WatchOS.platform/Developer/usr/bin/swift-plugin-server -external-plugin-path /Applications/Xcode-16.3.0.app/Contents/Developer/Platforms/WatchOS.platform/Developer/usr/local/lib/swift/host/plugins\#/Applications/Xcode-16.3.0.app/Contents/Developer/Platforms/WatchOS.platform/Developer/usr/bin/swift-plugin-server -in-process-plugin-server-path /Applications/Xcode-16.3.0.app/Contents/Developer/Toolchains/XcodeDefault.xctoolchain/usr/lib/swift/host/libSwiftInProcPluginServer.dylib -plugin-path /Applications/Xcode-16.3.0.app/Contents/Developer/Toolchains/XcodeDefault.xctoolchain/usr/lib/swift/host/plugins -plugin-path /Applications/Xcode-16.3.0.app/Contents/Developer/Toolchains/XcodeDefault.xctoolchain/usr/local/lib/swift/host/plugins -o /Users/admin/builder/spi-builder-workspace/.derivedData/Build/Intermediates.noindex/VeloxQuant.build/Debug-watchos/VeloxQuantRuntime.build/Objects-normal/arm64_32/VeloxQuantProcess.o -index-unit-output-path /VeloxQuant.build/Debug-watchos/VeloxQuantRuntime.build/Objects-normal/arm64_32/VeloxQuantProcess.o -index-store-path /Users/admin/builder/spi-builder-workspace/.derivedData/Index.noindex/DataStore -index-system-modules
SwiftCompile normal arm64_32 /Users/admin/builder/spi-builder-workspace/Sources/VeloxQuantRuntime/Process/VeloxQuantProcess.swift (in target 'VeloxQuantRuntime' from project 'VeloxQuant')
cd /Users/admin/builder/spi-builder-workspace/.swiftpm/xcode
/Users/admin/builder/spi-builder-workspace/Sources/VeloxQuantRuntime/Process/VeloxQuantProcess.swift:453:8: error: VeloxQuantRuntime requires macOS — process management and CLI shell-outs are not available on this platform.
#error("VeloxQuantRuntime requires macOS — process management and CLI shell-outs are not available on this platform.")
SwiftEmitModule normal arm64 Emitting\ module\ for\ VeloxQuantRuntime (in target 'VeloxQuantRuntime' from project 'VeloxQuant')
Failed frontend command:
/Applications/Xcode-16.3.0.app/Contents/Developer/Toolchains/XcodeDefault.xctoolchain/usr/bin/swift-frontend -frontend -emit-module -experimental-skip-non-inlinable-function-bodies-without-types /Users/admin/builder/spi-builder-workspace/Sources/VeloxQuantRuntime/AutoPilot/AutoPilot.swift /Users/admin/builder/spi-builder-workspace/Sources/VeloxQuantRuntime/CLI/CLIModels.swift /Users/admin/builder/spi-builder-workspace/Sources/VeloxQuantRuntime/CLI/Registry.swift /Users/admin/builder/spi-builder-workspace/Sources/VeloxQuantRuntime/CLI/VeloxQuantCLI.swift /Users/admin/builder/spi-builder-workspace/Sources/VeloxQuantRuntime/Hardware/HardwareDetector.swift /Users/admin/builder/spi-builder-workspace/Sources/VeloxQuantRuntime/Hardware/HardwareInfo.swift /Users/admin/builder/spi-builder-workspace/Sources/VeloxQuantRuntime/Hardware/HostMemory.swift /Users/admin/builder/spi-builder-workspace/Sources/VeloxQuantRuntime/Interpreter/ProcessRunning.swift /Users/admin/builder/spi-builder-workspace/Sources/VeloxQuantRuntime/Interpreter/PythonEnvironment.swift /Users/admin/builder/spi-builder-workspace/Sources/VeloxQuantRuntime/Process/ServeConfig.swift /Users/admin/builder/spi-builder-workspace/Sources/VeloxQuantRuntime/Process/ServeProcessLaunching.swift /Users/admin/builder/spi-builder-workspace/Sources/VeloxQuantRuntime/Process/VeloxQuantProcess.swift -target arm64-apple-watchos9.0 -Xllvm -aarch64-use-tbi -enable-objc-interop -stack-check -sdk /Applications/Xcode-16.3.0.app/Contents/Developer/Platforms/WatchOS.platform/Developer/SDKs/WatchOS11.4.sdk -I /Users/admin/builder/spi-builder-workspace/.derivedData/Build/Products/Debug-watchos -I /Applications/Xcode-16.3.0.app/Contents/Developer/Platforms/WatchOS.platform/Developer/usr/lib -F /Users/admin/builder/spi-builder-workspace/.derivedData/Build/Products/Debug-watchos/PackageFrameworks -F /Users/admin/builder/spi-builder-workspace/.derivedData/Build/Products/Debug-watchos -F /Applications/Xcode-16.3.0.app/Contents/Developer/Platforms/WatchOS.platform/Developer/Library/Frameworks -F /Applications/Xcode-16.3.0.app/Contents/Developer/Platforms/WatchOS.platform/Developer/SDKs/WatchOS11.4.sdk/Developer/Library/Frameworks -no-color-diagnostics -enable-testing -g -debug-info-format\=dwarf -dwarf-version\=4 -module-cache-path /Users/admin/builder/spi-builder-workspace/.derivedData/ModuleCache.noindex -profile-generate -profile-coverage-mapping -swift-version 5 -enforce-exclusivity\=checked -stats-output-dir /Users/admin/builder/spi-builder-workspace/.swiftpm/xcode/.stats -Onone -D SWIFT_PACKAGE -D DEBUG -serialize-debugging-options -const-gather-protocols-file /Users/admin/builder/spi-builder-workspace/.derivedData/Build/Intermediates.noindex/VeloxQuant.build/Debug-watchos/VeloxQuantRuntime.build/Objects-normal/arm64/VeloxQuantRuntime_const_extract_protocols.json -enable-upcoming-feature StrictConcurrency -enable-upcoming-feature DisableOutwardActorInference -enable-upcoming-feature GlobalActorIsolatedTypesUsability -enable-upcoming-feature InferSendableFromCaptures -enable-experimental-feature DebugDescriptionMacro -strict-concurrency\=complete -empty-abi-descriptor -plugin-path /Applications/Xcode-16.3.0.app/Contents/Developer/Toolchains/XcodeDefault.xctoolchain/usr/lib/swift/host/plugins/testing -validate-clang-modules-once -clang-build-session-file /Users/admin/builder/spi-builder-workspace/.derivedData/ModuleCache.noindex/Session.modulevalidation -Xcc -working-directory -Xcc /Users/admin/builder/spi-builder-workspace/.swiftpm/xcode -resource-dir /Applications/Xcode-16.3.0.app/Contents/Developer/Toolchains/XcodeDefault.xctoolchain/usr/lib/swift -enable-anonymous-context-mangled-names -file-compilation-dir /Users/admin/builder/spi-builder-workspace/.swiftpm/xcode -Xcc -ivfsstatcache -Xcc /Users/admin/builder/spi-builder-workspace/.derivedData/SDKStatCaches.noindex/watchos11.4-22T246-43efb940ff07ba2497b70ec94253f576.sdkstatcache -Xcc -I/Users/admin/builder/spi-builder-workspace/.derivedData/Build/Intermediates.noindex/VeloxQuant.build/Debug-watchos/VeloxQuantRuntime.build/swift-overrides.hmap -Xcc -I/Users/admin/builder/spi-builder-workspace/.derivedData/Build/Products/Debug-watchos/include -Xcc -I/Users/admin/builder/spi-builder-workspace/.derivedData/Build/Intermediates.noindex/VeloxQuant.build/Debug-watchos/VeloxQuantRuntime.build/DerivedSources-normal/arm64 -Xcc -I/Users/admin/builder/spi-builder-workspace/.derivedData/Build/Intermediates.noindex/VeloxQuant.build/Debug-watchos/VeloxQuantRuntime.build/DerivedSources/arm64 -Xcc -I/Users/admin/builder/spi-builder-workspace/.derivedData/Build/Intermediates.noindex/VeloxQuant.build/Debug-watchos/VeloxQuantRuntime.build/DerivedSources -Xcc -DSWIFT_PACKAGE -Xcc -DDEBUG\=1 -module-name VeloxQuantRuntime -package-name spi_builder_workspace -frontend-parseable-output -disable-clang-spi -target-sdk-version 11.4 -target-sdk-name watchos11.4 -external-plugin-path /Applications/Xcode-16.3.0.app/Contents/Developer/Platforms/WatchOS.platform/Developer/usr/lib/swift/host/plugins\#/Applications/Xcode-16.3.0.app/Contents/Developer/Platforms/WatchOS.platform/Developer/usr/bin/swift-plugin-server -external-plugin-path /Applications/Xcode-16.3.0.app/Contents/Developer/Platforms/WatchOS.platform/Developer/usr/local/lib/swift/host/plugins\#/Applications/Xcode-16.3.0.app/Contents/Developer/Platforms/WatchOS.platform/Developer/usr/bin/swift-plugin-server -in-process-plugin-server-path /Applications/Xcode-16.3.0.app/Contents/Developer/Toolchains/XcodeDefault.xctoolchain/usr/lib/swift/host/libSwiftInProcPluginServer.dylib -plugin-path /Applications/Xcode-16.3.0.app/Contents/Developer/Toolchains/XcodeDefault.xctoolchain/usr/lib/swift/host/plugins -plugin-path /Applications/Xcode-16.3.0.app/Contents/Developer/Toolchains/XcodeDefault.xctoolchain/usr/local/lib/swift/host/plugins -emit-module-doc-path /Users/admin/builder/spi-builder-workspace/.derivedData/Build/Intermediates.noindex/VeloxQuant.build/Debug-watchos/VeloxQuantRuntime.build/Objects-normal/arm64/VeloxQuantRuntime.swiftdoc -emit-module-source-info-path /Users/admin/builder/spi-builder-workspace/.derivedData/Build/Intermediates.noindex/VeloxQuant.build/Debug-watchos/VeloxQuantRuntime.build/Objects-normal/arm64/VeloxQuantRuntime.swiftsourceinfo -emit-objc-header-path /Users/admin/builder/spi-builder-workspace/.derivedData/Build/Intermediates.noindex/VeloxQuant.build/Debug-watchos/VeloxQuantRuntime.build/Objects-normal/arm64/VeloxQuantRuntime-Swift.h -serialize-diagnostics-path /Users/admin/builder/spi-builder-workspace/.derivedData/Build/Intermediates.noindex/VeloxQuant.build/Debug-watchos/VeloxQuantRuntime.build/Objects-normal/arm64/VeloxQuantRuntime-master-emit-module.dia -emit-dependencies-path /Users/admin/builder/spi-builder-workspace/.derivedData/Build/Intermediates.noindex/VeloxQuant.build/Debug-watchos/VeloxQuantRuntime.build/Objects-normal/arm64/VeloxQuantRuntime-master-emit-module.d -o /Users/admin/builder/spi-builder-workspace/.derivedData/Build/Intermediates.noindex/VeloxQuant.build/Debug-watchos/VeloxQuantRuntime.build/Objects-normal/arm64/VeloxQuantRuntime.swiftmodule -emit-abi-descriptor-path /Users/admin/builder/spi-builder-workspace/.derivedData/Build/Intermediates.noindex/VeloxQuant.build/Debug-watchos/VeloxQuantRuntime.build/Objects-normal/arm64/VeloxQuantRuntime.abi.json
EmitSwiftModule normal arm64 (in target 'VeloxQuantRuntime' from project 'VeloxQuant')
cd /Users/admin/builder/spi-builder-workspace/.swiftpm/xcode
/Users/admin/builder/spi-builder-workspace/Sources/VeloxQuantRuntime/AutoPilot/AutoPilot.swift:476:8: error: VeloxQuantRuntime requires macOS — process management and CLI shell-outs are not available on this platform.
#error("VeloxQuantRuntime requires macOS — process management and CLI shell-outs are not available on this platform.")
/Users/admin/builder/spi-builder-workspace/Sources/VeloxQuantRuntime/CLI/CLIModels.swift:472:8: error: VeloxQuantRuntime requires macOS — process management and CLI shell-outs are not available on this platform.
#error("VeloxQuantRuntime requires macOS — process management and CLI shell-outs are not available on this platform.")
/Users/admin/builder/spi-builder-workspace/Sources/VeloxQuantRuntime/CLI/Registry.swift:108:8: error: VeloxQuantRuntime requires macOS — process management and CLI shell-outs are not available on this platform.
#error("VeloxQuantRuntime requires macOS — process management and CLI shell-outs are not available on this platform.")
/Users/admin/builder/spi-builder-workspace/Sources/VeloxQuantRuntime/CLI/VeloxQuantCLI.swift:270:8: error: VeloxQuantRuntime requires macOS — process management and CLI shell-outs are not available on this platform.
#error("VeloxQuantRuntime requires macOS — process management and CLI shell-outs are not available on this platform.")
/Users/admin/builder/spi-builder-workspace/Sources/VeloxQuantRuntime/Hardware/HardwareDetector.swift:79:8: error: VeloxQuantRuntime requires macOS — process management and CLI shell-outs are not available on this platform.
#error("VeloxQuantRuntime requires macOS — process management and CLI shell-outs are not available on this platform.")
/Users/admin/builder/spi-builder-workspace/Sources/VeloxQuantRuntime/Hardware/HardwareInfo.swift:62:8: error: VeloxQuantRuntime requires macOS — process management and CLI shell-outs are not available on this platform.
#error("VeloxQuantRuntime requires macOS — process management and CLI shell-outs are not available on this platform.")
/Users/admin/builder/spi-builder-workspace/Sources/VeloxQuantRuntime/Hardware/HostMemory.swift:94:8: error: VeloxQuantRuntime requires macOS — process management and CLI shell-outs are not available on this platform.
#error("VeloxQuantRuntime requires macOS — process management and CLI shell-outs are not available on this platform.")
/Users/admin/builder/spi-builder-workspace/Sources/VeloxQuantRuntime/Interpreter/ProcessRunning.swift:140:8: error: VeloxQuantRuntime requires macOS — process management and CLI shell-outs are not available on this platform.
#error("VeloxQuantRuntime requires macOS — process management and CLI shell-outs are not available on this platform.")
/Users/admin/builder/spi-builder-workspace/Sources/VeloxQuantRuntime/Interpreter/PythonEnvironment.swift:172:8: error: VeloxQuantRuntime requires macOS — process management and CLI shell-outs are not available on this platform.
#error("VeloxQuantRuntime requires macOS — process management and CLI shell-outs are not available on this platform.")
/Users/admin/builder/spi-builder-workspace/Sources/VeloxQuantRuntime/Process/ServeConfig.swift:184:8: error: VeloxQuantRuntime requires macOS — process management and CLI shell-outs are not available on this platform.
#error("VeloxQuantRuntime requires macOS — process management and CLI shell-outs are not available on this platform.")
/Users/admin/builder/spi-builder-workspace/Sources/VeloxQuantRuntime/Process/ServeProcessLaunching.swift:217:8: error: VeloxQuantRuntime requires macOS — process management and CLI shell-outs are not available on this platform.
#error("VeloxQuantRuntime requires macOS — process management and CLI shell-outs are not available on this platform.")
/Users/admin/builder/spi-builder-workspace/Sources/VeloxQuantRuntime/Process/VeloxQuantProcess.swift:453:8: error: VeloxQuantRuntime requires macOS — process management and CLI shell-outs are not available on this platform.
#error("VeloxQuantRuntime requires macOS — process management and CLI shell-outs are not available on this platform.")
SwiftDriverJobDiscovery normal arm64_32 Compiling Message.swift, Recommendation.swift (in target 'VeloxQuantCore' from project 'VeloxQuant')
SwiftCompile normal arm64 Compiling\ HardwareInfo.swift /Users/admin/builder/spi-builder-workspace/Sources/VeloxQuantRuntime/Hardware/HardwareInfo.swift (in target 'VeloxQuantRuntime' from project 'VeloxQuant')
SwiftCompile normal arm64 /Users/admin/builder/spi-builder-workspace/Sources/VeloxQuantRuntime/Hardware/HardwareInfo.swift (in target 'VeloxQuantRuntime' from project 'VeloxQuant')
cd /Users/admin/builder/spi-builder-workspace/.swiftpm/xcode
/Users/admin/builder/spi-builder-workspace/Sources/VeloxQuantRuntime/Hardware/HardwareInfo.swift:62:8: error: VeloxQuantRuntime requires macOS — process management and CLI shell-outs are not available on this platform.
#error("VeloxQuantRuntime requires macOS — process management and CLI shell-outs are not available on this platform.")
SwiftDriverJobDiscovery normal arm64_32 Compiling ErrorBody.swift, JSONValue.swift (in target 'VeloxQuantCore' from project 'VeloxQuant')
SwiftCompile normal arm64 Compiling\ ServeConfig.swift /Users/admin/builder/spi-builder-workspace/Sources/VeloxQuantRuntime/Process/ServeConfig.swift (in target 'VeloxQuantRuntime' from project 'VeloxQuant')
SwiftCompile normal arm64 /Users/admin/builder/spi-builder-workspace/Sources/VeloxQuantRuntime/Process/ServeConfig.swift (in target 'VeloxQuantRuntime' from project 'VeloxQuant')
cd /Users/admin/builder/spi-builder-workspace/.swiftpm/xcode
SwiftDriverJobDiscovery normal arm64_32 Compiling OfflineOptimizer.swift, Precision.swift (in target 'VeloxQuantCore' from project 'VeloxQuant')
SwiftCompile normal arm64 Compiling\ ProcessRunning.swift /Users/admin/builder/spi-builder-workspace/Sources/VeloxQuantRuntime/Interpreter/ProcessRunning.swift (in target 'VeloxQuantRuntime' from project 'VeloxQuant')
SwiftCompile normal arm64 /Users/admin/builder/spi-builder-workspace/Sources/VeloxQuantRuntime/Interpreter/ProcessRunning.swift (in target 'VeloxQuantRuntime' from project 'VeloxQuant')
cd /Users/admin/builder/spi-builder-workspace/.swiftpm/xcode
SwiftDriverJobDiscovery normal arm64_32 Compiling VeloxQuantClient.swift, Conversation.swift, Embeddings.swift (in target 'VeloxQuantCore' from project 'VeloxQuant')
SwiftCompile normal arm64_32 Compiling\ Registry.swift,\ VeloxQuantCLI.swift /Users/admin/builder/spi-builder-workspace/Sources/VeloxQuantRuntime/CLI/Registry.swift /Users/admin/builder/spi-builder-workspace/Sources/VeloxQuantRuntime/CLI/VeloxQuantCLI.swift (in target 'VeloxQuantRuntime' from project 'VeloxQuant')
SwiftDriverJobDiscovery normal arm64_32 Compiling Chat.swift, ResponseValidation.swift, URLSessionCompat.swift (in target 'VeloxQuantCore' from project 'VeloxQuant')
SwiftCompile normal arm64_32 Compiling\ HostMemory.swift /Users/admin/builder/spi-builder-workspace/Sources/VeloxQuantRuntime/Hardware/HostMemory.swift (in target 'VeloxQuantRuntime' from project 'VeloxQuant')
SwiftDriverJobDiscovery normal arm64_32 Compiling ChatStream.swift, ChatStructured.swift (in target 'VeloxQuantCore' from project 'VeloxQuant')
SwiftCompile normal arm64_32 Compiling\ HardwareInfo.swift /Users/admin/builder/spi-builder-workspace/Sources/VeloxQuantRuntime/Hardware/HardwareInfo.swift (in target 'VeloxQuantRuntime' from project 'VeloxQuant')
SwiftDriverJobDiscovery normal arm64_32 Compiling Metrics.swift, Monitor.swift (in target 'VeloxQuantCore' from project 'VeloxQuant')
SwiftCompile normal arm64 Compiling\ Registry.swift,\ VeloxQuantCLI.swift /Users/admin/builder/spi-builder-workspace/Sources/VeloxQuantRuntime/CLI/Registry.swift /Users/admin/builder/spi-builder-workspace/Sources/VeloxQuantRuntime/CLI/VeloxQuantCLI.swift (in target 'VeloxQuantRuntime' from project 'VeloxQuant')
SwiftDriverJobDiscovery normal arm64_32 Compiling ChatRequest.swift, ChatResponse.swift (in target 'VeloxQuantCore' from project 'VeloxQuant')
SwiftCompile normal arm64 Compiling\ HostMemory.swift /Users/admin/builder/spi-builder-workspace/Sources/VeloxQuantRuntime/Hardware/HostMemory.swift (in target 'VeloxQuantRuntime' from project 'VeloxQuant')
Command SwiftCompile failed with a nonzero exit code
** BUILD FAILED **
The following build commands failed:
EmitSwiftModule normal arm64_32 (in target 'VeloxQuantRuntime' from project 'VeloxQuant')
SwiftEmitModule normal arm64_32 Emitting\ module\ for\ VeloxQuantRuntime (in target 'VeloxQuantRuntime' from project 'VeloxQuant')
SwiftCompile normal arm64_32 Compiling\ VeloxQuantProcess.swift /Users/admin/builder/spi-builder-workspace/Sources/VeloxQuantRuntime/Process/VeloxQuantProcess.swift (in target 'VeloxQuantRuntime' from project 'VeloxQuant')
SwiftCompile normal arm64_32 /Users/admin/builder/spi-builder-workspace/Sources/VeloxQuantRuntime/Process/VeloxQuantProcess.swift (in target 'VeloxQuantRuntime' from project 'VeloxQuant')
SwiftEmitModule normal arm64 Emitting\ module\ for\ VeloxQuantRuntime (in target 'VeloxQuantRuntime' from project 'VeloxQuant')
EmitSwiftModule normal arm64 (in target 'VeloxQuantRuntime' from project 'VeloxQuant')
SwiftCompile normal arm64 /Users/admin/builder/spi-builder-workspace/Sources/VeloxQuantRuntime/Hardware/HardwareInfo.swift (in target 'VeloxQuantRuntime' from project 'VeloxQuant')
SwiftCompile normal arm64 Compiling\ HostMemory.swift /Users/admin/builder/spi-builder-workspace/Sources/VeloxQuantRuntime/Hardware/HostMemory.swift (in target 'VeloxQuantRuntime' from project 'VeloxQuant')
Building workspace spi-builder-workspace with scheme VeloxQuant-Package
(9 failures)
Command line invocation:
/Applications/Xcode-16.3.0.app/Contents/Developer/usr/bin/xcodebuild -IDEClonedSourcePackagesDirPathOverride=/Users/admin/builder/spi-builder-workspace/.dependencies -resolvePackageDependencies
Resolve Package Graph
Resolved source packages:
VeloxQuant: /Users/admin/builder/spi-builder-workspace
resolved source packages: VeloxQuant
{
"dependencies" : [
],
"manifest_display_name" : "VeloxQuant",
"name" : "VeloxQuant",
"path" : "/Users/admin/builder/spi-builder-workspace",
"platforms" : [
{
"name" : "ios",
"version" : "16.0"
},
{
"name" : "macos",
"version" : "13.0"
},
{
"name" : "watchos",
"version" : "9.0"
},
{
"name" : "tvos",
"version" : "16.0"
},
{
"name" : "visionos",
"version" : "1.0"
}
],
"products" : [
{
"name" : "VeloxQuantCore",
"targets" : [
"VeloxQuantCore"
],
"type" : {
"library" : [
"automatic"
]
}
},
{
"name" : "VeloxQuantRuntime",
"targets" : [
"VeloxQuantRuntime"
],
"type" : {
"library" : [
"automatic"
]
}
}
],
"targets" : [
{
"c99name" : "VeloxQuantRuntimeTests",
"module_type" : "SwiftTarget",
"name" : "VeloxQuantRuntimeTests",
"path" : "Tests/VeloxQuantRuntimeTests",
"sources" : [
"AutoPilotTests.swift",
"HardwareDetectorTests.swift",
"PythonEnvironmentTests.swift",
"RuntimeTestSupport.swift",
"VeloxQuantCLITests.swift",
"VeloxQuantProcessTests.swift"
],
"target_dependencies" : [
"VeloxQuantRuntime"
],
"type" : "test"
},
{
"c99name" : "VeloxQuantRuntime",
"module_type" : "SwiftTarget",
"name" : "VeloxQuantRuntime",
"path" : "Sources/VeloxQuantRuntime",
"product_memberships" : [
"VeloxQuantRuntime"
],
"sources" : [
"AutoPilot/AutoPilot.swift",
"CLI/CLIModels.swift",
"CLI/Registry.swift",
"CLI/VeloxQuantCLI.swift",
"Hardware/HardwareDetector.swift",
"Hardware/HardwareInfo.swift",
"Hardware/HostMemory.swift",
"Interpreter/ProcessRunning.swift",
"Interpreter/PythonEnvironment.swift",
"Process/ServeConfig.swift",
"Process/ServeProcessLaunching.swift",
"Process/VeloxQuantProcess.swift"
],
"target_dependencies" : [
"VeloxQuantCore"
],
"type" : "library"
},
{
"c99name" : "VeloxQuantCoreTests",
"module_type" : "SwiftTarget",
"name" : "VeloxQuantCoreTests",
"path" : "Tests/VeloxQuantCoreTests",
"sources" : [
"ChatStreamTests.swift",
"ChatTests.swift",
"CodableDirectDecodingTests.swift",
"ConversationTests.swift",
"MemoryEstimatorTests.swift",
"MockURLProtocol.swift",
"MonitorTests.swift",
"OfflineOptimizerTests.swift",
"StructuredOutputAndEmbeddingsTests.swift",
"VeloxQuantErrorExhaustivenessTests.swift"
],
"target_dependencies" : [
"VeloxQuantCore"
],
"type" : "test"
},
{
"c99name" : "VeloxQuantCore",
"module_type" : "SwiftTarget",
"name" : "VeloxQuantCore",
"path" : "Sources/VeloxQuantCore",
"product_memberships" : [
"VeloxQuantCore",
"VeloxQuantRuntime"
],
"sources" : [
"Client/Chat.swift",
"Client/ResponseValidation.swift",
"Client/URLSessionCompat.swift",
"Client/VeloxQuantClient.swift",
"Conversation/Conversation.swift",
"Embeddings/Embeddings.swift",
"Errors/VeloxQuantError.swift",
"Memory/MemoryEstimator.swift",
"Memory/ModelRegistry.swift",
"Memory/OfflineOptimizer.swift",
"Memory/Precision.swift",
"Models/ChatRequest.swift",
"Models/ChatResponse.swift",
"Models/ErrorBody.swift",
"Models/JSONValue.swift",
"Models/Message.swift",
"Models/Recommendation.swift",
"Monitoring/Metrics.swift",
"Monitoring/Monitor.swift",
"Streaming/AsyncByteLines.swift",
"Streaming/ChatChunk.swift",
"Streaming/ChatStream.swift",
"StructuredOutput/ChatStructured.swift"
],
"type" : "library"
}
],
"tools_version" : "5.9"
}
{
"workspace" : {
"name" : "spi-builder-workspace",
"schemes" : [
"VeloxQuant-Package",
"VeloxQuantCore",
"VeloxQuantRuntime"
]
}
}
Running build ...
env DEVELOPER_DIR=/Applications/Xcode-16.3.0.app xcrun xcodebuild -IDEClonedSourcePackagesDirPathOverride=$PWD/.dependencies -skipMacroValidation -skipPackagePluginValidation -derivedDataPath $PWD/.derivedData build -scheme VeloxQuant-Package -destination generic/platform=watchOS
Command line invocation:
/Applications/Xcode-16.3.0.app/Contents/Developer/usr/bin/xcodebuild -IDEClonedSourcePackagesDirPathOverride=/Users/admin/builder/spi-builder-workspace/.dependencies -skipMacroValidation -skipPackagePluginValidation -derivedDataPath /Users/admin/builder/spi-builder-workspace/.derivedData build -scheme VeloxQuant-Package -destination generic/platform=watchOS
Resolve Package Graph
Resolved source packages:
VeloxQuant: /Users/admin/builder/spi-builder-workspace
ComputePackagePrebuildTargetDependencyGraph
Prepare packages
CreateBuildRequest
SendProjectDescription
CreateBuildOperation
ComputeTargetDependencyGraph
note: Building targets in dependency order
note: Target dependency graph (4 targets)
Target 'VeloxQuantRuntime' in project 'VeloxQuant'
➜ Explicit dependency on target 'VeloxQuantRuntime' in project 'VeloxQuant'
➜ Explicit dependency on target 'VeloxQuantCore' in project 'VeloxQuant'
Target 'VeloxQuantRuntime' in project 'VeloxQuant'
➜ Explicit dependency on target 'VeloxQuantCore' in project 'VeloxQuant'
Target 'VeloxQuantCore' in project 'VeloxQuant'
➜ Explicit dependency on target 'VeloxQuantCore' in project 'VeloxQuant'
Target 'VeloxQuantCore' in project 'VeloxQuant' (no dependencies)
GatherProvisioningInputs
CreateBuildDescription
ExecuteExternalTool /Applications/Xcode-16.3.0.app/Contents/Developer/Toolchains/XcodeDefault.xctoolchain/usr/bin/clang -v -E -dM -isysroot /Applications/Xcode-16.3.0.app/Contents/Developer/Platforms/WatchOS.platform/Developer/SDKs/WatchOS11.4.sdk -x c -c /dev/null
ExecuteExternalTool /Applications/Xcode-16.3.0.app/Contents/Developer/Toolchains/XcodeDefault.xctoolchain/usr/bin/swiftc --version
ExecuteExternalTool /Applications/Xcode-16.3.0.app/Contents/Developer/Toolchains/XcodeDefault.xctoolchain/usr/bin/ld -version_details
Build description signature: bf0368819ccd68231b7361cee3f16036
Build description path: /Users/admin/builder/spi-builder-workspace/.derivedData/Build/Intermediates.noindex/XCBuildData/bf0368819ccd68231b7361cee3f16036.xcbuilddata
ClangStatCache /Applications/Xcode-16.3.0.app/Contents/Developer/Toolchains/XcodeDefault.xctoolchain/usr/bin/clang-stat-cache /Applications/Xcode-16.3.0.app/Contents/Developer/Platforms/WatchOS.platform/Developer/SDKs/WatchOS11.4.sdk /Users/admin/builder/spi-builder-workspace/.derivedData/SDKStatCaches.noindex/watchos11.4-22T246-43efb940ff07ba2497b70ec94253f576.sdkstatcache
cd /Users/admin/builder/spi-builder-workspace/.swiftpm/xcode
/Applications/Xcode-16.3.0.app/Contents/Developer/Toolchains/XcodeDefault.xctoolchain/usr/bin/clang-stat-cache /Applications/Xcode-16.3.0.app/Contents/Developer/Platforms/WatchOS.platform/Developer/SDKs/WatchOS11.4.sdk -o /Users/admin/builder/spi-builder-workspace/.derivedData/SDKStatCaches.noindex/watchos11.4-22T246-43efb940ff07ba2497b70ec94253f576.sdkstatcache
SwiftDriver VeloxQuantCore normal arm64_32 com.apple.xcode.tools.swift.compiler (in target 'VeloxQuantCore' from project 'VeloxQuant')
cd /Users/admin/builder/spi-builder-workspace/.swiftpm/xcode
builtin-SwiftDriver -- /Applications/Xcode-16.3.0.app/Contents/Developer/Toolchains/XcodeDefault.xctoolchain/usr/bin/swiftc -module-name VeloxQuantCore -Onone -enforce-exclusivity\=checked @/Users/admin/builder/spi-builder-workspace/.derivedData/Build/Intermediates.noindex/VeloxQuant.build/Debug-watchos/VeloxQuantCore.build/Objects-normal/arm64_32/VeloxQuantCore.SwiftFileList -DSWIFT_PACKAGE -DDEBUG -DXcode -plugin-path /Applications/Xcode-16.3.0.app/Contents/Developer/Toolchains/XcodeDefault.xctoolchain/usr/lib/swift/host/plugins/testing -enable-experimental-feature DebugDescriptionMacro -sdk /Applications/Xcode-16.3.0.app/Contents/Developer/Platforms/WatchOS.platform/Developer/SDKs/WatchOS11.4.sdk -target arm64_32-apple-watchos9.0 -g -module-cache-path /Users/admin/builder/spi-builder-workspace/.derivedData/ModuleCache.noindex -Xfrontend -serialize-debugging-options -profile-coverage-mapping -profile-generate -enable-testing -index-store-path /Users/admin/builder/spi-builder-workspace/.derivedData/Index.noindex/DataStore -swift-version 5 -I /Users/admin/builder/spi-builder-workspace/.derivedData/Build/Products/Debug-watchos -I /Applications/Xcode-16.3.0.app/Contents/Developer/Platforms/WatchOS.platform/Developer/usr/lib -F /Users/admin/builder/spi-builder-workspace/.derivedData/Build/Products/Debug-watchos -F /Applications/Xcode-16.3.0.app/Contents/Developer/Platforms/WatchOS.platform/Developer/Library/Frameworks -F /Applications/Xcode-16.3.0.app/Contents/Developer/Platforms/WatchOS.platform/Developer/SDKs/WatchOS11.4.sdk/Developer/Library/Frameworks -c -j10 -enable-batch-mode -incremental -Xcc -ivfsstatcache -Xcc /Users/admin/builder/spi-builder-workspace/.derivedData/SDKStatCaches.noindex/watchos11.4-22T246-43efb940ff07ba2497b70ec94253f576.sdkstatcache -output-file-map /Users/admin/builder/spi-builder-workspace/.derivedData/Build/Intermediates.noindex/VeloxQuant.build/Debug-watchos/VeloxQuantCore.build/Objects-normal/arm64_32/VeloxQuantCore-OutputFileMap.json -use-frontend-parseable-output -save-temps -no-color-diagnostics -serialize-diagnostics -emit-dependencies -emit-module -emit-module-path /Users/admin/builder/spi-builder-workspace/.derivedData/Build/Intermediates.noindex/VeloxQuant.build/Debug-watchos/VeloxQuantCore.build/Objects-normal/arm64_32/VeloxQuantCore.swiftmodule -validate-clang-modules-once -clang-build-session-file /Users/admin/builder/spi-builder-workspace/.derivedData/ModuleCache.noindex/Session.modulevalidation -package-name spi_builder_workspace -Xcc -I/Users/admin/builder/spi-builder-workspace/.derivedData/Build/Intermediates.noindex/VeloxQuant.build/Debug-watchos/VeloxQuantCore.build/swift-overrides.hmap -emit-const-values -Xfrontend -const-gather-protocols-file -Xfrontend /Users/admin/builder/spi-builder-workspace/.derivedData/Build/Intermediates.noindex/VeloxQuant.build/Debug-watchos/VeloxQuantCore.build/Objects-normal/arm64_32/VeloxQuantCore_const_extract_protocols.json -Xcc -I/Users/admin/builder/spi-builder-workspace/.derivedData/Build/Products/Debug-watchos/include -Xcc -I/Users/admin/builder/spi-builder-workspace/.derivedData/Build/Intermediates.noindex/VeloxQuant.build/Debug-watchos/VeloxQuantCore.build/DerivedSources-normal/arm64_32 -Xcc -I/Users/admin/builder/spi-builder-workspace/.derivedData/Build/Intermediates.noindex/VeloxQuant.build/Debug-watchos/VeloxQuantCore.build/DerivedSources/arm64_32 -Xcc -I/Users/admin/builder/spi-builder-workspace/.derivedData/Build/Intermediates.noindex/VeloxQuant.build/Debug-watchos/VeloxQuantCore.build/DerivedSources -Xcc -DSWIFT_PACKAGE -Xcc -DDEBUG\=1 -emit-objc-header -emit-objc-header-path /Users/admin/builder/spi-builder-workspace/.derivedData/Build/Intermediates.noindex/VeloxQuant.build/Debug-watchos/VeloxQuantCore.build/Objects-normal/arm64_32/VeloxQuantCore-Swift.h -working-directory /Users/admin/builder/spi-builder-workspace/.swiftpm/xcode -experimental-emit-module-separately -disable-cmo
SwiftDriver VeloxQuantCore normal arm64 com.apple.xcode.tools.swift.compiler (in target 'VeloxQuantCore' from project 'VeloxQuant')
cd /Users/admin/builder/spi-builder-workspace/.swiftpm/xcode
builtin-SwiftDriver -- /Applications/Xcode-16.3.0.app/Contents/Developer/Toolchains/XcodeDefault.xctoolchain/usr/bin/swiftc -module-name VeloxQuantCore -Onone -enforce-exclusivity\=checked @/Users/admin/builder/spi-builder-workspace/.derivedData/Build/Intermediates.noindex/VeloxQuant.build/Debug-watchos/VeloxQuantCore.build/Objects-normal/arm64/VeloxQuantCore.SwiftFileList -DSWIFT_PACKAGE -DDEBUG -DXcode -plugin-path /Applications/Xcode-16.3.0.app/Contents/Developer/Toolchains/XcodeDefault.xctoolchain/usr/lib/swift/host/plugins/testing -enable-experimental-feature DebugDescriptionMacro -sdk /Applications/Xcode-16.3.0.app/Contents/Developer/Platforms/WatchOS.platform/Developer/SDKs/WatchOS11.4.sdk -target arm64-apple-watchos9.0 -g -module-cache-path /Users/admin/builder/spi-builder-workspace/.derivedData/ModuleCache.noindex -Xfrontend -serialize-debugging-options -profile-coverage-mapping -profile-generate -enable-testing -index-store-path /Users/admin/builder/spi-builder-workspace/.derivedData/Index.noindex/DataStore -swift-version 5 -I /Users/admin/builder/spi-builder-workspace/.derivedData/Build/Products/Debug-watchos -I /Applications/Xcode-16.3.0.app/Contents/Developer/Platforms/WatchOS.platform/Developer/usr/lib -F /Users/admin/builder/spi-builder-workspace/.derivedData/Build/Products/Debug-watchos -F /Applications/Xcode-16.3.0.app/Contents/Developer/Platforms/WatchOS.platform/Developer/Library/Frameworks -F /Applications/Xcode-16.3.0.app/Contents/Developer/Platforms/WatchOS.platform/Developer/SDKs/WatchOS11.4.sdk/Developer/Library/Frameworks -c -j10 -enable-batch-mode -incremental -Xcc -ivfsstatcache -Xcc /Users/admin/builder/spi-builder-workspace/.derivedData/SDKStatCaches.noindex/watchos11.4-22T246-43efb940ff07ba2497b70ec94253f576.sdkstatcache -output-file-map /Users/admin/builder/spi-builder-workspace/.derivedData/Build/Intermediates.noindex/VeloxQuant.build/Debug-watchos/VeloxQuantCore.build/Objects-normal/arm64/VeloxQuantCore-OutputFileMap.json -use-frontend-parseable-output -save-temps -no-color-diagnostics -serialize-diagnostics -emit-dependencies -emit-module -emit-module-path /Users/admin/builder/spi-builder-workspace/.derivedData/Build/Intermediates.noindex/VeloxQuant.build/Debug-watchos/VeloxQuantCore.build/Objects-normal/arm64/VeloxQuantCore.swiftmodule -validate-clang-modules-once -clang-build-session-file /Users/admin/builder/spi-builder-workspace/.derivedData/ModuleCache.noindex/Session.modulevalidation -package-name spi_builder_workspace -Xcc -I/Users/admin/builder/spi-builder-workspace/.derivedData/Build/Intermediates.noindex/VeloxQuant.build/Debug-watchos/VeloxQuantCore.build/swift-overrides.hmap -emit-const-values -Xfrontend -const-gather-protocols-file -Xfrontend /Users/admin/builder/spi-builder-workspace/.derivedData/Build/Intermediates.noindex/VeloxQuant.build/Debug-watchos/VeloxQuantCore.build/Objects-normal/arm64/VeloxQuantCore_const_extract_protocols.json -Xcc -I/Users/admin/builder/spi-builder-workspace/.derivedData/Build/Products/Debug-watchos/include -Xcc -I/Users/admin/builder/spi-builder-workspace/.derivedData/Build/Intermediates.noindex/VeloxQuant.build/Debug-watchos/VeloxQuantCore.build/DerivedSources-normal/arm64 -Xcc -I/Users/admin/builder/spi-builder-workspace/.derivedData/Build/Intermediates.noindex/VeloxQuant.build/Debug-watchos/VeloxQuantCore.build/DerivedSources/arm64 -Xcc -I/Users/admin/builder/spi-builder-workspace/.derivedData/Build/Intermediates.noindex/VeloxQuant.build/Debug-watchos/VeloxQuantCore.build/DerivedSources -Xcc -DSWIFT_PACKAGE -Xcc -DDEBUG\=1 -emit-objc-header -emit-objc-header-path /Users/admin/builder/spi-builder-workspace/.derivedData/Build/Intermediates.noindex/VeloxQuant.build/Debug-watchos/VeloxQuantCore.build/Objects-normal/arm64/VeloxQuantCore-Swift.h -working-directory /Users/admin/builder/spi-builder-workspace/.swiftpm/xcode -experimental-emit-module-separately -disable-cmo
SwiftCompile normal arm64_32 Compiling\ Chat.swift,\ ResponseValidation.swift,\ URLSessionCompat.swift /Users/admin/builder/spi-builder-workspace/Sources/VeloxQuantCore/Client/Chat.swift /Users/admin/builder/spi-builder-workspace/Sources/VeloxQuantCore/Client/ResponseValidation.swift /Users/admin/builder/spi-builder-workspace/Sources/VeloxQuantCore/Client/URLSessionCompat.swift (in target 'VeloxQuantCore' from project 'VeloxQuant')
SwiftCompile normal arm64_32 /Users/admin/builder/spi-builder-workspace/Sources/VeloxQuantCore/Client/Chat.swift (in target 'VeloxQuantCore' from project 'VeloxQuant')
cd /Users/admin/builder/spi-builder-workspace/.swiftpm/xcode
SwiftCompile normal arm64_32 /Users/admin/builder/spi-builder-workspace/Sources/VeloxQuantCore/Client/ResponseValidation.swift (in target 'VeloxQuantCore' from project 'VeloxQuant')
cd /Users/admin/builder/spi-builder-workspace/.swiftpm/xcode
SwiftCompile normal arm64_32 /Users/admin/builder/spi-builder-workspace/Sources/VeloxQuantCore/Client/URLSessionCompat.swift (in target 'VeloxQuantCore' from project 'VeloxQuant')
cd /Users/admin/builder/spi-builder-workspace/.swiftpm/xcode
SwiftCompile normal arm64_32 Compiling\ ChatRequest.swift,\ ChatResponse.swift /Users/admin/builder/spi-builder-workspace/Sources/VeloxQuantCore/Models/ChatRequest.swift /Users/admin/builder/spi-builder-workspace/Sources/VeloxQuantCore/Models/ChatResponse.swift (in target 'VeloxQuantCore' from project 'VeloxQuant')
SwiftCompile normal arm64_32 /Users/admin/builder/spi-builder-workspace/Sources/VeloxQuantCore/Models/ChatRequest.swift (in target 'VeloxQuantCore' from project 'VeloxQuant')
cd /Users/admin/builder/spi-builder-workspace/.swiftpm/xcode
SwiftCompile normal arm64_32 /Users/admin/builder/spi-builder-workspace/Sources/VeloxQuantCore/Models/ChatResponse.swift (in target 'VeloxQuantCore' from project 'VeloxQuant')
cd /Users/admin/builder/spi-builder-workspace/.swiftpm/xcode
SwiftCompile normal arm64_32 Compiling\ ErrorBody.swift,\ JSONValue.swift /Users/admin/builder/spi-builder-workspace/Sources/VeloxQuantCore/Models/ErrorBody.swift /Users/admin/builder/spi-builder-workspace/Sources/VeloxQuantCore/Models/JSONValue.swift (in target 'VeloxQuantCore' from project 'VeloxQuant')
SwiftCompile normal arm64_32 /Users/admin/builder/spi-builder-workspace/Sources/VeloxQuantCore/Models/ErrorBody.swift (in target 'VeloxQuantCore' from project 'VeloxQuant')
cd /Users/admin/builder/spi-builder-workspace/.swiftpm/xcode
SwiftCompile normal arm64_32 /Users/admin/builder/spi-builder-workspace/Sources/VeloxQuantCore/Models/JSONValue.swift (in target 'VeloxQuantCore' from project 'VeloxQuant')
cd /Users/admin/builder/spi-builder-workspace/.swiftpm/xcode
SwiftCompile normal arm64_32 Compiling\ Metrics.swift,\ Monitor.swift /Users/admin/builder/spi-builder-workspace/Sources/VeloxQuantCore/Monitoring/Metrics.swift /Users/admin/builder/spi-builder-workspace/Sources/VeloxQuantCore/Monitoring/Monitor.swift (in target 'VeloxQuantCore' from project 'VeloxQuant')
SwiftCompile normal arm64_32 /Users/admin/builder/spi-builder-workspace/Sources/VeloxQuantCore/Monitoring/Metrics.swift (in target 'VeloxQuantCore' from project 'VeloxQuant')
cd /Users/admin/builder/spi-builder-workspace/.swiftpm/xcode
SwiftCompile normal arm64_32 /Users/admin/builder/spi-builder-workspace/Sources/VeloxQuantCore/Monitoring/Monitor.swift (in target 'VeloxQuantCore' from project 'VeloxQuant')
cd /Users/admin/builder/spi-builder-workspace/.swiftpm/xcode
SwiftCompile normal arm64_32 Compiling\ OfflineOptimizer.swift,\ Precision.swift /Users/admin/builder/spi-builder-workspace/Sources/VeloxQuantCore/Memory/OfflineOptimizer.swift /Users/admin/builder/spi-builder-workspace/Sources/VeloxQuantCore/Memory/Precision.swift (in target 'VeloxQuantCore' from project 'VeloxQuant')
SwiftCompile normal arm64_32 /Users/admin/builder/spi-builder-workspace/Sources/VeloxQuantCore/Memory/OfflineOptimizer.swift (in target 'VeloxQuantCore' from project 'VeloxQuant')
cd /Users/admin/builder/spi-builder-workspace/.swiftpm/xcode
SwiftCompile normal arm64_32 /Users/admin/builder/spi-builder-workspace/Sources/VeloxQuantCore/Memory/Precision.swift (in target 'VeloxQuantCore' from project 'VeloxQuant')
cd /Users/admin/builder/spi-builder-workspace/.swiftpm/xcode
SwiftCompile normal arm64_32 Compiling\ VeloxQuantError.swift,\ MemoryEstimator.swift,\ ModelRegistry.swift /Users/admin/builder/spi-builder-workspace/Sources/VeloxQuantCore/Errors/VeloxQuantError.swift /Users/admin/builder/spi-builder-workspace/Sources/VeloxQuantCore/Memory/MemoryEstimator.swift /Users/admin/builder/spi-builder-workspace/Sources/VeloxQuantCore/Memory/ModelRegistry.swift (in target 'VeloxQuantCore' from project 'VeloxQuant')
SwiftCompile normal arm64_32 /Users/admin/builder/spi-builder-workspace/Sources/VeloxQuantCore/Errors/VeloxQuantError.swift (in target 'VeloxQuantCore' from project 'VeloxQuant')
cd /Users/admin/builder/spi-builder-workspace/.swiftpm/xcode
SwiftCompile normal arm64_32 /Users/admin/builder/spi-builder-workspace/Sources/VeloxQuantCore/Memory/MemoryEstimator.swift (in target 'VeloxQuantCore' from project 'VeloxQuant')
cd /Users/admin/builder/spi-builder-workspace/.swiftpm/xcode
SwiftCompile normal arm64_32 /Users/admin/builder/spi-builder-workspace/Sources/VeloxQuantCore/Memory/ModelRegistry.swift (in target 'VeloxQuantCore' from project 'VeloxQuant')
cd /Users/admin/builder/spi-builder-workspace/.swiftpm/xcode
SwiftCompile normal arm64_32 Compiling\ Message.swift,\ Recommendation.swift /Users/admin/builder/spi-builder-workspace/Sources/VeloxQuantCore/Models/Message.swift /Users/admin/builder/spi-builder-workspace/Sources/VeloxQuantCore/Models/Recommendation.swift (in target 'VeloxQuantCore' from project 'VeloxQuant')
SwiftCompile normal arm64_32 /Users/admin/builder/spi-builder-workspace/Sources/VeloxQuantCore/Models/Message.swift (in target 'VeloxQuantCore' from project 'VeloxQuant')
cd /Users/admin/builder/spi-builder-workspace/.swiftpm/xcode
SwiftCompile normal arm64_32 /Users/admin/builder/spi-builder-workspace/Sources/VeloxQuantCore/Models/Recommendation.swift (in target 'VeloxQuantCore' from project 'VeloxQuant')
cd /Users/admin/builder/spi-builder-workspace/.swiftpm/xcode
SwiftCompile normal arm64_32 Compiling\ VeloxQuantClient.swift,\ Conversation.swift,\ Embeddings.swift /Users/admin/builder/spi-builder-workspace/Sources/VeloxQuantCore/Client/VeloxQuantClient.swift /Users/admin/builder/spi-builder-workspace/Sources/VeloxQuantCore/Conversation/Conversation.swift /Users/admin/builder/spi-builder-workspace/Sources/VeloxQuantCore/Embeddings/Embeddings.swift (in target 'VeloxQuantCore' from project 'VeloxQuant')
SwiftCompile normal arm64_32 /Users/admin/builder/spi-builder-workspace/Sources/VeloxQuantCore/Client/VeloxQuantClient.swift (in target 'VeloxQuantCore' from project 'VeloxQuant')
cd /Users/admin/builder/spi-builder-workspace/.swiftpm/xcode
SwiftCompile normal arm64_32 /Users/admin/builder/spi-builder-workspace/Sources/VeloxQuantCore/Conversation/Conversation.swift (in target 'VeloxQuantCore' from project 'VeloxQuant')
cd /Users/admin/builder/spi-builder-workspace/.swiftpm/xcode
SwiftCompile normal arm64_32 /Users/admin/builder/spi-builder-workspace/Sources/VeloxQuantCore/Embeddings/Embeddings.swift (in target 'VeloxQuantCore' from project 'VeloxQuant')
cd /Users/admin/builder/spi-builder-workspace/.swiftpm/xcode
SwiftCompile normal arm64_32 Compiling\ AsyncByteLines.swift,\ ChatChunk.swift /Users/admin/builder/spi-builder-workspace/Sources/VeloxQuantCore/Streaming/AsyncByteLines.swift /Users/admin/builder/spi-builder-workspace/Sources/VeloxQuantCore/Streaming/ChatChunk.swift (in target 'VeloxQuantCore' from project 'VeloxQuant')
SwiftCompile normal arm64_32 /Users/admin/builder/spi-builder-workspace/Sources/VeloxQuantCore/Streaming/AsyncByteLines.swift (in target 'VeloxQuantCore' from project 'VeloxQuant')
cd /Users/admin/builder/spi-builder-workspace/.swiftpm/xcode
SwiftCompile normal arm64_32 /Users/admin/builder/spi-builder-workspace/Sources/VeloxQuantCore/Streaming/ChatChunk.swift (in target 'VeloxQuantCore' from project 'VeloxQuant')
cd /Users/admin/builder/spi-builder-workspace/.swiftpm/xcode
SwiftEmitModule normal arm64_32 Emitting\ module\ for\ VeloxQuantCore (in target 'VeloxQuantCore' from project 'VeloxQuant')
EmitSwiftModule normal arm64_32 (in target 'VeloxQuantCore' from project 'VeloxQuant')
cd /Users/admin/builder/spi-builder-workspace/.swiftpm/xcode
SwiftEmitModule normal arm64 Emitting\ module\ for\ VeloxQuantCore (in target 'VeloxQuantCore' from project 'VeloxQuant')
EmitSwiftModule normal arm64 (in target 'VeloxQuantCore' from project 'VeloxQuant')
cd /Users/admin/builder/spi-builder-workspace/.swiftpm/xcode
SwiftDriverJobDiscovery normal arm64_32 Compiling ErrorBody.swift, JSONValue.swift (in target 'VeloxQuantCore' from project 'VeloxQuant')
SwiftCompile normal arm64 Compiling\ ChatStream.swift,\ ChatStructured.swift /Users/admin/builder/spi-builder-workspace/Sources/VeloxQuantCore/Streaming/ChatStream.swift /Users/admin/builder/spi-builder-workspace/Sources/VeloxQuantCore/StructuredOutput/ChatStructured.swift (in target 'VeloxQuantCore' from project 'VeloxQuant')
SwiftCompile normal arm64 /Users/admin/builder/spi-builder-workspace/Sources/VeloxQuantCore/Streaming/ChatStream.swift (in target 'VeloxQuantCore' from project 'VeloxQuant')
cd /Users/admin/builder/spi-builder-workspace/.swiftpm/xcode
SwiftCompile normal arm64 /Users/admin/builder/spi-builder-workspace/Sources/VeloxQuantCore/StructuredOutput/ChatStructured.swift (in target 'VeloxQuantCore' from project 'VeloxQuant')
cd /Users/admin/builder/spi-builder-workspace/.swiftpm/xcode
SwiftDriverJobDiscovery normal arm64_32 Compiling Chat.swift, ResponseValidation.swift, URLSessionCompat.swift (in target 'VeloxQuantCore' from project 'VeloxQuant')
SwiftCompile normal arm64 Compiling\ OfflineOptimizer.swift,\ Precision.swift /Users/admin/builder/spi-builder-workspace/Sources/VeloxQuantCore/Memory/OfflineOptimizer.swift /Users/admin/builder/spi-builder-workspace/Sources/VeloxQuantCore/Memory/Precision.swift (in target 'VeloxQuantCore' from project 'VeloxQuant')
SwiftCompile normal arm64 /Users/admin/builder/spi-builder-workspace/Sources/VeloxQuantCore/Memory/OfflineOptimizer.swift (in target 'VeloxQuantCore' from project 'VeloxQuant')
cd /Users/admin/builder/spi-builder-workspace/.swiftpm/xcode
SwiftCompile normal arm64 /Users/admin/builder/spi-builder-workspace/Sources/VeloxQuantCore/Memory/Precision.swift (in target 'VeloxQuantCore' from project 'VeloxQuant')
cd /Users/admin/builder/spi-builder-workspace/.swiftpm/xcode
SwiftDriverJobDiscovery normal arm64_32 Compiling AsyncByteLines.swift, ChatChunk.swift (in target 'VeloxQuantCore' from project 'VeloxQuant')
SwiftCompile normal arm64 Compiling\ VeloxQuantClient.swift,\ Conversation.swift,\ Embeddings.swift /Users/admin/builder/spi-builder-workspace/Sources/VeloxQuantCore/Client/VeloxQuantClient.swift /Users/admin/builder/spi-builder-workspace/Sources/VeloxQuantCore/Conversation/Conversation.swift /Users/admin/builder/spi-builder-workspace/Sources/VeloxQuantCore/Embeddings/Embeddings.swift (in target 'VeloxQuantCore' from project 'VeloxQuant')
SwiftCompile normal arm64 /Users/admin/builder/spi-builder-workspace/Sources/VeloxQuantCore/Client/VeloxQuantClient.swift (in target 'VeloxQuantCore' from project 'VeloxQuant')
cd /Users/admin/builder/spi-builder-workspace/.swiftpm/xcode
SwiftCompile normal arm64 /Users/admin/builder/spi-builder-workspace/Sources/VeloxQuantCore/Conversation/Conversation.swift (in target 'VeloxQuantCore' from project 'VeloxQuant')
cd /Users/admin/builder/spi-builder-workspace/.swiftpm/xcode
SwiftCompile normal arm64 /Users/admin/builder/spi-builder-workspace/Sources/VeloxQuantCore/Embeddings/Embeddings.swift (in target 'VeloxQuantCore' from project 'VeloxQuant')
cd /Users/admin/builder/spi-builder-workspace/.swiftpm/xcode
SwiftDriverJobDiscovery normal arm64_32 Compiling OfflineOptimizer.swift, Precision.swift (in target 'VeloxQuantCore' from project 'VeloxQuant')
SwiftCompile normal arm64 Compiling\ Message.swift,\ Recommendation.swift /Users/admin/builder/spi-builder-workspace/Sources/VeloxQuantCore/Models/Message.swift /Users/admin/builder/spi-builder-workspace/Sources/VeloxQuantCore/Models/Recommendation.swift (in target 'VeloxQuantCore' from project 'VeloxQuant')
SwiftCompile normal arm64 /Users/admin/builder/spi-builder-workspace/Sources/VeloxQuantCore/Models/Message.swift (in target 'VeloxQuantCore' from project 'VeloxQuant')
cd /Users/admin/builder/spi-builder-workspace/.swiftpm/xcode
SwiftCompile normal arm64 /Users/admin/builder/spi-builder-workspace/Sources/VeloxQuantCore/Models/Recommendation.swift (in target 'VeloxQuantCore' from project 'VeloxQuant')
cd /Users/admin/builder/spi-builder-workspace/.swiftpm/xcode
SwiftDriverJobDiscovery normal arm64_32 Compiling Metrics.swift, Monitor.swift (in target 'VeloxQuantCore' from project 'VeloxQuant')
SwiftCompile normal arm64 Compiling\ ErrorBody.swift,\ JSONValue.swift /Users/admin/builder/spi-builder-workspace/Sources/VeloxQuantCore/Models/ErrorBody.swift /Users/admin/builder/spi-builder-workspace/Sources/VeloxQuantCore/Models/JSONValue.swift (in target 'VeloxQuantCore' from project 'VeloxQuant')
SwiftCompile normal arm64 /Users/admin/builder/spi-builder-workspace/Sources/VeloxQuantCore/Models/ErrorBody.swift (in target 'VeloxQuantCore' from project 'VeloxQuant')
cd /Users/admin/builder/spi-builder-workspace/.swiftpm/xcode
SwiftCompile normal arm64 /Users/admin/builder/spi-builder-workspace/Sources/VeloxQuantCore/Models/JSONValue.swift (in target 'VeloxQuantCore' from project 'VeloxQuant')
cd /Users/admin/builder/spi-builder-workspace/.swiftpm/xcode
SwiftDriverJobDiscovery normal arm64_32 Emitting module for VeloxQuantCore (in target 'VeloxQuantCore' from project 'VeloxQuant')
SwiftDriver\ Compilation\ Requirements VeloxQuantCore normal arm64_32 com.apple.xcode.tools.swift.compiler (in target 'VeloxQuantCore' from project 'VeloxQuant')
cd /Users/admin/builder/spi-builder-workspace/.swiftpm/xcode
builtin-Swift-Compilation-Requirements -- /Applications/Xcode-16.3.0.app/Contents/Developer/Toolchains/XcodeDefault.xctoolchain/usr/bin/swiftc -module-name VeloxQuantCore -Onone -enforce-exclusivity\=checked @/Users/admin/builder/spi-builder-workspace/.derivedData/Build/Intermediates.noindex/VeloxQuant.build/Debug-watchos/VeloxQuantCore.build/Objects-normal/arm64_32/VeloxQuantCore.SwiftFileList -DSWIFT_PACKAGE -DDEBUG -DXcode -plugin-path /Applications/Xcode-16.3.0.app/Contents/Developer/Toolchains/XcodeDefault.xctoolchain/usr/lib/swift/host/plugins/testing -enable-experimental-feature DebugDescriptionMacro -sdk /Applications/Xcode-16.3.0.app/Contents/Developer/Platforms/WatchOS.platform/Developer/SDKs/WatchOS11.4.sdk -target arm64_32-apple-watchos9.0 -g -module-cache-path /Users/admin/builder/spi-builder-workspace/.derivedData/ModuleCache.noindex -Xfrontend -serialize-debugging-options -profile-coverage-mapping -profile-generate -enable-testing -index-store-path /Users/admin/builder/spi-builder-workspace/.derivedData/Index.noindex/DataStore -swift-version 5 -I /Users/admin/builder/spi-builder-workspace/.derivedData/Build/Products/Debug-watchos -I /Applications/Xcode-16.3.0.app/Contents/Developer/Platforms/WatchOS.platform/Developer/usr/lib -F /Users/admin/builder/spi-builder-workspace/.derivedData/Build/Products/Debug-watchos -F /Applications/Xcode-16.3.0.app/Contents/Developer/Platforms/WatchOS.platform/Developer/Library/Frameworks -F /Applications/Xcode-16.3.0.app/Contents/Developer/Platforms/WatchOS.platform/Developer/SDKs/WatchOS11.4.sdk/Developer/Library/Frameworks -c -j10 -enable-batch-mode -incremental -Xcc -ivfsstatcache -Xcc /Users/admin/builder/spi-builder-workspace/.derivedData/SDKStatCaches.noindex/watchos11.4-22T246-43efb940ff07ba2497b70ec94253f576.sdkstatcache -output-file-map /Users/admin/builder/spi-builder-workspace/.derivedData/Build/Intermediates.noindex/VeloxQuant.build/Debug-watchos/VeloxQuantCore.build/Objects-normal/arm64_32/VeloxQuantCore-OutputFileMap.json -use-frontend-parseable-output -save-temps -no-color-diagnostics -serialize-diagnostics -emit-dependencies -emit-module -emit-module-path /Users/admin/builder/spi-builder-workspace/.derivedData/Build/Intermediates.noindex/VeloxQuant.build/Debug-watchos/VeloxQuantCore.build/Objects-normal/arm64_32/VeloxQuantCore.swiftmodule -validate-clang-modules-once -clang-build-session-file /Users/admin/builder/spi-builder-workspace/.derivedData/ModuleCache.noindex/Session.modulevalidation -package-name spi_builder_workspace -Xcc -I/Users/admin/builder/spi-builder-workspace/.derivedData/Build/Intermediates.noindex/VeloxQuant.build/Debug-watchos/VeloxQuantCore.build/swift-overrides.hmap -emit-const-values -Xfrontend -const-gather-protocols-file -Xfrontend /Users/admin/builder/spi-builder-workspace/.derivedData/Build/Intermediates.noindex/VeloxQuant.build/Debug-watchos/VeloxQuantCore.build/Objects-normal/arm64_32/VeloxQuantCore_const_extract_protocols.json -Xcc -I/Users/admin/builder/spi-builder-workspace/.derivedData/Build/Products/Debug-watchos/include -Xcc -I/Users/admin/builder/spi-builder-workspace/.derivedData/Build/Intermediates.noindex/VeloxQuant.build/Debug-watchos/VeloxQuantCore.build/DerivedSources-normal/arm64_32 -Xcc -I/Users/admin/builder/spi-builder-workspace/.derivedData/Build/Intermediates.noindex/VeloxQuant.build/Debug-watchos/VeloxQuantCore.build/DerivedSources/arm64_32 -Xcc -I/Users/admin/builder/spi-builder-workspace/.derivedData/Build/Intermediates.noindex/VeloxQuant.build/Debug-watchos/VeloxQuantCore.build/DerivedSources -Xcc -DSWIFT_PACKAGE -Xcc -DDEBUG\=1 -emit-objc-header -emit-objc-header-path /Users/admin/builder/spi-builder-workspace/.derivedData/Build/Intermediates.noindex/VeloxQuant.build/Debug-watchos/VeloxQuantCore.build/Objects-normal/arm64_32/VeloxQuantCore-Swift.h -working-directory /Users/admin/builder/spi-builder-workspace/.swiftpm/xcode -experimental-emit-module-separately -disable-cmo
SwiftDriverJobDiscovery normal arm64_32 Compiling Message.swift, Recommendation.swift (in target 'VeloxQuantCore' from project 'VeloxQuant')
SwiftCompile normal arm64 Compiling\ Chat.swift,\ ResponseValidation.swift,\ URLSessionCompat.swift /Users/admin/builder/spi-builder-workspace/Sources/VeloxQuantCore/Client/Chat.swift /Users/admin/builder/spi-builder-workspace/Sources/VeloxQuantCore/Client/ResponseValidation.swift /Users/admin/builder/spi-builder-workspace/Sources/VeloxQuantCore/Client/URLSessionCompat.swift (in target 'VeloxQuantCore' from project 'VeloxQuant')
SwiftCompile normal arm64 /Users/admin/builder/spi-builder-workspace/Sources/VeloxQuantCore/Client/Chat.swift (in target 'VeloxQuantCore' from project 'VeloxQuant')
cd /Users/admin/builder/spi-builder-workspace/.swiftpm/xcode
SwiftCompile normal arm64 /Users/admin/builder/spi-builder-workspace/Sources/VeloxQuantCore/Client/ResponseValidation.swift (in target 'VeloxQuantCore' from project 'VeloxQuant')
cd /Users/admin/builder/spi-builder-workspace/.swiftpm/xcode
SwiftCompile normal arm64 /Users/admin/builder/spi-builder-workspace/Sources/VeloxQuantCore/Client/URLSessionCompat.swift (in target 'VeloxQuantCore' from project 'VeloxQuant')
cd /Users/admin/builder/spi-builder-workspace/.swiftpm/xcode
Copy /Users/admin/builder/spi-builder-workspace/.derivedData/Build/Products/Debug-watchos/VeloxQuantCore.swiftmodule/arm64_32-apple-watchos.abi.json /Users/admin/builder/spi-builder-workspace/.derivedData/Build/Intermediates.noindex/VeloxQuant.build/Debug-watchos/VeloxQuantCore.build/Objects-normal/arm64_32/VeloxQuantCore.abi.json (in target 'VeloxQuantCore' from project 'VeloxQuant')
cd /Users/admin/builder/spi-builder-workspace
builtin-copy -exclude .DS_Store -exclude CVS -exclude .svn -exclude .git -exclude .hg -resolve-src-symlinks -rename /Users/admin/builder/spi-builder-workspace/.derivedData/Build/Intermediates.noindex/VeloxQuant.build/Debug-watchos/VeloxQuantCore.build/Objects-normal/arm64_32/VeloxQuantCore.abi.json /Users/admin/builder/spi-builder-workspace/.derivedData/Build/Products/Debug-watchos/VeloxQuantCore.swiftmodule/arm64_32-apple-watchos.abi.json
SwiftDriverJobDiscovery normal arm64_32 Compiling VeloxQuantClient.swift, Conversation.swift, Embeddings.swift (in target 'VeloxQuantCore' from project 'VeloxQuant')
SwiftCompile normal arm64_32 Compiling\ ChatStream.swift,\ ChatStructured.swift /Users/admin/builder/spi-builder-workspace/Sources/VeloxQuantCore/Streaming/ChatStream.swift /Users/admin/builder/spi-builder-workspace/Sources/VeloxQuantCore/StructuredOutput/ChatStructured.swift (in target 'VeloxQuantCore' from project 'VeloxQuant')
SwiftCompile normal arm64_32 /Users/admin/builder/spi-builder-workspace/Sources/VeloxQuantCore/Streaming/ChatStream.swift (in target 'VeloxQuantCore' from project 'VeloxQuant')
cd /Users/admin/builder/spi-builder-workspace/.swiftpm/xcode
SwiftCompile normal arm64_32 /Users/admin/builder/spi-builder-workspace/Sources/VeloxQuantCore/StructuredOutput/ChatStructured.swift (in target 'VeloxQuantCore' from project 'VeloxQuant')
cd /Users/admin/builder/spi-builder-workspace/.swiftpm/xcode
SwiftCompile normal arm64 Compiling\ VeloxQuantError.swift,\ MemoryEstimator.swift,\ ModelRegistry.swift /Users/admin/builder/spi-builder-workspace/Sources/VeloxQuantCore/Errors/VeloxQuantError.swift /Users/admin/builder/spi-builder-workspace/Sources/VeloxQuantCore/Memory/MemoryEstimator.swift /Users/admin/builder/spi-builder-workspace/Sources/VeloxQuantCore/Memory/ModelRegistry.swift (in target 'VeloxQuantCore' from project 'VeloxQuant')
SwiftCompile normal arm64 /Users/admin/builder/spi-builder-workspace/Sources/VeloxQuantCore/Errors/VeloxQuantError.swift (in target 'VeloxQuantCore' from project 'VeloxQuant')
cd /Users/admin/builder/spi-builder-workspace/.swiftpm/xcode
SwiftCompile normal arm64 /Users/admin/builder/spi-builder-workspace/Sources/VeloxQuantCore/Memory/MemoryEstimator.swift (in target 'VeloxQuantCore' from project 'VeloxQuant')
cd /Users/admin/builder/spi-builder-workspace/.swiftpm/xcode
SwiftCompile normal arm64 /Users/admin/builder/spi-builder-workspace/Sources/VeloxQuantCore/Memory/ModelRegistry.swift (in target 'VeloxQuantCore' from project 'VeloxQuant')
cd /Users/admin/builder/spi-builder-workspace/.swiftpm/xcode
SwiftDriverJobDiscovery normal arm64_32 Compiling VeloxQuantError.swift, MemoryEstimator.swift, ModelRegistry.swift (in target 'VeloxQuantCore' from project 'VeloxQuant')
SwiftCompile normal arm64 Compiling\ Metrics.swift,\ Monitor.swift /Users/admin/builder/spi-builder-workspace/Sources/VeloxQuantCore/Monitoring/Metrics.swift /Users/admin/builder/spi-builder-workspace/Sources/VeloxQuantCore/Monitoring/Monitor.swift (in target 'VeloxQuantCore' from project 'VeloxQuant')
SwiftCompile normal arm64 /Users/admin/builder/spi-builder-workspace/Sources/VeloxQuantCore/Monitoring/Metrics.swift (in target 'VeloxQuantCore' from project 'VeloxQuant')
cd /Users/admin/builder/spi-builder-workspace/.swiftpm/xcode
SwiftCompile normal arm64 /Users/admin/builder/spi-builder-workspace/Sources/VeloxQuantCore/Monitoring/Monitor.swift (in target 'VeloxQuantCore' from project 'VeloxQuant')
cd /Users/admin/builder/spi-builder-workspace/.swiftpm/xcode
SwiftDriverJobDiscovery normal arm64 Compiling ChatStream.swift, ChatStructured.swift (in target 'VeloxQuantCore' from project 'VeloxQuant')
SwiftCompile normal arm64 Compiling\ AsyncByteLines.swift,\ ChatChunk.swift /Users/admin/builder/spi-builder-workspace/Sources/VeloxQuantCore/Streaming/AsyncByteLines.swift /Users/admin/builder/spi-builder-workspace/Sources/VeloxQuantCore/Streaming/ChatChunk.swift (in target 'VeloxQuantCore' from project 'VeloxQuant')
SwiftCompile normal arm64 /Users/admin/builder/spi-builder-workspace/Sources/VeloxQuantCore/Streaming/AsyncByteLines.swift (in target 'VeloxQuantCore' from project 'VeloxQuant')
cd /Users/admin/builder/spi-builder-workspace/.swiftpm/xcode
SwiftCompile normal arm64 /Users/admin/builder/spi-builder-workspace/Sources/VeloxQuantCore/Streaming/ChatChunk.swift (in target 'VeloxQuantCore' from project 'VeloxQuant')
cd /Users/admin/builder/spi-builder-workspace/.swiftpm/xcode
SwiftDriverJobDiscovery normal arm64 Compiling ErrorBody.swift, JSONValue.swift (in target 'VeloxQuantCore' from project 'VeloxQuant')
SwiftCompile normal arm64 Compiling\ ChatRequest.swift,\ ChatResponse.swift /Users/admin/builder/spi-builder-workspace/Sources/VeloxQuantCore/Models/ChatRequest.swift /Users/admin/builder/spi-builder-workspace/Sources/VeloxQuantCore/Models/ChatResponse.swift (in target 'VeloxQuantCore' from project 'VeloxQuant')
SwiftCompile normal arm64 /Users/admin/builder/spi-builder-workspace/Sources/VeloxQuantCore/Models/ChatRequest.swift (in target 'VeloxQuantCore' from project 'VeloxQuant')
cd /Users/admin/builder/spi-builder-workspace/.swiftpm/xcode
SwiftCompile normal arm64 /Users/admin/builder/spi-builder-workspace/Sources/VeloxQuantCore/Models/ChatResponse.swift (in target 'VeloxQuantCore' from project 'VeloxQuant')
cd /Users/admin/builder/spi-builder-workspace/.swiftpm/xcode
SwiftDriverJobDiscovery normal arm64_32 Compiling ChatRequest.swift, ChatResponse.swift (in target 'VeloxQuantCore' from project 'VeloxQuant')
SwiftDriverJobDiscovery normal arm64 Emitting module for VeloxQuantCore (in target 'VeloxQuantCore' from project 'VeloxQuant')
SwiftDriver\ Compilation\ Requirements VeloxQuantCore normal arm64 com.apple.xcode.tools.swift.compiler (in target 'VeloxQuantCore' from project 'VeloxQuant')
cd /Users/admin/builder/spi-builder-workspace/.swiftpm/xcode
builtin-Swift-Compilation-Requirements -- /Applications/Xcode-16.3.0.app/Contents/Developer/Toolchains/XcodeDefault.xctoolchain/usr/bin/swiftc -module-name VeloxQuantCore -Onone -enforce-exclusivity\=checked @/Users/admin/builder/spi-builder-workspace/.derivedData/Build/Intermediates.noindex/VeloxQuant.build/Debug-watchos/VeloxQuantCore.build/Objects-normal/arm64/VeloxQuantCore.SwiftFileList -DSWIFT_PACKAGE -DDEBUG -DXcode -plugin-path /Applications/Xcode-16.3.0.app/Contents/Developer/Toolchains/XcodeDefault.xctoolchain/usr/lib/swift/host/plugins/testing -enable-experimental-feature DebugDescriptionMacro -sdk /Applications/Xcode-16.3.0.app/Contents/Developer/Platforms/WatchOS.platform/Developer/SDKs/WatchOS11.4.sdk -target arm64-apple-watchos9.0 -g -module-cache-path /Users/admin/builder/spi-builder-workspace/.derivedData/ModuleCache.noindex -Xfrontend -serialize-debugging-options -profile-coverage-mapping -profile-generate -enable-testing -index-store-path /Users/admin/builder/spi-builder-workspace/.derivedData/Index.noindex/DataStore -swift-version 5 -I /Users/admin/builder/spi-builder-workspace/.derivedData/Build/Products/Debug-watchos -I /Applications/Xcode-16.3.0.app/Contents/Developer/Platforms/WatchOS.platform/Developer/usr/lib -F /Users/admin/builder/spi-builder-workspace/.derivedData/Build/Products/Debug-watchos -F /Applications/Xcode-16.3.0.app/Contents/Developer/Platforms/WatchOS.platform/Developer/Library/Frameworks -F /Applications/Xcode-16.3.0.app/Contents/Developer/Platforms/WatchOS.platform/Developer/SDKs/WatchOS11.4.sdk/Developer/Library/Frameworks -c -j10 -enable-batch-mode -incremental -Xcc -ivfsstatcache -Xcc /Users/admin/builder/spi-builder-workspace/.derivedData/SDKStatCaches.noindex/watchos11.4-22T246-43efb940ff07ba2497b70ec94253f576.sdkstatcache -output-file-map /Users/admin/builder/spi-builder-workspace/.derivedData/Build/Intermediates.noindex/VeloxQuant.build/Debug-watchos/VeloxQuantCore.build/Objects-normal/arm64/VeloxQuantCore-OutputFileMap.json -use-frontend-parseable-output -save-temps -no-color-diagnostics -serialize-diagnostics -emit-dependencies -emit-module -emit-module-path /Users/admin/builder/spi-builder-workspace/.derivedData/Build/Intermediates.noindex/VeloxQuant.build/Debug-watchos/VeloxQuantCore.build/Objects-normal/arm64/VeloxQuantCore.swiftmodule -validate-clang-modules-once -clang-build-session-file /Users/admin/builder/spi-builder-workspace/.derivedData/ModuleCache.noindex/Session.modulevalidation -package-name spi_builder_workspace -Xcc -I/Users/admin/builder/spi-builder-workspace/.derivedData/Build/Intermediates.noindex/VeloxQuant.build/Debug-watchos/VeloxQuantCore.build/swift-overrides.hmap -emit-const-values -Xfrontend -const-gather-protocols-file -Xfrontend /Users/admin/builder/spi-builder-workspace/.derivedData/Build/Intermediates.noindex/VeloxQuant.build/Debug-watchos/VeloxQuantCore.build/Objects-normal/arm64/VeloxQuantCore_const_extract_protocols.json -Xcc -I/Users/admin/builder/spi-builder-workspace/.derivedData/Build/Products/Debug-watchos/include -Xcc -I/Users/admin/builder/spi-builder-workspace/.derivedData/Build/Intermediates.noindex/VeloxQuant.build/Debug-watchos/VeloxQuantCore.build/DerivedSources-normal/arm64 -Xcc -I/Users/admin/builder/spi-builder-workspace/.derivedData/Build/Intermediates.noindex/VeloxQuant.build/Debug-watchos/VeloxQuantCore.build/DerivedSources/arm64 -Xcc -I/Users/admin/builder/spi-builder-workspace/.derivedData/Build/Intermediates.noindex/VeloxQuant.build/Debug-watchos/VeloxQuantCore.build/DerivedSources -Xcc -DSWIFT_PACKAGE -Xcc -DDEBUG\=1 -emit-objc-header -emit-objc-header-path /Users/admin/builder/spi-builder-workspace/.derivedData/Build/Intermediates.noindex/VeloxQuant.build/Debug-watchos/VeloxQuantCore.build/Objects-normal/arm64/VeloxQuantCore-Swift.h -working-directory /Users/admin/builder/spi-builder-workspace/.swiftpm/xcode -experimental-emit-module-separately -disable-cmo
Copy /Users/admin/builder/spi-builder-workspace/.derivedData/Build/Products/Debug-watchos/VeloxQuantCore.swiftmodule/arm64-apple-watchos.abi.json /Users/admin/builder/spi-builder-workspace/.derivedData/Build/Intermediates.noindex/VeloxQuant.build/Debug-watchos/VeloxQuantCore.build/Objects-normal/arm64/VeloxQuantCore.abi.json (in target 'VeloxQuantCore' from project 'VeloxQuant')
cd /Users/admin/builder/spi-builder-workspace
builtin-copy -exclude .DS_Store -exclude CVS -exclude .svn -exclude .git -exclude .hg -resolve-src-symlinks -rename /Users/admin/builder/spi-builder-workspace/.derivedData/Build/Intermediates.noindex/VeloxQuant.build/Debug-watchos/VeloxQuantCore.build/Objects-normal/arm64/VeloxQuantCore.abi.json /Users/admin/builder/spi-builder-workspace/.derivedData/Build/Products/Debug-watchos/VeloxQuantCore.swiftmodule/arm64-apple-watchos.abi.json
SwiftDriver VeloxQuantRuntime normal arm64_32 com.apple.xcode.tools.swift.compiler (in target 'VeloxQuantRuntime' from project 'VeloxQuant')
cd /Users/admin/builder/spi-builder-workspace/.swiftpm/xcode
builtin-SwiftDriver -- /Applications/Xcode-16.3.0.app/Contents/Developer/Toolchains/XcodeDefault.xctoolchain/usr/bin/swiftc -module-name VeloxQuantRuntime -Onone -enforce-exclusivity\=checked @/Users/admin/builder/spi-builder-workspace/.derivedData/Build/Intermediates.noindex/VeloxQuant.build/Debug-watchos/VeloxQuantRuntime.build/Objects-normal/arm64_32/VeloxQuantRuntime.SwiftFileList -DSWIFT_PACKAGE -DDEBUG -DXcode -plugin-path /Applications/Xcode-16.3.0.app/Contents/Developer/Toolchains/XcodeDefault.xctoolchain/usr/lib/swift/host/plugins/testing -enable-experimental-feature DebugDescriptionMacro -sdk /Applications/Xcode-16.3.0.app/Contents/Developer/Platforms/WatchOS.platform/Developer/SDKs/WatchOS11.4.sdk -target arm64_32-apple-watchos9.0 -g -module-cache-path /Users/admin/builder/spi-builder-workspace/.derivedData/ModuleCache.noindex -Xfrontend -serialize-debugging-options -profile-coverage-mapping -profile-generate -enable-testing -index-store-path /Users/admin/builder/spi-builder-workspace/.derivedData/Index.noindex/DataStore -swift-version 5 -I /Users/admin/builder/spi-builder-workspace/.derivedData/Build/Products/Debug-watchos -I /Applications/Xcode-16.3.0.app/Contents/Developer/Platforms/WatchOS.platform/Developer/usr/lib -F /Users/admin/builder/spi-builder-workspace/.derivedData/Build/Products/Debug-watchos/PackageFrameworks -F /Users/admin/builder/spi-builder-workspace/.derivedData/Build/Products/Debug-watchos -F /Applications/Xcode-16.3.0.app/Contents/Developer/Platforms/WatchOS.platform/Developer/Library/Frameworks -F /Applications/Xcode-16.3.0.app/Contents/Developer/Platforms/WatchOS.platform/Developer/SDKs/WatchOS11.4.sdk/Developer/Library/Frameworks -c -j10 -enable-batch-mode -incremental -Xcc -ivfsstatcache -Xcc /Users/admin/builder/spi-builder-workspace/.derivedData/SDKStatCaches.noindex/watchos11.4-22T246-43efb940ff07ba2497b70ec94253f576.sdkstatcache -output-file-map /Users/admin/builder/spi-builder-workspace/.derivedData/Build/Intermediates.noindex/VeloxQuant.build/Debug-watchos/VeloxQuantRuntime.build/Objects-normal/arm64_32/VeloxQuantRuntime-OutputFileMap.json -use-frontend-parseable-output -save-temps -no-color-diagnostics -serialize-diagnostics -emit-dependencies -emit-module -emit-module-path /Users/admin/builder/spi-builder-workspace/.derivedData/Build/Intermediates.noindex/VeloxQuant.build/Debug-watchos/VeloxQuantRuntime.build/Objects-normal/arm64_32/VeloxQuantRuntime.swiftmodule -validate-clang-modules-once -clang-build-session-file /Users/admin/builder/spi-builder-workspace/.derivedData/ModuleCache.noindex/Session.modulevalidation -package-name spi_builder_workspace -Xcc -I/Users/admin/builder/spi-builder-workspace/.derivedData/Build/Intermediates.noindex/VeloxQuant.build/Debug-watchos/VeloxQuantRuntime.build/swift-overrides.hmap -emit-const-values -Xfrontend -const-gather-protocols-file -Xfrontend /Users/admin/builder/spi-builder-workspace/.derivedData/Build/Intermediates.noindex/VeloxQuant.build/Debug-watchos/VeloxQuantRuntime.build/Objects-normal/arm64_32/VeloxQuantRuntime_const_extract_protocols.json -Xcc -I/Users/admin/builder/spi-builder-workspace/.derivedData/Build/Products/Debug-watchos/include -Xcc -I/Users/admin/builder/spi-builder-workspace/.derivedData/Build/Intermediates.noindex/VeloxQuant.build/Debug-watchos/VeloxQuantRuntime.build/DerivedSources-normal/arm64_32 -Xcc -I/Users/admin/builder/spi-builder-workspace/.derivedData/Build/Intermediates.noindex/VeloxQuant.build/Debug-watchos/VeloxQuantRuntime.build/DerivedSources/arm64_32 -Xcc -I/Users/admin/builder/spi-builder-workspace/.derivedData/Build/Intermediates.noindex/VeloxQuant.build/Debug-watchos/VeloxQuantRuntime.build/DerivedSources -Xcc -DSWIFT_PACKAGE -Xcc -DDEBUG\=1 -emit-objc-header -emit-objc-header-path /Users/admin/builder/spi-builder-workspace/.derivedData/Build/Intermediates.noindex/VeloxQuant.build/Debug-watchos/VeloxQuantRuntime.build/Objects-normal/arm64_32/VeloxQuantRuntime-Swift.h -working-directory /Users/admin/builder/spi-builder-workspace/.swiftpm/xcode -experimental-emit-module-separately -disable-cmo
SwiftDriver VeloxQuantRuntime normal arm64 com.apple.xcode.tools.swift.compiler (in target 'VeloxQuantRuntime' from project 'VeloxQuant')
cd /Users/admin/builder/spi-builder-workspace/.swiftpm/xcode
builtin-SwiftDriver -- /Applications/Xcode-16.3.0.app/Contents/Developer/Toolchains/XcodeDefault.xctoolchain/usr/bin/swiftc -module-name VeloxQuantRuntime -Onone -enforce-exclusivity\=checked @/Users/admin/builder/spi-builder-workspace/.derivedData/Build/Intermediates.noindex/VeloxQuant.build/Debug-watchos/VeloxQuantRuntime.build/Objects-normal/arm64/VeloxQuantRuntime.SwiftFileList -DSWIFT_PACKAGE -DDEBUG -DXcode -plugin-path /Applications/Xcode-16.3.0.app/Contents/Developer/Toolchains/XcodeDefault.xctoolchain/usr/lib/swift/host/plugins/testing -enable-experimental-feature DebugDescriptionMacro -sdk /Applications/Xcode-16.3.0.app/Contents/Developer/Platforms/WatchOS.platform/Developer/SDKs/WatchOS11.4.sdk -target arm64-apple-watchos9.0 -g -module-cache-path /Users/admin/builder/spi-builder-workspace/.derivedData/ModuleCache.noindex -Xfrontend -serialize-debugging-options -profile-coverage-mapping -profile-generate -enable-testing -index-store-path /Users/admin/builder/spi-builder-workspace/.derivedData/Index.noindex/DataStore -swift-version 5 -I /Users/admin/builder/spi-builder-workspace/.derivedData/Build/Products/Debug-watchos -I /Applications/Xcode-16.3.0.app/Contents/Developer/Platforms/WatchOS.platform/Developer/usr/lib -F /Users/admin/builder/spi-builder-workspace/.derivedData/Build/Products/Debug-watchos/PackageFrameworks -F /Users/admin/builder/spi-builder-workspace/.derivedData/Build/Products/Debug-watchos -F /Applications/Xcode-16.3.0.app/Contents/Developer/Platforms/WatchOS.platform/Developer/Library/Frameworks -F /Applications/Xcode-16.3.0.app/Contents/Developer/Platforms/WatchOS.platform/Developer/SDKs/WatchOS11.4.sdk/Developer/Library/Frameworks -c -j10 -enable-batch-mode -incremental -Xcc -ivfsstatcache -Xcc /Users/admin/builder/spi-builder-workspace/.derivedData/SDKStatCaches.noindex/watchos11.4-22T246-43efb940ff07ba2497b70ec94253f576.sdkstatcache -output-file-map /Users/admin/builder/spi-builder-workspace/.derivedData/Build/Intermediates.noindex/VeloxQuant.build/Debug-watchos/VeloxQuantRuntime.build/Objects-normal/arm64/VeloxQuantRuntime-OutputFileMap.json -use-frontend-parseable-output -save-temps -no-color-diagnostics -serialize-diagnostics -emit-dependencies -emit-module -emit-module-path /Users/admin/builder/spi-builder-workspace/.derivedData/Build/Intermediates.noindex/VeloxQuant.build/Debug-watchos/VeloxQuantRuntime.build/Objects-normal/arm64/VeloxQuantRuntime.swiftmodule -validate-clang-modules-once -clang-build-session-file /Users/admin/builder/spi-builder-workspace/.derivedData/ModuleCache.noindex/Session.modulevalidation -package-name spi_builder_workspace -Xcc -I/Users/admin/builder/spi-builder-workspace/.derivedData/Build/Intermediates.noindex/VeloxQuant.build/Debug-watchos/VeloxQuantRuntime.build/swift-overrides.hmap -emit-const-values -Xfrontend -const-gather-protocols-file -Xfrontend /Users/admin/builder/spi-builder-workspace/.derivedData/Build/Intermediates.noindex/VeloxQuant.build/Debug-watchos/VeloxQuantRuntime.build/Objects-normal/arm64/VeloxQuantRuntime_const_extract_protocols.json -Xcc -I/Users/admin/builder/spi-builder-workspace/.derivedData/Build/Products/Debug-watchos/include -Xcc -I/Users/admin/builder/spi-builder-workspace/.derivedData/Build/Intermediates.noindex/VeloxQuant.build/Debug-watchos/VeloxQuantRuntime.build/DerivedSources-normal/arm64 -Xcc -I/Users/admin/builder/spi-builder-workspace/.derivedData/Build/Intermediates.noindex/VeloxQuant.build/Debug-watchos/VeloxQuantRuntime.build/DerivedSources/arm64 -Xcc -I/Users/admin/builder/spi-builder-workspace/.derivedData/Build/Intermediates.noindex/VeloxQuant.build/Debug-watchos/VeloxQuantRuntime.build/DerivedSources -Xcc -DSWIFT_PACKAGE -Xcc -DDEBUG\=1 -emit-objc-header -emit-objc-header-path /Users/admin/builder/spi-builder-workspace/.derivedData/Build/Intermediates.noindex/VeloxQuant.build/Debug-watchos/VeloxQuantRuntime.build/Objects-normal/arm64/VeloxQuantRuntime-Swift.h -working-directory /Users/admin/builder/spi-builder-workspace/.swiftpm/xcode -experimental-emit-module-separately -disable-cmo
SwiftDriverJobDiscovery normal arm64 Compiling OfflineOptimizer.swift, Precision.swift (in target 'VeloxQuantCore' from project 'VeloxQuant')
SwiftEmitModule normal arm64_32 Emitting\ module\ for\ VeloxQuantRuntime (in target 'VeloxQuantRuntime' from project 'VeloxQuant')
Failed frontend command:
/Applications/Xcode-16.3.0.app/Contents/Developer/Toolchains/XcodeDefault.xctoolchain/usr/bin/swift-frontend -frontend -emit-module -experimental-skip-non-inlinable-function-bodies-without-types /Users/admin/builder/spi-builder-workspace/Sources/VeloxQuantRuntime/AutoPilot/AutoPilot.swift /Users/admin/builder/spi-builder-workspace/Sources/VeloxQuantRuntime/CLI/CLIModels.swift /Users/admin/builder/spi-builder-workspace/Sources/VeloxQuantRuntime/CLI/Registry.swift /Users/admin/builder/spi-builder-workspace/Sources/VeloxQuantRuntime/CLI/VeloxQuantCLI.swift /Users/admin/builder/spi-builder-workspace/Sources/VeloxQuantRuntime/Hardware/HardwareDetector.swift /Users/admin/builder/spi-builder-workspace/Sources/VeloxQuantRuntime/Hardware/HardwareInfo.swift /Users/admin/builder/spi-builder-workspace/Sources/VeloxQuantRuntime/Hardware/HostMemory.swift /Users/admin/builder/spi-builder-workspace/Sources/VeloxQuantRuntime/Interpreter/ProcessRunning.swift /Users/admin/builder/spi-builder-workspace/Sources/VeloxQuantRuntime/Interpreter/PythonEnvironment.swift /Users/admin/builder/spi-builder-workspace/Sources/VeloxQuantRuntime/Process/ServeConfig.swift /Users/admin/builder/spi-builder-workspace/Sources/VeloxQuantRuntime/Process/ServeProcessLaunching.swift /Users/admin/builder/spi-builder-workspace/Sources/VeloxQuantRuntime/Process/VeloxQuantProcess.swift -target arm64_32-apple-watchos9.0 -enable-objc-interop -sdk /Applications/Xcode-16.3.0.app/Contents/Developer/Platforms/WatchOS.platform/Developer/SDKs/WatchOS11.4.sdk -I /Users/admin/builder/spi-builder-workspace/.derivedData/Build/Products/Debug-watchos -I /Applications/Xcode-16.3.0.app/Contents/Developer/Platforms/WatchOS.platform/Developer/usr/lib -F /Users/admin/builder/spi-builder-workspace/.derivedData/Build/Products/Debug-watchos/PackageFrameworks -F /Users/admin/builder/spi-builder-workspace/.derivedData/Build/Products/Debug-watchos -F /Applications/Xcode-16.3.0.app/Contents/Developer/Platforms/WatchOS.platform/Developer/Library/Frameworks -F /Applications/Xcode-16.3.0.app/Contents/Developer/Platforms/WatchOS.platform/Developer/SDKs/WatchOS11.4.sdk/Developer/Library/Frameworks -no-color-diagnostics -enable-testing -g -debug-info-format\=dwarf -dwarf-version\=4 -module-cache-path /Users/admin/builder/spi-builder-workspace/.derivedData/ModuleCache.noindex -profile-generate -profile-coverage-mapping -swift-version 5 -enforce-exclusivity\=checked -Onone -D SWIFT_PACKAGE -D DEBUG -D Xcode -serialize-debugging-options -const-gather-protocols-file /Users/admin/builder/spi-builder-workspace/.derivedData/Build/Intermediates.noindex/VeloxQuant.build/Debug-watchos/VeloxQuantRuntime.build/Objects-normal/arm64_32/VeloxQuantRuntime_const_extract_protocols.json -enable-experimental-feature DebugDescriptionMacro -empty-abi-descriptor -plugin-path /Applications/Xcode-16.3.0.app/Contents/Developer/Toolchains/XcodeDefault.xctoolchain/usr/lib/swift/host/plugins/testing -validate-clang-modules-once -clang-build-session-file /Users/admin/builder/spi-builder-workspace/.derivedData/ModuleCache.noindex/Session.modulevalidation -Xcc -working-directory -Xcc /Users/admin/builder/spi-builder-workspace/.swiftpm/xcode -resource-dir /Applications/Xcode-16.3.0.app/Contents/Developer/Toolchains/XcodeDefault.xctoolchain/usr/lib/swift -enable-anonymous-context-mangled-names -file-compilation-dir /Users/admin/builder/spi-builder-workspace/.swiftpm/xcode -Xcc -ivfsstatcache -Xcc /Users/admin/builder/spi-builder-workspace/.derivedData/SDKStatCaches.noindex/watchos11.4-22T246-43efb940ff07ba2497b70ec94253f576.sdkstatcache -Xcc -I/Users/admin/builder/spi-builder-workspace/.derivedData/Build/Intermediates.noindex/VeloxQuant.build/Debug-watchos/VeloxQuantRuntime.build/swift-overrides.hmap -Xcc -I/Users/admin/builder/spi-builder-workspace/.derivedData/Build/Products/Debug-watchos/include -Xcc -I/Users/admin/builder/spi-builder-workspace/.derivedData/Build/Intermediates.noindex/VeloxQuant.build/Debug-watchos/VeloxQuantRuntime.build/DerivedSources-normal/arm64_32 -Xcc -I/Users/admin/builder/spi-builder-workspace/.derivedData/Build/Intermediates.noindex/VeloxQuant.build/Debug-watchos/VeloxQuantRuntime.build/DerivedSources/arm64_32 -Xcc -I/Users/admin/builder/spi-builder-workspace/.derivedData/Build/Intermediates.noindex/VeloxQuant.build/Debug-watchos/VeloxQuantRuntime.build/DerivedSources -Xcc -DSWIFT_PACKAGE -Xcc -DDEBUG\=1 -module-name VeloxQuantRuntime -package-name spi_builder_workspace -frontend-parseable-output -disable-clang-spi -target-sdk-version 11.4 -target-sdk-name watchos11.4 -external-plugin-path /Applications/Xcode-16.3.0.app/Contents/Developer/Platforms/WatchOS.platform/Developer/usr/lib/swift/host/plugins\#/Applications/Xcode-16.3.0.app/Contents/Developer/Platforms/WatchOS.platform/Developer/usr/bin/swift-plugin-server -external-plugin-path /Applications/Xcode-16.3.0.app/Contents/Developer/Platforms/WatchOS.platform/Developer/usr/local/lib/swift/host/plugins\#/Applications/Xcode-16.3.0.app/Contents/Developer/Platforms/WatchOS.platform/Developer/usr/bin/swift-plugin-server -in-process-plugin-server-path /Applications/Xcode-16.3.0.app/Contents/Developer/Toolchains/XcodeDefault.xctoolchain/usr/lib/swift/host/libSwiftInProcPluginServer.dylib -plugin-path /Applications/Xcode-16.3.0.app/Contents/Developer/Toolchains/XcodeDefault.xctoolchain/usr/lib/swift/host/plugins -plugin-path /Applications/Xcode-16.3.0.app/Contents/Developer/Toolchains/XcodeDefault.xctoolchain/usr/local/lib/swift/host/plugins -emit-module-doc-path /Users/admin/builder/spi-builder-workspace/.derivedData/Build/Intermediates.noindex/VeloxQuant.build/Debug-watchos/VeloxQuantRuntime.build/Objects-normal/arm64_32/VeloxQuantRuntime.swiftdoc -emit-module-source-info-path /Users/admin/builder/spi-builder-workspace/.derivedData/Build/Intermediates.noindex/VeloxQuant.build/Debug-watchos/VeloxQuantRuntime.build/Objects-normal/arm64_32/VeloxQuantRuntime.swiftsourceinfo -emit-objc-header-path /Users/admin/builder/spi-builder-workspace/.derivedData/Build/Intermediates.noindex/VeloxQuant.build/Debug-watchos/VeloxQuantRuntime.build/Objects-normal/arm64_32/VeloxQuantRuntime-Swift.h -serialize-diagnostics-path /Users/admin/builder/spi-builder-workspace/.derivedData/Build/Intermediates.noindex/VeloxQuant.build/Debug-watchos/VeloxQuantRuntime.build/Objects-normal/arm64_32/VeloxQuantRuntime-master-emit-module.dia -emit-dependencies-path /Users/admin/builder/spi-builder-workspace/.derivedData/Build/Intermediates.noindex/VeloxQuant.build/Debug-watchos/VeloxQuantRuntime.build/Objects-normal/arm64_32/VeloxQuantRuntime-master-emit-module.d -o /Users/admin/builder/spi-builder-workspace/.derivedData/Build/Intermediates.noindex/VeloxQuant.build/Debug-watchos/VeloxQuantRuntime.build/Objects-normal/arm64_32/VeloxQuantRuntime.swiftmodule -emit-abi-descriptor-path /Users/admin/builder/spi-builder-workspace/.derivedData/Build/Intermediates.noindex/VeloxQuant.build/Debug-watchos/VeloxQuantRuntime.build/Objects-normal/arm64_32/VeloxQuantRuntime.abi.json
EmitSwiftModule normal arm64_32 (in target 'VeloxQuantRuntime' from project 'VeloxQuant')
cd /Users/admin/builder/spi-builder-workspace/.swiftpm/xcode
/Users/admin/builder/spi-builder-workspace/Sources/VeloxQuantRuntime/AutoPilot/AutoPilot.swift:476:8: error: VeloxQuantRuntime requires macOS — process management and CLI shell-outs are not available on this platform.
#error("VeloxQuantRuntime requires macOS — process management and CLI shell-outs are not available on this platform.")
/Users/admin/builder/spi-builder-workspace/Sources/VeloxQuantRuntime/CLI/CLIModels.swift:472:8: error: VeloxQuantRuntime requires macOS — process management and CLI shell-outs are not available on this platform.
#error("VeloxQuantRuntime requires macOS — process management and CLI shell-outs are not available on this platform.")
/Users/admin/builder/spi-builder-workspace/Sources/VeloxQuantRuntime/CLI/Registry.swift:108:8: error: VeloxQuantRuntime requires macOS — process management and CLI shell-outs are not available on this platform.
#error("VeloxQuantRuntime requires macOS — process management and CLI shell-outs are not available on this platform.")
/Users/admin/builder/spi-builder-workspace/Sources/VeloxQuantRuntime/CLI/VeloxQuantCLI.swift:270:8: error: VeloxQuantRuntime requires macOS — process management and CLI shell-outs are not available on this platform.
#error("VeloxQuantRuntime requires macOS — process management and CLI shell-outs are not available on this platform.")
/Users/admin/builder/spi-builder-workspace/Sources/VeloxQuantRuntime/Hardware/HardwareDetector.swift:79:8: error: VeloxQuantRuntime requires macOS — process management and CLI shell-outs are not available on this platform.
#error("VeloxQuantRuntime requires macOS — process management and CLI shell-outs are not available on this platform.")
/Users/admin/builder/spi-builder-workspace/Sources/VeloxQuantRuntime/Hardware/HardwareInfo.swift:62:8: error: VeloxQuantRuntime requires macOS — process management and CLI shell-outs are not available on this platform.
#error("VeloxQuantRuntime requires macOS — process management and CLI shell-outs are not available on this platform.")
/Users/admin/builder/spi-builder-workspace/Sources/VeloxQuantRuntime/Hardware/HostMemory.swift:94:8: error: VeloxQuantRuntime requires macOS — process management and CLI shell-outs are not available on this platform.
#error("VeloxQuantRuntime requires macOS — process management and CLI shell-outs are not available on this platform.")
/Users/admin/builder/spi-builder-workspace/Sources/VeloxQuantRuntime/Interpreter/ProcessRunning.swift:140:8: error: VeloxQuantRuntime requires macOS — process management and CLI shell-outs are not available on this platform.
#error("VeloxQuantRuntime requires macOS — process management and CLI shell-outs are not available on this platform.")
/Users/admin/builder/spi-builder-workspace/Sources/VeloxQuantRuntime/Interpreter/PythonEnvironment.swift:172:8: error: VeloxQuantRuntime requires macOS — process management and CLI shell-outs are not available on this platform.
#error("VeloxQuantRuntime requires macOS — process management and CLI shell-outs are not available on this platform.")
/Users/admin/builder/spi-builder-workspace/Sources/VeloxQuantRuntime/Process/ServeConfig.swift:184:8: error: VeloxQuantRuntime requires macOS — process management and CLI shell-outs are not available on this platform.
#error("VeloxQuantRuntime requires macOS — process management and CLI shell-outs are not available on this platform.")
/Users/admin/builder/spi-builder-workspace/Sources/VeloxQuantRuntime/Process/ServeProcessLaunching.swift:217:8: error: VeloxQuantRuntime requires macOS — process management and CLI shell-outs are not available on this platform.
#error("VeloxQuantRuntime requires macOS — process management and CLI shell-outs are not available on this platform.")
/Users/admin/builder/spi-builder-workspace/Sources/VeloxQuantRuntime/Process/VeloxQuantProcess.swift:453:8: error: VeloxQuantRuntime requires macOS — process management and CLI shell-outs are not available on this platform.
#error("VeloxQuantRuntime requires macOS — process management and CLI shell-outs are not available on this platform.")
SwiftCompile normal arm64_32 Compiling\ ProcessRunning.swift /Users/admin/builder/spi-builder-workspace/Sources/VeloxQuantRuntime/Interpreter/ProcessRunning.swift (in target 'VeloxQuantRuntime' from project 'VeloxQuant')
Failed frontend command:
/Applications/Xcode-16.3.0.app/Contents/Developer/Toolchains/XcodeDefault.xctoolchain/usr/bin/swift-frontend -frontend -c /Users/admin/builder/spi-builder-workspace/Sources/VeloxQuantRuntime/AutoPilot/AutoPilot.swift /Users/admin/builder/spi-builder-workspace/Sources/VeloxQuantRuntime/CLI/CLIModels.swift /Users/admin/builder/spi-builder-workspace/Sources/VeloxQuantRuntime/CLI/Registry.swift /Users/admin/builder/spi-builder-workspace/Sources/VeloxQuantRuntime/CLI/VeloxQuantCLI.swift /Users/admin/builder/spi-builder-workspace/Sources/VeloxQuantRuntime/Hardware/HardwareDetector.swift /Users/admin/builder/spi-builder-workspace/Sources/VeloxQuantRuntime/Hardware/HardwareInfo.swift /Users/admin/builder/spi-builder-workspace/Sources/VeloxQuantRuntime/Hardware/HostMemory.swift -primary-file /Users/admin/builder/spi-builder-workspace/Sources/VeloxQuantRuntime/Interpreter/ProcessRunning.swift /Users/admin/builder/spi-builder-workspace/Sources/VeloxQuantRuntime/Interpreter/PythonEnvironment.swift /Users/admin/builder/spi-builder-workspace/Sources/VeloxQuantRuntime/Process/ServeConfig.swift /Users/admin/builder/spi-builder-workspace/Sources/VeloxQuantRuntime/Process/ServeProcessLaunching.swift /Users/admin/builder/spi-builder-workspace/Sources/VeloxQuantRuntime/Process/VeloxQuantProcess.swift -emit-dependencies-path /Users/admin/builder/spi-builder-workspace/.derivedData/Build/Intermediates.noindex/VeloxQuant.build/Debug-watchos/VeloxQuantRuntime.build/Objects-normal/arm64_32/ProcessRunning.d -emit-const-values-path /Users/admin/builder/spi-builder-workspace/.derivedData/Build/Intermediates.noindex/VeloxQuant.build/Debug-watchos/VeloxQuantRuntime.build/Objects-normal/arm64_32/ProcessRunning.swiftconstvalues -emit-reference-dependencies-path /Users/admin/builder/spi-builder-workspace/.derivedData/Build/Intermediates.noindex/VeloxQuant.build/Debug-watchos/VeloxQuantRuntime.build/Objects-normal/arm64_32/ProcessRunning.swiftdeps -serialize-diagnostics-path /Users/admin/builder/spi-builder-workspace/.derivedData/Build/Intermediates.noindex/VeloxQuant.build/Debug-watchos/VeloxQuantRuntime.build/Objects-normal/arm64_32/ProcessRunning.dia -target arm64_32-apple-watchos9.0 -enable-objc-interop -sdk /Applications/Xcode-16.3.0.app/Contents/Developer/Platforms/WatchOS.platform/Developer/SDKs/WatchOS11.4.sdk -I /Users/admin/builder/spi-builder-workspace/.derivedData/Build/Products/Debug-watchos -I /Applications/Xcode-16.3.0.app/Contents/Developer/Platforms/WatchOS.platform/Developer/usr/lib -F /Users/admin/builder/spi-builder-workspace/.derivedData/Build/Products/Debug-watchos/PackageFrameworks -F /Users/admin/builder/spi-builder-workspace/.derivedData/Build/Products/Debug-watchos -F /Applications/Xcode-16.3.0.app/Contents/Developer/Platforms/WatchOS.platform/Developer/Library/Frameworks -F /Applications/Xcode-16.3.0.app/Contents/Developer/Platforms/WatchOS.platform/Developer/SDKs/WatchOS11.4.sdk/Developer/Library/Frameworks -no-color-diagnostics -enable-testing -g -debug-info-format\=dwarf -dwarf-version\=4 -module-cache-path /Users/admin/builder/spi-builder-workspace/.derivedData/ModuleCache.noindex -profile-generate -profile-coverage-mapping -swift-version 5 -enforce-exclusivity\=checked -Onone -D SWIFT_PACKAGE -D DEBUG -D Xcode -serialize-debugging-options -const-gather-protocols-file /Users/admin/builder/spi-builder-workspace/.derivedData/Build/Intermediates.noindex/VeloxQuant.build/Debug-watchos/VeloxQuantRuntime.build/Objects-normal/arm64_32/VeloxQuantRuntime_const_extract_protocols.json -enable-experimental-feature DebugDescriptionMacro -empty-abi-descriptor -plugin-path /Applications/Xcode-16.3.0.app/Contents/Developer/Toolchains/XcodeDefault.xctoolchain/usr/lib/swift/host/plugins/testing -validate-clang-modules-once -clang-build-session-file /Users/admin/builder/spi-builder-workspace/.derivedData/ModuleCache.noindex/Session.modulevalidation -Xcc -working-directory -Xcc /Users/admin/builder/spi-builder-workspace/.swiftpm/xcode -resource-dir /Applications/Xcode-16.3.0.app/Contents/Developer/Toolchains/XcodeDefault.xctoolchain/usr/lib/swift -enable-anonymous-context-mangled-names -file-compilation-dir /Users/admin/builder/spi-builder-workspace/.swiftpm/xcode -Xcc -ivfsstatcache -Xcc /Users/admin/builder/spi-builder-workspace/.derivedData/SDKStatCaches.noindex/watchos11.4-22T246-43efb940ff07ba2497b70ec94253f576.sdkstatcache -Xcc -I/Users/admin/builder/spi-builder-workspace/.derivedData/Build/Intermediates.noindex/VeloxQuant.build/Debug-watchos/VeloxQuantRuntime.build/swift-overrides.hmap -Xcc -I/Users/admin/builder/spi-builder-workspace/.derivedData/Build/Products/Debug-watchos/include -Xcc -I/Users/admin/builder/spi-builder-workspace/.derivedData/Build/Intermediates.noindex/VeloxQuant.build/Debug-watchos/VeloxQuantRuntime.build/DerivedSources-normal/arm64_32 -Xcc -I/Users/admin/builder/spi-builder-workspace/.derivedData/Build/Intermediates.noindex/VeloxQuant.build/Debug-watchos/VeloxQuantRuntime.build/DerivedSources/arm64_32 -Xcc -I/Users/admin/builder/spi-builder-workspace/.derivedData/Build/Intermediates.noindex/VeloxQuant.build/Debug-watchos/VeloxQuantRuntime.build/DerivedSources -Xcc -DSWIFT_PACKAGE -Xcc -DDEBUG\=1 -module-name VeloxQuantRuntime -package-name spi_builder_workspace -frontend-parseable-output -disable-clang-spi -target-sdk-version 11.4 -target-sdk-name watchos11.4 -external-plugin-path /Applications/Xcode-16.3.0.app/Contents/Developer/Platforms/WatchOS.platform/Developer/usr/lib/swift/host/plugins\#/Applications/Xcode-16.3.0.app/Contents/Developer/Platforms/WatchOS.platform/Developer/usr/bin/swift-plugin-server -external-plugin-path /Applications/Xcode-16.3.0.app/Contents/Developer/Platforms/WatchOS.platform/Developer/usr/local/lib/swift/host/plugins\#/Applications/Xcode-16.3.0.app/Contents/Developer/Platforms/WatchOS.platform/Developer/usr/bin/swift-plugin-server -in-process-plugin-server-path /Applications/Xcode-16.3.0.app/Contents/Developer/Toolchains/XcodeDefault.xctoolchain/usr/lib/swift/host/libSwiftInProcPluginServer.dylib -plugin-path /Applications/Xcode-16.3.0.app/Contents/Developer/Toolchains/XcodeDefault.xctoolchain/usr/lib/swift/host/plugins -plugin-path /Applications/Xcode-16.3.0.app/Contents/Developer/Toolchains/XcodeDefault.xctoolchain/usr/local/lib/swift/host/plugins -o /Users/admin/builder/spi-builder-workspace/.derivedData/Build/Intermediates.noindex/VeloxQuant.build/Debug-watchos/VeloxQuantRuntime.build/Objects-normal/arm64_32/ProcessRunning.o -index-unit-output-path /VeloxQuant.build/Debug-watchos/VeloxQuantRuntime.build/Objects-normal/arm64_32/ProcessRunning.o -index-store-path /Users/admin/builder/spi-builder-workspace/.derivedData/Index.noindex/DataStore -index-system-modules
SwiftCompile normal arm64_32 /Users/admin/builder/spi-builder-workspace/Sources/VeloxQuantRuntime/Interpreter/ProcessRunning.swift (in target 'VeloxQuantRuntime' from project 'VeloxQuant')
cd /Users/admin/builder/spi-builder-workspace/.swiftpm/xcode
/Users/admin/builder/spi-builder-workspace/Sources/VeloxQuantRuntime/Interpreter/ProcessRunning.swift:140:8: error: VeloxQuantRuntime requires macOS — process management and CLI shell-outs are not available on this platform.
#error("VeloxQuantRuntime requires macOS — process management and CLI shell-outs are not available on this platform.")
SwiftEmitModule normal arm64 Emitting\ module\ for\ VeloxQuantRuntime (in target 'VeloxQuantRuntime' from project 'VeloxQuant')
Command SwiftEmitModule failed with a nonzero exit code
** BUILD FAILED **
The following build commands failed:
SwiftEmitModule normal arm64_32 Emitting\ module\ for\ VeloxQuantRuntime (in target 'VeloxQuantRuntime' from project 'VeloxQuant')
EmitSwiftModule normal arm64_32 (in target 'VeloxQuantRuntime' from project 'VeloxQuant')
SwiftCompile normal arm64_32 Compiling\ ProcessRunning.swift /Users/admin/builder/spi-builder-workspace/Sources/VeloxQuantRuntime/Interpreter/ProcessRunning.swift (in target 'VeloxQuantRuntime' from project 'VeloxQuant')
SwiftCompile normal arm64_32 /Users/admin/builder/spi-builder-workspace/Sources/VeloxQuantRuntime/Interpreter/ProcessRunning.swift (in target 'VeloxQuantRuntime' from project 'VeloxQuant')
SwiftEmitModule normal arm64 Emitting\ module\ for\ VeloxQuantRuntime (in target 'VeloxQuantRuntime' from project 'VeloxQuant')
Building workspace spi-builder-workspace with scheme VeloxQuant-Package
(6 failures)
BUILD FAILURE 6.1 watchOS