Build Information
Failed to build CoreBluetoothMock, reference 1.1.0 (1356e6), with Swift 6.1 for Wasm on 24 Oct 2026 19:48:56 UTC.
Build Command
bash -c docker run --pull=always --rm -v "checkouts-54344847-0":/host -w "$PWD" -e JAVA_HOME="/root/.sdkman/candidates/java/current" -e SPI_BUILD="1" -e SPI_PROCESSING="1" registry.gitlab.com/saguaro1/spi-images:wasm-6.1-latest swift build --swift-sdk wasm32-unknown-wasi 2>&1Build Log
========================================
RunAll
========================================
Builder version: 5.1.3
Interrupt handler set up.
========================================
Checkout
========================================
Clone URL: https://github.com/nordicsemi/IOS-CoreBluetooth-Mock.git
Reference: 1.1.0
Initialized empty Git repository in /host/spi-builder-workspace/.git/
hint: Using 'master' as the name for the initial branch. This default branch name
hint: is subject to change. To configure the initial branch name to use in all
hint: of your new repositories, which will suppress this warning, call:
hint:
hint: git config --global init.defaultBranch <name>
hint:
hint: Names commonly chosen instead of 'master' are 'main', 'trunk' and
hint: 'development'. The just-created branch can be renamed via this command:
hint:
hint: git branch -m <name>
From https://github.com/nordicsemi/IOS-CoreBluetooth-Mock
* tag 1.1.0 -> FETCH_HEAD
HEAD is now at 1356e63 Merge pull request #194 from nordicsemi/fix/remove-unused-combine-import
Cloned https://github.com/nordicsemi/IOS-CoreBluetooth-Mock.git
Revision (git rev-parse @):
1356e63ea8fc1d80d2e0f6e2f71ec1bd0956adda
SUCCESS checkout https://github.com/nordicsemi/IOS-CoreBluetooth-Mock.git at 1.1.0
========================================
Build
========================================
Selected platform: wasm
Swift version: 6.1
Building package at path: $PWD
https://github.com/nordicsemi/IOS-CoreBluetooth-Mock.git
https://github.com/nordicsemi/IOS-CoreBluetooth-Mock.git
WARNING: environment variable SUPPRESS_SWIFT_6_FLAGS is not set
Running build ...
bash -c docker run --pull=always --rm -v "checkouts-54344847-0":/host -w "$PWD" -e JAVA_HOME="/root/.sdkman/candidates/java/current" -e SPI_BUILD="1" -e SPI_PROCESSING="1" registry.gitlab.com/saguaro1/spi-images:wasm-6.1-latest swift build --swift-sdk wasm32-unknown-wasi -Xswiftc -Xfrontend -Xswiftc -stats-output-dir -Xswiftc -Xfrontend -Xswiftc .stats -Xswiftc -strict-concurrency=complete -Xswiftc -enable-upcoming-feature -Xswiftc StrictConcurrency -Xswiftc -enable-upcoming-feature -Xswiftc DisableOutwardActorInference -Xswiftc -enable-upcoming-feature -Xswiftc GlobalActorIsolatedTypesUsability -Xswiftc -enable-upcoming-feature -Xswiftc InferSendableFromCaptures 2>&1
wasm-6.1-latest: Pulling from saguaro1/spi-images
Digest: sha256:f257c9b8465670613eb336f6def351d681b1d395aebdb231a45bac980c1f9d3c
Status: Image is up to date for registry.gitlab.com/saguaro1/spi-images:wasm-6.1-latest
Fetching https://github.com/apple/swift-docc-plugin
[1/2345] Fetching swift-docc-plugin
Fetched https://github.com/apple/swift-docc-plugin from cache (0.51s)
Computing version for https://github.com/apple/swift-docc-plugin
Computed https://github.com/apple/swift-docc-plugin at 1.5.0 (1.42s)
Fetching https://github.com/swiftlang/swift-docc-symbolkit
[1/3848] Fetching swift-docc-symbolkit
Fetched https://github.com/swiftlang/swift-docc-symbolkit from cache (0.55s)
Computing version for https://github.com/swiftlang/swift-docc-symbolkit
Computed https://github.com/swiftlang/swift-docc-symbolkit at 1.0.0 (0.83s)
Creating working copy for https://github.com/swiftlang/swift-docc-symbolkit
Working copy of https://github.com/swiftlang/swift-docc-symbolkit resolved at 1.0.0
Creating working copy for https://github.com/apple/swift-docc-plugin
Working copy of https://github.com/apple/swift-docc-plugin resolved at 1.5.0
[1/1] Compiling plugin Swift-DocC Preview
[2/2] Compiling plugin Swift-DocC
Building for debugging...
[2/4] Write sources
[3/4] Write swift-version-24593BA9C3E375BF.txt
error: emit-module command failed with exit code 1 (use -v to see invocation)
[5/30] Emitting module CoreBluetoothMock
/host/spi-builder-workspace/CoreBluetoothMock/CBMAttributes.swift:31:8: error: no such module 'CoreBluetooth'
29 | */
30 |
31 | import CoreBluetooth
| `- error: no such module 'CoreBluetooth'
32 |
33 | /// A representation of common aspects of services offered by a peripheral.
[6/33] Compiling CoreBluetoothMock CBMCentralManagerNative.swift
/host/spi-builder-workspace/CoreBluetoothMock/CBMAttributes.swift:31:8: error: no such module 'CoreBluetooth'
29 | */
30 |
31 | import CoreBluetooth
| `- error: no such module 'CoreBluetooth'
32 |
33 | /// A representation of common aspects of services offered by a peripheral.
[7/33] Compiling CoreBluetoothMock CBMPeripheralDelegate.swift
/host/spi-builder-workspace/CoreBluetoothMock/CBMAttributes.swift:31:8: error: no such module 'CoreBluetooth'
29 | */
30 |
31 | import CoreBluetooth
| `- error: no such module 'CoreBluetooth'
32 |
33 | /// A representation of common aspects of services offered by a peripheral.
[8/33] Compiling CoreBluetoothMock CBMPeripheralDelegateProxy.swift
/host/spi-builder-workspace/CoreBluetoothMock/CBMAttributes.swift:31:8: error: no such module 'CoreBluetooth'
29 | */
30 |
31 | import CoreBluetooth
| `- error: no such module 'CoreBluetooth'
32 |
33 | /// A representation of common aspects of services offered by a peripheral.
[9/33] Compiling CoreBluetoothMock CBMPeripheralSpec.swift
/host/spi-builder-workspace/CoreBluetoothMock/CBMAttributes.swift:31:8: error: no such module 'CoreBluetooth'
29 | */
30 |
31 | import CoreBluetooth
| `- error: no such module 'CoreBluetooth'
32 |
33 | /// A representation of common aspects of services offered by a peripheral.
[10/33] Compiling CoreBluetoothMock CBMAttributes.swift
/host/spi-builder-workspace/CoreBluetoothMock/CBMAttributes.swift:31:8: error: no such module 'CoreBluetooth'
29 | */
30 |
31 | import CoreBluetooth
| `- error: no such module 'CoreBluetooth'
32 |
33 | /// A representation of common aspects of services offered by a peripheral.
[11/33] Compiling CoreBluetoothMock CBMDictionary.swift
/host/spi-builder-workspace/CoreBluetoothMock/CBMAttributes.swift:31:8: error: no such module 'CoreBluetooth'
29 | */
30 |
31 | import CoreBluetooth
| `- error: no such module 'CoreBluetooth'
32 |
33 | /// A representation of common aspects of services offered by a peripheral.
[12/33] Compiling CoreBluetoothMock CBMManagerTypes.swift
/host/spi-builder-workspace/CoreBluetoothMock/CBMAttributes.swift:31:8: error: no such module 'CoreBluetooth'
29 | */
30 |
31 | import CoreBluetooth
| `- error: no such module 'CoreBluetooth'
32 |
33 | /// A representation of common aspects of services offered by a peripheral.
[13/33] Compiling CoreBluetoothMock CBMMutableAttributes.swift
/host/spi-builder-workspace/CoreBluetoothMock/CBMAttributes.swift:31:8: error: no such module 'CoreBluetooth'
29 | */
30 |
31 | import CoreBluetooth
| `- error: no such module 'CoreBluetooth'
32 |
33 | /// A representation of common aspects of services offered by a peripheral.
[14/33] Compiling CoreBluetoothMock CBMPeer.swift
/host/spi-builder-workspace/CoreBluetoothMock/CBMAttributes.swift:31:8: error: no such module 'CoreBluetooth'
29 | */
30 |
31 | import CoreBluetooth
| `- error: no such module 'CoreBluetooth'
32 |
33 | /// A representation of common aspects of services offered by a peripheral.
[15/33] Compiling CoreBluetoothMock CBMPeripheral.swift
/host/spi-builder-workspace/CoreBluetoothMock/CBMAttributes.swift:31:8: error: no such module 'CoreBluetooth'
29 | */
30 |
31 | import CoreBluetooth
| `- error: no such module 'CoreBluetooth'
32 |
33 | /// A representation of common aspects of services offered by a peripheral.
[16/33] Compiling CoreBluetoothMock CBMPeripheralPreview.swift
/host/spi-builder-workspace/CoreBluetoothMock/CBMAttributes.swift:31:8: error: no such module 'CoreBluetooth'
29 | */
30 |
31 | import CoreBluetooth
| `- error: no such module 'CoreBluetooth'
32 |
33 | /// A representation of common aspects of services offered by a peripheral.
[17/33] Compiling CoreBluetoothMock CBMCentralManager.swift
/host/spi-builder-workspace/CoreBluetoothMock/CBMAttributes.swift:31:8: error: no such module 'CoreBluetooth'
29 | */
30 |
31 | import CoreBluetooth
| `- error: no such module 'CoreBluetooth'
32 |
33 | /// A representation of common aspects of services offered by a peripheral.
[18/33] Compiling CoreBluetoothMock CBMCentralSpecDelegate.swift
/host/spi-builder-workspace/CoreBluetoothMock/CBMAttributes.swift:31:8: error: no such module 'CoreBluetooth'
29 | */
30 |
31 | import CoreBluetooth
| `- error: no such module 'CoreBluetooth'
32 |
33 | /// A representation of common aspects of services offered by a peripheral.
[19/33] Compiling CoreBluetoothMock Blinky.swift
/host/spi-builder-workspace/CoreBluetoothMock/CBMAttributes.swift:31:8: error: no such module 'CoreBluetooth'
29 | */
30 |
31 | import CoreBluetooth
| `- error: no such module 'CoreBluetooth'
32 |
33 | /// A representation of common aspects of services offered by a peripheral.
[20/33] Compiling CoreBluetoothMock UART.swift
/host/spi-builder-workspace/CoreBluetoothMock/CBMAttributes.swift:31:8: error: no such module 'CoreBluetooth'
29 | */
30 |
31 | import CoreBluetooth
| `- error: no such module 'CoreBluetooth'
32 |
33 | /// A representation of common aspects of services offered by a peripheral.
[21/33] Compiling CoreBluetoothMock CBMPeripheralSpecDelegate.swift
/host/spi-builder-workspace/CoreBluetoothMock/CBMAttributes.swift:31:8: error: no such module 'CoreBluetooth'
29 | */
30 |
31 | import CoreBluetooth
| `- error: no such module 'CoreBluetooth'
32 |
33 | /// A representation of common aspects of services offered by a peripheral.
[22/33] Compiling CoreBluetoothMock CBMATTRequest.swift
/host/spi-builder-workspace/CoreBluetoothMock/CBMAttributes.swift:31:8: error: no such module 'CoreBluetooth'
29 | */
30 |
31 | import CoreBluetooth
| `- error: no such module 'CoreBluetooth'
32 |
33 | /// A representation of common aspects of services offered by a peripheral.
[23/33] Compiling CoreBluetoothMock CBMCentral.swift
/host/spi-builder-workspace/CoreBluetoothMock/CBMAttributes.swift:31:8: error: no such module 'CoreBluetooth'
29 | */
30 |
31 | import CoreBluetooth
| `- error: no such module 'CoreBluetooth'
32 |
33 | /// A representation of common aspects of services offered by a peripheral.
[24/33] Compiling CoreBluetoothMock CBMPeripheralManager.swift
/host/spi-builder-workspace/CoreBluetoothMock/CBMAttributes.swift:31:8: error: no such module 'CoreBluetooth'
29 | */
30 |
31 | import CoreBluetooth
| `- error: no such module 'CoreBluetooth'
32 |
33 | /// A representation of common aspects of services offered by a peripheral.
[25/33] Compiling CoreBluetoothMock CBMPeripheralManagerDelegate.swift
/host/spi-builder-workspace/CoreBluetoothMock/CBMAttributes.swift:31:8: error: no such module 'CoreBluetooth'
29 | */
30 |
31 | import CoreBluetooth
| `- error: no such module 'CoreBluetooth'
32 |
33 | /// A representation of common aspects of services offered by a peripheral.
[26/33] Compiling CoreBluetoothMock CBMPeripheralManagerFactory.swift
/host/spi-builder-workspace/CoreBluetoothMock/CBMAttributes.swift:31:8: error: no such module 'CoreBluetooth'
29 | */
30 |
31 | import CoreBluetooth
| `- error: no such module 'CoreBluetooth'
32 |
33 | /// A representation of common aspects of services offered by a peripheral.
[27/33] Compiling CoreBluetoothMock CBMPeripheralManagerMock.swift
/host/spi-builder-workspace/CoreBluetoothMock/CBMAttributes.swift:31:8: error: no such module 'CoreBluetooth'
29 | */
30 |
31 | import CoreBluetooth
| `- error: no such module 'CoreBluetooth'
32 |
33 | /// A representation of common aspects of services offered by a peripheral.
[28/33] Compiling CoreBluetoothMock CBMPeripheralManagerNative.swift
/host/spi-builder-workspace/CoreBluetoothMock/CBMAttributes.swift:31:8: error: no such module 'CoreBluetooth'
29 | */
30 |
31 | import CoreBluetooth
| `- error: no such module 'CoreBluetooth'
32 |
33 | /// A representation of common aspects of services offered by a peripheral.
[29/33] Compiling CoreBluetoothMock CBMCentralSpec.swift
/host/spi-builder-workspace/CoreBluetoothMock/CBMAttributes.swift:31:8: error: no such module 'CoreBluetooth'
29 | */
30 |
31 | import CoreBluetooth
| `- error: no such module 'CoreBluetooth'
32 |
33 | /// A representation of common aspects of services offered by a peripheral.
[30/33] Compiling CoreBluetoothMock CBMCentralManagerDelegate.swift
/host/spi-builder-workspace/CoreBluetoothMock/CBMAttributes.swift:31:8: error: no such module 'CoreBluetooth'
29 | */
30 |
31 | import CoreBluetooth
| `- error: no such module 'CoreBluetooth'
32 |
33 | /// A representation of common aspects of services offered by a peripheral.
[31/33] Compiling CoreBluetoothMock CBMCentralManagerDelegateProxy.swift
/host/spi-builder-workspace/CoreBluetoothMock/CBMAttributes.swift:31:8: error: no such module 'CoreBluetooth'
29 | */
30 |
31 | import CoreBluetooth
| `- error: no such module 'CoreBluetooth'
32 |
33 | /// A representation of common aspects of services offered by a peripheral.
[32/33] Compiling CoreBluetoothMock CBMCentralManagerFactory.swift
/host/spi-builder-workspace/CoreBluetoothMock/CBMAttributes.swift:31:8: error: no such module 'CoreBluetooth'
29 | */
30 |
31 | import CoreBluetooth
| `- error: no such module 'CoreBluetooth'
32 |
33 | /// A representation of common aspects of services offered by a peripheral.
[33/33] Compiling CoreBluetoothMock CBMCentralManagerMock.swift
/host/spi-builder-workspace/CoreBluetoothMock/CBMAttributes.swift:31:8: error: no such module 'CoreBluetooth'
29 | */
30 |
31 | import CoreBluetooth
| `- error: no such module 'CoreBluetooth'
32 |
33 | /// A representation of common aspects of services offered by a peripheral.
Running build ...
bash -c docker run --pull=always --rm -v "checkouts-54344847-0":/host -w "$PWD" -e JAVA_HOME="/root/.sdkman/candidates/java/current" -e SPI_BUILD="1" -e SPI_PROCESSING="1" registry.gitlab.com/saguaro1/spi-images:wasm-6.1-latest swift build --swift-sdk wasm32-unknown-wasi 2>&1
wasm-6.1-latest: Pulling from saguaro1/spi-images
Digest: sha256:f257c9b8465670613eb336f6def351d681b1d395aebdb231a45bac980c1f9d3c
Status: Image is up to date for registry.gitlab.com/saguaro1/spi-images:wasm-6.1-latest
[0/1] Planning build
[1/1] Compiling plugin Swift-DocC Preview
[2/2] Compiling plugin Swift-DocC
Building for debugging...
[2/3] Write swift-version-24593BA9C3E375BF.txt
[4/29] Compiling CoreBluetoothMock CBMPeripheralManager.swift
/host/spi-builder-workspace/CoreBluetoothMock/CBMAttributes.swift:31:8: error: no such module 'CoreBluetooth'
29 | */
30 |
31 | import CoreBluetooth
| `- error: no such module 'CoreBluetooth'
32 |
33 | /// A representation of common aspects of services offered by a peripheral.
[5/29] Compiling CoreBluetoothMock CBMPeripheralManagerDelegate.swift
/host/spi-builder-workspace/CoreBluetoothMock/CBMAttributes.swift:31:8: error: no such module 'CoreBluetooth'
29 | */
30 |
31 | import CoreBluetooth
| `- error: no such module 'CoreBluetooth'
32 |
33 | /// A representation of common aspects of services offered by a peripheral.
[6/29] Compiling CoreBluetoothMock CBMPeripheralManagerFactory.swift
/host/spi-builder-workspace/CoreBluetoothMock/CBMAttributes.swift:31:8: error: no such module 'CoreBluetooth'
29 | */
30 |
31 | import CoreBluetooth
| `- error: no such module 'CoreBluetooth'
32 |
33 | /// A representation of common aspects of services offered by a peripheral.
error: emit-module command failed with exit code 1 (use -v to see invocation)
[7/32] Emitting module CoreBluetoothMock
/host/spi-builder-workspace/CoreBluetoothMock/CBMAttributes.swift:31:8: error: no such module 'CoreBluetooth'
29 | */
30 |
31 | import CoreBluetooth
| `- error: no such module 'CoreBluetooth'
32 |
33 | /// A representation of common aspects of services offered by a peripheral.
[8/32] Compiling CoreBluetoothMock CBMPeer.swift
/host/spi-builder-workspace/CoreBluetoothMock/CBMAttributes.swift:31:8: error: no such module 'CoreBluetooth'
29 | */
30 |
31 | import CoreBluetooth
| `- error: no such module 'CoreBluetooth'
32 |
33 | /// A representation of common aspects of services offered by a peripheral.
[9/32] Compiling CoreBluetoothMock CBMPeripheral.swift
/host/spi-builder-workspace/CoreBluetoothMock/CBMAttributes.swift:31:8: error: no such module 'CoreBluetooth'
29 | */
30 |
31 | import CoreBluetooth
| `- error: no such module 'CoreBluetooth'
32 |
33 | /// A representation of common aspects of services offered by a peripheral.
[10/32] Compiling CoreBluetoothMock CBMPeripheralPreview.swift
/host/spi-builder-workspace/CoreBluetoothMock/CBMAttributes.swift:31:8: error: no such module 'CoreBluetooth'
29 | */
30 |
31 | import CoreBluetooth
| `- error: no such module 'CoreBluetooth'
32 |
33 | /// A representation of common aspects of services offered by a peripheral.
[11/32] Compiling CoreBluetoothMock CBMCentralManager.swift
/host/spi-builder-workspace/CoreBluetoothMock/CBMAttributes.swift:31:8: error: no such module 'CoreBluetooth'
29 | */
30 |
31 | import CoreBluetooth
| `- error: no such module 'CoreBluetooth'
32 |
33 | /// A representation of common aspects of services offered by a peripheral.
[12/32] Compiling CoreBluetoothMock CBMCentralManagerNative.swift
/host/spi-builder-workspace/CoreBluetoothMock/CBMAttributes.swift:31:8: error: no such module 'CoreBluetooth'
29 | */
30 |
31 | import CoreBluetooth
| `- error: no such module 'CoreBluetooth'
32 |
33 | /// A representation of common aspects of services offered by a peripheral.
[13/32] Compiling CoreBluetoothMock CBMPeripheralDelegate.swift
/host/spi-builder-workspace/CoreBluetoothMock/CBMAttributes.swift:31:8: error: no such module 'CoreBluetooth'
29 | */
30 |
31 | import CoreBluetooth
| `- error: no such module 'CoreBluetooth'
32 |
33 | /// A representation of common aspects of services offered by a peripheral.
[14/32] Compiling CoreBluetoothMock CBMPeripheralDelegateProxy.swift
/host/spi-builder-workspace/CoreBluetoothMock/CBMAttributes.swift:31:8: error: no such module 'CoreBluetooth'
29 | */
30 |
31 | import CoreBluetooth
| `- error: no such module 'CoreBluetooth'
32 |
33 | /// A representation of common aspects of services offered by a peripheral.
[15/32] Compiling CoreBluetoothMock CBMPeripheralSpec.swift
/host/spi-builder-workspace/CoreBluetoothMock/CBMAttributes.swift:31:8: error: no such module 'CoreBluetooth'
29 | */
30 |
31 | import CoreBluetooth
| `- error: no such module 'CoreBluetooth'
32 |
33 | /// A representation of common aspects of services offered by a peripheral.
[16/32] Compiling CoreBluetoothMock CBMCentralSpecDelegate.swift
/host/spi-builder-workspace/CoreBluetoothMock/CBMAttributes.swift:31:8: error: no such module 'CoreBluetooth'
29 | */
30 |
31 | import CoreBluetooth
| `- error: no such module 'CoreBluetooth'
32 |
33 | /// A representation of common aspects of services offered by a peripheral.
[17/32] Compiling CoreBluetoothMock Blinky.swift
/host/spi-builder-workspace/CoreBluetoothMock/CBMAttributes.swift:31:8: error: no such module 'CoreBluetooth'
29 | */
30 |
31 | import CoreBluetooth
| `- error: no such module 'CoreBluetooth'
32 |
33 | /// A representation of common aspects of services offered by a peripheral.
[18/32] Compiling CoreBluetoothMock UART.swift
/host/spi-builder-workspace/CoreBluetoothMock/CBMAttributes.swift:31:8: error: no such module 'CoreBluetooth'
29 | */
30 |
31 | import CoreBluetooth
| `- error: no such module 'CoreBluetooth'
32 |
33 | /// A representation of common aspects of services offered by a peripheral.
[19/32] Compiling CoreBluetoothMock CBMAttributes.swift
/host/spi-builder-workspace/CoreBluetoothMock/CBMAttributes.swift:31:8: error: no such module 'CoreBluetooth'
29 | */
30 |
31 | import CoreBluetooth
| `- error: no such module 'CoreBluetooth'
32 |
33 | /// A representation of common aspects of services offered by a peripheral.
[20/32] Compiling CoreBluetoothMock CBMDictionary.swift
/host/spi-builder-workspace/CoreBluetoothMock/CBMAttributes.swift:31:8: error: no such module 'CoreBluetooth'
29 | */
30 |
31 | import CoreBluetooth
| `- error: no such module 'CoreBluetooth'
32 |
33 | /// A representation of common aspects of services offered by a peripheral.
[21/32] Compiling CoreBluetoothMock CBMManagerTypes.swift
/host/spi-builder-workspace/CoreBluetoothMock/CBMAttributes.swift:31:8: error: no such module 'CoreBluetooth'
29 | */
30 |
31 | import CoreBluetooth
| `- error: no such module 'CoreBluetooth'
32 |
33 | /// A representation of common aspects of services offered by a peripheral.
[22/32] Compiling CoreBluetoothMock CBMMutableAttributes.swift
/host/spi-builder-workspace/CoreBluetoothMock/CBMAttributes.swift:31:8: error: no such module 'CoreBluetooth'
29 | */
30 |
31 | import CoreBluetooth
| `- error: no such module 'CoreBluetooth'
32 |
33 | /// A representation of common aspects of services offered by a peripheral.
[23/32] Compiling CoreBluetoothMock CBMPeripheralManagerMock.swift
/host/spi-builder-workspace/CoreBluetoothMock/CBMAttributes.swift:31:8: error: no such module 'CoreBluetooth'
29 | */
30 |
31 | import CoreBluetooth
| `- error: no such module 'CoreBluetooth'
32 |
33 | /// A representation of common aspects of services offered by a peripheral.
[24/32] Compiling CoreBluetoothMock CBMPeripheralManagerNative.swift
/host/spi-builder-workspace/CoreBluetoothMock/CBMAttributes.swift:31:8: error: no such module 'CoreBluetooth'
29 | */
30 |
31 | import CoreBluetooth
| `- error: no such module 'CoreBluetooth'
32 |
33 | /// A representation of common aspects of services offered by a peripheral.
[25/32] Compiling CoreBluetoothMock CBMCentralSpec.swift
/host/spi-builder-workspace/CoreBluetoothMock/CBMAttributes.swift:31:8: error: no such module 'CoreBluetooth'
29 | */
30 |
31 | import CoreBluetooth
| `- error: no such module 'CoreBluetooth'
32 |
33 | /// A representation of common aspects of services offered by a peripheral.
[26/32] Compiling CoreBluetoothMock CBMPeripheralSpecDelegate.swift
/host/spi-builder-workspace/CoreBluetoothMock/CBMAttributes.swift:31:8: error: no such module 'CoreBluetooth'
29 | */
30 |
31 | import CoreBluetooth
| `- error: no such module 'CoreBluetooth'
32 |
33 | /// A representation of common aspects of services offered by a peripheral.
[27/32] Compiling CoreBluetoothMock CBMATTRequest.swift
/host/spi-builder-workspace/CoreBluetoothMock/CBMAttributes.swift:31:8: error: no such module 'CoreBluetooth'
29 | */
30 |
31 | import CoreBluetooth
| `- error: no such module 'CoreBluetooth'
32 |
33 | /// A representation of common aspects of services offered by a peripheral.
[28/32] Compiling CoreBluetoothMock CBMCentral.swift
/host/spi-builder-workspace/CoreBluetoothMock/CBMAttributes.swift:31:8: error: no such module 'CoreBluetooth'
29 | */
30 |
31 | import CoreBluetooth
| `- error: no such module 'CoreBluetooth'
32 |
33 | /// A representation of common aspects of services offered by a peripheral.
[29/32] Compiling CoreBluetoothMock CBMCentralManagerDelegate.swift
/host/spi-builder-workspace/CoreBluetoothMock/CBMAttributes.swift:31:8: error: no such module 'CoreBluetooth'
29 | */
30 |
31 | import CoreBluetooth
| `- error: no such module 'CoreBluetooth'
32 |
33 | /// A representation of common aspects of services offered by a peripheral.
[30/32] Compiling CoreBluetoothMock CBMCentralManagerDelegateProxy.swift
/host/spi-builder-workspace/CoreBluetoothMock/CBMAttributes.swift:31:8: error: no such module 'CoreBluetooth'
29 | */
30 |
31 | import CoreBluetooth
| `- error: no such module 'CoreBluetooth'
32 |
33 | /// A representation of common aspects of services offered by a peripheral.
[31/32] Compiling CoreBluetoothMock CBMCentralManagerFactory.swift
/host/spi-builder-workspace/CoreBluetoothMock/CBMAttributes.swift:31:8: error: no such module 'CoreBluetooth'
29 | */
30 |
31 | import CoreBluetooth
| `- error: no such module 'CoreBluetooth'
32 |
33 | /// A representation of common aspects of services offered by a peripheral.
[32/32] Compiling CoreBluetoothMock CBMCentralManagerMock.swift
/host/spi-builder-workspace/CoreBluetoothMock/CBMAttributes.swift:31:8: error: no such module 'CoreBluetooth'
29 | */
30 |
31 | import CoreBluetooth
| `- error: no such module 'CoreBluetooth'
32 |
33 | /// A representation of common aspects of services offered by a peripheral.
BUILD FAILURE 6.1 wasm