Build Information
Failed to build Embassy, reference master (460e0e), with Swift 6.3 for Android on 3 Oct 2026 03:18:22 UTC.
Build Command
bash -c docker run --pull=always --rm -v "checkouts-54344843-0":/host -w "$PWD" -e JAVA_HOME="/root/.sdkman/candidates/java/current" -e SPI_BUILD="1" -e SPI_PROCESSING="1" registry.gitlab.com/saguaro1/spi-images:android-6.3-latest swift build --swift-sdk aarch64-unknown-linux-android28 2>&1Build Log
========================================
RunAll
========================================
Builder version: 5.1.1
Interrupt handler set up.
========================================
Checkout
========================================
Clone URL: https://github.com/envoy/Embassy.git
Reference: master
Initialized empty Git repository in /host/spi-builder-workspace/.git/
hint: Using 'master' as the name for the initial branch. This default branch name
hint: is subject to change. To configure the initial branch name to use in all
hint: of your new repositories, which will suppress this warning, call:
hint:
hint: git config --global init.defaultBranch <name>
hint:
hint: Names commonly chosen instead of 'master' are 'main', 'trunk' and
hint: 'development'. The just-created branch can be renamed via this command:
hint:
hint: git branch -m <name>
From https://github.com/envoy/Embassy
* branch master -> FETCH_HEAD
* [new branch] master -> origin/master
HEAD is now at 460e0e1 Modernize package, reorganize sources, and remove unused files (#116)
Cloned https://github.com/envoy/Embassy.git
Revision (git rev-parse @):
460e0e13490d3e32eff97171c6db370514a832f9
SUCCESS checkout https://github.com/envoy/Embassy.git at master
========================================
Build
========================================
Selected platform: android
Swift version: 6.3
Building package at path: $PWD
https://github.com/envoy/Embassy.git
Running build ...
bash -c docker run --pull=always --rm -v "checkouts-54344843-0":/host -w "$PWD" -e JAVA_HOME="/root/.sdkman/candidates/java/current" -e SPI_BUILD="1" -e SPI_PROCESSING="1" registry.gitlab.com/saguaro1/spi-images:android-6.3-latest swift build --swift-sdk aarch64-unknown-linux-android28 2>&1
android-6.3-latest: Pulling from saguaro1/spi-images
Digest: sha256:8ca9e1e6d70fd53f5b05e4f64d92569d697563f7f457a1485802bc9eb2cd1382
Status: Image is up to date for registry.gitlab.com/saguaro1/spi-images:android-6.3-latest
Building for debugging...
[0/2] Write sources
[1/2] Write swift-version-272D24FF697CF451.txt
[3/29] Compiling Embassy SelectSelector.swift
/host/spi-builder-workspace/Sources/SystemLibrary.swift:14:8: error: no such module 'Darwin'
12 | import Glibc
13 | #else
14 | import Darwin
| `- error: no such module 'Darwin'
15 | #endif
16 |
[4/29] Compiling Embassy Selector.swift
/host/spi-builder-workspace/Sources/SystemLibrary.swift:14:8: error: no such module 'Darwin'
12 | import Glibc
13 | #else
14 | import Darwin
| `- error: no such module 'Darwin'
15 | #endif
16 |
[5/29] Compiling Embassy SelectorEventLoop.swift
/host/spi-builder-workspace/Sources/SystemLibrary.swift:14:8: error: no such module 'Darwin'
12 | import Glibc
13 | #else
14 | import Darwin
| `- error: no such module 'Darwin'
15 | #endif
16 |
error: emit-module command failed with exit code 1 (use -v to see invocation)
[6/29] Emitting module Embassy
/host/spi-builder-workspace/Sources/SystemLibrary.swift:14:8: error: no such module 'Darwin'
12 | import Glibc
13 | #else
14 | import Darwin
| `- error: no such module 'Darwin'
15 | #endif
16 |
[7/29] Compiling Embassy IOUtils.swift
/host/spi-builder-workspace/Sources/SystemLibrary.swift:14:8: error: no such module 'Darwin'
12 | import Glibc
13 | #else
14 | import Darwin
| `- error: no such module 'Darwin'
15 | #endif
16 |
[8/29] Compiling Embassy KqueueSelector.swift
/host/spi-builder-workspace/Sources/SystemLibrary.swift:14:8: error: no such module 'Darwin'
12 | import Glibc
13 | #else
14 | import Darwin
| `- error: no such module 'Darwin'
15 | #endif
16 |
[9/29] Compiling Embassy DefaultLogFormatter.swift
/host/spi-builder-workspace/Sources/SystemLibrary.swift:14:8: error: no such module 'Darwin'
12 | import Glibc
13 | #else
14 | import Darwin
| `- error: no such module 'Darwin'
15 | #endif
16 |
[10/29] Compiling Embassy DefaultLogger.swift
/host/spi-builder-workspace/Sources/SystemLibrary.swift:14:8: error: no such module 'Darwin'
12 | import Glibc
13 | #else
14 | import Darwin
| `- error: no such module 'Darwin'
15 | #endif
16 |
[11/32] Compiling Embassy PropagateLogHandler.swift
/host/spi-builder-workspace/Sources/SystemLibrary.swift:14:8: error: no such module 'Darwin'
12 | import Glibc
13 | #else
14 | import Darwin
| `- error: no such module 'Darwin'
15 | #endif
16 |
[12/32] Compiling Embassy SWSGI.swift
/host/spi-builder-workspace/Sources/SystemLibrary.swift:14:8: error: no such module 'Darwin'
12 | import Glibc
13 | #else
14 | import Darwin
| `- error: no such module 'Darwin'
15 | #endif
16 |
[13/32] Compiling Embassy SWSGIUtils.swift
/host/spi-builder-workspace/Sources/SystemLibrary.swift:14:8: error: no such module 'Darwin'
12 | import Glibc
13 | #else
14 | import Darwin
| `- error: no such module 'Darwin'
15 | #endif
16 |
[14/32] Compiling Embassy PrintLogHandler.swift
/host/spi-builder-workspace/Sources/SystemLibrary.swift:14:8: error: no such module 'Darwin'
12 | import Glibc
13 | #else
14 | import Darwin
| `- error: no such module 'Darwin'
15 | #endif
16 |
[15/32] Compiling Embassy TransformLogHandler.swift
/host/spi-builder-workspace/Sources/SystemLibrary.swift:14:8: error: no such module 'Darwin'
12 | import Glibc
13 | #else
14 | import Darwin
| `- error: no such module 'Darwin'
15 | #endif
16 |
[16/32] Compiling Embassy MultiDictionary.swift
/host/spi-builder-workspace/Sources/SystemLibrary.swift:14:8: error: no such module 'Darwin'
12 | import Glibc
13 | #else
14 | import Darwin
| `- error: no such module 'Darwin'
15 | #endif
16 |
[17/32] Compiling Embassy DefaultHTTPServer.swift
/host/spi-builder-workspace/Sources/SystemLibrary.swift:14:8: error: no such module 'Darwin'
12 | import Glibc
13 | #else
14 | import Darwin
| `- error: no such module 'Darwin'
15 | #endif
16 |
[18/32] Compiling Embassy HTTPConnection.swift
/host/spi-builder-workspace/Sources/SystemLibrary.swift:14:8: error: no such module 'Darwin'
12 | import Glibc
13 | #else
14 | import Darwin
| `- error: no such module 'Darwin'
15 | #endif
16 |
[19/32] Compiling Embassy HTTPHeaderParser.swift
/host/spi-builder-workspace/Sources/SystemLibrary.swift:14:8: error: no such module 'Darwin'
12 | import Glibc
13 | #else
14 | import Darwin
| `- error: no such module 'Darwin'
15 | #endif
16 |
[20/32] Compiling Embassy HTTPRequest.swift
/host/spi-builder-workspace/Sources/SystemLibrary.swift:14:8: error: no such module 'Darwin'
12 | import Glibc
13 | #else
14 | import Darwin
| `- error: no such module 'Darwin'
15 | #endif
16 |
[21/32] Compiling Embassy HTTPServer.swift
/host/spi-builder-workspace/Sources/SystemLibrary.swift:14:8: error: no such module 'Darwin'
12 | import Glibc
13 | #else
14 | import Darwin
| `- error: no such module 'Darwin'
15 | #endif
16 |
[22/32] Compiling Embassy Atomic.swift
/host/spi-builder-workspace/Sources/SystemLibrary.swift:14:8: error: no such module 'Darwin'
12 | import Glibc
13 | #else
14 | import Darwin
| `- error: no such module 'Darwin'
15 | #endif
16 |
[23/32] Compiling Embassy Errors.swift
/host/spi-builder-workspace/Sources/SystemLibrary.swift:14:8: error: no such module 'Darwin'
12 | import Glibc
13 | #else
14 | import Darwin
| `- error: no such module 'Darwin'
15 | #endif
16 |
[24/32] Compiling Embassy EventLoop.swift
/host/spi-builder-workspace/Sources/SystemLibrary.swift:14:8: error: no such module 'Darwin'
12 | import Glibc
13 | #else
14 | import Darwin
| `- error: no such module 'Darwin'
15 | #endif
16 |
[25/32] Compiling Embassy HeapSort.swift
/host/spi-builder-workspace/Sources/SystemLibrary.swift:14:8: error: no such module 'Darwin'
12 | import Glibc
13 | #else
14 | import Darwin
| `- error: no such module 'Darwin'
15 | #endif
16 |
[26/32] Compiling Embassy FileLogHandler.swift
/host/spi-builder-workspace/Sources/SystemLibrary.swift:14:8: error: no such module 'Darwin'
12 | import Glibc
13 | #else
14 | import Darwin
| `- error: no such module 'Darwin'
15 | #endif
16 |
[27/32] Compiling Embassy LogFormatter.swift
/host/spi-builder-workspace/Sources/SystemLibrary.swift:14:8: error: no such module 'Darwin'
12 | import Glibc
13 | #else
14 | import Darwin
| `- error: no such module 'Darwin'
15 | #endif
16 |
[28/32] Compiling Embassy LogHandler.swift
/host/spi-builder-workspace/Sources/SystemLibrary.swift:14:8: error: no such module 'Darwin'
12 | import Glibc
13 | #else
14 | import Darwin
| `- error: no such module 'Darwin'
15 | #endif
16 |
[29/32] Compiling Embassy Logger.swift
/host/spi-builder-workspace/Sources/SystemLibrary.swift:14:8: error: no such module 'Darwin'
12 | import Glibc
13 | #else
14 | import Darwin
| `- error: no such module 'Darwin'
15 | #endif
16 |
[30/32] Compiling Embassy SystemLibrary.swift
/host/spi-builder-workspace/Sources/SystemLibrary.swift:14:8: error: no such module 'Darwin'
12 | import Glibc
13 | #else
14 | import Darwin
| `- error: no such module 'Darwin'
15 | #endif
16 |
[31/32] Compiling Embassy TCPSocket.swift
/host/spi-builder-workspace/Sources/SystemLibrary.swift:14:8: error: no such module 'Darwin'
12 | import Glibc
13 | #else
14 | import Darwin
| `- error: no such module 'Darwin'
15 | #endif
16 |
[32/32] Compiling Embassy Transport.swift
/host/spi-builder-workspace/Sources/SystemLibrary.swift:14:8: error: no such module 'Darwin'
12 | import Glibc
13 | #else
14 | import Darwin
| `- error: no such module 'Darwin'
15 | #endif
16 |
BUILD FAILURE 6.3 android