The Swift Package Index logo.Swift Package Index

Build Information

Failed to build OllamaKit, reference main (16b30e), with Swift 6.4 for watchOS using Xcode 27.0 on 22 Sep 2026 16:33:15 UTC.

Build Command

env DEVELOPER_DIR=/Applications/Xcode-27.0.0-Release.Candidate.app xcrun xcodebuild -IDEClonedSourcePackagesDirPathOverride=$PWD/.dependencies -skipMacroValidation -skipPackagePluginValidation -derivedDataPath $PWD/.derivedData build -scheme OllamaKit -destination generic/platform=watchOS

Build Log

    cd /Users/admin/builder/spi-builder-workspace/.dependencies/checkouts/swift-json-schema
    write-file /Users/admin/builder/spi-builder-workspace/.derivedData/Build/Intermediates.noindex/JSONSchema.build/Debug-watchos/JSONSchema-t.build/Objects-normal/arm64_32/JSONSchema_const_extract_protocols.json
WriteAuxiliaryFile /Users/admin/builder/spi-builder-workspace/.derivedData/Build/Intermediates.noindex/JSONSchema.build/Debug-watchos/JSONSchema-t.build/Objects-normal/arm64_32/JSONSchema.SwiftFileList (in target 'JSONSchema' from project 'JSONSchema')
    cd /Users/admin/builder/spi-builder-workspace/.dependencies/checkouts/swift-json-schema
    write-file /Users/admin/builder/spi-builder-workspace/.derivedData/Build/Intermediates.noindex/JSONSchema.build/Debug-watchos/JSONSchema-t.build/Objects-normal/arm64_32/JSONSchema.SwiftFileList
WriteAuxiliaryFile /Users/admin/builder/spi-builder-workspace/.derivedData/Build/Intermediates.noindex/JSONSchema.build/Debug-watchos/JSONSchema-t.build/Objects-normal/arm64_32/JSONSchema.SwiftConstValuesFileList (in target 'JSONSchema' from project 'JSONSchema')
    cd /Users/admin/builder/spi-builder-workspace/.dependencies/checkouts/swift-json-schema
    write-file /Users/admin/builder/spi-builder-workspace/.derivedData/Build/Intermediates.noindex/JSONSchema.build/Debug-watchos/JSONSchema-t.build/Objects-normal/arm64_32/JSONSchema.SwiftConstValuesFileList
WriteAuxiliaryFile /Users/admin/builder/spi-builder-workspace/.derivedData/Build/Intermediates.noindex/JSONSchema.build/Debug-watchos/JSONSchema-t.build/Objects-normal/arm64_32/JSONSchema-OutputFileMap.json (in target 'JSONSchema' from project 'JSONSchema')
    cd /Users/admin/builder/spi-builder-workspace/.dependencies/checkouts/swift-json-schema
    write-file /Users/admin/builder/spi-builder-workspace/.derivedData/Build/Intermediates.noindex/JSONSchema.build/Debug-watchos/JSONSchema-t.build/Objects-normal/arm64_32/JSONSchema-OutputFileMap.json
WriteAuxiliaryFile /Users/admin/builder/spi-builder-workspace/.derivedData/Build/Intermediates.noindex/JSONSchema.build/Debug-watchos/JSONSchema-t.build/Objects-normal/arm64/JSONSchema_const_extract_protocols.json (in target 'JSONSchema' from project 'JSONSchema')
    cd /Users/admin/builder/spi-builder-workspace/.dependencies/checkouts/swift-json-schema
    write-file /Users/admin/builder/spi-builder-workspace/.derivedData/Build/Intermediates.noindex/JSONSchema.build/Debug-watchos/JSONSchema-t.build/Objects-normal/arm64/JSONSchema_const_extract_protocols.json
WriteAuxiliaryFile /Users/admin/builder/spi-builder-workspace/.derivedData/Build/Intermediates.noindex/JSONSchema.build/Debug-watchos/JSONSchema-t.build/Objects-normal/arm64/JSONSchema.SwiftFileList (in target 'JSONSchema' from project 'JSONSchema')
    cd /Users/admin/builder/spi-builder-workspace/.dependencies/checkouts/swift-json-schema
    write-file /Users/admin/builder/spi-builder-workspace/.derivedData/Build/Intermediates.noindex/JSONSchema.build/Debug-watchos/JSONSchema-t.build/Objects-normal/arm64/JSONSchema.SwiftFileList
WriteAuxiliaryFile /Users/admin/builder/spi-builder-workspace/.derivedData/Build/Intermediates.noindex/JSONSchema.build/Debug-watchos/JSONSchema-t.build/Objects-normal/arm64/JSONSchema.SwiftConstValuesFileList (in target 'JSONSchema' from project 'JSONSchema')
    cd /Users/admin/builder/spi-builder-workspace/.dependencies/checkouts/swift-json-schema
    write-file /Users/admin/builder/spi-builder-workspace/.derivedData/Build/Intermediates.noindex/JSONSchema.build/Debug-watchos/JSONSchema-t.build/Objects-normal/arm64/JSONSchema.SwiftConstValuesFileList
WriteAuxiliaryFile /Users/admin/builder/spi-builder-workspace/.derivedData/Build/Intermediates.noindex/JSONSchema.build/Debug-watchos/JSONSchema-t.build/Objects-normal/arm64/JSONSchema.LinkFileList (in target 'JSONSchema' from project 'JSONSchema')
    cd /Users/admin/builder/spi-builder-workspace/.dependencies/checkouts/swift-json-schema
    write-file /Users/admin/builder/spi-builder-workspace/.derivedData/Build/Intermediates.noindex/JSONSchema.build/Debug-watchos/JSONSchema-t.build/Objects-normal/arm64/JSONSchema.LinkFileList
WriteAuxiliaryFile /Users/admin/builder/spi-builder-workspace/.derivedData/Build/Intermediates.noindex/JSONSchema.build/Debug-watchos/JSONSchema-t.build/Objects-normal/arm64/JSONSchema-OutputFileMap.json (in target 'JSONSchema' from project 'JSONSchema')
    cd /Users/admin/builder/spi-builder-workspace/.dependencies/checkouts/swift-json-schema
    write-file /Users/admin/builder/spi-builder-workspace/.derivedData/Build/Intermediates.noindex/JSONSchema.build/Debug-watchos/JSONSchema-t.build/Objects-normal/arm64/JSONSchema-OutputFileMap.json
WriteAuxiliaryFile /Users/admin/builder/spi-builder-workspace/.derivedData/Build/Intermediates.noindex/JSONSchema.build/Debug-watchos/JSONSchema-t.build/JSONSchema.modulemap (in target 'JSONSchema' from project 'JSONSchema')
    cd /Users/admin/builder/spi-builder-workspace/.dependencies/checkouts/swift-json-schema
    write-file /Users/admin/builder/spi-builder-workspace/.derivedData/Build/Intermediates.noindex/JSONSchema.build/Debug-watchos/JSONSchema-t.build/JSONSchema.modulemap
WriteAuxiliaryFile /Users/admin/builder/spi-builder-workspace/.derivedData/Build/Intermediates.noindex/JSONSchema.build/Debug-watchos/JSONSchema-t.build/JSONSchema.DependencyStaticMetadataFileList (in target 'JSONSchema' from project 'JSONSchema')
    cd /Users/admin/builder/spi-builder-workspace/.dependencies/checkouts/swift-json-schema
    write-file /Users/admin/builder/spi-builder-workspace/.derivedData/Build/Intermediates.noindex/JSONSchema.build/Debug-watchos/JSONSchema-t.build/JSONSchema.DependencyStaticMetadataFileList
WriteAuxiliaryFile /Users/admin/builder/spi-builder-workspace/.derivedData/Build/Intermediates.noindex/JSONSchema.build/Debug-watchos/JSONSchema-t.build/JSONSchema.DependencyMetadataFileList (in target 'JSONSchema' from project 'JSONSchema')
    cd /Users/admin/builder/spi-builder-workspace/.dependencies/checkouts/swift-json-schema
    write-file /Users/admin/builder/spi-builder-workspace/.derivedData/Build/Intermediates.noindex/JSONSchema.build/Debug-watchos/JSONSchema-t.build/JSONSchema.DependencyMetadataFileList
Copy /Users/admin/builder/spi-builder-workspace/.derivedData/Build/Intermediates.noindex/GeneratedModuleMaps-watchos/JSONSchema.modulemap /Users/admin/builder/spi-builder-workspace/.derivedData/Build/Intermediates.noindex/JSONSchema.build/Debug-watchos/JSONSchema-t.build/JSONSchema.modulemap (in target 'JSONSchema' from project 'JSONSchema')
    cd /Users/admin/builder/spi-builder-workspace/.dependencies/checkouts/swift-json-schema
    builtin-copy -exclude .DS_Store -exclude CVS -exclude .svn -exclude .git -exclude .hg -resolve-src-symlinks /Users/admin/builder/spi-builder-workspace/.derivedData/Build/Intermediates.noindex/JSONSchema.build/Debug-watchos/JSONSchema-t.build/JSONSchema.modulemap /Users/admin/builder/spi-builder-workspace/.derivedData/Build/Intermediates.noindex/GeneratedModuleMaps-watchos
SwiftDriver JSONSchema normal arm64_32 com.apple.xcode.tools.swift.compiler (in target 'JSONSchema' from project 'JSONSchema')
    cd /Users/admin/builder/spi-builder-workspace/.swiftpm/xcode
    builtin-SwiftDriver -- /Applications/Xcode-27.0.0-Release.Candidate.app/Contents/Developer/Toolchains/XcodeDefault.xctoolchain/usr/bin/swiftc -parse-as-library -module-name JSONSchema -Onone @/Users/admin/builder/spi-builder-workspace/.derivedData/Build/Intermediates.noindex/JSONSchema.build/Debug-watchos/JSONSchema-t.build/Objects-normal/arm64_32/JSONSchema.SwiftFileList -DSWIFT_PACKAGE -DDEBUG -DSWIFT_MODULE_RESOURCE_BUNDLE_UNAVAILABLE -DXcode -plugin-path /Applications/Xcode-27.0.0-Release.Candidate.app/Contents/Developer/Toolchains/XcodeDefault.xctoolchain/usr/lib/swift/host/plugins/testing -enable-experimental-feature DebugDescriptionMacro -sdk /Applications/Xcode-27.0.0-Release.Candidate.app/Contents/Developer/Platforms/WatchOS.platform/Developer/SDKs/WatchOS27.0.sdk -target arm64_32-apple-watchos9.0 -g -module-cache-path /Users/admin/builder/spi-builder-workspace/.derivedData/ModuleCache.noindex -Xfrontend -serialize-debugging-options -profile-coverage-mapping -profile-generate -enable-testing -suppress-warnings -index-store-path /Users/admin/builder/spi-builder-workspace/.derivedData/Index.noindex/DataStore -Xcc -D_LIBCPP_HARDENING_MODE\=_LIBCPP_HARDENING_MODE_DEBUG -swift-version 5 -I /Users/admin/builder/spi-builder-workspace/.derivedData/Build/Products/Debug-watchos -Isystem /Applications/Xcode-27.0.0-Release.Candidate.app/Contents/Developer/Platforms/WatchOS.platform/Developer/usr/lib -F /Users/admin/builder/spi-builder-workspace/.derivedData/Build/Products/Debug-watchos -F /Applications/Xcode-27.0.0-Release.Candidate.app/Contents/Developer/Platforms/WatchOS.platform/Developer/Library/Frameworks -F /Applications/Xcode-27.0.0-Release.Candidate.app/Contents/Developer/Platforms/WatchOS.platform/Developer/SDKs/WatchOS27.0.sdk/Developer/Library/Frameworks -c -j10 -enable-batch-mode -incremental -Xcc -ivfsstatcache -Xcc /Users/admin/builder/spi-builder-workspace/.derivedData/SDKStatCaches.noindex/watchos27.0-24R360-e829b21a6f8c9b70876ba0858053c04477534ef55a1706bf4c1112bbb242f0a2.sdkstatcache -output-file-map /Users/admin/builder/spi-builder-workspace/.derivedData/Build/Intermediates.noindex/JSONSchema.build/Debug-watchos/JSONSchema-t.build/Objects-normal/arm64_32/JSONSchema-OutputFileMap.json -save-temps -no-color-diagnostics -explicit-module-build -module-cache-path /Users/admin/builder/spi-builder-workspace/.derivedData/Build/Intermediates.noindex/SwiftExplicitPrecompiledModules -clang-scanner-module-cache-path /Users/admin/builder/spi-builder-workspace/.derivedData/ModuleCache.noindex -sdk-module-cache-path /Users/admin/builder/spi-builder-workspace/.derivedData/SDKExplicitPrecompiledModules -emit-dependencies -emit-module -emit-module-path /Users/admin/builder/spi-builder-workspace/.derivedData/Build/Intermediates.noindex/JSONSchema.build/Debug-watchos/JSONSchema-t.build/Objects-normal/arm64_32/JSONSchema.swiftmodule -serialize-diagnostics -dependency-scan-serialize-diagnostics-path /Users/admin/builder/spi-builder-workspace/.derivedData/Build/Intermediates.noindex/JSONSchema.build/Debug-watchos/JSONSchema-t.build/Objects-normal/arm64_32/JSONSchema-dependency-scan.dia -validate-clang-modules-once -clang-build-session-file /Users/admin/builder/spi-builder-workspace/.derivedData/ModuleCache.noindex/Session.modulevalidation -Xcc -fmodules-prune-interval\=86400 -Xcc -fmodules-prune-after\=345600 -emit-const-values -const-gather-protocols-list /Users/admin/builder/spi-builder-workspace/.derivedData/Build/Intermediates.noindex/JSONSchema.build/Debug-watchos/JSONSchema-t.build/Objects-normal/arm64_32/JSONSchema_const_extract_protocols.json -Xcc -I/Users/admin/builder/spi-builder-workspace/.derivedData/Build/Products/Debug-watchos/include -Xcc -I/Users/admin/builder/spi-builder-workspace/.derivedData/Build/Intermediates.noindex/JSONSchema.build/Debug-watchos/JSONSchema-t.build/DerivedSources-normal/arm64_32 -Xcc -I/Users/admin/builder/spi-builder-workspace/.derivedData/Build/Intermediates.noindex/JSONSchema.build/Debug-watchos/JSONSchema-t.build/DerivedSources/arm64_32 -Xcc -I/Users/admin/builder/spi-builder-workspace/.derivedData/Build/Intermediates.noindex/JSONSchema.build/Debug-watchos/JSONSchema-t.build/DerivedSources -Xcc -DSWIFT_PACKAGE -Xcc -DDEBUG\=1 -emit-objc-header -emit-objc-header-path /Users/admin/builder/spi-builder-workspace/.derivedData/Build/Intermediates.noindex/JSONSchema.build/Debug-watchos/JSONSchema-t.build/Objects-normal/arm64_32/JSONSchema-Swift.h -working-directory /Users/admin/builder/spi-builder-workspace/.swiftpm/xcode -experimental-emit-module-separately -disable-cmo
SwiftDriver JSONSchema normal arm64 com.apple.xcode.tools.swift.compiler (in target 'JSONSchema' from project 'JSONSchema')
    cd /Users/admin/builder/spi-builder-workspace/.swiftpm/xcode
    builtin-SwiftDriver -- /Applications/Xcode-27.0.0-Release.Candidate.app/Contents/Developer/Toolchains/XcodeDefault.xctoolchain/usr/bin/swiftc -parse-as-library -module-name JSONSchema -Onone @/Users/admin/builder/spi-builder-workspace/.derivedData/Build/Intermediates.noindex/JSONSchema.build/Debug-watchos/JSONSchema-t.build/Objects-normal/arm64/JSONSchema.SwiftFileList -DSWIFT_PACKAGE -DDEBUG -DSWIFT_MODULE_RESOURCE_BUNDLE_UNAVAILABLE -DXcode -plugin-path /Applications/Xcode-27.0.0-Release.Candidate.app/Contents/Developer/Toolchains/XcodeDefault.xctoolchain/usr/lib/swift/host/plugins/testing -enable-experimental-feature DebugDescriptionMacro -sdk /Applications/Xcode-27.0.0-Release.Candidate.app/Contents/Developer/Platforms/WatchOS.platform/Developer/SDKs/WatchOS27.0.sdk -target arm64-apple-watchos9.0 -g -module-cache-path /Users/admin/builder/spi-builder-workspace/.derivedData/ModuleCache.noindex -Xfrontend -serialize-debugging-options -profile-coverage-mapping -profile-generate -enable-testing -suppress-warnings -index-store-path /Users/admin/builder/spi-builder-workspace/.derivedData/Index.noindex/DataStore -Xcc -D_LIBCPP_HARDENING_MODE\=_LIBCPP_HARDENING_MODE_DEBUG -swift-version 5 -I /Users/admin/builder/spi-builder-workspace/.derivedData/Build/Products/Debug-watchos -Isystem /Applications/Xcode-27.0.0-Release.Candidate.app/Contents/Developer/Platforms/WatchOS.platform/Developer/usr/lib -F /Users/admin/builder/spi-builder-workspace/.derivedData/Build/Products/Debug-watchos -F /Applications/Xcode-27.0.0-Release.Candidate.app/Contents/Developer/Platforms/WatchOS.platform/Developer/Library/Frameworks -F /Applications/Xcode-27.0.0-Release.Candidate.app/Contents/Developer/Platforms/WatchOS.platform/Developer/SDKs/WatchOS27.0.sdk/Developer/Library/Frameworks -c -j10 -enable-batch-mode -incremental -Xcc -ivfsstatcache -Xcc /Users/admin/builder/spi-builder-workspace/.derivedData/SDKStatCaches.noindex/watchos27.0-24R360-e829b21a6f8c9b70876ba0858053c04477534ef55a1706bf4c1112bbb242f0a2.sdkstatcache -output-file-map /Users/admin/builder/spi-builder-workspace/.derivedData/Build/Intermediates.noindex/JSONSchema.build/Debug-watchos/JSONSchema-t.build/Objects-normal/arm64/JSONSchema-OutputFileMap.json -save-temps -no-color-diagnostics -explicit-module-build -module-cache-path /Users/admin/builder/spi-builder-workspace/.derivedData/Build/Intermediates.noindex/SwiftExplicitPrecompiledModules -clang-scanner-module-cache-path /Users/admin/builder/spi-builder-workspace/.derivedData/ModuleCache.noindex -sdk-module-cache-path /Users/admin/builder/spi-builder-workspace/.derivedData/SDKExplicitPrecompiledModules -emit-dependencies -emit-module -emit-module-path /Users/admin/builder/spi-builder-workspace/.derivedData/Build/Intermediates.noindex/JSONSchema.build/Debug-watchos/JSONSchema-t.build/Objects-normal/arm64/JSONSchema.swiftmodule -serialize-diagnostics -dependency-scan-serialize-diagnostics-path /Users/admin/builder/spi-builder-workspace/.derivedData/Build/Intermediates.noindex/JSONSchema.build/Debug-watchos/JSONSchema-t.build/Objects-normal/arm64/JSONSchema-dependency-scan.dia -validate-clang-modules-once -clang-build-session-file /Users/admin/builder/spi-builder-workspace/.derivedData/ModuleCache.noindex/Session.modulevalidation -Xcc -fmodules-prune-interval\=86400 -Xcc -fmodules-prune-after\=345600 -emit-const-values -const-gather-protocols-list /Users/admin/builder/spi-builder-workspace/.derivedData/Build/Intermediates.noindex/JSONSchema.build/Debug-watchos/JSONSchema-t.build/Objects-normal/arm64/JSONSchema_const_extract_protocols.json -Xcc -I/Users/admin/builder/spi-builder-workspace/.derivedData/Build/Products/Debug-watchos/include -Xcc -I/Users/admin/builder/spi-builder-workspace/.derivedData/Build/Intermediates.noindex/JSONSchema.build/Debug-watchos/JSONSchema-t.build/DerivedSources-normal/arm64 -Xcc -I/Users/admin/builder/spi-builder-workspace/.derivedData/Build/Intermediates.noindex/JSONSchema.build/Debug-watchos/JSONSchema-t.build/DerivedSources/arm64 -Xcc -I/Users/admin/builder/spi-builder-workspace/.derivedData/Build/Intermediates.noindex/JSONSchema.build/Debug-watchos/JSONSchema-t.build/DerivedSources -Xcc -DSWIFT_PACKAGE -Xcc -DDEBUG\=1 -emit-objc-header -emit-objc-header-path /Users/admin/builder/spi-builder-workspace/.derivedData/Build/Intermediates.noindex/JSONSchema.build/Debug-watchos/JSONSchema-t.build/Objects-normal/arm64/JSONSchema-Swift.h -working-directory /Users/admin/builder/spi-builder-workspace/.swiftpm/xcode -experimental-emit-module-separately -disable-cmo
SwiftExplicitDependencyGeneratePcm arm64 /Users/admin/builder/spi-builder-workspace/.derivedData/SDKExplicitPrecompiledModules/SwiftShims-4MXFZPV6FEB0XBYXCGPWAMQGL.pcm
SwiftExplicitDependencyGeneratePcm arm64 /Users/admin/builder/spi-builder-workspace/.derivedData/SDKExplicitPrecompiledModules/_Builtin_stddef-1FU30Y8SWFB7OUUHMJQH5J6FM.pcm
SwiftExplicitDependencyGeneratePcm arm64 /Users/admin/builder/spi-builder-workspace/.derivedData/SDKExplicitPrecompiledModules/_Builtin_stdarg-A7UU8LE6MP85SM26YO7PBZNUQ.pcm
SwiftExplicitDependencyGeneratePcm arm64 /Users/admin/builder/spi-builder-workspace/.derivedData/SDKExplicitPrecompiledModules/ptrcheck-AIF0NDOYZ8ORBNHQAQR5NNB8M.pcm
SwiftExplicitDependencyGeneratePcm arm64 /Users/admin/builder/spi-builder-workspace/.derivedData/SDKExplicitPrecompiledModules/_AvailabilityInternal-BUNV3UXM65NT37THI4W1AM0SF.pcm
SwiftExplicitDependencyGeneratePcm arm64 /Users/admin/builder/spi-builder-workspace/.derivedData/SDKExplicitPrecompiledModules/_Builtin_stdbool-83J96QSOFE9VX04AAS6310UAE.pcm
SwiftExplicitDependencyGeneratePcm arm64 /Users/admin/builder/spi-builder-workspace/.derivedData/SDKExplicitPrecompiledModules/ptrauth-3TZ9WJCGLYD25HQPWH4968ONX.pcm
SwiftExplicitDependencyGeneratePcm arm64 /Users/admin/builder/spi-builder-workspace/.derivedData/SDKExplicitPrecompiledModules/_SwiftConcurrencyShims-659N52XSKR5F0QSB880BH2FJR.pcm
SwiftExplicitDependencyGeneratePcm arm64 /Users/admin/builder/spi-builder-workspace/.derivedData/SDKExplicitPrecompiledModules/_Builtin_float-C0CW5Q4HGBQYKE77TC42IAFB5.pcm
SwiftExplicitDependencyGeneratePcm arm64_32 /Users/admin/builder/spi-builder-workspace/.derivedData/SDKExplicitPrecompiledModules/_Builtin_stdarg-D305JG44A2WPI6CJY37X3QJE8.pcm
SwiftExplicitDependencyGeneratePcm arm64_32 /Users/admin/builder/spi-builder-workspace/.derivedData/SDKExplicitPrecompiledModules/_Builtin_stddef-H44EFHQX6XSS5MZ7QP6YJZ76.pcm
SwiftExplicitDependencyGeneratePcm arm64_32 /Users/admin/builder/spi-builder-workspace/.derivedData/SDKExplicitPrecompiledModules/_Builtin_stdbool-A967K8W8YUYEC9SN52KJ7OO88.pcm
SwiftExplicitDependencyGeneratePcm arm64_32 /Users/admin/builder/spi-builder-workspace/.derivedData/SDKExplicitPrecompiledModules/ptrcheck-7ELIH9BTIGVKX3UBITM9N72WD.pcm
SwiftExplicitDependencyGeneratePcm arm64_32 /Users/admin/builder/spi-builder-workspace/.derivedData/SDKExplicitPrecompiledModules/_Builtin_float-6KO8O3PEWRCA4WC6PPLOYO6WJ.pcm
SwiftExplicitDependencyGeneratePcm arm64_32 /Users/admin/builder/spi-builder-workspace/.derivedData/SDKExplicitPrecompiledModules/_SwiftConcurrencyShims-6RTBPQ03V7BM9SPRK8SUE055H.pcm
SwiftExplicitDependencyGeneratePcm arm64_32 /Users/admin/builder/spi-builder-workspace/.derivedData/SDKExplicitPrecompiledModules/SwiftShims-9CQQGWTSNTN9EB5NSHDWUJICH.pcm
SwiftExplicitDependencyGeneratePcm arm64_32 /Users/admin/builder/spi-builder-workspace/.derivedData/SDKExplicitPrecompiledModules/_AvailabilityInternal-244WAN3Z1QBT7PIA64EZEFY1R.pcm
SwiftExplicitDependencyGeneratePcm arm64_32 /Users/admin/builder/spi-builder-workspace/.derivedData/SDKExplicitPrecompiledModules/ptrauth-BFXF358ME5AK535N5A9Z766WU.pcm
SwiftExplicitDependencyGeneratePcm arm64 /Users/admin/builder/spi-builder-workspace/.derivedData/SDKExplicitPrecompiledModules/_DarwinFoundation1-7SPX3MD0HMP55E4OLNCPNDQ53.pcm
SwiftExplicitDependencyGeneratePcm arm64_32 /Users/admin/builder/spi-builder-workspace/.derivedData/SDKExplicitPrecompiledModules/_DarwinFoundation1-2GWF9RFMPLQW4PDHS3NARVI3G.pcm
SwiftExplicitDependencyGeneratePcm arm64 /Users/admin/builder/spi-builder-workspace/.derivedData/SDKExplicitPrecompiledModules/_DarwinFoundation2-D0XAPJU49S5E9XMKYOFGSTB1Q.pcm
SwiftExplicitDependencyGeneratePcm arm64 /Users/admin/builder/spi-builder-workspace/.derivedData/SDKExplicitPrecompiledModules/_Builtin_limits-9GWPA2B0H20DYUNYHYCWKABJG.pcm
SwiftExplicitDependencyGeneratePcm arm64_32 /Users/admin/builder/spi-builder-workspace/.derivedData/SDKExplicitPrecompiledModules/_DarwinFoundation2-9MY8GOSYRO0M9MKNXF6D3MBNK.pcm
SwiftExplicitDependencyGeneratePcm arm64_32 /Users/admin/builder/spi-builder-workspace/.derivedData/SDKExplicitPrecompiledModules/_Builtin_limits-3VKBU2AFTD65PAJZ5CJ3LHFM2.pcm
SwiftExplicitDependencyGeneratePcm arm64 /Users/admin/builder/spi-builder-workspace/.derivedData/SDKExplicitPrecompiledModules/_Builtin_stdint-8XMILLJZEGRN2XG7XZUXZ5RLX.pcm
SwiftExplicitDependencyGeneratePcm arm64 /Users/admin/builder/spi-builder-workspace/.derivedData/SDKExplicitPrecompiledModules/sys_types-2KXQLI78OUCDP779AE68GZJ2.pcm
SwiftExplicitDependencyGeneratePcm arm64 /Users/admin/builder/spi-builder-workspace/.derivedData/SDKExplicitPrecompiledModules/string_h-E6PRXK75PHIPCZFWOFCQ3QBMK.pcm
SwiftExplicitDependencyGeneratePcm arm64 /Users/admin/builder/spi-builder-workspace/.derivedData/SDKExplicitPrecompiledModules/_DarwinFoundation3-B97LRG0E9GON2NUE65TVG81HU.pcm
SwiftExplicitDependencyGeneratePcm arm64_32 /Users/admin/builder/spi-builder-workspace/.derivedData/SDKExplicitPrecompiledModules/_Builtin_stdint-1HMXWI3V0V4TXHRWZOMZGZ80Y.pcm
SwiftExplicitDependencyGeneratePcm arm64_32 /Users/admin/builder/spi-builder-workspace/.derivedData/SDKExplicitPrecompiledModules/sys_types-8TLLMW08ZJWDGIIPKOYFGHHZW.pcm
SwiftExplicitDependencyGeneratePcm arm64_32 /Users/admin/builder/spi-builder-workspace/.derivedData/SDKExplicitPrecompiledModules/string_h-BFVLUQUSBZWYMLCU9QI7VZALW.pcm
SwiftExplicitDependencyGeneratePcm arm64_32 /Users/admin/builder/spi-builder-workspace/.derivedData/SDKExplicitPrecompiledModules/_DarwinFoundation3-3DUTYQDQSD9HUAAVY947NMWOI.pcm
SwiftExplicitDependencyGeneratePcm arm64 /Users/admin/builder/spi-builder-workspace/.derivedData/SDKExplicitPrecompiledModules/_Builtin_inttypes-3UQSCM7WNM9EK4HZML8TY5J3D.pcm
SwiftExplicitDependencyGeneratePcm arm64_32 /Users/admin/builder/spi-builder-workspace/.derivedData/SDKExplicitPrecompiledModules/_Builtin_inttypes-D2KPCR4PEX9AQA33NGLUT5SBR.pcm
SwiftExplicitDependencyGeneratePcm arm64 /Users/admin/builder/spi-builder-workspace/.derivedData/SDKExplicitPrecompiledModules/Darwin-3984OXKFNSPE77NT743WK8SEX.pcm
SwiftExplicitDependencyGeneratePcm arm64_32 /Users/admin/builder/spi-builder-workspace/.derivedData/SDKExplicitPrecompiledModules/Darwin-3FVT1SKLN2ZQ5RVOABMTQBB34.pcm
SwiftExplicitDependencyGeneratePcm arm64 /Users/admin/builder/spi-builder-workspace/.derivedData/SDKExplicitPrecompiledModules/ObjectiveC-72IVD3VS2RS8Q28D9PIMY0KQP.pcm
SwiftExplicitDependencyGeneratePcm arm64_32 /Users/admin/builder/spi-builder-workspace/.derivedData/SDKExplicitPrecompiledModules/ObjectiveC-6IJNELR2E80E7LUKESVCP2KET.pcm
SwiftExplicitDependencyGeneratePcm arm64 /Users/admin/builder/spi-builder-workspace/.derivedData/SDKExplicitPrecompiledModules/os_object-3SDKD7F87FTZ26OON37DRYT6O.pcm
SwiftExplicitDependencyGeneratePcm arm64_32 /Users/admin/builder/spi-builder-workspace/.derivedData/SDKExplicitPrecompiledModules/os_object-5YWTC6L4756IWSTPGXS5NM0D0.pcm
SwiftExplicitDependencyGeneratePcm arm64 /Users/admin/builder/spi-builder-workspace/.derivedData/SDKExplicitPrecompiledModules/os_workgroup-89GG5G7YC2D0ZTK6AZXXQ20DH.pcm
SwiftExplicitDependencyGeneratePcm arm64_32 /Users/admin/builder/spi-builder-workspace/.derivedData/SDKExplicitPrecompiledModules/os_workgroup-5JHTPDMNBUNHLJI8LPHKQK1JK.pcm
SwiftExplicitDependencyGeneratePcm arm64 /Users/admin/builder/spi-builder-workspace/.derivedData/SDKExplicitPrecompiledModules/Dispatch-1NLJOVAK60XP0DUB05XA59EIM.pcm
SwiftExplicitDependencyGeneratePcm arm64_32 /Users/admin/builder/spi-builder-workspace/.derivedData/SDKExplicitPrecompiledModules/Dispatch-2P62F1T4XV63S4P99TUDTOK2Q.pcm
SwiftExplicitDependencyGeneratePcm arm64 /Users/admin/builder/spi-builder-workspace/.derivedData/SDKExplicitPrecompiledModules/CoreFoundation-8T2L24YC5NU7WO6WQJWRY7W08.pcm
SwiftExplicitDependencyGeneratePcm arm64 /Users/admin/builder/spi-builder-workspace/.derivedData/SDKExplicitPrecompiledModules/XPC-40DR0X1DHKGCV4J1IOLFS8MOU.pcm
SwiftExplicitDependencyGeneratePcm arm64_32 /Users/admin/builder/spi-builder-workspace/.derivedData/SDKExplicitPrecompiledModules/XPC-81Y45QFY96XYYFCW2GT6FY8S4.pcm
SwiftExplicitDependencyGeneratePcm arm64_32 /Users/admin/builder/spi-builder-workspace/.derivedData/SDKExplicitPrecompiledModules/CoreFoundation-8E6Y4BA3EXYKUGJ24GT9LGV3N.pcm
SwiftExplicitDependencyGeneratePcm arm64 /Users/admin/builder/spi-builder-workspace/.derivedData/SDKExplicitPrecompiledModules/Security-6RZ6YBRU8WCUHRFFRVUK5WKMM.pcm
SwiftExplicitDependencyGeneratePcm arm64_32 /Users/admin/builder/spi-builder-workspace/.derivedData/SDKExplicitPrecompiledModules/Security-D7TOWF88VWF67TB9HAFP5UWB1.pcm
SwiftExplicitDependencyGeneratePcm arm64 /Users/admin/builder/spi-builder-workspace/.derivedData/SDKExplicitPrecompiledModules/Foundation-DLBKUSGXN8QHAT8W0OARR9S8A.pcm
SwiftExplicitDependencyGeneratePcm arm64_32 /Users/admin/builder/spi-builder-workspace/.derivedData/SDKExplicitPrecompiledModules/Foundation-BJ2VQGI3OGR34500MEQ1VKHPH.pcm
SwiftCompile normal arm64 Compiling\ JSONSchema+Object.swift /Users/admin/builder/spi-builder-workspace/.dependencies/checkouts/swift-json-schema/Sources/JSONSchema/JSONSchema+Object.swift (in target 'JSONSchema' from project 'JSONSchema')
SwiftCompile normal arm64 /Users/admin/builder/spi-builder-workspace/.dependencies/checkouts/swift-json-schema/Sources/JSONSchema/JSONSchema+Object.swift (in target 'JSONSchema' from project 'JSONSchema')
    cd /Users/admin/builder/spi-builder-workspace/.swiftpm/xcode
    builtin-SwiftPerFileCompile JSONSchema+Object.swift
SwiftCompile normal arm64 Compiling\ JSONSchema+Enum.swift /Users/admin/builder/spi-builder-workspace/.dependencies/checkouts/swift-json-schema/Sources/JSONSchema/JSONSchema+Enum.swift (in target 'JSONSchema' from project 'JSONSchema')
SwiftCompile normal arm64 /Users/admin/builder/spi-builder-workspace/.dependencies/checkouts/swift-json-schema/Sources/JSONSchema/JSONSchema+Enum.swift (in target 'JSONSchema' from project 'JSONSchema')
    cd /Users/admin/builder/spi-builder-workspace/.swiftpm/xcode
    builtin-SwiftPerFileCompile JSONSchema+Enum.swift
SwiftCompile normal arm64 Compiling\ JSONSchema+String.swift /Users/admin/builder/spi-builder-workspace/.dependencies/checkouts/swift-json-schema/Sources/JSONSchema/JSONSchema+String.swift (in target 'JSONSchema' from project 'JSONSchema')
SwiftCompile normal arm64 /Users/admin/builder/spi-builder-workspace/.dependencies/checkouts/swift-json-schema/Sources/JSONSchema/JSONSchema+String.swift (in target 'JSONSchema' from project 'JSONSchema')
    cd /Users/admin/builder/spi-builder-workspace/.swiftpm/xcode
    builtin-SwiftPerFileCompile JSONSchema+String.swift
SwiftCompile normal arm64 Compiling\ JSONSchema+Null.swift /Users/admin/builder/spi-builder-workspace/.dependencies/checkouts/swift-json-schema/Sources/JSONSchema/JSONSchema+Null.swift (in target 'JSONSchema' from project 'JSONSchema')
SwiftCompile normal arm64 /Users/admin/builder/spi-builder-workspace/.dependencies/checkouts/swift-json-schema/Sources/JSONSchema/JSONSchema+Null.swift (in target 'JSONSchema' from project 'JSONSchema')
    cd /Users/admin/builder/spi-builder-workspace/.swiftpm/xcode
    builtin-SwiftPerFileCompile JSONSchema+Null.swift
SwiftCompile normal arm64 Compiling\ JSONSchema+Integer.swift /Users/admin/builder/spi-builder-workspace/.dependencies/checkouts/swift-json-schema/Sources/JSONSchema/JSONSchema+Integer.swift (in target 'JSONSchema' from project 'JSONSchema')
SwiftCompile normal arm64 /Users/admin/builder/spi-builder-workspace/.dependencies/checkouts/swift-json-schema/Sources/JSONSchema/JSONSchema+Integer.swift (in target 'JSONSchema' from project 'JSONSchema')
    cd /Users/admin/builder/spi-builder-workspace/.swiftpm/xcode
    builtin-SwiftPerFileCompile JSONSchema+Integer.swift
SwiftCompile normal arm64 Compiling\ JSONSchema+Array.swift /Users/admin/builder/spi-builder-workspace/.dependencies/checkouts/swift-json-schema/Sources/JSONSchema/JSONSchema+Array.swift (in target 'JSONSchema' from project 'JSONSchema')
SwiftCompile normal arm64 /Users/admin/builder/spi-builder-workspace/.dependencies/checkouts/swift-json-schema/Sources/JSONSchema/JSONSchema+Array.swift (in target 'JSONSchema' from project 'JSONSchema')
    cd /Users/admin/builder/spi-builder-workspace/.swiftpm/xcode
    builtin-SwiftPerFileCompile JSONSchema+Array.swift
SwiftEmitModule normal arm64 Emitting\ module\ for\ JSONSchema (in target 'JSONSchema' from project 'JSONSchema')
SwiftCompile normal arm64 (in target 'JSONSchema' from project 'JSONSchema')
    cd /Users/admin/builder/spi-builder-workspace/.swiftpm/xcode

SwiftCompile normal arm64 Compiling\ JSONSchema.swift /Users/admin/builder/spi-builder-workspace/.dependencies/checkouts/swift-json-schema/Sources/JSONSchema/JSONSchema.swift (in target 'JSONSchema' from project 'JSONSchema')
SwiftCompile normal arm64 /Users/admin/builder/spi-builder-workspace/.dependencies/checkouts/swift-json-schema/Sources/JSONSchema/JSONSchema.swift (in target 'JSONSchema' from project 'JSONSchema')
    cd /Users/admin/builder/spi-builder-workspace/.swiftpm/xcode
    builtin-SwiftPerFileCompile JSONSchema.swift
SwiftCompile normal arm64 Compiling\ JSONSchema+Boolean.swift /Users/admin/builder/spi-builder-workspace/.dependencies/checkouts/swift-json-schema/Sources/JSONSchema/JSONSchema+Boolean.swift (in target 'JSONSchema' from project 'JSONSchema')
SwiftCompile normal arm64 /Users/admin/builder/spi-builder-workspace/.dependencies/checkouts/swift-json-schema/Sources/JSONSchema/JSONSchema+Boolean.swift (in target 'JSONSchema' from project 'JSONSchema')
    cd /Users/admin/builder/spi-builder-workspace/.swiftpm/xcode
    builtin-SwiftPerFileCompile JSONSchema+Boolean.swift
SwiftCompile normal arm64 Compiling\ JSONSchema+Number.swift /Users/admin/builder/spi-builder-workspace/.dependencies/checkouts/swift-json-schema/Sources/JSONSchema/JSONSchema+Number.swift (in target 'JSONSchema' from project 'JSONSchema')
SwiftCompile normal arm64 /Users/admin/builder/spi-builder-workspace/.dependencies/checkouts/swift-json-schema/Sources/JSONSchema/JSONSchema+Number.swift (in target 'JSONSchema' from project 'JSONSchema')
    cd /Users/admin/builder/spi-builder-workspace/.swiftpm/xcode
    builtin-SwiftPerFileCompile JSONSchema+Number.swift
SwiftEmitModule normal arm64_32 Emitting\ module\ for\ JSONSchema (in target 'JSONSchema' from project 'JSONSchema')
SwiftCompile normal arm64_32 (in target 'JSONSchema' from project 'JSONSchema')
    cd /Users/admin/builder/spi-builder-workspace/.swiftpm/xcode

SwiftDriverJobDiscovery normal arm64 Emitting module for JSONSchema (in target 'JSONSchema' from project 'JSONSchema')
SwiftDriver\ Compilation\ Requirements JSONSchema normal arm64 com.apple.xcode.tools.swift.compiler (in target 'JSONSchema' from project 'JSONSchema')
    cd /Users/admin/builder/spi-builder-workspace/.swiftpm/xcode
    builtin-Swift-Compilation-Requirements -- /Applications/Xcode-27.0.0-Release.Candidate.app/Contents/Developer/Toolchains/XcodeDefault.xctoolchain/usr/bin/swiftc -parse-as-library -module-name JSONSchema -Onone @/Users/admin/builder/spi-builder-workspace/.derivedData/Build/Intermediates.noindex/JSONSchema.build/Debug-watchos/JSONSchema-t.build/Objects-normal/arm64/JSONSchema.SwiftFileList -DSWIFT_PACKAGE -DDEBUG -DSWIFT_MODULE_RESOURCE_BUNDLE_UNAVAILABLE -DXcode -plugin-path /Applications/Xcode-27.0.0-Release.Candidate.app/Contents/Developer/Toolchains/XcodeDefault.xctoolchain/usr/lib/swift/host/plugins/testing -enable-experimental-feature DebugDescriptionMacro -sdk /Applications/Xcode-27.0.0-Release.Candidate.app/Contents/Developer/Platforms/WatchOS.platform/Developer/SDKs/WatchOS27.0.sdk -target arm64-apple-watchos9.0 -g -module-cache-path /Users/admin/builder/spi-builder-workspace/.derivedData/ModuleCache.noindex -Xfrontend -serialize-debugging-options -profile-coverage-mapping -profile-generate -enable-testing -suppress-warnings -index-store-path /Users/admin/builder/spi-builder-workspace/.derivedData/Index.noindex/DataStore -Xcc -D_LIBCPP_HARDENING_MODE\=_LIBCPP_HARDENING_MODE_DEBUG -swift-version 5 -I /Users/admin/builder/spi-builder-workspace/.derivedData/Build/Products/Debug-watchos -Isystem /Applications/Xcode-27.0.0-Release.Candidate.app/Contents/Developer/Platforms/WatchOS.platform/Developer/usr/lib -F /Users/admin/builder/spi-builder-workspace/.derivedData/Build/Products/Debug-watchos -F /Applications/Xcode-27.0.0-Release.Candidate.app/Contents/Developer/Platforms/WatchOS.platform/Developer/Library/Frameworks -F /Applications/Xcode-27.0.0-Release.Candidate.app/Contents/Developer/Platforms/WatchOS.platform/Developer/SDKs/WatchOS27.0.sdk/Developer/Library/Frameworks -c -j10 -enable-batch-mode -incremental -Xcc -ivfsstatcache -Xcc /Users/admin/builder/spi-builder-workspace/.derivedData/SDKStatCaches.noindex/watchos27.0-24R360-e829b21a6f8c9b70876ba0858053c04477534ef55a1706bf4c1112bbb242f0a2.sdkstatcache -output-file-map /Users/admin/builder/spi-builder-workspace/.derivedData/Build/Intermediates.noindex/JSONSchema.build/Debug-watchos/JSONSchema-t.build/Objects-normal/arm64/JSONSchema-OutputFileMap.json -save-temps -no-color-diagnostics -explicit-module-build -module-cache-path /Users/admin/builder/spi-builder-workspace/.derivedData/Build/Intermediates.noindex/SwiftExplicitPrecompiledModules -clang-scanner-module-cache-path /Users/admin/builder/spi-builder-workspace/.derivedData/ModuleCache.noindex -sdk-module-cache-path /Users/admin/builder/spi-builder-workspace/.derivedData/SDKExplicitPrecompiledModules -emit-dependencies -emit-module -emit-module-path /Users/admin/builder/spi-builder-workspace/.derivedData/Build/Intermediates.noindex/JSONSchema.build/Debug-watchos/JSONSchema-t.build/Objects-normal/arm64/JSONSchema.swiftmodule -serialize-diagnostics -dependency-scan-serialize-diagnostics-path /Users/admin/builder/spi-builder-workspace/.derivedData/Build/Intermediates.noindex/JSONSchema.build/Debug-watchos/JSONSchema-t.build/Objects-normal/arm64/JSONSchema-dependency-scan.dia -validate-clang-modules-once -clang-build-session-file /Users/admin/builder/spi-builder-workspace/.derivedData/ModuleCache.noindex/Session.modulevalidation -Xcc -fmodules-prune-interval\=86400 -Xcc -fmodules-prune-after\=345600 -emit-const-values -const-gather-protocols-list /Users/admin/builder/spi-builder-workspace/.derivedData/Build/Intermediates.noindex/JSONSchema.build/Debug-watchos/JSONSchema-t.build/Objects-normal/arm64/JSONSchema_const_extract_protocols.json -Xcc -I/Users/admin/builder/spi-builder-workspace/.derivedData/Build/Products/Debug-watchos/include -Xcc -I/Users/admin/builder/spi-builder-workspace/.derivedData/Build/Intermediates.noindex/JSONSchema.build/Debug-watchos/JSONSchema-t.build/DerivedSources-normal/arm64 -Xcc -I/Users/admin/builder/spi-builder-workspace/.derivedData/Build/Intermediates.noindex/JSONSchema.build/Debug-watchos/JSONSchema-t.build/DerivedSources/arm64 -Xcc -I/Users/admin/builder/spi-builder-workspace/.derivedData/Build/Intermediates.noindex/JSONSchema.build/Debug-watchos/JSONSchema-t.build/DerivedSources -Xcc -DSWIFT_PACKAGE -Xcc -DDEBUG\=1 -emit-objc-header -emit-objc-header-path /Users/admin/builder/spi-builder-workspace/.derivedData/Build/Intermediates.noindex/JSONSchema.build/Debug-watchos/JSONSchema-t.build/Objects-normal/arm64/JSONSchema-Swift.h -working-directory /Users/admin/builder/spi-builder-workspace/.swiftpm/xcode -experimental-emit-module-separately -disable-cmo
SwiftDriverJobDiscovery normal arm64_32 Emitting module for JSONSchema (in target 'JSONSchema' from project 'JSONSchema')
SwiftDriver\ Compilation\ Requirements JSONSchema normal arm64_32 com.apple.xcode.tools.swift.compiler (in target 'JSONSchema' from project 'JSONSchema')
    cd /Users/admin/builder/spi-builder-workspace/.swiftpm/xcode
    builtin-Swift-Compilation-Requirements -- /Applications/Xcode-27.0.0-Release.Candidate.app/Contents/Developer/Toolchains/XcodeDefault.xctoolchain/usr/bin/swiftc -parse-as-library -module-name JSONSchema -Onone @/Users/admin/builder/spi-builder-workspace/.derivedData/Build/Intermediates.noindex/JSONSchema.build/Debug-watchos/JSONSchema-t.build/Objects-normal/arm64_32/JSONSchema.SwiftFileList -DSWIFT_PACKAGE -DDEBUG -DSWIFT_MODULE_RESOURCE_BUNDLE_UNAVAILABLE -DXcode -plugin-path /Applications/Xcode-27.0.0-Release.Candidate.app/Contents/Developer/Toolchains/XcodeDefault.xctoolchain/usr/lib/swift/host/plugins/testing -enable-experimental-feature DebugDescriptionMacro -sdk /Applications/Xcode-27.0.0-Release.Candidate.app/Contents/Developer/Platforms/WatchOS.platform/Developer/SDKs/WatchOS27.0.sdk -target arm64_32-apple-watchos9.0 -g -module-cache-path /Users/admin/builder/spi-builder-workspace/.derivedData/ModuleCache.noindex -Xfrontend -serialize-debugging-options -profile-coverage-mapping -profile-generate -enable-testing -suppress-warnings -index-store-path /Users/admin/builder/spi-builder-workspace/.derivedData/Index.noindex/DataStore -Xcc -D_LIBCPP_HARDENING_MODE\=_LIBCPP_HARDENING_MODE_DEBUG -swift-version 5 -I /Users/admin/builder/spi-builder-workspace/.derivedData/Build/Products/Debug-watchos -Isystem /Applications/Xcode-27.0.0-Release.Candidate.app/Contents/Developer/Platforms/WatchOS.platform/Developer/usr/lib -F /Users/admin/builder/spi-builder-workspace/.derivedData/Build/Products/Debug-watchos -F /Applications/Xcode-27.0.0-Release.Candidate.app/Contents/Developer/Platforms/WatchOS.platform/Developer/Library/Frameworks -F /Applications/Xcode-27.0.0-Release.Candidate.app/Contents/Developer/Platforms/WatchOS.platform/Developer/SDKs/WatchOS27.0.sdk/Developer/Library/Frameworks -c -j10 -enable-batch-mode -incremental -Xcc -ivfsstatcache -Xcc /Users/admin/builder/spi-builder-workspace/.derivedData/SDKStatCaches.noindex/watchos27.0-24R360-e829b21a6f8c9b70876ba0858053c04477534ef55a1706bf4c1112bbb242f0a2.sdkstatcache -output-file-map /Users/admin/builder/spi-builder-workspace/.derivedData/Build/Intermediates.noindex/JSONSchema.build/Debug-watchos/JSONSchema-t.build/Objects-normal/arm64_32/JSONSchema-OutputFileMap.json -save-temps -no-color-diagnostics -explicit-module-build -module-cache-path /Users/admin/builder/spi-builder-workspace/.derivedData/Build/Intermediates.noindex/SwiftExplicitPrecompiledModules -clang-scanner-module-cache-path /Users/admin/builder/spi-builder-workspace/.derivedData/ModuleCache.noindex -sdk-module-cache-path /Users/admin/builder/spi-builder-workspace/.derivedData/SDKExplicitPrecompiledModules -emit-dependencies -emit-module -emit-module-path /Users/admin/builder/spi-builder-workspace/.derivedData/Build/Intermediates.noindex/JSONSchema.build/Debug-watchos/JSONSchema-t.build/Objects-normal/arm64_32/JSONSchema.swiftmodule -serialize-diagnostics -dependency-scan-serialize-diagnostics-path /Users/admin/builder/spi-builder-workspace/.derivedData/Build/Intermediates.noindex/JSONSchema.build/Debug-watchos/JSONSchema-t.build/Objects-normal/arm64_32/JSONSchema-dependency-scan.dia -validate-clang-modules-once -clang-build-session-file /Users/admin/builder/spi-builder-workspace/.derivedData/ModuleCache.noindex/Session.modulevalidation -Xcc -fmodules-prune-interval\=86400 -Xcc -fmodules-prune-after\=345600 -emit-const-values -const-gather-protocols-list /Users/admin/builder/spi-builder-workspace/.derivedData/Build/Intermediates.noindex/JSONSchema.build/Debug-watchos/JSONSchema-t.build/Objects-normal/arm64_32/JSONSchema_const_extract_protocols.json -Xcc -I/Users/admin/builder/spi-builder-workspace/.derivedData/Build/Products/Debug-watchos/include -Xcc -I/Users/admin/builder/spi-builder-workspace/.derivedData/Build/Intermediates.noindex/JSONSchema.build/Debug-watchos/JSONSchema-t.build/DerivedSources-normal/arm64_32 -Xcc -I/Users/admin/builder/spi-builder-workspace/.derivedData/Build/Intermediates.noindex/JSONSchema.build/Debug-watchos/JSONSchema-t.build/DerivedSources/arm64_32 -Xcc -I/Users/admin/builder/spi-builder-workspace/.derivedData/Build/Intermediates.noindex/JSONSchema.build/Debug-watchos/JSONSchema-t.build/DerivedSources -Xcc -DSWIFT_PACKAGE -Xcc -DDEBUG\=1 -emit-objc-header -emit-objc-header-path /Users/admin/builder/spi-builder-workspace/.derivedData/Build/Intermediates.noindex/JSONSchema.build/Debug-watchos/JSONSchema-t.build/Objects-normal/arm64_32/JSONSchema-Swift.h -working-directory /Users/admin/builder/spi-builder-workspace/.swiftpm/xcode -experimental-emit-module-separately -disable-cmo
Copy /Users/admin/builder/spi-builder-workspace/.derivedData/Build/Products/Debug-watchos/JSONSchema.swiftmodule/arm64-apple-watchos.swiftmodule /Users/admin/builder/spi-builder-workspace/.derivedData/Build/Intermediates.noindex/JSONSchema.build/Debug-watchos/JSONSchema-t.build/Objects-normal/arm64/JSONSchema.swiftmodule (in target 'JSONSchema' from project 'JSONSchema')
    cd /Users/admin/builder/spi-builder-workspace/.dependencies/checkouts/swift-json-schema
    builtin-copy -exclude .DS_Store -exclude CVS -exclude .svn -exclude .git -exclude .hg -resolve-src-symlinks -rename /Users/admin/builder/spi-builder-workspace/.derivedData/Build/Intermediates.noindex/JSONSchema.build/Debug-watchos/JSONSchema-t.build/Objects-normal/arm64/JSONSchema.swiftmodule /Users/admin/builder/spi-builder-workspace/.derivedData/Build/Products/Debug-watchos/JSONSchema.swiftmodule/arm64-apple-watchos.swiftmodule
SwiftMergeGeneratedHeaders /Users/admin/builder/spi-builder-workspace/.derivedData/Build/Intermediates.noindex/GeneratedModuleMaps-watchos/JSONSchema-Swift.h /Users/admin/builder/spi-builder-workspace/.derivedData/Build/Intermediates.noindex/JSONSchema.build/Debug-watchos/JSONSchema-t.build/Objects-normal/arm64/JSONSchema-Swift.h /Users/admin/builder/spi-builder-workspace/.derivedData/Build/Intermediates.noindex/JSONSchema.build/Debug-watchos/JSONSchema-t.build/Objects-normal/arm64_32/JSONSchema-Swift.h (in target 'JSONSchema' from project 'JSONSchema')
    cd /Users/admin/builder/spi-builder-workspace/.dependencies/checkouts/swift-json-schema
    builtin-swiftHeaderTool -arch arm64 /Users/admin/builder/spi-builder-workspace/.derivedData/Build/Intermediates.noindex/JSONSchema.build/Debug-watchos/JSONSchema-t.build/Objects-normal/arm64/JSONSchema-Swift.h -arch arm64_32 /Users/admin/builder/spi-builder-workspace/.derivedData/Build/Intermediates.noindex/JSONSchema.build/Debug-watchos/JSONSchema-t.build/Objects-normal/arm64_32/JSONSchema-Swift.h -o /Users/admin/builder/spi-builder-workspace/.derivedData/Build/Intermediates.noindex/GeneratedModuleMaps-watchos/JSONSchema-Swift.h
Copy /Users/admin/builder/spi-builder-workspace/.derivedData/Build/Products/Debug-watchos/JSONSchema.swiftmodule/arm64_32-apple-watchos.swiftmodule /Users/admin/builder/spi-builder-workspace/.derivedData/Build/Intermediates.noindex/JSONSchema.build/Debug-watchos/JSONSchema-t.build/Objects-normal/arm64_32/JSONSchema.swiftmodule (in target 'JSONSchema' from project 'JSONSchema')
    cd /Users/admin/builder/spi-builder-workspace/.dependencies/checkouts/swift-json-schema
    builtin-copy -exclude .DS_Store -exclude CVS -exclude .svn -exclude .git -exclude .hg -resolve-src-symlinks -rename /Users/admin/builder/spi-builder-workspace/.derivedData/Build/Intermediates.noindex/JSONSchema.build/Debug-watchos/JSONSchema-t.build/Objects-normal/arm64_32/JSONSchema.swiftmodule /Users/admin/builder/spi-builder-workspace/.derivedData/Build/Products/Debug-watchos/JSONSchema.swiftmodule/arm64_32-apple-watchos.swiftmodule
Copy /Users/admin/builder/spi-builder-workspace/.derivedData/Build/Products/Debug-watchos/JSONSchema.swiftmodule/arm64_32-apple-watchos.swiftdoc /Users/admin/builder/spi-builder-workspace/.derivedData/Build/Intermediates.noindex/JSONSchema.build/Debug-watchos/JSONSchema-t.build/Objects-normal/arm64_32/JSONSchema.swiftdoc (in target 'JSONSchema' from project 'JSONSchema')
    cd /Users/admin/builder/spi-builder-workspace/.dependencies/checkouts/swift-json-schema
    builtin-copy -exclude .DS_Store -exclude CVS -exclude .svn -exclude .git -exclude .hg -resolve-src-symlinks -rename /Users/admin/builder/spi-builder-workspace/.derivedData/Build/Intermediates.noindex/JSONSchema.build/Debug-watchos/JSONSchema-t.build/Objects-normal/arm64_32/JSONSchema.swiftdoc /Users/admin/builder/spi-builder-workspace/.derivedData/Build/Products/Debug-watchos/JSONSchema.swiftmodule/arm64_32-apple-watchos.swiftdoc
Copy /Users/admin/builder/spi-builder-workspace/.derivedData/Build/Products/Debug-watchos/JSONSchema.swiftmodule/arm64_32-apple-watchos.abi.json /Users/admin/builder/spi-builder-workspace/.derivedData/Build/Intermediates.noindex/JSONSchema.build/Debug-watchos/JSONSchema-t.build/Objects-normal/arm64_32/JSONSchema.abi.json (in target 'JSONSchema' from project 'JSONSchema')
    cd /Users/admin/builder/spi-builder-workspace/.dependencies/checkouts/swift-json-schema
    builtin-copy -exclude .DS_Store -exclude CVS -exclude .svn -exclude .git -exclude .hg -resolve-src-symlinks -rename /Users/admin/builder/spi-builder-workspace/.derivedData/Build/Intermediates.noindex/JSONSchema.build/Debug-watchos/JSONSchema-t.build/Objects-normal/arm64_32/JSONSchema.abi.json /Users/admin/builder/spi-builder-workspace/.derivedData/Build/Products/Debug-watchos/JSONSchema.swiftmodule/arm64_32-apple-watchos.abi.json
Copy /Users/admin/builder/spi-builder-workspace/.derivedData/Build/Products/Debug-watchos/JSONSchema.swiftmodule/arm64-apple-watchos.swiftdoc /Users/admin/builder/spi-builder-workspace/.derivedData/Build/Intermediates.noindex/JSONSchema.build/Debug-watchos/JSONSchema-t.build/Objects-normal/arm64/JSONSchema.swiftdoc (in target 'JSONSchema' from project 'JSONSchema')
    cd /Users/admin/builder/spi-builder-workspace/.dependencies/checkouts/swift-json-schema
    builtin-copy -exclude .DS_Store -exclude CVS -exclude .svn -exclude .git -exclude .hg -resolve-src-symlinks -rename /Users/admin/builder/spi-builder-workspace/.derivedData/Build/Intermediates.noindex/JSONSchema.build/Debug-watchos/JSONSchema-t.build/Objects-normal/arm64/JSONSchema.swiftdoc /Users/admin/builder/spi-builder-workspace/.derivedData/Build/Products/Debug-watchos/JSONSchema.swiftmodule/arm64-apple-watchos.swiftdoc
Copy /Users/admin/builder/spi-builder-workspace/.derivedData/Build/Products/Debug-watchos/JSONSchema.swiftmodule/arm64-apple-watchos.abi.json /Users/admin/builder/spi-builder-workspace/.derivedData/Build/Intermediates.noindex/JSONSchema.build/Debug-watchos/JSONSchema-t.build/Objects-normal/arm64/JSONSchema.abi.json (in target 'JSONSchema' from project 'JSONSchema')
    cd /Users/admin/builder/spi-builder-workspace/.dependencies/checkouts/swift-json-schema
    builtin-copy -exclude .DS_Store -exclude CVS -exclude .svn -exclude .git -exclude .hg -resolve-src-symlinks -rename /Users/admin/builder/spi-builder-workspace/.derivedData/Build/Intermediates.noindex/JSONSchema.build/Debug-watchos/JSONSchema-t.build/Objects-normal/arm64/JSONSchema.abi.json /Users/admin/builder/spi-builder-workspace/.derivedData/Build/Products/Debug-watchos/JSONSchema.swiftmodule/arm64-apple-watchos.abi.json
Copy /Users/admin/builder/spi-builder-workspace/.derivedData/Build/Products/Debug-watchos/JSONSchema.swiftmodule/Project/arm64_32-apple-watchos.swiftsourceinfo /Users/admin/builder/spi-builder-workspace/.derivedData/Build/Intermediates.noindex/JSONSchema.build/Debug-watchos/JSONSchema-t.build/Objects-normal/arm64_32/JSONSchema.swiftsourceinfo (in target 'JSONSchema' from project 'JSONSchema')
    cd /Users/admin/builder/spi-builder-workspace/.dependencies/checkouts/swift-json-schema
    builtin-copy -exclude .DS_Store -exclude CVS -exclude .svn -exclude .git -exclude .hg -resolve-src-symlinks -rename /Users/admin/builder/spi-builder-workspace/.derivedData/Build/Intermediates.noindex/JSONSchema.build/Debug-watchos/JSONSchema-t.build/Objects-normal/arm64_32/JSONSchema.swiftsourceinfo /Users/admin/builder/spi-builder-workspace/.derivedData/Build/Products/Debug-watchos/JSONSchema.swiftmodule/Project/arm64_32-apple-watchos.swiftsourceinfo
Copy /Users/admin/builder/spi-builder-workspace/.derivedData/Build/Products/Debug-watchos/JSONSchema.swiftmodule/Project/arm64-apple-watchos.swiftsourceinfo /Users/admin/builder/spi-builder-workspace/.derivedData/Build/Intermediates.noindex/JSONSchema.build/Debug-watchos/JSONSchema-t.build/Objects-normal/arm64/JSONSchema.swiftsourceinfo (in target 'JSONSchema' from project 'JSONSchema')
    cd /Users/admin/builder/spi-builder-workspace/.dependencies/checkouts/swift-json-schema
    builtin-copy -exclude .DS_Store -exclude CVS -exclude .svn -exclude .git -exclude .hg -resolve-src-symlinks -rename /Users/admin/builder/spi-builder-workspace/.derivedData/Build/Intermediates.noindex/JSONSchema.build/Debug-watchos/JSONSchema-t.build/Objects-normal/arm64/JSONSchema.swiftsourceinfo /Users/admin/builder/spi-builder-workspace/.derivedData/Build/Products/Debug-watchos/JSONSchema.swiftmodule/Project/arm64-apple-watchos.swiftsourceinfo
SwiftCompile normal arm64_32 Compiling\ JSONSchema+Boolean.swift /Users/admin/builder/spi-builder-workspace/.dependencies/checkouts/swift-json-schema/Sources/JSONSchema/JSONSchema+Boolean.swift (in target 'JSONSchema' from project 'JSONSchema')
SwiftCompile normal arm64_32 /Users/admin/builder/spi-builder-workspace/.dependencies/checkouts/swift-json-schema/Sources/JSONSchema/JSONSchema+Boolean.swift (in target 'JSONSchema' from project 'JSONSchema')
    cd /Users/admin/builder/spi-builder-workspace/.swiftpm/xcode
    builtin-SwiftPerFileCompile JSONSchema+Boolean.swift
SwiftCompile normal arm64_32 Compiling\ JSONSchema+Array.swift /Users/admin/builder/spi-builder-workspace/.dependencies/checkouts/swift-json-schema/Sources/JSONSchema/JSONSchema+Array.swift (in target 'JSONSchema' from project 'JSONSchema')
SwiftCompile normal arm64_32 /Users/admin/builder/spi-builder-workspace/.dependencies/checkouts/swift-json-schema/Sources/JSONSchema/JSONSchema+Array.swift (in target 'JSONSchema' from project 'JSONSchema')
    cd /Users/admin/builder/spi-builder-workspace/.swiftpm/xcode
    builtin-SwiftPerFileCompile JSONSchema+Array.swift
SwiftDriverJobDiscovery normal arm64 Compiling JSONSchema+Boolean.swift (in target 'JSONSchema' from project 'JSONSchema')
SwiftCompile normal arm64_32 Compiling\ JSONSchema+Enum.swift /Users/admin/builder/spi-builder-workspace/.dependencies/checkouts/swift-json-schema/Sources/JSONSchema/JSONSchema+Enum.swift (in target 'JSONSchema' from project 'JSONSchema')
SwiftCompile normal arm64_32 /Users/admin/builder/spi-builder-workspace/.dependencies/checkouts/swift-json-schema/Sources/JSONSchema/JSONSchema+Enum.swift (in target 'JSONSchema' from project 'JSONSchema')
    cd /Users/admin/builder/spi-builder-workspace/.swiftpm/xcode
    builtin-SwiftPerFileCompile JSONSchema+Enum.swift
SwiftDriverJobDiscovery normal arm64 Compiling JSONSchema+Null.swift (in target 'JSONSchema' from project 'JSONSchema')
SwiftCompile normal arm64_32 Compiling\ JSONSchema+Null.swift /Users/admin/builder/spi-builder-workspace/.dependencies/checkouts/swift-json-schema/Sources/JSONSchema/JSONSchema+Null.swift (in target 'JSONSchema' from project 'JSONSchema')
SwiftCompile normal arm64_32 /Users/admin/builder/spi-builder-workspace/.dependencies/checkouts/swift-json-schema/Sources/JSONSchema/JSONSchema+Null.swift (in target 'JSONSchema' from project 'JSONSchema')
    cd /Users/admin/builder/spi-builder-workspace/.swiftpm/xcode
    builtin-SwiftPerFileCompile JSONSchema+Null.swift
SwiftDriverJobDiscovery normal arm64 Compiling JSONSchema+Number.swift (in target 'JSONSchema' from project 'JSONSchema')
SwiftCompile normal arm64_32 Compiling\ JSONSchema+String.swift /Users/admin/builder/spi-builder-workspace/.dependencies/checkouts/swift-json-schema/Sources/JSONSchema/JSONSchema+String.swift (in target 'JSONSchema' from project 'JSONSchema')
SwiftCompile normal arm64_32 /Users/admin/builder/spi-builder-workspace/.dependencies/checkouts/swift-json-schema/Sources/JSONSchema/JSONSchema+String.swift (in target 'JSONSchema' from project 'JSONSchema')
    cd /Users/admin/builder/spi-builder-workspace/.swiftpm/xcode
    builtin-SwiftPerFileCompile JSONSchema+String.swift
SwiftDriverJobDiscovery normal arm64 Compiling JSONSchema+Integer.swift (in target 'JSONSchema' from project 'JSONSchema')
SwiftDriverJobDiscovery normal arm64 Compiling JSONSchema+Enum.swift (in target 'JSONSchema' from project 'JSONSchema')
SwiftCompile normal arm64_32 Compiling\ JSONSchema+Object.swift /Users/admin/builder/spi-builder-workspace/.dependencies/checkouts/swift-json-schema/Sources/JSONSchema/JSONSchema+Object.swift (in target 'JSONSchema' from project 'JSONSchema')
SwiftCompile normal arm64_32 /Users/admin/builder/spi-builder-workspace/.dependencies/checkouts/swift-json-schema/Sources/JSONSchema/JSONSchema+Object.swift (in target 'JSONSchema' from project 'JSONSchema')
    cd /Users/admin/builder/spi-builder-workspace/.swiftpm/xcode
    builtin-SwiftPerFileCompile JSONSchema+Object.swift
SwiftCompile normal arm64_32 Compiling\ JSONSchema+Number.swift /Users/admin/builder/spi-builder-workspace/.dependencies/checkouts/swift-json-schema/Sources/JSONSchema/JSONSchema+Number.swift (in target 'JSONSchema' from project 'JSONSchema')
SwiftCompile normal arm64_32 /Users/admin/builder/spi-builder-workspace/.dependencies/checkouts/swift-json-schema/Sources/JSONSchema/JSONSchema+Number.swift (in target 'JSONSchema' from project 'JSONSchema')
    cd /Users/admin/builder/spi-builder-workspace/.swiftpm/xcode
    builtin-SwiftPerFileCompile JSONSchema+Number.swift
SwiftCompile normal arm64_32 Compiling\ JSONSchema+Integer.swift /Users/admin/builder/spi-builder-workspace/.dependencies/checkouts/swift-json-schema/Sources/JSONSchema/JSONSchema+Integer.swift (in target 'JSONSchema' from project 'JSONSchema')
SwiftCompile normal arm64_32 /Users/admin/builder/spi-builder-workspace/.dependencies/checkouts/swift-json-schema/Sources/JSONSchema/JSONSchema+Integer.swift (in target 'JSONSchema' from project 'JSONSchema')
    cd /Users/admin/builder/spi-builder-workspace/.swiftpm/xcode
    builtin-SwiftPerFileCompile JSONSchema+Integer.swift
SwiftCompile normal arm64_32 Compiling\ JSONSchema.swift /Users/admin/builder/spi-builder-workspace/.dependencies/checkouts/swift-json-schema/Sources/JSONSchema/JSONSchema.swift (in target 'JSONSchema' from project 'JSONSchema')
SwiftCompile normal arm64_32 /Users/admin/builder/spi-builder-workspace/.dependencies/checkouts/swift-json-schema/Sources/JSONSchema/JSONSchema.swift (in target 'JSONSchema' from project 'JSONSchema')
    cd /Users/admin/builder/spi-builder-workspace/.swiftpm/xcode
    builtin-SwiftPerFileCompile JSONSchema.swift
SwiftDriverJobDiscovery normal arm64 Compiling JSONSchema+Array.swift (in target 'JSONSchema' from project 'JSONSchema')
SwiftDriverJobDiscovery normal arm64 Compiling JSONSchema+String.swift (in target 'JSONSchema' from project 'JSONSchema')
SwiftDriverJobDiscovery normal arm64_32 Compiling JSONSchema+Boolean.swift (in target 'JSONSchema' from project 'JSONSchema')
SwiftDriverJobDiscovery normal arm64 Compiling JSONSchema+Object.swift (in target 'JSONSchema' from project 'JSONSchema')
SwiftDriverJobDiscovery normal arm64 Compiling JSONSchema.swift (in target 'JSONSchema' from project 'JSONSchema')
SwiftDriver\ Compilation JSONSchema normal arm64 com.apple.xcode.tools.swift.compiler (in target 'JSONSchema' from project 'JSONSchema')
    cd /Users/admin/builder/spi-builder-workspace/.swiftpm/xcode
    builtin-Swift-Compilation -- /Applications/Xcode-27.0.0-Release.Candidate.app/Contents/Developer/Toolchains/XcodeDefault.xctoolchain/usr/bin/swiftc -parse-as-library -module-name JSONSchema -Onone @/Users/admin/builder/spi-builder-workspace/.derivedData/Build/Intermediates.noindex/JSONSchema.build/Debug-watchos/JSONSchema-t.build/Objects-normal/arm64/JSONSchema.SwiftFileList -DSWIFT_PACKAGE -DDEBUG -DSWIFT_MODULE_RESOURCE_BUNDLE_UNAVAILABLE -DXcode -plugin-path /Applications/Xcode-27.0.0-Release.Candidate.app/Contents/Developer/Toolchains/XcodeDefault.xctoolchain/usr/lib/swift/host/plugins/testing -enable-experimental-feature DebugDescriptionMacro -sdk /Applications/Xcode-27.0.0-Release.Candidate.app/Contents/Developer/Platforms/WatchOS.platform/Developer/SDKs/WatchOS27.0.sdk -target arm64-apple-watchos9.0 -g -module-cache-path /Users/admin/builder/spi-builder-workspace/.derivedData/ModuleCache.noindex -Xfrontend -serialize-debugging-options -profile-coverage-mapping -profile-generate -enable-testing -suppress-warnings -index-store-path /Users/admin/builder/spi-builder-workspace/.derivedData/Index.noindex/DataStore -Xcc -D_LIBCPP_HARDENING_MODE\=_LIBCPP_HARDENING_MODE_DEBUG -swift-version 5 -I /Users/admin/builder/spi-builder-workspace/.derivedData/Build/Products/Debug-watchos -Isystem /Applications/Xcode-27.0.0-Release.Candidate.app/Contents/Developer/Platforms/WatchOS.platform/Developer/usr/lib -F /Users/admin/builder/spi-builder-workspace/.derivedData/Build/Products/Debug-watchos -F /Applications/Xcode-27.0.0-Release.Candidate.app/Contents/Developer/Platforms/WatchOS.platform/Developer/Library/Frameworks -F /Applications/Xcode-27.0.0-Release.Candidate.app/Contents/Developer/Platforms/WatchOS.platform/Developer/SDKs/WatchOS27.0.sdk/Developer/Library/Frameworks -c -j10 -enable-batch-mode -incremental -Xcc -ivfsstatcache -Xcc /Users/admin/builder/spi-builder-workspace/.derivedData/SDKStatCaches.noindex/watchos27.0-24R360-e829b21a6f8c9b70876ba0858053c04477534ef55a1706bf4c1112bbb242f0a2.sdkstatcache -output-file-map /Users/admin/builder/spi-builder-workspace/.derivedData/Build/Intermediates.noindex/JSONSchema.build/Debug-watchos/JSONSchema-t.build/Objects-normal/arm64/JSONSchema-OutputFileMap.json -save-temps -no-color-diagnostics -explicit-module-build -module-cache-path /Users/admin/builder/spi-builder-workspace/.derivedData/Build/Intermediates.noindex/SwiftExplicitPrecompiledModules -clang-scanner-module-cache-path /Users/admin/builder/spi-builder-workspace/.derivedData/ModuleCache.noindex -sdk-module-cache-path /Users/admin/builder/spi-builder-workspace/.derivedData/SDKExplicitPrecompiledModules -emit-dependencies -emit-module -emit-module-path /Users/admin/builder/spi-builder-workspace/.derivedData/Build/Intermediates.noindex/JSONSchema.build/Debug-watchos/JSONSchema-t.build/Objects-normal/arm64/JSONSchema.swiftmodule -serialize-diagnostics -dependency-scan-serialize-diagnostics-path /Users/admin/builder/spi-builder-workspace/.derivedData/Build/Intermediates.noindex/JSONSchema.build/Debug-watchos/JSONSchema-t.build/Objects-normal/arm64/JSONSchema-dependency-scan.dia -validate-clang-modules-once -clang-build-session-file /Users/admin/builder/spi-builder-workspace/.derivedData/ModuleCache.noindex/Session.modulevalidation -Xcc -fmodules-prune-interval\=86400 -Xcc -fmodules-prune-after\=345600 -emit-const-values -const-gather-protocols-list /Users/admin/builder/spi-builder-workspace/.derivedData/Build/Intermediates.noindex/JSONSchema.build/Debug-watchos/JSONSchema-t.build/Objects-normal/arm64/JSONSchema_const_extract_protocols.json -Xcc -I/Users/admin/builder/spi-builder-workspace/.derivedData/Build/Products/Debug-watchos/include -Xcc -I/Users/admin/builder/spi-builder-workspace/.derivedData/Build/Intermediates.noindex/JSONSchema.build/Debug-watchos/JSONSchema-t.build/DerivedSources-normal/arm64 -Xcc -I/Users/admin/builder/spi-builder-workspace/.derivedData/Build/Intermediates.noindex/JSONSchema.build/Debug-watchos/JSONSchema-t.build/DerivedSources/arm64 -Xcc -I/Users/admin/builder/spi-builder-workspace/.derivedData/Build/Intermediates.noindex/JSONSchema.build/Debug-watchos/JSONSchema-t.build/DerivedSources -Xcc -DSWIFT_PACKAGE -Xcc -DDEBUG\=1 -emit-objc-header -emit-objc-header-path /Users/admin/builder/spi-builder-workspace/.derivedData/Build/Intermediates.noindex/JSONSchema.build/Debug-watchos/JSONSchema-t.build/Objects-normal/arm64/JSONSchema-Swift.h -working-directory /Users/admin/builder/spi-builder-workspace/.swiftpm/xcode -experimental-emit-module-separately -disable-cmo
Ld /Users/admin/builder/spi-builder-workspace/.derivedData/Build/Intermediates.noindex/JSONSchema.build/Debug-watchos/JSONSchema-t.build/Objects-normal/arm64/Binary/JSONSchema.o normal arm64 (in target 'JSONSchema' from project 'JSONSchema')
    cd /Users/admin/builder/spi-builder-workspace/.dependencies/checkouts/swift-json-schema
    /Applications/Xcode-27.0.0-Release.Candidate.app/Contents/Developer/Toolchains/XcodeDefault.xctoolchain/usr/bin/clang -Xlinker -reproducible -target arm64-apple-watchos9.0 -r -isysroot /Applications/Xcode-27.0.0-Release.Candidate.app/Contents/Developer/Platforms/WatchOS.platform/Developer/SDKs/WatchOS27.0.sdk -O0 -w -Xlinker -no_warn_duplicate_libraries -F/Users/admin/builder/spi-builder-workspace/.derivedData/Build/Intermediates.noindex/EagerLinkingTBDs/Debug-watchos -F/Users/admin/builder/spi-builder-workspace/.derivedData/Build/Products/Debug-watchos -iframework /Applications/Xcode-27.0.0-Release.Candidate.app/Contents/Developer/Platforms/WatchOS.platform/Developer/Library/Frameworks -iframework /Applications/Xcode-27.0.0-Release.Candidate.app/Contents/Developer/Platforms/WatchOS.platform/Developer/SDKs/WatchOS27.0.sdk/Developer/Library/Frameworks -filelist /Users/admin/builder/spi-builder-workspace/.derivedData/Build/Intermediates.noindex/JSONSchema.build/Debug-watchos/JSONSchema-t.build/Objects-normal/arm64/JSONSchema.LinkFileList -nostdlib -Xlinker -object_path_lto -Xlinker /Users/admin/builder/spi-builder-workspace/.derivedData/Build/Intermediates.noindex/JSONSchema.build/Debug-watchos/JSONSchema-t.build/Objects-normal/arm64/JSONSchema_lto.o -Xlinker -no_deduplicate -Xlinker -debug_variant -Xlinker -dependency_info -Xlinker /Users/admin/builder/spi-builder-workspace/.derivedData/Build/Intermediates.noindex/JSONSchema.build/Debug-watchos/JSONSchema-t.build/Objects-normal/arm64/JSONSchema_dependency_info.dat -fobjc-link-runtime -L/Applications/Xcode-27.0.0-Release.Candidate.app/Contents/Developer/Toolchains/XcodeDefault.xctoolchain/usr/lib/swift/watchos -L/usr/lib/swift -Xlinker -add_ast_path -Xlinker /Users/admin/builder/spi-builder-workspace/.derivedData/Build/Intermediates.noindex/JSONSchema.build/Debug-watchos/JSONSchema-t.build/Objects-normal/arm64/JSONSchema.swiftmodule -o /Users/admin/builder/spi-builder-workspace/.derivedData/Build/Intermediates.noindex/JSONSchema.build/Debug-watchos/JSONSchema-t.build/Objects-normal/arm64/Binary/JSONSchema.o
SwiftDriver OllamaKit normal arm64 com.apple.xcode.tools.swift.compiler (in target 'OllamaKit' from project 'OllamaKit')
    cd /Users/admin/builder/spi-builder-workspace/.swiftpm/xcode
    builtin-SwiftDriver -- /Applications/Xcode-27.0.0-Release.Candidate.app/Contents/Developer/Toolchains/XcodeDefault.xctoolchain/usr/bin/swiftc -parse-as-library -module-name OllamaKit -Onone @/Users/admin/builder/spi-builder-workspace/.derivedData/Build/Intermediates.noindex/OllamaKit.build/Debug-watchos/OllamaKit-t.build/Objects-normal/arm64/OllamaKit.SwiftFileList -DSWIFT_PACKAGE -DDEBUG -DSWIFT_MODULE_RESOURCE_BUNDLE_UNAVAILABLE -DXcode -plugin-path /Applications/Xcode-27.0.0-Release.Candidate.app/Contents/Developer/Toolchains/XcodeDefault.xctoolchain/usr/lib/swift/host/plugins/testing -enable-experimental-feature DebugDescriptionMacro -sdk /Applications/Xcode-27.0.0-Release.Candidate.app/Contents/Developer/Platforms/WatchOS.platform/Developer/SDKs/WatchOS27.0.sdk -target arm64-apple-watchos9.0 -g -module-cache-path /Users/admin/builder/spi-builder-workspace/.derivedData/ModuleCache.noindex -Xfrontend -serialize-debugging-options -profile-coverage-mapping -profile-generate -enable-testing -index-store-path /Users/admin/builder/spi-builder-workspace/.derivedData/Index.noindex/DataStore -Xcc -D_LIBCPP_HARDENING_MODE\=_LIBCPP_HARDENING_MODE_DEBUG -swift-version 6 -I /Users/admin/builder/spi-builder-workspace/.derivedData/Build/Products/Debug-watchos -Isystem /Applications/Xcode-27.0.0-Release.Candidate.app/Contents/Developer/Platforms/WatchOS.platform/Developer/usr/lib -F /Users/admin/builder/spi-builder-workspace/.derivedData/Build/Products/Debug-watchos/PackageFrameworks -F /Users/admin/builder/spi-builder-workspace/.derivedData/Build/Products/Debug-watchos -F /Applications/Xcode-27.0.0-Release.Candidate.app/Contents/Developer/Platforms/WatchOS.platform/Developer/Library/Frameworks -F /Applications/Xcode-27.0.0-Release.Candidate.app/Contents/Developer/Platforms/WatchOS.platform/Developer/SDKs/WatchOS27.0.sdk/Developer/Library/Frameworks -c -j10 -enable-batch-mode -incremental -Xcc -ivfsstatcache -Xcc /Users/admin/builder/spi-builder-workspace/.derivedData/SDKStatCaches.noindex/watchos27.0-24R360-e829b21a6f8c9b70876ba0858053c04477534ef55a1706bf4c1112bbb242f0a2.sdkstatcache -output-file-map /Users/admin/builder/spi-builder-workspace/.derivedData/Build/Intermediates.noindex/OllamaKit.build/Debug-watchos/OllamaKit-t.build/Objects-normal/arm64/OllamaKit-OutputFileMap.json -save-temps -no-color-diagnostics -explicit-module-build -module-cache-path /Users/admin/builder/spi-builder-workspace/.derivedData/Build/Intermediates.noindex/SwiftExplicitPrecompiledModules -clang-scanner-module-cache-path /Users/admin/builder/spi-builder-workspace/.derivedData/ModuleCache.noindex -sdk-module-cache-path /Users/admin/builder/spi-builder-workspace/.derivedData/SDKExplicitPrecompiledModules -emit-dependencies -emit-module -emit-module-path /Users/admin/builder/spi-builder-workspace/.derivedData/Build/Intermediates.noindex/OllamaKit.build/Debug-watchos/OllamaKit-t.build/Objects-normal/arm64/OllamaKit.swiftmodule -serialize-diagnostics -dependency-scan-serialize-diagnostics-path /Users/admin/builder/spi-builder-workspace/.derivedData/Build/Intermediates.noindex/OllamaKit.build/Debug-watchos/OllamaKit-t.build/Objects-normal/arm64/OllamaKit-dependency-scan.dia -validate-clang-modules-once -clang-build-session-file /Users/admin/builder/spi-builder-workspace/.derivedData/ModuleCache.noindex/Session.modulevalidation -Xcc -fmodules-prune-interval\=86400 -Xcc -fmodules-prune-after\=345600 -package-name spi_builder_workspace -emit-const-values -const-gather-protocols-list /Users/admin/builder/spi-builder-workspace/.derivedData/Build/Intermediates.noindex/OllamaKit.build/Debug-watchos/OllamaKit-t.build/Objects-normal/arm64/OllamaKit_const_extract_protocols.json -Xcc -I/Users/admin/builder/spi-builder-workspace/.derivedData/Build/Products/Debug-watchos/include -Xcc -I/Users/admin/builder/spi-builder-workspace/.derivedData/Build/Intermediates.noindex/OllamaKit.build/Debug-watchos/OllamaKit-t.build/DerivedSources-normal/arm64 -Xcc -I/Users/admin/builder/spi-builder-workspace/.derivedData/Build/Intermediates.noindex/OllamaKit.build/Debug-watchos/OllamaKit-t.build/DerivedSources/arm64 -Xcc -I/Users/admin/builder/spi-builder-workspace/.derivedData/Build/Intermediates.noindex/OllamaKit.build/Debug-watchos/OllamaKit-t.build/DerivedSources -Xcc -DSWIFT_PACKAGE -Xcc -DDEBUG\=1 -emit-objc-header -emit-objc-header-path /Users/admin/builder/spi-builder-workspace/.derivedData/Build/Intermediates.noindex/OllamaKit.build/Debug-watchos/OllamaKit-t.build/Objects-normal/arm64/OllamaKit-Swift.h -working-directory /Users/admin/builder/spi-builder-workspace/.swiftpm/xcode -experimental-emit-module-separately -disable-cmo
SwiftDriver OllamaKit normal arm64_32 com.apple.xcode.tools.swift.compiler (in target 'OllamaKit' from project 'OllamaKit')
    cd /Users/admin/builder/spi-builder-workspace/.swiftpm/xcode
    builtin-SwiftDriver -- /Applications/Xcode-27.0.0-Release.Candidate.app/Contents/Developer/Toolchains/XcodeDefault.xctoolchain/usr/bin/swiftc -parse-as-library -module-name OllamaKit -Onone @/Users/admin/builder/spi-builder-workspace/.derivedData/Build/Intermediates.noindex/OllamaKit.build/Debug-watchos/OllamaKit-t.build/Objects-normal/arm64_32/OllamaKit.SwiftFileList -DSWIFT_PACKAGE -DDEBUG -DSWIFT_MODULE_RESOURCE_BUNDLE_UNAVAILABLE -DXcode -plugin-path /Applications/Xcode-27.0.0-Release.Candidate.app/Contents/Developer/Toolchains/XcodeDefault.xctoolchain/usr/lib/swift/host/plugins/testing -enable-experimental-feature DebugDescriptionMacro -sdk /Applications/Xcode-27.0.0-Release.Candidate.app/Contents/Developer/Platforms/WatchOS.platform/Developer/SDKs/WatchOS27.0.sdk -target arm64_32-apple-watchos9.0 -g -module-cache-path /Users/admin/builder/spi-builder-workspace/.derivedData/ModuleCache.noindex -Xfrontend -serialize-debugging-options -profile-coverage-mapping -profile-generate -enable-testing -index-store-path /Users/admin/builder/spi-builder-workspace/.derivedData/Index.noindex/DataStore -Xcc -D_LIBCPP_HARDENING_MODE\=_LIBCPP_HARDENING_MODE_DEBUG -swift-version 6 -I /Users/admin/builder/spi-builder-workspace/.derivedData/Build/Products/Debug-watchos -Isystem /Applications/Xcode-27.0.0-Release.Candidate.app/Contents/Developer/Platforms/WatchOS.platform/Developer/usr/lib -F /Users/admin/builder/spi-builder-workspace/.derivedData/Build/Products/Debug-watchos/PackageFrameworks -F /Users/admin/builder/spi-builder-workspace/.derivedData/Build/Products/Debug-watchos -F /Applications/Xcode-27.0.0-Release.Candidate.app/Contents/Developer/Platforms/WatchOS.platform/Developer/Library/Frameworks -F /Applications/Xcode-27.0.0-Release.Candidate.app/Contents/Developer/Platforms/WatchOS.platform/Developer/SDKs/WatchOS27.0.sdk/Developer/Library/Frameworks -c -j10 -enable-batch-mode -incremental -Xcc -ivfsstatcache -Xcc /Users/admin/builder/spi-builder-workspace/.derivedData/SDKStatCaches.noindex/watchos27.0-24R360-e829b21a6f8c9b70876ba0858053c04477534ef55a1706bf4c1112bbb242f0a2.sdkstatcache -output-file-map /Users/admin/builder/spi-builder-workspace/.derivedData/Build/Intermediates.noindex/OllamaKit.build/Debug-watchos/OllamaKit-t.build/Objects-normal/arm64_32/OllamaKit-OutputFileMap.json -save-temps -no-color-diagnostics -explicit-module-build -module-cache-path /Users/admin/builder/spi-builder-workspace/.derivedData/Build/Intermediates.noindex/SwiftExplicitPrecompiledModules -clang-scanner-module-cache-path /Users/admin/builder/spi-builder-workspace/.derivedData/ModuleCache.noindex -sdk-module-cache-path /Users/admin/builder/spi-builder-workspace/.derivedData/SDKExplicitPrecompiledModules -emit-dependencies -emit-module -emit-module-path /Users/admin/builder/spi-builder-workspace/.derivedData/Build/Intermediates.noindex/OllamaKit.build/Debug-watchos/OllamaKit-t.build/Objects-normal/arm64_32/OllamaKit.swiftmodule -serialize-diagnostics -dependency-scan-serialize-diagnostics-path /Users/admin/builder/spi-builder-workspace/.derivedData/Build/Intermediates.noindex/OllamaKit.build/Debug-watchos/OllamaKit-t.build/Objects-normal/arm64_32/OllamaKit-dependency-scan.dia -validate-clang-modules-once -clang-build-session-file /Users/admin/builder/spi-builder-workspace/.derivedData/ModuleCache.noindex/Session.modulevalidation -Xcc -fmodules-prune-interval\=86400 -Xcc -fmodules-prune-after\=345600 -package-name spi_builder_workspace -emit-const-values -const-gather-protocols-list /Users/admin/builder/spi-builder-workspace/.derivedData/Build/Intermediates.noindex/OllamaKit.build/Debug-watchos/OllamaKit-t.build/Objects-normal/arm64_32/OllamaKit_const_extract_protocols.json -Xcc -I/Users/admin/builder/spi-builder-workspace/.derivedData/Build/Products/Debug-watchos/include -Xcc -I/Users/admin/builder/spi-builder-workspace/.derivedData/Build/Intermediates.noindex/OllamaKit.build/Debug-watchos/OllamaKit-t.build/DerivedSources-normal/arm64_32 -Xcc -I/Users/admin/builder/spi-builder-workspace/.derivedData/Build/Intermediates.noindex/OllamaKit.build/Debug-watchos/OllamaKit-t.build/DerivedSources/arm64_32 -Xcc -I/Users/admin/builder/spi-builder-workspace/.derivedData/Build/Intermediates.noindex/OllamaKit.build/Debug-watchos/OllamaKit-t.build/DerivedSources -Xcc -DSWIFT_PACKAGE -Xcc -DDEBUG\=1 -emit-objc-header -emit-objc-header-path /Users/admin/builder/spi-builder-workspace/.derivedData/Build/Intermediates.noindex/OllamaKit.build/Debug-watchos/OllamaKit-t.build/Objects-normal/arm64_32/OllamaKit-Swift.h -working-directory /Users/admin/builder/spi-builder-workspace/.swiftpm/xcode -experimental-emit-module-separately -disable-cmo
SwiftDriverJobDiscovery normal arm64_32 Compiling JSONSchema+Null.swift (in target 'JSONSchema' from project 'JSONSchema')
SwiftDriverJobDiscovery normal arm64_32 Compiling JSONSchema+Number.swift (in target 'JSONSchema' from project 'JSONSchema')
SwiftDriverJobDiscovery normal arm64_32 Compiling JSONSchema+String.swift (in target 'JSONSchema' from project 'JSONSchema')
SwiftDriverJobDiscovery normal arm64_32 Compiling JSONSchema+Array.swift (in target 'JSONSchema' from project 'JSONSchema')
SwiftDriverJobDiscovery normal arm64_32 Compiling JSONSchema+Integer.swift (in target 'JSONSchema' from project 'JSONSchema')
SwiftDriverJobDiscovery normal arm64_32 Compiling JSONSchema+Object.swift (in target 'JSONSchema' from project 'JSONSchema')
SwiftDriverJobDiscovery normal arm64_32 Compiling JSONSchema+Enum.swift (in target 'JSONSchema' from project 'JSONSchema')
SwiftExplicitDependencyGeneratePcm arm64 /Users/admin/builder/spi-builder-workspace/.derivedData/SDKExplicitPrecompiledModules/_Builtin_stddef-5OH846KKUPSJJT7GCX9XU1TKG.pcm
SwiftExplicitDependencyGeneratePcm arm64 /Users/admin/builder/spi-builder-workspace/.derivedData/SDKExplicitPrecompiledModules/_AvailabilityInternal-42EVAC8Q6P1ZT6G3A168N97G4.pcm
SwiftExplicitDependencyGeneratePcm arm64 /Users/admin/builder/spi-builder-workspace/.derivedData/SDKExplicitPrecompiledModules/_Builtin_stdbool-B692L2PMR118794VVYBG37897.pcm
SwiftExplicitDependencyGeneratePcm arm64 /Users/admin/builder/spi-builder-workspace/.derivedData/SDKExplicitPrecompiledModules/_Builtin_float-E4M4A8689VXF1T7P7BV56IKBT.pcm
SwiftDriverJobDiscovery normal arm64_32 Compiling JSONSchema.swift (in target 'JSONSchema' from project 'JSONSchema')
SwiftExplicitDependencyGeneratePcm arm64 /Users/admin/builder/spi-builder-workspace/.derivedData/SDKExplicitPrecompiledModules/SwiftShims-AJ4AZYHQNC33R5RLN7AGEIOMP.pcm
SwiftExplicitDependencyGeneratePcm arm64 /Users/admin/builder/spi-builder-workspace/.derivedData/SDKExplicitPrecompiledModules/ptrcheck-8K07997SIHO7YGY7UQ3LOQ3TJ.pcm
SwiftExplicitDependencyGeneratePcm arm64 /Users/admin/builder/spi-builder-workspace/.derivedData/SDKExplicitPrecompiledModules/ptrauth-C7VQASAJ967Q4Q6SRD4I3CFWZ.pcm
SwiftExplicitDependencyGeneratePcm arm64 /Users/admin/builder/spi-builder-workspace/.derivedData/SDKExplicitPrecompiledModules/_Builtin_stdarg-3X4KLXUYEI0UGBILP4X7D0CYW.pcm
SwiftExplicitDependencyGeneratePcm arm64 /Users/admin/builder/spi-builder-workspace/.derivedData/SDKExplicitPrecompiledModules/_SwiftConcurrencyShims-CTPSFSTDCBVSSQFHL6I305U72.pcm
SwiftDriver\ Compilation JSONSchema normal arm64_32 com.apple.xcode.tools.swift.compiler (in target 'JSONSchema' from project 'JSONSchema')
    cd /Users/admin/builder/spi-builder-workspace/.swiftpm/xcode
    builtin-Swift-Compilation -- /Applications/Xcode-27.0.0-Release.Candidate.app/Contents/Developer/Toolchains/XcodeDefault.xctoolchain/usr/bin/swiftc -parse-as-library -module-name JSONSchema -Onone @/Users/admin/builder/spi-builder-workspace/.derivedData/Build/Intermediates.noindex/JSONSchema.build/Debug-watchos/JSONSchema-t.build/Objects-normal/arm64_32/JSONSchema.SwiftFileList -DSWIFT_PACKAGE -DDEBUG -DSWIFT_MODULE_RESOURCE_BUNDLE_UNAVAILABLE -DXcode -plugin-path /Applications/Xcode-27.0.0-Release.Candidate.app/Contents/Developer/Toolchains/XcodeDefault.xctoolchain/usr/lib/swift/host/plugins/testing -enable-experimental-feature DebugDescriptionMacro -sdk /Applications/Xcode-27.0.0-Release.Candidate.app/Contents/Developer/Platforms/WatchOS.platform/Developer/SDKs/WatchOS27.0.sdk -target arm64_32-apple-watchos9.0 -g -module-cache-path /Users/admin/builder/spi-builder-workspace/.derivedData/ModuleCache.noindex -Xfrontend -serialize-debugging-options -profile-coverage-mapping -profile-generate -enable-testing -suppress-warnings -index-store-path /Users/admin/builder/spi-builder-workspace/.derivedData/Index.noindex/DataStore -Xcc -D_LIBCPP_HARDENING_MODE\=_LIBCPP_HARDENING_MODE_DEBUG -swift-version 5 -I /Users/admin/builder/spi-builder-workspace/.derivedData/Build/Products/Debug-watchos -Isystem /Applications/Xcode-27.0.0-Release.Candidate.app/Contents/Developer/Platforms/WatchOS.platform/Developer/usr/lib -F /Users/admin/builder/spi-builder-workspace/.derivedData/Build/Products/Debug-watchos -F /Applications/Xcode-27.0.0-Release.Candidate.app/Contents/Developer/Platforms/WatchOS.platform/Developer/Library/Frameworks -F /Applications/Xcode-27.0.0-Release.Candidate.app/Contents/Developer/Platforms/WatchOS.platform/Developer/SDKs/WatchOS27.0.sdk/Developer/Library/Frameworks -c -j10 -enable-batch-mode -incremental -Xcc -ivfsstatcache -Xcc /Users/admin/builder/spi-builder-workspace/.derivedData/SDKStatCaches.noindex/watchos27.0-24R360-e829b21a6f8c9b70876ba0858053c04477534ef55a1706bf4c1112bbb242f0a2.sdkstatcache -output-file-map /Users/admin/builder/spi-builder-workspace/.derivedData/Build/Intermediates.noindex/JSONSchema.build/Debug-watchos/JSONSchema-t.build/Objects-normal/arm64_32/JSONSchema-OutputFileMap.json -save-temps -no-color-diagnostics -explicit-module-build -module-cache-path /Users/admin/builder/spi-builder-workspace/.derivedData/Build/Intermediates.noindex/SwiftExplicitPrecompiledModules -clang-scanner-module-cache-path /Users/admin/builder/spi-builder-workspace/.derivedData/ModuleCache.noindex -sdk-module-cache-path /Users/admin/builder/spi-builder-workspace/.derivedData/SDKExplicitPrecompiledModules -emit-dependencies -emit-module -emit-module-path /Users/admin/builder/spi-builder-workspace/.derivedData/Build/Intermediates.noindex/JSONSchema.build/Debug-watchos/JSONSchema-t.build/Objects-normal/arm64_32/JSONSchema.swiftmodule -serialize-diagnostics -dependency-scan-serialize-diagnostics-path /Users/admin/builder/spi-builder-workspace/.derivedData/Build/Intermediates.noindex/JSONSchema.build/Debug-watchos/JSONSchema-t.build/Objects-normal/arm64_32/JSONSchema-dependency-scan.dia -validate-clang-modules-once -clang-build-session-file /Users/admin/builder/spi-builder-workspace/.derivedData/ModuleCache.noindex/Session.modulevalidation -Xcc -fmodules-prune-interval\=86400 -Xcc -fmodules-prune-after\=345600 -emit-const-values -const-gather-protocols-list /Users/admin/builder/spi-builder-workspace/.derivedData/Build/Intermediates.noindex/JSONSchema.build/Debug-watchos/JSONSchema-t.build/Objects-normal/arm64_32/JSONSchema_const_extract_protocols.json -Xcc -I/Users/admin/builder/spi-builder-workspace/.derivedData/Build/Products/Debug-watchos/include -Xcc -I/Users/admin/builder/spi-builder-workspace/.derivedData/Build/Intermediates.noindex/JSONSchema.build/Debug-watchos/JSONSchema-t.build/DerivedSources-normal/arm64_32 -Xcc -I/Users/admin/builder/spi-builder-workspace/.derivedData/Build/Intermediates.noindex/JSONSchema.build/Debug-watchos/JSONSchema-t.build/DerivedSources/arm64_32 -Xcc -I/Users/admin/builder/spi-builder-workspace/.derivedData/Build/Intermediates.noindex/JSONSchema.build/Debug-watchos/JSONSchema-t.build/DerivedSources -Xcc -DSWIFT_PACKAGE -Xcc -DDEBUG\=1 -emit-objc-header -emit-objc-header-path /Users/admin/builder/spi-builder-workspace/.derivedData/Build/Intermediates.noindex/JSONSchema.build/Debug-watchos/JSONSchema-t.build/Objects-normal/arm64_32/JSONSchema-Swift.h -working-directory /Users/admin/builder/spi-builder-workspace/.swiftpm/xcode -experimental-emit-module-separately -disable-cmo
Ld /Users/admin/builder/spi-builder-workspace/.derivedData/Build/Intermediates.noindex/JSONSchema.build/Debug-watchos/JSONSchema-t.build/Objects-normal/arm64_32/Binary/JSONSchema.o normal arm64_32 (in target 'JSONSchema' from project 'JSONSchema')
    cd /Users/admin/builder/spi-builder-workspace/.dependencies/checkouts/swift-json-schema
    /Applications/Xcode-27.0.0-Release.Candidate.app/Contents/Developer/Toolchains/XcodeDefault.xctoolchain/usr/bin/clang -Xlinker -reproducible -target arm64_32-apple-watchos9.0 -r -isysroot /Applications/Xcode-27.0.0-Release.Candidate.app/Contents/Developer/Platforms/WatchOS.platform/Developer/SDKs/WatchOS27.0.sdk -O0 -w -Xlinker -no_warn_duplicate_libraries -F/Users/admin/builder/spi-builder-workspace/.derivedData/Build/Intermediates.noindex/EagerLinkingTBDs/Debug-watchos -F/Users/admin/builder/spi-builder-workspace/.derivedData/Build/Products/Debug-watchos -iframework /Applications/Xcode-27.0.0-Release.Candidate.app/Contents/Developer/Platforms/WatchOS.platform/Developer/Library/Frameworks -iframework /Applications/Xcode-27.0.0-Release.Candidate.app/Contents/Developer/Platforms/WatchOS.platform/Developer/SDKs/WatchOS27.0.sdk/Developer/Library/Frameworks -filelist /Users/admin/builder/spi-builder-workspace/.derivedData/Build/Intermediates.noindex/JSONSchema.build/Debug-watchos/JSONSchema-t.build/Objects-normal/arm64_32/JSONSchema.LinkFileList -nostdlib -Xlinker -object_path_lto -Xlinker /Users/admin/builder/spi-builder-workspace/.derivedData/Build/Intermediates.noindex/JSONSchema.build/Debug-watchos/JSONSchema-t.build/Objects-normal/arm64_32/JSONSchema_lto.o -Xlinker -no_deduplicate -Xlinker -debug_variant -Xlinker -dependency_info -Xlinker /Users/admin/builder/spi-builder-workspace/.derivedData/Build/Intermediates.noindex/JSONSchema.build/Debug-watchos/JSONSchema-t.build/Objects-normal/arm64_32/JSONSchema_dependency_info.dat -fobjc-link-runtime -L/Applications/Xcode-27.0.0-Release.Candidate.app/Contents/Developer/Toolchains/XcodeDefault.xctoolchain/usr/lib/swift/watchos -L/usr/lib/swift -Xlinker -add_ast_path -Xlinker /Users/admin/builder/spi-builder-workspace/.derivedData/Build/Intermediates.noindex/JSONSchema.build/Debug-watchos/JSONSchema-t.build/Objects-normal/arm64_32/JSONSchema.swiftmodule -o /Users/admin/builder/spi-builder-workspace/.derivedData/Build/Intermediates.noindex/JSONSchema.build/Debug-watchos/JSONSchema-t.build/Objects-normal/arm64_32/Binary/JSONSchema.o
SwiftExplicitDependencyGeneratePcm arm64_32 /Users/admin/builder/spi-builder-workspace/.derivedData/SDKExplicitPrecompiledModules/ptrcheck-EAZ3I917ZFA9H6ZCL6PGLG4TR.pcm
CreateUniversalBinary /Users/admin/builder/spi-builder-workspace/.derivedData/Build/Products/Debug-watchos/JSONSchema.o normal arm64\ arm64_32 (in target 'JSONSchema' from project 'JSONSchema')
    cd /Users/admin/builder/spi-builder-workspace/.dependencies/checkouts/swift-json-schema
    /Applications/Xcode-27.0.0-Release.Candidate.app/Contents/Developer/Toolchains/XcodeDefault.xctoolchain/usr/bin/lipo -create /Users/admin/builder/spi-builder-workspace/.derivedData/Build/Intermediates.noindex/JSONSchema.build/Debug-watchos/JSONSchema-t.build/Objects-normal/arm64/Binary/JSONSchema.o /Users/admin/builder/spi-builder-workspace/.derivedData/Build/Intermediates.noindex/JSONSchema.build/Debug-watchos/JSONSchema-t.build/Objects-normal/arm64_32/Binary/JSONSchema.o -output /Users/admin/builder/spi-builder-workspace/.derivedData/Build/Products/Debug-watchos/JSONSchema.o
SwiftExplicitDependencyGeneratePcm arm64_32 /Users/admin/builder/spi-builder-workspace/.derivedData/SDKExplicitPrecompiledModules/_Builtin_stdbool-84ZA1VDW90AGWZ2LF5KOCM8DZ.pcm
SwiftExplicitDependencyGeneratePcm arm64_32 /Users/admin/builder/spi-builder-workspace/.derivedData/SDKExplicitPrecompiledModules/_Builtin_stddef-2F9BFIPBQ5EWNSK5G7G7V4EKL.pcm
SwiftExplicitDependencyGeneratePcm arm64_32 /Users/admin/builder/spi-builder-workspace/.derivedData/SDKExplicitPrecompiledModules/_Builtin_stdarg-EYJP6DFYQL9GJLH1TJ84A8MHV.pcm
SwiftExplicitDependencyGeneratePcm arm64_32 /Users/admin/builder/spi-builder-workspace/.derivedData/SDKExplicitPrecompiledModules/_SwiftConcurrencyShims-58G4ISYSYDV3AT1DDGEE0QCUF.pcm
SwiftExplicitDependencyGeneratePcm arm64_32 /Users/admin/builder/spi-builder-workspace/.derivedData/SDKExplicitPrecompiledModules/ptrauth-EW7YZZ7LEZE1QZF2T8148IPSA.pcm
SwiftExplicitDependencyGeneratePcm arm64_32 /Users/admin/builder/spi-builder-workspace/.derivedData/SDKExplicitPrecompiledModules/_AvailabilityInternal-22ZP1ILSQW16KHXZS5GBZHOCS.pcm
SwiftExplicitDependencyGeneratePcm arm64_32 /Users/admin/builder/spi-builder-workspace/.derivedData/SDKExplicitPrecompiledModules/_Builtin_float-372PLGDQ1U3B6Z5EA5DJMDORJ.pcm
SwiftExplicitDependencyGeneratePcm arm64_32 /Users/admin/builder/spi-builder-workspace/.derivedData/SDKExplicitPrecompiledModules/SwiftShims-D9VBB138U50XYYGW2C2V21N3L.pcm
SwiftExplicitDependencyGeneratePcm arm64 /Users/admin/builder/spi-builder-workspace/.derivedData/SDKExplicitPrecompiledModules/_DarwinFoundation1-7YQ9TVI7XTOGQU9OADRXP33D1.pcm
ExtractAppIntentsMetadata (in target 'JSONSchema' from project 'JSONSchema')
    cd /Users/admin/builder/spi-builder-workspace/.dependencies/checkouts/swift-json-schema
    /Applications/Xcode-27.0.0-Release.Candidate.app/Contents/Developer/Toolchains/XcodeDefault.xctoolchain/usr/bin/appintentsmetadataprocessor --toolchain-dir /var/run/com.apple.security.cryptexd/mnt/com.apple.MobileAsset.MetalToolchain-v27.1.266.1.f11c2S/Metal.xctoolchain --module-name JSONSchema --sdk-root /Applications/Xcode-27.0.0-Release.Candidate.app/Contents/Developer/Platforms/WatchOS.platform/Developer/SDKs/WatchOS27.0.sdk --xcode-version 27A266a --platform-family watchOS --deployment-target 9.0 --bundle-identifier swift-json-schema.JSONSchema --output /Users/admin/builder/spi-builder-workspace/.derivedData/Build/Products/Debug-watchos/JSONSchema.appintents --target-triple arm64-apple-watchos9.0 --target-triple arm64_32-apple-watchos9.0 --binary-file /Users/admin/builder/spi-builder-workspace/.derivedData/Build/Products/Debug-watchos/JSONSchema.o --dependency-file /Users/admin/builder/spi-builder-workspace/.derivedData/Build/Intermediates.noindex/JSONSchema.build/Debug-watchos/JSONSchema-t.build/Objects-normal/arm64/JSONSchema_dependency_info.dat --dependency-file /Users/admin/builder/spi-builder-workspace/.derivedData/Build/Intermediates.noindex/JSONSchema.build/Debug-watchos/JSONSchema-t.build/Objects-normal/arm64_32/JSONSchema_dependency_info.dat --stringsdata-file /Users/admin/builder/spi-builder-workspace/.derivedData/Build/Intermediates.noindex/JSONSchema.build/Debug-watchos/JSONSchema-t.build/Objects-normal/arm64/ExtractedAppShortcutsMetadata.stringsdata --stringsdata-file /Users/admin/builder/spi-builder-workspace/.derivedData/Build/Intermediates.noindex/JSONSchema.build/Debug-watchos/JSONSchema-t.build/Objects-normal/arm64_32/ExtractedAppShortcutsMetadata.stringsdata --source-file-list /Users/admin/builder/spi-builder-workspace/.derivedData/Build/Intermediates.noindex/JSONSchema.build/Debug-watchos/JSONSchema-t.build/Objects-normal/arm64/JSONSchema.SwiftFileList --source-file-list /Users/admin/builder/spi-builder-workspace/.derivedData/Build/Intermediates.noindex/JSONSchema.build/Debug-watchos/JSONSchema-t.build/Objects-normal/arm64_32/JSONSchema.SwiftFileList --metadata-file-list /Users/admin/builder/spi-builder-workspace/.derivedData/Build/Intermediates.noindex/JSONSchema.build/Debug-watchos/JSONSchema-t.build/JSONSchema.DependencyMetadataFileList --static-metadata-file-list /Users/admin/builder/spi-builder-workspace/.derivedData/Build/Intermediates.noindex/JSONSchema.build/Debug-watchos/JSONSchema-t.build/JSONSchema.DependencyStaticMetadataFileList --swift-const-vals-list /Users/admin/builder/spi-builder-workspace/.derivedData/Build/Intermediates.noindex/JSONSchema.build/Debug-watchos/JSONSchema-t.build/Objects-normal/arm64/JSONSchema.SwiftConstValuesFileList --swift-const-vals-list /Users/admin/builder/spi-builder-workspace/.derivedData/Build/Intermediates.noindex/JSONSchema.build/Debug-watchos/JSONSchema-t.build/Objects-normal/arm64_32/JSONSchema.SwiftConstValuesFileList --force --compile-time-extraction --deployment-aware-processing --no-app-shortcuts-localization
2026-09-22 12:32:51.278 appintentsmetadataprocessor[1144:6721] Starting appintentsmetadataprocessor export
2026-09-22 12:32:51.372 appintentsmetadataprocessor[1144:6721] Extracted no relevant App Intents symbols, skipping writing output
SwiftExplicitDependencyGeneratePcm arm64_32 /Users/admin/builder/spi-builder-workspace/.derivedData/SDKExplicitPrecompiledModules/_DarwinFoundation1-5SNIO0SFHX9KJZTLQGIPAPXUZ.pcm
SwiftExplicitDependencyGeneratePcm arm64 /Users/admin/builder/spi-builder-workspace/.derivedData/SDKExplicitPrecompiledModules/_DarwinFoundation2-CUPL4FH2SA95GMALQP4M6O8UA.pcm
SwiftExplicitDependencyGeneratePcm arm64 /Users/admin/builder/spi-builder-workspace/.derivedData/SDKExplicitPrecompiledModules/_Builtin_limits-75TRA1C7IHYOFCG3KJXQVTHJ4.pcm
SwiftExplicitDependencyGeneratePcm arm64_32 /Users/admin/builder/spi-builder-workspace/.derivedData/SDKExplicitPrecompiledModules/_DarwinFoundation2-FP2Q8F1Q2HR151SBYKTU6Q8B.pcm
SwiftExplicitDependencyGeneratePcm arm64_32 /Users/admin/builder/spi-builder-workspace/.derivedData/SDKExplicitPrecompiledModules/_Builtin_limits-AQMEC9CLG0FZQN6TLGDQ6WF78.pcm
SwiftExplicitDependencyGeneratePcm arm64 /Users/admin/builder/spi-builder-workspace/.derivedData/SDKExplicitPrecompiledModules/_Builtin_stdint-6TUACK4YPMARFT56PLIO388SJ.pcm
SwiftExplicitDependencyGeneratePcm arm64 /Users/admin/builder/spi-builder-workspace/.derivedData/SDKExplicitPrecompiledModules/string_h-4N9Z22C0HUO8GV7GFPCLZRZA2.pcm
SwiftExplicitDependencyGeneratePcm arm64 /Users/admin/builder/spi-builder-workspace/.derivedData/SDKExplicitPrecompiledModules/sys_types-9KPVYINL86WUSHF45TU8PWZZ1.pcm
SwiftExplicitDependencyGeneratePcm arm64 /Users/admin/builder/spi-builder-workspace/.derivedData/SDKExplicitPrecompiledModules/_DarwinFoundation3-EJXZKD8LN9EYM9OWP9VLJ49PK.pcm
SwiftExplicitDependencyGeneratePcm arm64_32 /Users/admin/builder/spi-builder-workspace/.derivedData/SDKExplicitPrecompiledModules/string_h-8QY7P4ZQXQAF14WVDITTM4R70.pcm
SwiftExplicitDependencyGeneratePcm arm64_32 /Users/admin/builder/spi-builder-workspace/.derivedData/SDKExplicitPrecompiledModules/_Builtin_stdint-6IWJLTRH2WB6RCG4THPA65RDS.pcm
SwiftExplicitDependencyGeneratePcm arm64_32 /Users/admin/builder/spi-builder-workspace/.derivedData/SDKExplicitPrecompiledModules/sys_types-65NN51P1G7GN2GUAUPC53JJ7N.pcm
SwiftExplicitDependencyGeneratePcm arm64_32 /Users/admin/builder/spi-builder-workspace/.derivedData/SDKExplicitPrecompiledModules/_DarwinFoundation3-3YOBOPIW2MF1LRNQH7JBUBY4G.pcm
SwiftExplicitDependencyGeneratePcm arm64 /Users/admin/builder/spi-builder-workspace/.derivedData/SDKExplicitPrecompiledModules/_Builtin_inttypes-86YTNV5YADPJXFMJ82N3R4GWQ.pcm
SwiftExplicitDependencyGeneratePcm arm64_32 /Users/admin/builder/spi-builder-workspace/.derivedData/SDKExplicitPrecompiledModules/_Builtin_inttypes-BPZJ68HW1IMYWSHROAZ0IMUJP.pcm
SwiftExplicitDependencyGeneratePcm arm64 /Users/admin/builder/spi-builder-workspace/.derivedData/SDKExplicitPrecompiledModules/Darwin-CSB8C43KELVSFIQVR0803IZPN.pcm
SwiftExplicitDependencyGeneratePcm arm64_32 /Users/admin/builder/spi-builder-workspace/.derivedData/SDKExplicitPrecompiledModules/Darwin-10D35ZJWCWG7LJAF579U7I5V7.pcm
SwiftExplicitDependencyGeneratePcm arm64 /Users/admin/builder/spi-builder-workspace/.derivedData/SDKExplicitPrecompiledModules/ObjectiveC-22CZPC4WYQC9G8T393WT2KKLW.pcm
SwiftExplicitDependencyGeneratePcm arm64_32 /Users/admin/builder/spi-builder-workspace/.derivedData/SDKExplicitPrecompiledModules/ObjectiveC-71AGZNHLBMR2QK817EJNUN54E.pcm
SwiftExplicitDependencyGeneratePcm arm64 /Users/admin/builder/spi-builder-workspace/.derivedData/SDKExplicitPrecompiledModules/os_object-6KYGGZ4DPVZ3BBAZ6QICZN8LI.pcm
SwiftExplicitDependencyGeneratePcm arm64_32 /Users/admin/builder/spi-builder-workspace/.derivedData/SDKExplicitPrecompiledModules/os_object-CTXVQBCWDOH6JHUXIFDUOWFRL.pcm
SwiftExplicitDependencyGeneratePcm arm64 /Users/admin/builder/spi-builder-workspace/.derivedData/SDKExplicitPrecompiledModules/os_workgroup-AHE7ULDQBKER38CYPIKDTZF4M.pcm
SwiftExplicitDependencyGeneratePcm arm64_32 /Users/admin/builder/spi-builder-workspace/.derivedData/SDKExplicitPrecompiledModules/os_workgroup-9L9R05BT5LTFRZ2NM68BZTVV2.pcm
SwiftExplicitDependencyGeneratePcm arm64 /Users/admin/builder/spi-builder-workspace/.derivedData/SDKExplicitPrecompiledModules/Dispatch-39VR0G01IUJ09PQKMFGOHXZ4L.pcm
SwiftExplicitDependencyGeneratePcm arm64_32 /Users/admin/builder/spi-builder-workspace/.derivedData/SDKExplicitPrecompiledModules/Dispatch-CGIMI9KQKHNRQHR2IECIPRG14.pcm
SwiftExplicitDependencyGeneratePcm arm64 /Users/admin/builder/spi-builder-workspace/.derivedData/SDKExplicitPrecompiledModules/CoreFoundation-59XKO8YNRGGYNC5U5LK8B4EM.pcm
SwiftExplicitDependencyGeneratePcm arm64 /Users/admin/builder/spi-builder-workspace/.derivedData/SDKExplicitPrecompiledModules/XPC-650JAZBTM6I0OMHYO6CKM0CWJ.pcm
SwiftExplicitDependencyGeneratePcm arm64_32 /Users/admin/builder/spi-builder-workspace/.derivedData/SDKExplicitPrecompiledModules/XPC-7SLKI45KYLKXH9QET2WYS3UZ4.pcm
SwiftExplicitDependencyGeneratePcm arm64_32 /Users/admin/builder/spi-builder-workspace/.derivedData/SDKExplicitPrecompiledModules/CoreFoundation-76B9WJP9MDYT33HZQVSNNZQZD.pcm
SwiftExplicitDependencyGeneratePcm arm64 /Users/admin/builder/spi-builder-workspace/.derivedData/SDKExplicitPrecompiledModules/Security-69WNGEAVQP55EDBQHP3BLE8QU.pcm
SwiftExplicitDependencyGeneratePcm arm64_32 /Users/admin/builder/spi-builder-workspace/.derivedData/SDKExplicitPrecompiledModules/Security-1W411BS4UH2UNMNII2341429S.pcm
SwiftExplicitDependencyGeneratePcm arm64 /Users/admin/builder/spi-builder-workspace/.derivedData/SDKExplicitPrecompiledModules/Foundation-B3IXODHI7VO4VRX2RWRXLVJZT.pcm
SwiftExplicitDependencyGeneratePcm arm64_32 /Users/admin/builder/spi-builder-workspace/.derivedData/SDKExplicitPrecompiledModules/Foundation-AIQ30TCDC2B0LBUU6FPQZ0HWI.pcm
SwiftCompile normal arm64 Compiling\ OKRouter.swift,\ OKTool.swift,\ StreamingDelegate.swift /Users/admin/builder/spi-builder-workspace/Sources/OllamaKit/Utils/OKRouter.swift /Users/admin/builder/spi-builder-workspace/Sources/OllamaKit/Utils/OKTool.swift /Users/admin/builder/spi-builder-workspace/Sources/OllamaKit/Utils/StreamingDelegate.swift (in target 'OllamaKit' from project 'OllamaKit')
SwiftCompile normal arm64 /Users/admin/builder/spi-builder-workspace/Sources/OllamaKit/Utils/OKRouter.swift (in target 'OllamaKit' from project 'OllamaKit')
    cd /Users/admin/builder/spi-builder-workspace/.swiftpm/xcode
    builtin-SwiftPerFileCompile OKRouter.swift
SwiftCompile normal arm64 /Users/admin/builder/spi-builder-workspace/Sources/OllamaKit/Utils/OKTool.swift (in target 'OllamaKit' from project 'OllamaKit')
    cd /Users/admin/builder/spi-builder-workspace/.swiftpm/xcode
    builtin-SwiftPerFileCompile OKTool.swift
SwiftCompile normal arm64 /Users/admin/builder/spi-builder-workspace/Sources/OllamaKit/Utils/StreamingDelegate.swift (in target 'OllamaKit' from project 'OllamaKit')
    cd /Users/admin/builder/spi-builder-workspace/.swiftpm/xcode
    builtin-SwiftPerFileCompile StreamingDelegate.swift
SwiftEmitModule normal arm64 Emitting\ module\ for\ OllamaKit (in target 'OllamaKit' from project 'OllamaKit')
SwiftCompile normal arm64 (in target 'OllamaKit' from project 'OllamaKit')
    cd /Users/admin/builder/spi-builder-workspace/.swiftpm/xcode

SwiftCompile normal arm64 Compiling\ OKModelResponse.swift,\ OKPullModelResponse.swift,\ JSONDecoder+Default.swift /Users/admin/builder/spi-builder-workspace/Sources/OllamaKit/Responses/OKModelResponse.swift /Users/admin/builder/spi-builder-workspace/Sources/OllamaKit/Responses/OKPullModelResponse.swift /Users/admin/builder/spi-builder-workspace/Sources/OllamaKit/Utils/JSONDecoder+Default.swift (in target 'OllamaKit' from project 'OllamaKit')
SwiftCompile normal arm64 /Users/admin/builder/spi-builder-workspace/Sources/OllamaKit/Responses/OKModelResponse.swift (in target 'OllamaKit' from project 'OllamaKit')
    cd /Users/admin/builder/spi-builder-workspace/.swiftpm/xcode
    builtin-SwiftPerFileCompile OKModelResponse.swift
SwiftCompile normal arm64 /Users/admin/builder/spi-builder-workspace/Sources/OllamaKit/Responses/OKPullModelResponse.swift (in target 'OllamaKit' from project 'OllamaKit')
    cd /Users/admin/builder/spi-builder-workspace/.swiftpm/xcode
    builtin-SwiftPerFileCompile OKPullModelResponse.swift
SwiftCompile normal arm64 /Users/admin/builder/spi-builder-workspace/Sources/OllamaKit/Utils/JSONDecoder+Default.swift (in target 'OllamaKit' from project 'OllamaKit')
    cd /Users/admin/builder/spi-builder-workspace/.swiftpm/xcode
    builtin-SwiftPerFileCompile JSONDecoder+Default.swift
SwiftCompile normal arm64 Compiling\ OKEmbeddingsResponse.swift,\ OKGenerateResponse.swift,\ OKModelInfoResponse.swift /Users/admin/builder/spi-builder-workspace/Sources/OllamaKit/Responses/OKEmbeddingsResponse.swift /Users/admin/builder/spi-builder-workspace/Sources/OllamaKit/Responses/OKGenerateResponse.swift /Users/admin/builder/spi-builder-workspace/Sources/OllamaKit/Responses/OKModelInfoResponse.swift (in target 'OllamaKit' from project 'OllamaKit')
SwiftCompile normal arm64 /Users/admin/builder/spi-builder-workspace/Sources/OllamaKit/Responses/OKEmbeddingsResponse.swift (in target 'OllamaKit' from project 'OllamaKit')
    cd /Users/admin/builder/spi-builder-workspace/.swiftpm/xcode
    builtin-SwiftPerFileCompile OKEmbeddingsResponse.swift
SwiftCompile normal arm64 /Users/admin/builder/spi-builder-workspace/Sources/OllamaKit/Responses/OKGenerateResponse.swift (in target 'OllamaKit' from project 'OllamaKit')
    cd /Users/admin/builder/spi-builder-workspace/.swiftpm/xcode
    builtin-SwiftPerFileCompile OKGenerateResponse.swift
SwiftCompile normal arm64 /Users/admin/builder/spi-builder-workspace/Sources/OllamaKit/Responses/OKModelInfoResponse.swift (in target 'OllamaKit' from project 'OllamaKit')
    cd /Users/admin/builder/spi-builder-workspace/.swiftpm/xcode
    builtin-SwiftPerFileCompile OKModelInfoResponse.swift
SwiftCompile normal arm64 Compiling\ OKPullModelRequestData.swift,\ OKCompletionResponse.swift,\ OKChatResponse.swift /Users/admin/builder/spi-builder-workspace/Sources/OllamaKit/RequestData/OKPullModelRequestData.swift /Users/admin/builder/spi-builder-workspace/Sources/OllamaKit/Responses/Completion/OKCompletionResponse.swift /Users/admin/builder/spi-builder-workspace/Sources/OllamaKit/Responses/OKChatResponse.swift (in target 'OllamaKit' from project 'OllamaKit')
SwiftCompile normal arm64 /Users/admin/builder/spi-builder-workspace/Sources/OllamaKit/RequestData/OKPullModelRequestData.swift (in target 'OllamaKit' from project 'OllamaKit')
    cd /Users/admin/builder/spi-builder-workspace/.swiftpm/xcode
    builtin-SwiftPerFileCompile OKPullModelRequestData.swift
SwiftCompile normal arm64 /Users/admin/builder/spi-builder-workspace/Sources/OllamaKit/Responses/Completion/OKCompletionResponse.swift (in target 'OllamaKit' from project 'OllamaKit')
    cd /Users/admin/builder/spi-builder-workspace/.swiftpm/xcode
    builtin-SwiftPerFileCompile OKCompletionResponse.swift
SwiftCompile normal arm64 /Users/admin/builder/spi-builder-workspace/Sources/OllamaKit/Responses/OKChatResponse.swift (in target 'OllamaKit' from project 'OllamaKit')
    cd /Users/admin/builder/spi-builder-workspace/.swiftpm/xcode
    builtin-SwiftPerFileCompile OKChatResponse.swift
SwiftCompile normal arm64 Compiling\ OKEmbeddingsRequestData.swift,\ OKGenerateRequestData.swift,\ OKModelInfoRequestData.swift /Users/admin/builder/spi-builder-workspace/Sources/OllamaKit/RequestData/OKEmbeddingsRequestData.swift /Users/admin/builder/spi-builder-workspace/Sources/OllamaKit/RequestData/OKGenerateRequestData.swift /Users/admin/builder/spi-builder-workspace/Sources/OllamaKit/RequestData/OKModelInfoRequestData.swift (in target 'OllamaKit' from project 'OllamaKit')
SwiftCompile normal arm64 /Users/admin/builder/spi-builder-workspace/Sources/OllamaKit/RequestData/OKEmbeddingsRequestData.swift (in target 'OllamaKit' from project 'OllamaKit')
    cd /Users/admin/builder/spi-builder-workspace/.swiftpm/xcode
    builtin-SwiftPerFileCompile OKEmbeddingsRequestData.swift
SwiftCompile normal arm64 /Users/admin/builder/spi-builder-workspace/Sources/OllamaKit/RequestData/OKGenerateRequestData.swift (in target 'OllamaKit' from project 'OllamaKit')
    cd /Users/admin/builder/spi-builder-workspace/.swiftpm/xcode
    builtin-SwiftPerFileCompile OKGenerateRequestData.swift
SwiftCompile normal arm64 /Users/admin/builder/spi-builder-workspace/Sources/OllamaKit/RequestData/OKModelInfoRequestData.swift (in target 'OllamaKit' from project 'OllamaKit')
    cd /Users/admin/builder/spi-builder-workspace/.swiftpm/xcode
    builtin-SwiftPerFileCompile OKModelInfoRequestData.swift
SwiftCompile normal arm64 Compiling\ OllamaKit+Generate.swift,\ OllamaKit+ModelInfo.swift,\ OllamaKit+Models.swift,\ OllamaKit+PullModel.swift /Users/admin/builder/spi-builder-workspace/Sources/OllamaKit/OllamaKit+Generate.swift /Users/admin/builder/spi-builder-workspace/Sources/OllamaKit/OllamaKit+ModelInfo.swift /Users/admin/builder/spi-builder-workspace/Sources/OllamaKit/OllamaKit+Models.swift /Users/admin/builder/spi-builder-workspace/Sources/OllamaKit/OllamaKit+PullModel.swift (in target 'OllamaKit' from project 'OllamaKit')
SwiftCompile normal arm64 /Users/admin/builder/spi-builder-workspace/Sources/OllamaKit/OllamaKit+Generate.swift (in target 'OllamaKit' from project 'OllamaKit')
    cd /Users/admin/builder/spi-builder-workspace/.swiftpm/xcode
    builtin-SwiftPerFileCompile OllamaKit+Generate.swift
SwiftCompile normal arm64 /Users/admin/builder/spi-builder-workspace/Sources/OllamaKit/OllamaKit+ModelInfo.swift (in target 'OllamaKit' from project 'OllamaKit')
    cd /Users/admin/builder/spi-builder-workspace/.swiftpm/xcode
    builtin-SwiftPerFileCompile OllamaKit+ModelInfo.swift
SwiftCompile normal arm64 /Users/admin/builder/spi-builder-workspace/Sources/OllamaKit/OllamaKit+Models.swift (in target 'OllamaKit' from project 'OllamaKit')
    cd /Users/admin/builder/spi-builder-workspace/.swiftpm/xcode
    builtin-SwiftPerFileCompile OllamaKit+Models.swift
SwiftCompile normal arm64 /Users/admin/builder/spi-builder-workspace/Sources/OllamaKit/OllamaKit+PullModel.swift (in target 'OllamaKit' from project 'OllamaKit')
    cd /Users/admin/builder/spi-builder-workspace/.swiftpm/xcode
    builtin-SwiftPerFileCompile OllamaKit+PullModel.swift
SwiftCompile normal arm64 Compiling\ OllamaKit+Reachable.swift,\ OllamaKit.swift,\ OKCompletionOptions.swift /Users/admin/builder/spi-builder-workspace/Sources/OllamaKit/OllamaKit+Reachable.swift /Users/admin/builder/spi-builder-workspace/Sources/OllamaKit/OllamaKit.swift /Users/admin/builder/spi-builder-workspace/Sources/OllamaKit/RequestData/Completion/OKCompletionOptions.swift (in target 'OllamaKit' from project 'OllamaKit')
SwiftCompile normal arm64 /Users/admin/builder/spi-builder-workspace/Sources/OllamaKit/OllamaKit+Reachable.swift (in target 'OllamaKit' from project 'OllamaKit')
    cd /Users/admin/builder/spi-builder-workspace/.swiftpm/xcode
    builtin-SwiftPerFileCompile OllamaKit+Reachable.swift
SwiftCompile normal arm64 /Users/admin/builder/spi-builder-workspace/Sources/OllamaKit/OllamaKit.swift (in target 'OllamaKit' from project 'OllamaKit')
    cd /Users/admin/builder/spi-builder-workspace/.swiftpm/xcode
    builtin-SwiftPerFileCompile OllamaKit.swift
SwiftCompile normal arm64 /Users/admin/builder/spi-builder-workspace/Sources/OllamaKit/RequestData/Completion/OKCompletionOptions.swift (in target 'OllamaKit' from project 'OllamaKit')
    cd /Users/admin/builder/spi-builder-workspace/.swiftpm/xcode
    builtin-SwiftPerFileCompile OKCompletionOptions.swift
SwiftCompile normal arm64 Compiling\ OllamaKit+Chat.swift,\ OllamaKit+CopyModel.swift,\ OllamaKit+DeleteModel.swift,\ OllamaKit+Embeddings.swift /Users/admin/builder/spi-builder-workspace/Sources/OllamaKit/OllamaKit+Chat.swift /Users/admin/builder/spi-builder-workspace/Sources/OllamaKit/OllamaKit+CopyModel.swift /Users/admin/builder/spi-builder-workspace/Sources/OllamaKit/OllamaKit+DeleteModel.swift /Users/admin/builder/spi-builder-workspace/Sources/OllamaKit/OllamaKit+Embeddings.swift (in target 'OllamaKit' from project 'OllamaKit')
SwiftCompile normal arm64 /Users/admin/builder/spi-builder-workspace/Sources/OllamaKit/OllamaKit+Chat.swift (in target 'OllamaKit' from project 'OllamaKit')
    cd /Users/admin/builder/spi-builder-workspace/.swiftpm/xcode
    builtin-SwiftPerFileCompile OllamaKit+Chat.swift
SwiftCompile normal arm64 /Users/admin/builder/spi-builder-workspace/Sources/OllamaKit/OllamaKit+CopyModel.swift (in target 'OllamaKit' from project 'OllamaKit')
    cd /Users/admin/builder/spi-builder-workspace/.swiftpm/xcode
    builtin-SwiftPerFileCompile OllamaKit+CopyModel.swift
SwiftCompile normal arm64 /Users/admin/builder/spi-builder-workspace/Sources/OllamaKit/OllamaKit+DeleteModel.swift (in target 'OllamaKit' from project 'OllamaKit')
    cd /Users/admin/builder/spi-builder-workspace/.swiftpm/xcode
    builtin-SwiftPerFileCompile OllamaKit+DeleteModel.swift
SwiftCompile normal arm64 /Users/admin/builder/spi-builder-workspace/Sources/OllamaKit/OllamaKit+Embeddings.swift (in target 'OllamaKit' from project 'OllamaKit')
    cd /Users/admin/builder/spi-builder-workspace/.swiftpm/xcode
    builtin-SwiftPerFileCompile OllamaKit+Embeddings.swift
SwiftCompile normal arm64 Compiling\ OKChatRequestData.swift,\ OKCopyModelRequestData.swift,\ OKDeleteModelRequestData.swift /Users/admin/builder/spi-builder-workspace/Sources/OllamaKit/RequestData/OKChatRequestData.swift /Users/admin/builder/spi-builder-workspace/Sources/OllamaKit/RequestData/OKCopyModelRequestData.swift /Users/admin/builder/spi-builder-workspace/Sources/OllamaKit/RequestData/OKDeleteModelRequestData.swift (in target 'OllamaKit' from project 'OllamaKit')
SwiftCompile normal arm64 /Users/admin/builder/spi-builder-workspace/Sources/OllamaKit/RequestData/OKChatRequestData.swift (in target 'OllamaKit' from project 'OllamaKit')
    cd /Users/admin/builder/spi-builder-workspace/.swiftpm/xcode
    builtin-SwiftPerFileCompile OKChatRequestData.swift
SwiftCompile normal arm64 /Users/admin/builder/spi-builder-workspace/Sources/OllamaKit/RequestData/OKCopyModelRequestData.swift (in target 'OllamaKit' from project 'OllamaKit')
    cd /Users/admin/builder/spi-builder-workspace/.swiftpm/xcode
    builtin-SwiftPerFileCompile OKCopyModelRequestData.swift
SwiftCompile normal arm64 /Users/admin/builder/spi-builder-workspace/Sources/OllamaKit/RequestData/OKDeleteModelRequestData.swift (in target 'OllamaKit' from project 'OllamaKit')
    cd /Users/admin/builder/spi-builder-workspace/.swiftpm/xcode
    builtin-SwiftPerFileCompile OKDeleteModelRequestData.swift
SwiftEmitModule normal arm64_32 Emitting\ module\ for\ OllamaKit (in target 'OllamaKit' from project 'OllamaKit')
SwiftCompile normal arm64_32 (in target 'OllamaKit' from project 'OllamaKit')
    cd /Users/admin/builder/spi-builder-workspace/.swiftpm/xcode

SwiftDriverJobDiscovery normal arm64 Compiling OllamaKit+Generate.swift, OllamaKit+ModelInfo.swift, OllamaKit+Models.swift, OllamaKit+PullModel.swift (in target 'OllamaKit' from project 'OllamaKit')
SwiftCompile normal arm64_32 Compiling\ OKChatRequestData.swift,\ OKCopyModelRequestData.swift,\ OKDeleteModelRequestData.swift /Users/admin/builder/spi-builder-workspace/Sources/OllamaKit/RequestData/OKChatRequestData.swift /Users/admin/builder/spi-builder-workspace/Sources/OllamaKit/RequestData/OKCopyModelRequestData.swift /Users/admin/builder/spi-builder-workspace/Sources/OllamaKit/RequestData/OKDeleteModelRequestData.swift (in target 'OllamaKit' from project 'OllamaKit')
SwiftCompile normal arm64_32 /Users/admin/builder/spi-builder-workspace/Sources/OllamaKit/RequestData/OKChatRequestData.swift (in target 'OllamaKit' from project 'OllamaKit')
    cd /Users/admin/builder/spi-builder-workspace/.swiftpm/xcode
    builtin-SwiftPerFileCompile OKChatRequestData.swift
SwiftCompile normal arm64_32 /Users/admin/builder/spi-builder-workspace/Sources/OllamaKit/RequestData/OKCopyModelRequestData.swift (in target 'OllamaKit' from project 'OllamaKit')
    cd /Users/admin/builder/spi-builder-workspace/.swiftpm/xcode
    builtin-SwiftPerFileCompile OKCopyModelRequestData.swift
SwiftCompile normal arm64_32 /Users/admin/builder/spi-builder-workspace/Sources/OllamaKit/RequestData/OKDeleteModelRequestData.swift (in target 'OllamaKit' from project 'OllamaKit')
    cd /Users/admin/builder/spi-builder-workspace/.swiftpm/xcode
    builtin-SwiftPerFileCompile OKDeleteModelRequestData.swift
SwiftCompile normal arm64_32 Compiling\ JSONEncoder+Default.swift,\ OKHTTPClient.swift,\ OKJSONValue.swift /Users/admin/builder/spi-builder-workspace/Sources/OllamaKit/Utils/JSONEncoder+Default.swift /Users/admin/builder/spi-builder-workspace/Sources/OllamaKit/Utils/OKHTTPClient.swift /Users/admin/builder/spi-builder-workspace/Sources/OllamaKit/Utils/OKJSONValue.swift (in target 'OllamaKit' from project 'OllamaKit')
/Users/admin/builder/spi-builder-workspace/Sources/OllamaKit/Utils/OKHTTPClient.swift:44:70: warning: capture of non-Sendable type 'T.Type' in an isolated closure [#SendableMetatypes]
 42 |                         while let chunk = self.extractNextJSON(from: &buffer) {
 43 |                             do {
 44 |                                 let decodedObject = try self.decoder.decode(T.self, from: chunk)
    |                                                                      `- warning: capture of non-Sendable type 'T.Type' in an isolated closure [#SendableMetatypes]
 45 |                                 continuation.yield(decodedObject)
 46 |                             } catch {
/Users/admin/builder/spi-builder-workspace/Sources/OllamaKit/Utils/OKHTTPClient.swift:45:46: error: sending 'decodedObject' risks causing data races [#RegionIsolation::SendingRisksDataRace]
 43 |                             do {
 44 |                                 let decodedObject = try self.decoder.decode(T.self, from: chunk)
 45 |                                 continuation.yield(decodedObject)
    |                                              |- error: sending 'decodedObject' risks causing data races [#RegionIsolation::SendingRisksDataRace]
    |                                              `- note: 'decodedObject' is passed as a 'sending' parameter; Uses in callee may race with code in the current isolation context
 46 |                             } catch {
 47 |                                 continuation.finish(throwing: error)
[#RegionIsolation]: <https://docs.swift.org/compiler/documentation/diagnostics/region-isolation>
[#SendableMetatypes]: <https://docs.swift.org/compiler/documentation/diagnostics/sendable-metatypes>
[#SendingRisksDataRace]: <https://docs.swift.org/compiler/documentation/diagnostics/sending-risks-data-race>
Failed frontend command:
/Applications/Xcode-27.0.0-Release.Candidate.app/Contents/Developer/Toolchains/XcodeDefault.xctoolchain/usr/bin/swift-frontend -frontend -c /Users/admin/builder/spi-builder-workspace/Sources/OllamaKit/OllamaKit+Chat.swift /Users/admin/builder/spi-builder-workspace/Sources/OllamaKit/OllamaKit+CopyModel.swift /Users/admin/builder/spi-builder-workspace/Sources/OllamaKit/OllamaKit+DeleteModel.swift /Users/admin/builder/spi-builder-workspace/Sources/OllamaKit/OllamaKit+Embeddings.swift /Users/admin/builder/spi-builder-workspace/Sources/OllamaKit/OllamaKit+Generate.swift /Users/admin/builder/spi-builder-workspace/Sources/OllamaKit/OllamaKit+ModelInfo.swift /Users/admin/builder/spi-builder-workspace/Sources/OllamaKit/OllamaKit+Models.swift /Users/admin/builder/spi-builder-workspace/Sources/OllamaKit/OllamaKit+PullModel.swift /Users/admin/builder/spi-builder-workspace/Sources/OllamaKit/OllamaKit+Reachable.swift /Users/admin/builder/spi-builder-workspace/Sources/OllamaKit/OllamaKit.swift /Users/admin/builder/spi-builder-workspace/Sources/OllamaKit/RequestData/Completion/OKCompletionOptions.swift /Users/admin/builder/spi-builder-workspace/Sources/OllamaKit/RequestData/OKChatRequestData.swift /Users/admin/builder/spi-builder-workspace/Sources/OllamaKit/RequestData/OKCopyModelRequestData.swift /Users/admin/builder/spi-builder-workspace/Sources/OllamaKit/RequestData/OKDeleteModelRequestData.swift /Users/admin/builder/spi-builder-workspace/Sources/OllamaKit/RequestData/OKEmbeddingsRequestData.swift /Users/admin/builder/spi-builder-workspace/Sources/OllamaKit/RequestData/OKGenerateRequestData.swift /Users/admin/builder/spi-builder-workspace/Sources/OllamaKit/RequestData/OKModelInfoRequestData.swift /Users/admin/builder/spi-builder-workspace/Sources/OllamaKit/RequestData/OKPullModelRequestData.swift /Users/admin/builder/spi-builder-workspace/Sources/OllamaKit/Responses/Completion/OKCompletionResponse.swift /Users/admin/builder/spi-builder-workspace/Sources/OllamaKit/Responses/OKChatResponse.swift /Users/admin/builder/spi-builder-workspace/Sources/OllamaKit/Responses/OKEmbeddingsResponse.swift /Users/admin/builder/spi-builder-workspace/Sources/OllamaKit/Responses/OKGenerateResponse.swift /Users/admin/builder/spi-builder-workspace/Sources/OllamaKit/Responses/OKModelInfoResponse.swift /Users/admin/builder/spi-builder-workspace/Sources/OllamaKit/Responses/OKModelResponse.swift /Users/admin/builder/spi-builder-workspace/Sources/OllamaKit/Responses/OKPullModelResponse.swift /Users/admin/builder/spi-builder-workspace/Sources/OllamaKit/Utils/JSONDecoder+Default.swift -primary-file /Users/admin/builder/spi-builder-workspace/Sources/OllamaKit/Utils/JSONEncoder+Default.swift -primary-file /Users/admin/builder/spi-builder-workspace/Sources/OllamaKit/Utils/OKHTTPClient.swift -primary-file /Users/admin/builder/spi-builder-workspace/Sources/OllamaKit/Utils/OKJSONValue.swift /Users/admin/builder/spi-builder-workspace/Sources/OllamaKit/Utils/OKRouter.swift /Users/admin/builder/spi-builder-workspace/Sources/OllamaKit/Utils/OKTool.swift /Users/admin/builder/spi-builder-workspace/Sources/OllamaKit/Utils/StreamingDelegate.swift -supplementary-output-file-map /Users/admin/builder/spi-builder-workspace/.derivedData/Build/Intermediates.noindex/OllamaKit.build/Debug-watchos/OllamaKit-t.build/Objects-normal/arm64_32/supplementaryOutputs-19 -target arm64_32-apple-watchos9.0 -disable-cross-import-overlay-search -load-resolved-plugin /Applications/Xcode-27.0.0-Release.Candidate.app/Contents/Developer/Platforms/WatchOS.platform/Developer/usr/lib/swift/host/plugins/libFoundationMacros.dylib\#/Applications/Xcode-27.0.0-Release.Candidate.app/Contents/Developer/Platforms/WatchOS.platform/Developer/usr/bin/swift-plugin-server\#FoundationMacros -load-resolved-plugin /Applications/Xcode-27.0.0-Release.Candidate.app/Contents/Developer/Platforms/WatchOS.platform/Developer/usr/lib/swift/host/plugins/libObservationMacros.dylib\#/Applications/Xcode-27.0.0-Release.Candidate.app/Contents/Developer/Platforms/WatchOS.platform/Developer/usr/bin/swift-plugin-server\#ObservationMacros -load-resolved-plugin /Applications/Xcode-27.0.0-Release.Candidate.app/Contents/Developer/Platforms/WatchOS.platform/Developer/usr/lib/swift/host/plugins/libSwiftMacros.dylib\#/Applications/Xcode-27.0.0-Release.Candidate.app/Contents/Developer/Platforms/WatchOS.platform/Developer/usr/bin/swift-plugin-server\#SwiftMacros -disable-implicit-swift-modules -Xcc -fno-implicit-modules -Xcc -fno-implicit-module-maps -explicit-swift-module-map-file /Users/admin/builder/spi-builder-workspace/.derivedData/Build/Intermediates.noindex/OllamaKit.build/Debug-watchos/OllamaKit-t.build/Objects-normal/arm64_32/OllamaKit-dependencies-2.json -enable-objc-interop -sdk /Applications/Xcode-27.0.0-Release.Candidate.app/Contents/Developer/Platforms/WatchOS.platform/Developer/SDKs/WatchOS27.0.sdk -I /Users/admin/builder/spi-builder-workspace/.derivedData/Build/Products/Debug-watchos -Isystem /Applications/Xcode-27.0.0-Release.Candidate.app/Contents/Developer/Platforms/WatchOS.platform/Developer/usr/lib -F /Users/admin/builder/spi-builder-workspace/.derivedData/Build/Products/Debug-watchos/PackageFrameworks -F /Users/admin/builder/spi-builder-workspace/.derivedData/Build/Products/Debug-watchos -F /Applications/Xcode-27.0.0-Release.Candidate.app/Contents/Developer/Platforms/WatchOS.platform/Developer/Library/Frameworks -F /Applications/Xcode-27.0.0-Release.Candidate.app/Contents/Developer/Platforms/WatchOS.platform/Developer/SDKs/WatchOS27.0.sdk/Developer/Library/Frameworks -module-cache-path /Users/admin/builder/spi-builder-workspace/.derivedData/Build/Intermediates.noindex/SwiftExplicitPrecompiledModules -no-color-diagnostics -Xcc -fno-color-diagnostics -enable-testing -g -debug-info-format\=dwarf -dwarf-version\=4 -profile-generate -profile-coverage-mapping -swift-version 6 -Onone -D SWIFT_PACKAGE -D DEBUG -D SWIFT_MODULE_RESOURCE_BUNDLE_UNAVAILABLE -D Xcode -serialize-debugging-options -enable-experimental-feature DebugDescriptionMacro -empty-abi-descriptor -validate-clang-modules-once -clang-build-session-file /Users/admin/builder/spi-builder-workspace/.derivedData/ModuleCache.noindex/Session.modulevalidation -Xcc -working-directory -Xcc /Users/admin/builder/spi-builder-workspace/.swiftpm/xcode -enable-anonymous-context-mangled-names -file-compilation-dir /Users/admin/builder/spi-builder-workspace/.swiftpm/xcode -Xcc -D_LIBCPP_HARDENING_MODE\=_LIBCPP_HARDENING_MODE_DEBUG -Xcc -ivfsstatcache -Xcc /Users/admin/builder/spi-builder-workspace/.derivedData/SDKStatCaches.noindex/watchos27.0-24R360-e829b21a6f8c9b70876ba0858053c04477534ef55a1706bf4c1112bbb242f0a2.sdkstatcache -Xcc -fmodules-prune-interval\=86400 -Xcc -fmodules-prune-after\=345600 -Xcc -I/Users/admin/builder/spi-builder-workspace/.derivedData/Build/Products/Debug-watchos/include -Xcc -I/Users/admin/builder/spi-builder-workspace/.derivedData/Build/Intermediates.noindex/OllamaKit.build/Debug-watchos/OllamaKit-t.build/DerivedSources-normal/arm64_32 -Xcc -I/Users/admin/builder/spi-builder-workspace/.derivedData/Build/Intermediates.noindex/OllamaKit.build/Debug-watchos/OllamaKit-t.build/DerivedSources/arm64_32 -Xcc -I/Users/admin/builder/spi-builder-workspace/.derivedData/Build/Intermediates.noindex/OllamaKit.build/Debug-watchos/OllamaKit-t.build/DerivedSources -Xcc -DSWIFT_PACKAGE -Xcc -DDEBUG\=1 -no-auto-bridging-header-chaining -module-name OllamaKit -package-name spi_builder_workspace -const-gather-protocols-file /Users/admin/builder/spi-builder-workspace/.derivedData/Build/Intermediates.noindex/OllamaKit.build/Debug-watchos/OllamaKit-t.build/Objects-normal/arm64_32/OllamaKit_const_extract_protocols.json -disable-clang-spi -clang-target arm64_32-apple-watchos27.0 -target-sdk-version 27.0 -target-sdk-name watchos27.0 -in-process-plugin-server-path /Applications/Xcode-27.0.0-Release.Candidate.app/Contents/Developer/Toolchains/XcodeDefault.xctoolchain/usr/lib/swift/host/libSwiftInProcPluginServer.dylib -parse-as-library -o /Users/admin/builder/spi-builder-workspace/.derivedData/Build/Intermediates.noindex/OllamaKit.build/Debug-watchos/OllamaKit-t.build/Objects-normal/arm64_32/JSONEncoder+Default.o -o /Users/admin/builder/spi-builder-workspace/.derivedData/Build/Intermediates.noindex/OllamaKit.build/Debug-watchos/OllamaKit-t.build/Objects-normal/arm64_32/OKHTTPClient.o -o /Users/admin/builder/spi-builder-workspace/.derivedData/Build/Intermediates.noindex/OllamaKit.build/Debug-watchos/OllamaKit-t.build/Objects-normal/arm64_32/OKJSONValue.o -debug-module-path /Users/admin/builder/spi-builder-workspace/.derivedData/Build/Intermediates.noindex/OllamaKit.build/Debug-watchos/OllamaKit-t.build/Objects-normal/arm64_32/OllamaKit.swiftmodule -index-unit-output-path /OllamaKit.build/Debug-watchos/OllamaKit-t.build/Objects-normal/arm64_32/JSONEncoder+Default.o -index-unit-output-path /OllamaKit.build/Debug-watchos/OllamaKit-t.build/Objects-normal/arm64_32/OKHTTPClient.o -index-unit-output-path /OllamaKit.build/Debug-watchos/OllamaKit-t.build/Objects-normal/arm64_32/OKJSONValue.o -index-store-path /Users/admin/builder/spi-builder-workspace/.derivedData/Index.noindex/DataStore -index-system-modules
SwiftCompile normal arm64_32 /Users/admin/builder/spi-builder-workspace/Sources/OllamaKit/Utils/JSONEncoder+Default.swift (in target 'OllamaKit' from project 'OllamaKit')
    cd /Users/admin/builder/spi-builder-workspace/.swiftpm/xcode
    builtin-SwiftPerFileCompile JSONEncoder+Default.swift
SwiftCompile normal arm64_32 /Users/admin/builder/spi-builder-workspace/Sources/OllamaKit/Utils/OKHTTPClient.swift (in target 'OllamaKit' from project 'OllamaKit')
    cd /Users/admin/builder/spi-builder-workspace/.swiftpm/xcode
    builtin-SwiftPerFileCompile OKHTTPClient.swift
SwiftCompile normal arm64_32 /Users/admin/builder/spi-builder-workspace/Sources/OllamaKit/Utils/OKJSONValue.swift (in target 'OllamaKit' from project 'OllamaKit')
    cd /Users/admin/builder/spi-builder-workspace/.swiftpm/xcode
    builtin-SwiftPerFileCompile OKJSONValue.swift
SwiftDriverJobDiscovery normal arm64 Compiling OllamaKit+Chat.swift, OllamaKit+CopyModel.swift, OllamaKit+DeleteModel.swift, OllamaKit+Embeddings.swift (in target 'OllamaKit' from project 'OllamaKit')
SwiftDriverJobDiscovery normal arm64 Compiling OKEmbeddingsResponse.swift, OKGenerateResponse.swift, OKModelInfoResponse.swift (in target 'OllamaKit' from project 'OllamaKit')
SwiftCompile normal arm64_32 Compiling\ OKEmbeddingsResponse.swift,\ OKGenerateResponse.swift,\ OKModelInfoResponse.swift /Users/admin/builder/spi-builder-workspace/Sources/OllamaKit/Responses/OKEmbeddingsResponse.swift /Users/admin/builder/spi-builder-workspace/Sources/OllamaKit/Responses/OKGenerateResponse.swift /Users/admin/builder/spi-builder-workspace/Sources/OllamaKit/Responses/OKModelInfoResponse.swift (in target 'OllamaKit' from project 'OllamaKit')
SwiftCompile normal arm64_32 /Users/admin/builder/spi-builder-workspace/Sources/OllamaKit/Responses/OKEmbeddingsResponse.swift (in target 'OllamaKit' from project 'OllamaKit')
    cd /Users/admin/builder/spi-builder-workspace/.swiftpm/xcode
    builtin-SwiftPerFileCompile OKEmbeddingsResponse.swift
SwiftCompile normal arm64_32 /Users/admin/builder/spi-builder-workspace/Sources/OllamaKit/Responses/OKGenerateResponse.swift (in target 'OllamaKit' from project 'OllamaKit')
    cd /Users/admin/builder/spi-builder-workspace/.swiftpm/xcode
    builtin-SwiftPerFileCompile OKGenerateResponse.swift
SwiftCompile normal arm64_32 /Users/admin/builder/spi-builder-workspace/Sources/OllamaKit/Responses/OKModelInfoResponse.swift (in target 'OllamaKit' from project 'OllamaKit')
    cd /Users/admin/builder/spi-builder-workspace/.swiftpm/xcode
    builtin-SwiftPerFileCompile OKModelInfoResponse.swift
SwiftDriverJobDiscovery normal arm64 Emitting module for OllamaKit (in target 'OllamaKit' from project 'OllamaKit')
SwiftCompile normal arm64_32 Compiling\ OKModelResponse.swift,\ OKPullModelResponse.swift,\ JSONDecoder+Default.swift /Users/admin/builder/spi-builder-workspace/Sources/OllamaKit/Responses/OKModelResponse.swift /Users/admin/builder/spi-builder-workspace/Sources/OllamaKit/Responses/OKPullModelResponse.swift /Users/admin/builder/spi-builder-workspace/Sources/OllamaKit/Utils/JSONDecoder+Default.swift (in target 'OllamaKit' from project 'OllamaKit')
SwiftCompile normal arm64_32 /Users/admin/builder/spi-builder-workspace/Sources/OllamaKit/Responses/OKModelResponse.swift (in target 'OllamaKit' from project 'OllamaKit')
    cd /Users/admin/builder/spi-builder-workspace/.swiftpm/xcode
    builtin-SwiftPerFileCompile OKModelResponse.swift
SwiftCompile normal arm64_32 /Users/admin/builder/spi-builder-workspace/Sources/OllamaKit/Responses/OKPullModelResponse.swift (in target 'OllamaKit' from project 'OllamaKit')
    cd /Users/admin/builder/spi-builder-workspace/.swiftpm/xcode
    builtin-SwiftPerFileCompile OKPullModelResponse.swift
SwiftCompile normal arm64_32 /Users/admin/builder/spi-builder-workspace/Sources/OllamaKit/Utils/JSONDecoder+Default.swift (in target 'OllamaKit' from project 'OllamaKit')
    cd /Users/admin/builder/spi-builder-workspace/.swiftpm/xcode
    builtin-SwiftPerFileCompile JSONDecoder+Default.swift
SwiftDriverJobDiscovery normal arm64 Compiling OllamaKit+Reachable.swift, OllamaKit.swift, OKCompletionOptions.swift (in target 'OllamaKit' from project 'OllamaKit')
SwiftDriver\ Compilation\ Requirements OllamaKit normal arm64 com.apple.xcode.tools.swift.compiler (in target 'OllamaKit' from project 'OllamaKit')
    cd /Users/admin/builder/spi-builder-workspace/.swiftpm/xcode
    builtin-Swift-Compilation-Requirements -- /Applications/Xcode-27.0.0-Release.Candidate.app/Contents/Developer/Toolchains/XcodeDefault.xctoolchain/usr/bin/swiftc -parse-as-library -module-name OllamaKit -Onone @/Users/admin/builder/spi-builder-workspace/.derivedData/Build/Intermediates.noindex/OllamaKit.build/Debug-watchos/OllamaKit-t.build/Objects-normal/arm64/OllamaKit.SwiftFileList -DSWIFT_PACKAGE -DDEBUG -DSWIFT_MODULE_RESOURCE_BUNDLE_UNAVAILABLE -DXcode -plugin-path /Applications/Xcode-27.0.0-Release.Candidate.app/Contents/Developer/Toolchains/XcodeDefault.xctoolchain/usr/lib/swift/host/plugins/testing -enable-experimental-feature DebugDescriptionMacro -sdk /Applications/Xcode-27.0.0-Release.Candidate.app/Contents/Developer/Platforms/WatchOS.platform/Developer/SDKs/WatchOS27.0.sdk -target arm64-apple-watchos9.0 -g -module-cache-path /Users/admin/builder/spi-builder-workspace/.derivedData/ModuleCache.noindex -Xfrontend -serialize-debugging-options -profile-coverage-mapping -profile-generate -enable-testing -index-store-path /Users/admin/builder/spi-builder-workspace/.derivedData/Index.noindex/DataStore -Xcc -D_LIBCPP_HARDENING_MODE\=_LIBCPP_HARDENING_MODE_DEBUG -swift-version 6 -I /Users/admin/builder/spi-builder-workspace/.derivedData/Build/Products/Debug-watchos -Isystem /Applications/Xcode-27.0.0-Release.Candidate.app/Contents/Developer/Platforms/WatchOS.platform/Developer/usr/lib -F /Users/admin/builder/spi-builder-workspace/.derivedData/Build/Products/Debug-watchos/PackageFrameworks -F /Users/admin/builder/spi-builder-workspace/.derivedData/Build/Products/Debug-watchos -F /Applications/Xcode-27.0.0-Release.Candidate.app/Contents/Developer/Platforms/WatchOS.platform/Developer/Library/Frameworks -F /Applications/Xcode-27.0.0-Release.Candidate.app/Contents/Developer/Platforms/WatchOS.platform/Developer/SDKs/WatchOS27.0.sdk/Developer/Library/Frameworks -c -j10 -enable-batch-mode -incremental -Xcc -ivfsstatcache -Xcc /Users/admin/builder/spi-builder-workspace/.derivedData/SDKStatCaches.noindex/watchos27.0-24R360-e829b21a6f8c9b70876ba0858053c04477534ef55a1706bf4c1112bbb242f0a2.sdkstatcache -output-file-map /Users/admin/builder/spi-builder-workspace/.derivedData/Build/Intermediates.noindex/OllamaKit.build/Debug-watchos/OllamaKit-t.build/Objects-normal/arm64/OllamaKit-OutputFileMap.json -save-temps -no-color-diagnostics -explicit-module-build -module-cache-path /Users/admin/builder/spi-builder-workspace/.derivedData/Build/Intermediates.noindex/SwiftExplicitPrecompiledModules -clang-scanner-module-cache-path /Users/admin/builder/spi-builder-workspace/.derivedData/ModuleCache.noindex -sdk-module-cache-path /Users/admin/builder/spi-builder-workspace/.derivedData/SDKExplicitPrecompiledModules -emit-dependencies -emit-module -emit-module-path /Users/admin/builder/spi-builder-workspace/.derivedData/Build/Intermediates.noindex/OllamaKit.build/Debug-watchos/OllamaKit-t.build/Objects-normal/arm64/OllamaKit.swiftmodule -serialize-diagnostics -dependency-scan-serialize-diagnostics-path /Users/admin/builder/spi-builder-workspace/.derivedData/Build/Intermediates.noindex/OllamaKit.build/Debug-watchos/OllamaKit-t.build/Objects-normal/arm64/OllamaKit-dependency-scan.dia -validate-clang-modules-once -clang-build-session-file /Users/admin/builder/spi-builder-workspace/.derivedData/ModuleCache.noindex/Session.modulevalidation -Xcc -fmodules-prune-interval\=86400 -Xcc -fmodules-prune-after\=345600 -package-name spi_builder_workspace -emit-const-values -const-gather-protocols-list /Users/admin/builder/spi-builder-workspace/.derivedData/Build/Intermediates.noindex/OllamaKit.build/Debug-watchos/OllamaKit-t.build/Objects-normal/arm64/OllamaKit_const_extract_protocols.json -Xcc -I/Users/admin/builder/spi-builder-workspace/.derivedData/Build/Products/Debug-watchos/include -Xcc -I/Users/admin/builder/spi-builder-workspace/.derivedData/Build/Intermediates.noindex/OllamaKit.build/Debug-watchos/OllamaKit-t.build/DerivedSources-normal/arm64 -Xcc -I/Users/admin/builder/spi-builder-workspace/.derivedData/Build/Intermediates.noindex/OllamaKit.build/Debug-watchos/OllamaKit-t.build/DerivedSources/arm64 -Xcc -I/Users/admin/builder/spi-builder-workspace/.derivedData/Build/Intermediates.noindex/OllamaKit.build/Debug-watchos/OllamaKit-t.build/DerivedSources -Xcc -DSWIFT_PACKAGE -Xcc -DDEBUG\=1 -emit-objc-header -emit-objc-header-path /Users/admin/builder/spi-builder-workspace/.derivedData/Build/Intermediates.noindex/OllamaKit.build/Debug-watchos/OllamaKit-t.build/Objects-normal/arm64/OllamaKit-Swift.h -working-directory /Users/admin/builder/spi-builder-workspace/.swiftpm/xcode -experimental-emit-module-separately -disable-cmo
SwiftDriverJobDiscovery normal arm64 Compiling OKEmbeddingsRequestData.swift, OKGenerateRequestData.swift, OKModelInfoRequestData.swift (in target 'OllamaKit' from project 'OllamaKit')
SwiftCompile normal arm64_32 Compiling\ OKPullModelRequestData.swift,\ OKCompletionResponse.swift,\ OKChatResponse.swift /Users/admin/builder/spi-builder-workspace/Sources/OllamaKit/RequestData/OKPullModelRequestData.swift /Users/admin/builder/spi-builder-workspace/Sources/OllamaKit/Responses/Completion/OKCompletionResponse.swift /Users/admin/builder/spi-builder-workspace/Sources/OllamaKit/Responses/OKChatResponse.swift (in target 'OllamaKit' from project 'OllamaKit')
SwiftCompile normal arm64_32 /Users/admin/builder/spi-builder-workspace/Sources/OllamaKit/RequestData/OKPullModelRequestData.swift (in target 'OllamaKit' from project 'OllamaKit')
    cd /Users/admin/builder/spi-builder-workspace/.swiftpm/xcode
    builtin-SwiftPerFileCompile OKPullModelRequestData.swift
SwiftCompile normal arm64_32 /Users/admin/builder/spi-builder-workspace/Sources/OllamaKit/Responses/Completion/OKCompletionResponse.swift (in target 'OllamaKit' from project 'OllamaKit')
    cd /Users/admin/builder/spi-builder-workspace/.swiftpm/xcode
    builtin-SwiftPerFileCompile OKCompletionResponse.swift
SwiftCompile normal arm64_32 /Users/admin/builder/spi-builder-workspace/Sources/OllamaKit/Responses/OKChatResponse.swift (in target 'OllamaKit' from project 'OllamaKit')
    cd /Users/admin/builder/spi-builder-workspace/.swiftpm/xcode
    builtin-SwiftPerFileCompile OKChatResponse.swift
Copy /Users/admin/builder/spi-builder-workspace/.derivedData/Build/Products/Debug-watchos/OllamaKit.swiftmodule/arm64-apple-watchos.swiftmodule /Users/admin/builder/spi-builder-workspace/.derivedData/Build/Intermediates.noindex/OllamaKit.build/Debug-watchos/OllamaKit-t.build/Objects-normal/arm64/OllamaKit.swiftmodule (in target 'OllamaKit' from project 'OllamaKit')
    cd /Users/admin/builder/spi-builder-workspace
    builtin-copy -exclude .DS_Store -exclude CVS -exclude .svn -exclude .git -exclude .hg -resolve-src-symlinks -rename /Users/admin/builder/spi-builder-workspace/.derivedData/Build/Intermediates.noindex/OllamaKit.build/Debug-watchos/OllamaKit-t.build/Objects-normal/arm64/OllamaKit.swiftmodule /Users/admin/builder/spi-builder-workspace/.derivedData/Build/Products/Debug-watchos/OllamaKit.swiftmodule/arm64-apple-watchos.swiftmodule
Copy /Users/admin/builder/spi-builder-workspace/.derivedData/Build/Products/Debug-watchos/OllamaKit.swiftmodule/arm64-apple-watchos.swiftdoc /Users/admin/builder/spi-builder-workspace/.derivedData/Build/Intermediates.noindex/OllamaKit.build/Debug-watchos/OllamaKit-t.build/Objects-normal/arm64/OllamaKit.swiftdoc (in target 'OllamaKit' from project 'OllamaKit')
    cd /Users/admin/builder/spi-builder-workspace
    builtin-copy -exclude .DS_Store -exclude CVS -exclude .svn -exclude .git -exclude .hg -resolve-src-symlinks -rename /Users/admin/builder/spi-builder-workspace/.derivedData/Build/Intermediates.noindex/OllamaKit.build/Debug-watchos/OllamaKit-t.build/Objects-normal/arm64/OllamaKit.swiftdoc /Users/admin/builder/spi-builder-workspace/.derivedData/Build/Products/Debug-watchos/OllamaKit.swiftmodule/arm64-apple-watchos.swiftdoc
SwiftDriverJobDiscovery normal arm64 Compiling OKRouter.swift, OKTool.swift, StreamingDelegate.swift (in target 'OllamaKit' from project 'OllamaKit')
SwiftDriverJobDiscovery normal arm64 Compiling OKModelResponse.swift, OKPullModelResponse.swift, JSONDecoder+Default.swift (in target 'OllamaKit' from project 'OllamaKit')
Copy /Users/admin/builder/spi-builder-workspace/.derivedData/Build/Products/Debug-watchos/OllamaKit.swiftmodule/arm64-apple-watchos.abi.json /Users/admin/builder/spi-builder-workspace/.derivedData/Build/Intermediates.noindex/OllamaKit.build/Debug-watchos/OllamaKit-t.build/Objects-normal/arm64/OllamaKit.abi.json (in target 'OllamaKit' from project 'OllamaKit')
    cd /Users/admin/builder/spi-builder-workspace
    builtin-copy -exclude .DS_Store -exclude CVS -exclude .svn -exclude .git -exclude .hg -resolve-src-symlinks -rename /Users/admin/builder/spi-builder-workspace/.derivedData/Build/Intermediates.noindex/OllamaKit.build/Debug-watchos/OllamaKit-t.build/Objects-normal/arm64/OllamaKit.abi.json /Users/admin/builder/spi-builder-workspace/.derivedData/Build/Products/Debug-watchos/OllamaKit.swiftmodule/arm64-apple-watchos.abi.json
Copy /Users/admin/builder/spi-builder-workspace/.derivedData/Build/Products/Debug-watchos/OllamaKit.swiftmodule/Project/arm64-apple-watchos.swiftsourceinfo /Users/admin/builder/spi-builder-workspace/.derivedData/Build/Intermediates.noindex/OllamaKit.build/Debug-watchos/OllamaKit-t.build/Objects-normal/arm64/OllamaKit.swiftsourceinfo (in target 'OllamaKit' from project 'OllamaKit')
    cd /Users/admin/builder/spi-builder-workspace
    builtin-copy -exclude .DS_Store -exclude CVS -exclude .svn -exclude .git -exclude .hg -resolve-src-symlinks -rename /Users/admin/builder/spi-builder-workspace/.derivedData/Build/Intermediates.noindex/OllamaKit.build/Debug-watchos/OllamaKit-t.build/Objects-normal/arm64/OllamaKit.swiftsourceinfo /Users/admin/builder/spi-builder-workspace/.derivedData/Build/Products/Debug-watchos/OllamaKit.swiftmodule/Project/arm64-apple-watchos.swiftsourceinfo
SwiftCompile normal arm64_32 Compiling\ OllamaKit+Chat.swift,\ OllamaKit+CopyModel.swift,\ OllamaKit+DeleteModel.swift,\ OllamaKit+Embeddings.swift /Users/admin/builder/spi-builder-workspace/Sources/OllamaKit/OllamaKit+Chat.swift /Users/admin/builder/spi-builder-workspace/Sources/OllamaKit/OllamaKit+CopyModel.swift /Users/admin/builder/spi-builder-workspace/Sources/OllamaKit/OllamaKit+DeleteModel.swift /Users/admin/builder/spi-builder-workspace/Sources/OllamaKit/OllamaKit+Embeddings.swift (in target 'OllamaKit' from project 'OllamaKit')
SwiftCompile normal arm64_32 /Users/admin/builder/spi-builder-workspace/Sources/OllamaKit/OllamaKit+Chat.swift (in target 'OllamaKit' from project 'OllamaKit')
    cd /Users/admin/builder/spi-builder-workspace/.swiftpm/xcode
    builtin-SwiftPerFileCompile OllamaKit+Chat.swift
SwiftCompile normal arm64_32 /Users/admin/builder/spi-builder-workspace/Sources/OllamaKit/OllamaKit+CopyModel.swift (in target 'OllamaKit' from project 'OllamaKit')
    cd /Users/admin/builder/spi-builder-workspace/.swiftpm/xcode
    builtin-SwiftPerFileCompile OllamaKit+CopyModel.swift
SwiftCompile normal arm64_32 /Users/admin/builder/spi-builder-workspace/Sources/OllamaKit/OllamaKit+DeleteModel.swift (in target 'OllamaKit' from project 'OllamaKit')
    cd /Users/admin/builder/spi-builder-workspace/.swiftpm/xcode
    builtin-SwiftPerFileCompile OllamaKit+DeleteModel.swift
SwiftCompile normal arm64_32 /Users/admin/builder/spi-builder-workspace/Sources/OllamaKit/OllamaKit+Embeddings.swift (in target 'OllamaKit' from project 'OllamaKit')
    cd /Users/admin/builder/spi-builder-workspace/.swiftpm/xcode
    builtin-SwiftPerFileCompile OllamaKit+Embeddings.swift
SwiftCompile normal arm64_32 Compiling\ OKEmbeddingsRequestData.swift,\ OKGenerateRequestData.swift,\ OKModelInfoRequestData.swift /Users/admin/builder/spi-builder-workspace/Sources/OllamaKit/RequestData/OKEmbeddingsRequestData.swift /Users/admin/builder/spi-builder-workspace/Sources/OllamaKit/RequestData/OKGenerateRequestData.swift /Users/admin/builder/spi-builder-workspace/Sources/OllamaKit/RequestData/OKModelInfoRequestData.swift (in target 'OllamaKit' from project 'OllamaKit')
SwiftCompile normal arm64_32 /Users/admin/builder/spi-builder-workspace/Sources/OllamaKit/RequestData/OKEmbeddingsRequestData.swift (in target 'OllamaKit' from project 'OllamaKit')
    cd /Users/admin/builder/spi-builder-workspace/.swiftpm/xcode
    builtin-SwiftPerFileCompile OKEmbeddingsRequestData.swift
SwiftCompile normal arm64_32 /Users/admin/builder/spi-builder-workspace/Sources/OllamaKit/RequestData/OKGenerateRequestData.swift (in target 'OllamaKit' from project 'OllamaKit')
    cd /Users/admin/builder/spi-builder-workspace/.swiftpm/xcode
    builtin-SwiftPerFileCompile OKGenerateRequestData.swift
SwiftCompile normal arm64_32 /Users/admin/builder/spi-builder-workspace/Sources/OllamaKit/RequestData/OKModelInfoRequestData.swift (in target 'OllamaKit' from project 'OllamaKit')
    cd /Users/admin/builder/spi-builder-workspace/.swiftpm/xcode
    builtin-SwiftPerFileCompile OKModelInfoRequestData.swift
SwiftDriverJobDiscovery normal arm64 Compiling OKPullModelRequestData.swift, OKCompletionResponse.swift, OKChatResponse.swift (in target 'OllamaKit' from project 'OllamaKit')
SwiftCompile normal arm64_32 Compiling\ OKRouter.swift,\ OKTool.swift,\ StreamingDelegate.swift /Users/admin/builder/spi-builder-workspace/Sources/OllamaKit/Utils/OKRouter.swift /Users/admin/builder/spi-builder-workspace/Sources/OllamaKit/Utils/OKTool.swift /Users/admin/builder/spi-builder-workspace/Sources/OllamaKit/Utils/StreamingDelegate.swift (in target 'OllamaKit' from project 'OllamaKit')
SwiftCompile normal arm64_32 /Users/admin/builder/spi-builder-workspace/Sources/OllamaKit/Utils/OKRouter.swift (in target 'OllamaKit' from project 'OllamaKit')
    cd /Users/admin/builder/spi-builder-workspace/.swiftpm/xcode
    builtin-SwiftPerFileCompile OKRouter.swift
SwiftCompile normal arm64_32 /Users/admin/builder/spi-builder-workspace/Sources/OllamaKit/Utils/OKTool.swift (in target 'OllamaKit' from project 'OllamaKit')
    cd /Users/admin/builder/spi-builder-workspace/.swiftpm/xcode
    builtin-SwiftPerFileCompile OKTool.swift
SwiftCompile normal arm64_32 /Users/admin/builder/spi-builder-workspace/Sources/OllamaKit/Utils/StreamingDelegate.swift (in target 'OllamaKit' from project 'OllamaKit')
    cd /Users/admin/builder/spi-builder-workspace/.swiftpm/xcode
    builtin-SwiftPerFileCompile StreamingDelegate.swift
SwiftCompile normal arm64_32 Compiling\ OllamaKit+Generate.swift,\ OllamaKit+ModelInfo.swift,\ OllamaKit+Models.swift,\ OllamaKit+PullModel.swift /Users/admin/builder/spi-builder-workspace/Sources/OllamaKit/OllamaKit+Generate.swift /Users/admin/builder/spi-builder-workspace/Sources/OllamaKit/OllamaKit+ModelInfo.swift /Users/admin/builder/spi-builder-workspace/Sources/OllamaKit/OllamaKit+Models.swift /Users/admin/builder/spi-builder-workspace/Sources/OllamaKit/OllamaKit+PullModel.swift (in target 'OllamaKit' from project 'OllamaKit')
SwiftCompile normal arm64_32 /Users/admin/builder/spi-builder-workspace/Sources/OllamaKit/OllamaKit+Generate.swift (in target 'OllamaKit' from project 'OllamaKit')
    cd /Users/admin/builder/spi-builder-workspace/.swiftpm/xcode
    builtin-SwiftPerFileCompile OllamaKit+Generate.swift
SwiftCompile normal arm64_32 /Users/admin/builder/spi-builder-workspace/Sources/OllamaKit/OllamaKit+ModelInfo.swift (in target 'OllamaKit' from project 'OllamaKit')
    cd /Users/admin/builder/spi-builder-workspace/.swiftpm/xcode
    builtin-SwiftPerFileCompile OllamaKit+ModelInfo.swift
SwiftCompile normal arm64_32 /Users/admin/builder/spi-builder-workspace/Sources/OllamaKit/OllamaKit+Models.swift (in target 'OllamaKit' from project 'OllamaKit')
    cd /Users/admin/builder/spi-builder-workspace/.swiftpm/xcode
    builtin-SwiftPerFileCompile OllamaKit+Models.swift
SwiftCompile normal arm64_32 /Users/admin/builder/spi-builder-workspace/Sources/OllamaKit/OllamaKit+PullModel.swift (in target 'OllamaKit' from project 'OllamaKit')
    cd /Users/admin/builder/spi-builder-workspace/.swiftpm/xcode
    builtin-SwiftPerFileCompile OllamaKit+PullModel.swift
SwiftDriverJobDiscovery normal arm64 Compiling OKChatRequestData.swift, OKCopyModelRequestData.swift, OKDeleteModelRequestData.swift (in target 'OllamaKit' from project 'OllamaKit')
SwiftCompile normal arm64_32 Compiling\ OllamaKit+Reachable.swift,\ OllamaKit.swift,\ OKCompletionOptions.swift /Users/admin/builder/spi-builder-workspace/Sources/OllamaKit/OllamaKit+Reachable.swift /Users/admin/builder/spi-builder-workspace/Sources/OllamaKit/OllamaKit.swift /Users/admin/builder/spi-builder-workspace/Sources/OllamaKit/RequestData/Completion/OKCompletionOptions.swift (in target 'OllamaKit' from project 'OllamaKit')
SwiftCompile normal arm64_32 /Users/admin/builder/spi-builder-workspace/Sources/OllamaKit/OllamaKit+Reachable.swift (in target 'OllamaKit' from project 'OllamaKit')
    cd /Users/admin/builder/spi-builder-workspace/.swiftpm/xcode
    builtin-SwiftPerFileCompile OllamaKit+Reachable.swift
SwiftCompile normal arm64_32 /Users/admin/builder/spi-builder-workspace/Sources/OllamaKit/OllamaKit.swift (in target 'OllamaKit' from project 'OllamaKit')
    cd /Users/admin/builder/spi-builder-workspace/.swiftpm/xcode
    builtin-SwiftPerFileCompile OllamaKit.swift
SwiftCompile normal arm64_32 /Users/admin/builder/spi-builder-workspace/Sources/OllamaKit/RequestData/Completion/OKCompletionOptions.swift (in target 'OllamaKit' from project 'OllamaKit')
    cd /Users/admin/builder/spi-builder-workspace/.swiftpm/xcode
    builtin-SwiftPerFileCompile OKCompletionOptions.swift
SwiftDriverJobDiscovery normal arm64_32 Emitting module for OllamaKit (in target 'OllamaKit' from project 'OllamaKit')
SwiftDriver\ Compilation\ Requirements OllamaKit normal arm64_32 com.apple.xcode.tools.swift.compiler (in target 'OllamaKit' from project 'OllamaKit')
    cd /Users/admin/builder/spi-builder-workspace/.swiftpm/xcode
    builtin-Swift-Compilation-Requirements -- /Applications/Xcode-27.0.0-Release.Candidate.app/Contents/Developer/Toolchains/XcodeDefault.xctoolchain/usr/bin/swiftc -parse-as-library -module-name OllamaKit -Onone @/Users/admin/builder/spi-builder-workspace/.derivedData/Build/Intermediates.noindex/OllamaKit.build/Debug-watchos/OllamaKit-t.build/Objects-normal/arm64_32/OllamaKit.SwiftFileList -DSWIFT_PACKAGE -DDEBUG -DSWIFT_MODULE_RESOURCE_BUNDLE_UNAVAILABLE -DXcode -plugin-path /Applications/Xcode-27.0.0-Release.Candidate.app/Contents/Developer/Toolchains/XcodeDefault.xctoolchain/usr/lib/swift/host/plugins/testing -enable-experimental-feature DebugDescriptionMacro -sdk /Applications/Xcode-27.0.0-Release.Candidate.app/Contents/Developer/Platforms/WatchOS.platform/Developer/SDKs/WatchOS27.0.sdk -target arm64_32-apple-watchos9.0 -g -module-cache-path /Users/admin/builder/spi-builder-workspace/.derivedData/ModuleCache.noindex -Xfrontend -serialize-debugging-options -profile-coverage-mapping -profile-generate -enable-testing -index-store-path /Users/admin/builder/spi-builder-workspace/.derivedData/Index.noindex/DataStore -Xcc -D_LIBCPP_HARDENING_MODE\=_LIBCPP_HARDENING_MODE_DEBUG -swift-version 6 -I /Users/admin/builder/spi-builder-workspace/.derivedData/Build/Products/Debug-watchos -Isystem /Applications/Xcode-27.0.0-Release.Candidate.app/Contents/Developer/Platforms/WatchOS.platform/Developer/usr/lib -F /Users/admin/builder/spi-builder-workspace/.derivedData/Build/Products/Debug-watchos/PackageFrameworks -F /Users/admin/builder/spi-builder-workspace/.derivedData/Build/Products/Debug-watchos -F /Applications/Xcode-27.0.0-Release.Candidate.app/Contents/Developer/Platforms/WatchOS.platform/Developer/Library/Frameworks -F /Applications/Xcode-27.0.0-Release.Candidate.app/Contents/Developer/Platforms/WatchOS.platform/Developer/SDKs/WatchOS27.0.sdk/Developer/Library/Frameworks -c -j10 -enable-batch-mode -incremental -Xcc -ivfsstatcache -Xcc /Users/admin/builder/spi-builder-workspace/.derivedData/SDKStatCaches.noindex/watchos27.0-24R360-e829b21a6f8c9b70876ba0858053c04477534ef55a1706bf4c1112bbb242f0a2.sdkstatcache -output-file-map /Users/admin/builder/spi-builder-workspace/.derivedData/Build/Intermediates.noindex/OllamaKit.build/Debug-watchos/OllamaKit-t.build/Objects-normal/arm64_32/OllamaKit-OutputFileMap.json -save-temps -no-color-diagnostics -explicit-module-build -module-cache-path /Users/admin/builder/spi-builder-workspace/.derivedData/Build/Intermediates.noindex/SwiftExplicitPrecompiledModules -clang-scanner-module-cache-path /Users/admin/builder/spi-builder-workspace/.derivedData/ModuleCache.noindex -sdk-module-cache-path /Users/admin/builder/spi-builder-workspace/.derivedData/SDKExplicitPrecompiledModules -emit-dependencies -emit-module -emit-module-path /Users/admin/builder/spi-builder-workspace/.derivedData/Build/Intermediates.noindex/OllamaKit.build/Debug-watchos/OllamaKit-t.build/Objects-normal/arm64_32/OllamaKit.swiftmodule -serialize-diagnostics -dependency-scan-serialize-diagnostics-path /Users/admin/builder/spi-builder-workspace/.derivedData/Build/Intermediates.noindex/OllamaKit.build/Debug-watchos/OllamaKit-t.build/Objects-normal/arm64_32/OllamaKit-dependency-scan.dia -validate-clang-modules-once -clang-build-session-file /Users/admin/builder/spi-builder-workspace/.derivedData/ModuleCache.noindex/Session.modulevalidation -Xcc -fmodules-prune-interval\=86400 -Xcc -fmodules-prune-after\=345600 -package-name spi_builder_workspace -emit-const-values -const-gather-protocols-list /Users/admin/builder/spi-builder-workspace/.derivedData/Build/Intermediates.noindex/OllamaKit.build/Debug-watchos/OllamaKit-t.build/Objects-normal/arm64_32/OllamaKit_const_extract_protocols.json -Xcc -I/Users/admin/builder/spi-builder-workspace/.derivedData/Build/Products/Debug-watchos/include -Xcc -I/Users/admin/builder/spi-builder-workspace/.derivedData/Build/Intermediates.noindex/OllamaKit.build/Debug-watchos/OllamaKit-t.build/DerivedSources-normal/arm64_32 -Xcc -I/Users/admin/builder/spi-builder-workspace/.derivedData/Build/Intermediates.noindex/OllamaKit.build/Debug-watchos/OllamaKit-t.build/DerivedSources/arm64_32 -Xcc -I/Users/admin/builder/spi-builder-workspace/.derivedData/Build/Intermediates.noindex/OllamaKit.build/Debug-watchos/OllamaKit-t.build/DerivedSources -Xcc -DSWIFT_PACKAGE -Xcc -DDEBUG\=1 -emit-objc-header -emit-objc-header-path /Users/admin/builder/spi-builder-workspace/.derivedData/Build/Intermediates.noindex/OllamaKit.build/Debug-watchos/OllamaKit-t.build/Objects-normal/arm64_32/OllamaKit-Swift.h -working-directory /Users/admin/builder/spi-builder-workspace/.swiftpm/xcode -experimental-emit-module-separately -disable-cmo
PruneExplicitPrecompiledModules /Users/admin/builder/spi-builder-workspace/.derivedData/SDKExplicitPrecompiledModules
PruneExplicitPrecompiledModules /Users/admin/builder/spi-builder-workspace/.derivedData/Build/Intermediates.noindex/ExplicitPrecompiledModules
PruneExplicitPrecompiledModules /Users/admin/builder/spi-builder-workspace/.derivedData/Build/Intermediates.noindex/SwiftExplicitPrecompiledModules
2026-09-22 12:32:38.722 xcodebuild[909:5466] [MT] IDERunDestination: Supported platforms for the buildables in the current scheme is empty.
** BUILD FAILED **
The following build commands failed:
	SwiftCompile normal arm64_32 Compiling\ JSONEncoder+Default.swift,\ OKHTTPClient.swift,\ OKJSONValue.swift /Users/admin/builder/spi-builder-workspace/Sources/OllamaKit/Utils/JSONEncoder+Default.swift /Users/admin/builder/spi-builder-workspace/Sources/OllamaKit/Utils/OKHTTPClient.swift /Users/admin/builder/spi-builder-workspace/Sources/OllamaKit/Utils/OKJSONValue.swift (in target 'OllamaKit' from project 'OllamaKit')
	SwiftCompile normal arm64_32 /Users/admin/builder/spi-builder-workspace/Sources/OllamaKit/Utils/OKHTTPClient.swift (in target 'OllamaKit' from project 'OllamaKit')
	Building workspace OllamaKit with scheme OllamaKit
(3 failures)
Command line invocation:
    /Applications/Xcode-27.0.0-Release.Candidate.app/Contents/Developer/usr/bin/xcodebuild -IDEClonedSourcePackagesDirPathOverride=/Users/admin/builder/spi-builder-workspace/.dependencies -resolvePackageDependencies
Resolve Package Graph
Resolved source packages:
  SymbolKit: https://github.com/swiftlang/swift-docc-symbolkit @ 1.0.0
  OllamaKit: /Users/admin/builder/spi-builder-workspace
  SwiftDocCPlugin: https://github.com/apple/swift-docc-plugin.git @ 1.5.0
  JSONSchema: https://github.com/1amageek/swift-json-schema.git @ main (e6a5de6)
resolved source packages: SymbolKit, OllamaKit, SwiftDocCPlugin, JSONSchema
2026-09-22 12:32:59.922 xcodebuild[1199:6921] [MT] IDERunDestination: Supported platforms for the buildables in the current scheme is empty.
{
  "dependencies" : [
    {
      "identity" : "swift-docc-plugin",
      "requirement" : {
        "range" : [
          {
            "lower_bound" : "1.3.0",
            "upper_bound" : "2.0.0"
          }
        ]
      },
      "type" : "sourceControl",
      "url" : "https://github.com/apple/swift-docc-plugin.git"
    },
    {
      "identity" : "swift-json-schema",
      "requirement" : {
        "branch" : [
          "main"
        ]
      },
      "type" : "sourceControl",
      "url" : "https://github.com/1amageek/swift-json-schema.git"
    }
  ],
  "manifest_display_name" : "OllamaKit",
  "name" : "OllamaKit",
  "path" : "/Users/admin/builder/spi-builder-workspace",
  "platforms" : [
    {
      "name" : "ios",
      "version" : "15.0"
    },
    {
      "name" : "macos",
      "version" : "12.0"
    },
    {
      "name" : "maccatalyst",
      "version" : "15.0"
    }
  ],
  "products" : [
    {
      "name" : "OllamaKit",
      "targets" : [
        "OllamaKit"
      ],
      "type" : {
        "library" : [
          "automatic"
        ]
      }
    }
  ],
  "targets" : [
    {
      "c99name" : "OllamaKitTests",
      "module_type" : "SwiftTarget",
      "name" : "OllamaKitTests",
      "path" : "Tests/OllamaKitTests",
      "sources" : [
        "ModelTests.swift",
        "OKChatRequestTests.swift",
        "OllamaKitTests.swift"
      ],
      "target_dependencies" : [
        "OllamaKit"
      ],
      "type" : "test"
    },
    {
      "c99name" : "OllamaKit",
      "module_type" : "SwiftTarget",
      "name" : "OllamaKit",
      "path" : "Sources/OllamaKit",
      "product_dependencies" : [
        "JSONSchema"
      ],
      "product_memberships" : [
        "OllamaKit"
      ],
      "sources" : [
        "OllamaKit+Chat.swift",
        "OllamaKit+CopyModel.swift",
        "OllamaKit+DeleteModel.swift",
        "OllamaKit+Embeddings.swift",
        "OllamaKit+Generate.swift",
        "OllamaKit+ModelInfo.swift",
        "OllamaKit+Models.swift",
        "OllamaKit+PullModel.swift",
        "OllamaKit+Reachable.swift",
        "OllamaKit.swift",
        "RequestData/Completion/OKCompletionOptions.swift",
        "RequestData/OKChatRequestData.swift",
        "RequestData/OKCopyModelRequestData.swift",
        "RequestData/OKDeleteModelRequestData.swift",
        "RequestData/OKEmbeddingsRequestData.swift",
        "RequestData/OKGenerateRequestData.swift",
        "RequestData/OKModelInfoRequestData.swift",
        "RequestData/OKPullModelRequestData.swift",
        "Responses/Completion/OKCompletionResponse.swift",
        "Responses/OKChatResponse.swift",
        "Responses/OKEmbeddingsResponse.swift",
        "Responses/OKGenerateResponse.swift",
        "Responses/OKModelInfoResponse.swift",
        "Responses/OKModelResponse.swift",
        "Responses/OKPullModelResponse.swift",
        "Utils/JSONDecoder+Default.swift",
        "Utils/JSONEncoder+Default.swift",
        "Utils/OKHTTPClient.swift",
        "Utils/OKJSONValue.swift",
        "Utils/OKRouter.swift",
        "Utils/OKTool.swift",
        "Utils/StreamingDelegate.swift"
      ],
      "type" : "library"
    }
  ],
  "tools_version" : "6.0"
}
{
  "workspace" : {
    "name" : "OllamaKit",
    "schemes" : [
      "OllamaKit"
    ]
  }
}
2026-09-22 12:33:07.411 xcodebuild[1257:7321] [MT] IDERunDestination: Supported platforms for the buildables in the current scheme is empty.
Running build ...
env DEVELOPER_DIR=/Applications/Xcode-27.0.0-Release.Candidate.app xcrun xcodebuild -IDEClonedSourcePackagesDirPathOverride=$PWD/.dependencies -skipMacroValidation -skipPackagePluginValidation -derivedDataPath $PWD/.derivedData build -scheme OllamaKit -destination generic/platform=watchOS
Command line invocation:
    /Applications/Xcode-27.0.0-Release.Candidate.app/Contents/Developer/usr/bin/xcodebuild -IDEClonedSourcePackagesDirPathOverride=/Users/admin/builder/spi-builder-workspace/.dependencies -skipMacroValidation -skipPackagePluginValidation -derivedDataPath /Users/admin/builder/spi-builder-workspace/.derivedData build -scheme OllamaKit -destination generic/platform=watchOS
Resolve Package Graph
Resolved source packages:
  OllamaKit: /Users/admin/builder/spi-builder-workspace
  SwiftDocCPlugin: https://github.com/apple/swift-docc-plugin.git @ 1.5.0
  SymbolKit: https://github.com/swiftlang/swift-docc-symbolkit @ 1.0.0
  JSONSchema: https://github.com/1amageek/swift-json-schema.git @ main (e6a5de6)
ComputePackagePrebuildTargetDependencyGraph
Prepare packages
CreateBuildRequest
SendProjectDescription
CreateBuildOperation
ComputeTargetDependencyGraph
note: Building targets in dependency order
note: Target dependency graph (4 targets)
    Target 'OllamaKit-product' in project 'OllamaKit'
        ➜ Explicit dependency on target 'OllamaKit' in project 'OllamaKit'
        ➜ Explicit dependency on target 'JSONSchema-product' in project 'JSONSchema'
    Target 'OllamaKit' in project 'OllamaKit'
        ➜ Explicit dependency on target 'JSONSchema-product' in project 'JSONSchema'
    Target 'JSONSchema-product' in project 'JSONSchema'
        ➜ Explicit dependency on target 'JSONSchema' in project 'JSONSchema'
    Target 'JSONSchema' in project 'JSONSchema' (no dependencies)
GatherProvisioningInputs
CreateBuildDescription
ClangStatCache /Applications/Xcode-27.0.0-Release.Candidate.app/Contents/Developer/Toolchains/XcodeDefault.xctoolchain/usr/bin/clang-stat-cache /Applications/Xcode-27.0.0-Release.Candidate.app/Contents/Developer/Platforms/WatchOS.platform/Developer/SDKs/WatchOS27.0.sdk /Users/admin/builder/spi-builder-workspace/.derivedData/SDKStatCaches.noindex/watchos27.0-24R360-e829b21a6f8c9b70876ba0858053c04477534ef55a1706bf4c1112bbb242f0a2.sdkstatcache
    cd /Users/admin/builder/spi-builder-workspace/.swiftpm/xcode
    /Applications/Xcode-27.0.0-Release.Candidate.app/Contents/Developer/Toolchains/XcodeDefault.xctoolchain/usr/bin/clang-stat-cache /Applications/Xcode-27.0.0-Release.Candidate.app/Contents/Developer/Platforms/WatchOS.platform/Developer/SDKs/WatchOS27.0.sdk -o /Users/admin/builder/spi-builder-workspace/.derivedData/SDKStatCaches.noindex/watchos27.0-24R360-e829b21a6f8c9b70876ba0858053c04477534ef55a1706bf4c1112bbb242f0a2.sdkstatcache
SwiftDriver OllamaKit normal arm64 com.apple.xcode.tools.swift.compiler (in target 'OllamaKit' from project 'OllamaKit')
    cd /Users/admin/builder/spi-builder-workspace/.swiftpm/xcode
    builtin-SwiftDriver -- /Applications/Xcode-27.0.0-Release.Candidate.app/Contents/Developer/Toolchains/XcodeDefault.xctoolchain/usr/bin/swiftc -parse-as-library -module-name OllamaKit -Onone @/Users/admin/builder/spi-builder-workspace/.derivedData/Build/Intermediates.noindex/OllamaKit.build/Debug-watchos/OllamaKit-t.build/Objects-normal/arm64/OllamaKit.SwiftFileList -DSWIFT_PACKAGE -DDEBUG -DSWIFT_MODULE_RESOURCE_BUNDLE_UNAVAILABLE -DXcode -plugin-path /Applications/Xcode-27.0.0-Release.Candidate.app/Contents/Developer/Toolchains/XcodeDefault.xctoolchain/usr/lib/swift/host/plugins/testing -enable-experimental-feature DebugDescriptionMacro -sdk /Applications/Xcode-27.0.0-Release.Candidate.app/Contents/Developer/Platforms/WatchOS.platform/Developer/SDKs/WatchOS27.0.sdk -target arm64-apple-watchos9.0 -g -module-cache-path /Users/admin/builder/spi-builder-workspace/.derivedData/ModuleCache.noindex -Xfrontend -serialize-debugging-options -profile-coverage-mapping -profile-generate -enable-testing -index-store-path /Users/admin/builder/spi-builder-workspace/.derivedData/Index.noindex/DataStore -Xcc -D_LIBCPP_HARDENING_MODE\=_LIBCPP_HARDENING_MODE_DEBUG -swift-version 6 -I /Users/admin/builder/spi-builder-workspace/.derivedData/Build/Products/Debug-watchos -Isystem /Applications/Xcode-27.0.0-Release.Candidate.app/Contents/Developer/Platforms/WatchOS.platform/Developer/usr/lib -F /Users/admin/builder/spi-builder-workspace/.derivedData/Build/Products/Debug-watchos/PackageFrameworks -F /Users/admin/builder/spi-builder-workspace/.derivedData/Build/Products/Debug-watchos -F /Applications/Xcode-27.0.0-Release.Candidate.app/Contents/Developer/Platforms/WatchOS.platform/Developer/Library/Frameworks -F /Applications/Xcode-27.0.0-Release.Candidate.app/Contents/Developer/Platforms/WatchOS.platform/Developer/SDKs/WatchOS27.0.sdk/Developer/Library/Frameworks -c -j10 -enable-batch-mode -incremental -Xcc -ivfsstatcache -Xcc /Users/admin/builder/spi-builder-workspace/.derivedData/SDKStatCaches.noindex/watchos27.0-24R360-e829b21a6f8c9b70876ba0858053c04477534ef55a1706bf4c1112bbb242f0a2.sdkstatcache -output-file-map /Users/admin/builder/spi-builder-workspace/.derivedData/Build/Intermediates.noindex/OllamaKit.build/Debug-watchos/OllamaKit-t.build/Objects-normal/arm64/OllamaKit-OutputFileMap.json -save-temps -no-color-diagnostics -explicit-module-build -module-cache-path /Users/admin/builder/spi-builder-workspace/.derivedData/Build/Intermediates.noindex/SwiftExplicitPrecompiledModules -clang-scanner-module-cache-path /Users/admin/builder/spi-builder-workspace/.derivedData/ModuleCache.noindex -sdk-module-cache-path /Users/admin/builder/spi-builder-workspace/.derivedData/SDKExplicitPrecompiledModules -emit-dependencies -emit-module -emit-module-path /Users/admin/builder/spi-builder-workspace/.derivedData/Build/Intermediates.noindex/OllamaKit.build/Debug-watchos/OllamaKit-t.build/Objects-normal/arm64/OllamaKit.swiftmodule -serialize-diagnostics -dependency-scan-serialize-diagnostics-path /Users/admin/builder/spi-builder-workspace/.derivedData/Build/Intermediates.noindex/OllamaKit.build/Debug-watchos/OllamaKit-t.build/Objects-normal/arm64/OllamaKit-dependency-scan.dia -validate-clang-modules-once -clang-build-session-file /Users/admin/builder/spi-builder-workspace/.derivedData/ModuleCache.noindex/Session.modulevalidation -Xcc -fmodules-prune-interval\=86400 -Xcc -fmodules-prune-after\=345600 -package-name spi_builder_workspace -emit-const-values -const-gather-protocols-list /Users/admin/builder/spi-builder-workspace/.derivedData/Build/Intermediates.noindex/OllamaKit.build/Debug-watchos/OllamaKit-t.build/Objects-normal/arm64/OllamaKit_const_extract_protocols.json -Xcc -I/Users/admin/builder/spi-builder-workspace/.derivedData/Build/Products/Debug-watchos/include -Xcc -I/Users/admin/builder/spi-builder-workspace/.derivedData/Build/Intermediates.noindex/OllamaKit.build/Debug-watchos/OllamaKit-t.build/DerivedSources-normal/arm64 -Xcc -I/Users/admin/builder/spi-builder-workspace/.derivedData/Build/Intermediates.noindex/OllamaKit.build/Debug-watchos/OllamaKit-t.build/DerivedSources/arm64 -Xcc -I/Users/admin/builder/spi-builder-workspace/.derivedData/Build/Intermediates.noindex/OllamaKit.build/Debug-watchos/OllamaKit-t.build/DerivedSources -Xcc -DSWIFT_PACKAGE -Xcc -DDEBUG\=1 -emit-objc-header -emit-objc-header-path /Users/admin/builder/spi-builder-workspace/.derivedData/Build/Intermediates.noindex/OllamaKit.build/Debug-watchos/OllamaKit-t.build/Objects-normal/arm64/OllamaKit-Swift.h -working-directory /Users/admin/builder/spi-builder-workspace/.swiftpm/xcode -experimental-emit-module-separately -disable-cmo
SwiftDriver OllamaKit normal arm64_32 com.apple.xcode.tools.swift.compiler (in target 'OllamaKit' from project 'OllamaKit')
    cd /Users/admin/builder/spi-builder-workspace/.swiftpm/xcode
    builtin-SwiftDriver -- /Applications/Xcode-27.0.0-Release.Candidate.app/Contents/Developer/Toolchains/XcodeDefault.xctoolchain/usr/bin/swiftc -parse-as-library -module-name OllamaKit -Onone @/Users/admin/builder/spi-builder-workspace/.derivedData/Build/Intermediates.noindex/OllamaKit.build/Debug-watchos/OllamaKit-t.build/Objects-normal/arm64_32/OllamaKit.SwiftFileList -DSWIFT_PACKAGE -DDEBUG -DSWIFT_MODULE_RESOURCE_BUNDLE_UNAVAILABLE -DXcode -plugin-path /Applications/Xcode-27.0.0-Release.Candidate.app/Contents/Developer/Toolchains/XcodeDefault.xctoolchain/usr/lib/swift/host/plugins/testing -enable-experimental-feature DebugDescriptionMacro -sdk /Applications/Xcode-27.0.0-Release.Candidate.app/Contents/Developer/Platforms/WatchOS.platform/Developer/SDKs/WatchOS27.0.sdk -target arm64_32-apple-watchos9.0 -g -module-cache-path /Users/admin/builder/spi-builder-workspace/.derivedData/ModuleCache.noindex -Xfrontend -serialize-debugging-options -profile-coverage-mapping -profile-generate -enable-testing -index-store-path /Users/admin/builder/spi-builder-workspace/.derivedData/Index.noindex/DataStore -Xcc -D_LIBCPP_HARDENING_MODE\=_LIBCPP_HARDENING_MODE_DEBUG -swift-version 6 -I /Users/admin/builder/spi-builder-workspace/.derivedData/Build/Products/Debug-watchos -Isystem /Applications/Xcode-27.0.0-Release.Candidate.app/Contents/Developer/Platforms/WatchOS.platform/Developer/usr/lib -F /Users/admin/builder/spi-builder-workspace/.derivedData/Build/Products/Debug-watchos/PackageFrameworks -F /Users/admin/builder/spi-builder-workspace/.derivedData/Build/Products/Debug-watchos -F /Applications/Xcode-27.0.0-Release.Candidate.app/Contents/Developer/Platforms/WatchOS.platform/Developer/Library/Frameworks -F /Applications/Xcode-27.0.0-Release.Candidate.app/Contents/Developer/Platforms/WatchOS.platform/Developer/SDKs/WatchOS27.0.sdk/Developer/Library/Frameworks -c -j10 -enable-batch-mode -incremental -Xcc -ivfsstatcache -Xcc /Users/admin/builder/spi-builder-workspace/.derivedData/SDKStatCaches.noindex/watchos27.0-24R360-e829b21a6f8c9b70876ba0858053c04477534ef55a1706bf4c1112bbb242f0a2.sdkstatcache -output-file-map /Users/admin/builder/spi-builder-workspace/.derivedData/Build/Intermediates.noindex/OllamaKit.build/Debug-watchos/OllamaKit-t.build/Objects-normal/arm64_32/OllamaKit-OutputFileMap.json -save-temps -no-color-diagnostics -explicit-module-build -module-cache-path /Users/admin/builder/spi-builder-workspace/.derivedData/Build/Intermediates.noindex/SwiftExplicitPrecompiledModules -clang-scanner-module-cache-path /Users/admin/builder/spi-builder-workspace/.derivedData/ModuleCache.noindex -sdk-module-cache-path /Users/admin/builder/spi-builder-workspace/.derivedData/SDKExplicitPrecompiledModules -emit-dependencies -emit-module -emit-module-path /Users/admin/builder/spi-builder-workspace/.derivedData/Build/Intermediates.noindex/OllamaKit.build/Debug-watchos/OllamaKit-t.build/Objects-normal/arm64_32/OllamaKit.swiftmodule -serialize-diagnostics -dependency-scan-serialize-diagnostics-path /Users/admin/builder/spi-builder-workspace/.derivedData/Build/Intermediates.noindex/OllamaKit.build/Debug-watchos/OllamaKit-t.build/Objects-normal/arm64_32/OllamaKit-dependency-scan.dia -validate-clang-modules-once -clang-build-session-file /Users/admin/builder/spi-builder-workspace/.derivedData/ModuleCache.noindex/Session.modulevalidation -Xcc -fmodules-prune-interval\=86400 -Xcc -fmodules-prune-after\=345600 -package-name spi_builder_workspace -emit-const-values -const-gather-protocols-list /Users/admin/builder/spi-builder-workspace/.derivedData/Build/Intermediates.noindex/OllamaKit.build/Debug-watchos/OllamaKit-t.build/Objects-normal/arm64_32/OllamaKit_const_extract_protocols.json -Xcc -I/Users/admin/builder/spi-builder-workspace/.derivedData/Build/Products/Debug-watchos/include -Xcc -I/Users/admin/builder/spi-builder-workspace/.derivedData/Build/Intermediates.noindex/OllamaKit.build/Debug-watchos/OllamaKit-t.build/DerivedSources-normal/arm64_32 -Xcc -I/Users/admin/builder/spi-builder-workspace/.derivedData/Build/Intermediates.noindex/OllamaKit.build/Debug-watchos/OllamaKit-t.build/DerivedSources/arm64_32 -Xcc -I/Users/admin/builder/spi-builder-workspace/.derivedData/Build/Intermediates.noindex/OllamaKit.build/Debug-watchos/OllamaKit-t.build/DerivedSources -Xcc -DSWIFT_PACKAGE -Xcc -DDEBUG\=1 -emit-objc-header -emit-objc-header-path /Users/admin/builder/spi-builder-workspace/.derivedData/Build/Intermediates.noindex/OllamaKit.build/Debug-watchos/OllamaKit-t.build/Objects-normal/arm64_32/OllamaKit-Swift.h -working-directory /Users/admin/builder/spi-builder-workspace/.swiftpm/xcode -experimental-emit-module-separately -disable-cmo
SwiftEmitModule normal arm64_32 Emitting\ module\ for\ OllamaKit (in target 'OllamaKit' from project 'OllamaKit')
SwiftCompile normal arm64_32 (in target 'OllamaKit' from project 'OllamaKit')
    cd /Users/admin/builder/spi-builder-workspace/.swiftpm/xcode

SwiftCompile normal arm64_32 Compiling\ OKChatRequestData.swift,\ OKCopyModelRequestData.swift,\ OKDeleteModelRequestData.swift /Users/admin/builder/spi-builder-workspace/Sources/OllamaKit/RequestData/OKChatRequestData.swift /Users/admin/builder/spi-builder-workspace/Sources/OllamaKit/RequestData/OKCopyModelRequestData.swift /Users/admin/builder/spi-builder-workspace/Sources/OllamaKit/RequestData/OKDeleteModelRequestData.swift (in target 'OllamaKit' from project 'OllamaKit')
SwiftCompile normal arm64_32 /Users/admin/builder/spi-builder-workspace/Sources/OllamaKit/RequestData/OKChatRequestData.swift (in target 'OllamaKit' from project 'OllamaKit')
    cd /Users/admin/builder/spi-builder-workspace/.swiftpm/xcode
    builtin-SwiftPerFileCompile OKChatRequestData.swift
SwiftCompile normal arm64_32 /Users/admin/builder/spi-builder-workspace/Sources/OllamaKit/RequestData/OKCopyModelRequestData.swift (in target 'OllamaKit' from project 'OllamaKit')
    cd /Users/admin/builder/spi-builder-workspace/.swiftpm/xcode
    builtin-SwiftPerFileCompile OKCopyModelRequestData.swift
SwiftCompile normal arm64_32 /Users/admin/builder/spi-builder-workspace/Sources/OllamaKit/RequestData/OKDeleteModelRequestData.swift (in target 'OllamaKit' from project 'OllamaKit')
    cd /Users/admin/builder/spi-builder-workspace/.swiftpm/xcode
    builtin-SwiftPerFileCompile OKDeleteModelRequestData.swift
SwiftCompile normal arm64_32 Compiling\ OKModelResponse.swift,\ OKPullModelResponse.swift,\ JSONDecoder+Default.swift /Users/admin/builder/spi-builder-workspace/Sources/OllamaKit/Responses/OKModelResponse.swift /Users/admin/builder/spi-builder-workspace/Sources/OllamaKit/Responses/OKPullModelResponse.swift /Users/admin/builder/spi-builder-workspace/Sources/OllamaKit/Utils/JSONDecoder+Default.swift (in target 'OllamaKit' from project 'OllamaKit')
SwiftCompile normal arm64_32 /Users/admin/builder/spi-builder-workspace/Sources/OllamaKit/Responses/OKModelResponse.swift (in target 'OllamaKit' from project 'OllamaKit')
    cd /Users/admin/builder/spi-builder-workspace/.swiftpm/xcode
    builtin-SwiftPerFileCompile OKModelResponse.swift
SwiftCompile normal arm64_32 /Users/admin/builder/spi-builder-workspace/Sources/OllamaKit/Responses/OKPullModelResponse.swift (in target 'OllamaKit' from project 'OllamaKit')
    cd /Users/admin/builder/spi-builder-workspace/.swiftpm/xcode
    builtin-SwiftPerFileCompile OKPullModelResponse.swift
SwiftCompile normal arm64_32 /Users/admin/builder/spi-builder-workspace/Sources/OllamaKit/Utils/JSONDecoder+Default.swift (in target 'OllamaKit' from project 'OllamaKit')
    cd /Users/admin/builder/spi-builder-workspace/.swiftpm/xcode
    builtin-SwiftPerFileCompile JSONDecoder+Default.swift
SwiftCompile normal arm64_32 Compiling\ OKRouter.swift,\ OKTool.swift,\ StreamingDelegate.swift /Users/admin/builder/spi-builder-workspace/Sources/OllamaKit/Utils/OKRouter.swift /Users/admin/builder/spi-builder-workspace/Sources/OllamaKit/Utils/OKTool.swift /Users/admin/builder/spi-builder-workspace/Sources/OllamaKit/Utils/StreamingDelegate.swift (in target 'OllamaKit' from project 'OllamaKit')
SwiftCompile normal arm64_32 /Users/admin/builder/spi-builder-workspace/Sources/OllamaKit/Utils/OKRouter.swift (in target 'OllamaKit' from project 'OllamaKit')
    cd /Users/admin/builder/spi-builder-workspace/.swiftpm/xcode
    builtin-SwiftPerFileCompile OKRouter.swift
SwiftCompile normal arm64_32 /Users/admin/builder/spi-builder-workspace/Sources/OllamaKit/Utils/OKTool.swift (in target 'OllamaKit' from project 'OllamaKit')
    cd /Users/admin/builder/spi-builder-workspace/.swiftpm/xcode
    builtin-SwiftPerFileCompile OKTool.swift
SwiftCompile normal arm64_32 /Users/admin/builder/spi-builder-workspace/Sources/OllamaKit/Utils/StreamingDelegate.swift (in target 'OllamaKit' from project 'OllamaKit')
    cd /Users/admin/builder/spi-builder-workspace/.swiftpm/xcode
    builtin-SwiftPerFileCompile StreamingDelegate.swift
SwiftCompile normal arm64_32 Compiling\ OllamaKit+Chat.swift,\ OllamaKit+CopyModel.swift,\ OllamaKit+DeleteModel.swift,\ OllamaKit+Embeddings.swift /Users/admin/builder/spi-builder-workspace/Sources/OllamaKit/OllamaKit+Chat.swift /Users/admin/builder/spi-builder-workspace/Sources/OllamaKit/OllamaKit+CopyModel.swift /Users/admin/builder/spi-builder-workspace/Sources/OllamaKit/OllamaKit+DeleteModel.swift /Users/admin/builder/spi-builder-workspace/Sources/OllamaKit/OllamaKit+Embeddings.swift (in target 'OllamaKit' from project 'OllamaKit')
SwiftCompile normal arm64_32 /Users/admin/builder/spi-builder-workspace/Sources/OllamaKit/OllamaKit+Chat.swift (in target 'OllamaKit' from project 'OllamaKit')
    cd /Users/admin/builder/spi-builder-workspace/.swiftpm/xcode
    builtin-SwiftPerFileCompile OllamaKit+Chat.swift
SwiftCompile normal arm64_32 /Users/admin/builder/spi-builder-workspace/Sources/OllamaKit/OllamaKit+CopyModel.swift (in target 'OllamaKit' from project 'OllamaKit')
    cd /Users/admin/builder/spi-builder-workspace/.swiftpm/xcode
    builtin-SwiftPerFileCompile OllamaKit+CopyModel.swift
SwiftCompile normal arm64_32 /Users/admin/builder/spi-builder-workspace/Sources/OllamaKit/OllamaKit+DeleteModel.swift (in target 'OllamaKit' from project 'OllamaKit')
    cd /Users/admin/builder/spi-builder-workspace/.swiftpm/xcode
    builtin-SwiftPerFileCompile OllamaKit+DeleteModel.swift
SwiftCompile normal arm64_32 /Users/admin/builder/spi-builder-workspace/Sources/OllamaKit/OllamaKit+Embeddings.swift (in target 'OllamaKit' from project 'OllamaKit')
    cd /Users/admin/builder/spi-builder-workspace/.swiftpm/xcode
    builtin-SwiftPerFileCompile OllamaKit+Embeddings.swift
SwiftCompile normal arm64_32 Compiling\ OKEmbeddingsRequestData.swift,\ OKGenerateRequestData.swift,\ OKModelInfoRequestData.swift /Users/admin/builder/spi-builder-workspace/Sources/OllamaKit/RequestData/OKEmbeddingsRequestData.swift /Users/admin/builder/spi-builder-workspace/Sources/OllamaKit/RequestData/OKGenerateRequestData.swift /Users/admin/builder/spi-builder-workspace/Sources/OllamaKit/RequestData/OKModelInfoRequestData.swift (in target 'OllamaKit' from project 'OllamaKit')
SwiftCompile normal arm64_32 /Users/admin/builder/spi-builder-workspace/Sources/OllamaKit/RequestData/OKEmbeddingsRequestData.swift (in target 'OllamaKit' from project 'OllamaKit')
    cd /Users/admin/builder/spi-builder-workspace/.swiftpm/xcode
    builtin-SwiftPerFileCompile OKEmbeddingsRequestData.swift
SwiftCompile normal arm64_32 /Users/admin/builder/spi-builder-workspace/Sources/OllamaKit/RequestData/OKGenerateRequestData.swift (in target 'OllamaKit' from project 'OllamaKit')
    cd /Users/admin/builder/spi-builder-workspace/.swiftpm/xcode
    builtin-SwiftPerFileCompile OKGenerateRequestData.swift
SwiftCompile normal arm64_32 /Users/admin/builder/spi-builder-workspace/Sources/OllamaKit/RequestData/OKModelInfoRequestData.swift (in target 'OllamaKit' from project 'OllamaKit')
    cd /Users/admin/builder/spi-builder-workspace/.swiftpm/xcode
    builtin-SwiftPerFileCompile OKModelInfoRequestData.swift
SwiftCompile normal arm64_32 Compiling\ OllamaKit+Reachable.swift,\ OllamaKit.swift,\ OKCompletionOptions.swift /Users/admin/builder/spi-builder-workspace/Sources/OllamaKit/OllamaKit+Reachable.swift /Users/admin/builder/spi-builder-workspace/Sources/OllamaKit/OllamaKit.swift /Users/admin/builder/spi-builder-workspace/Sources/OllamaKit/RequestData/Completion/OKCompletionOptions.swift (in target 'OllamaKit' from project 'OllamaKit')
SwiftCompile normal arm64_32 /Users/admin/builder/spi-builder-workspace/Sources/OllamaKit/OllamaKit+Reachable.swift (in target 'OllamaKit' from project 'OllamaKit')
    cd /Users/admin/builder/spi-builder-workspace/.swiftpm/xcode
    builtin-SwiftPerFileCompile OllamaKit+Reachable.swift
SwiftCompile normal arm64_32 /Users/admin/builder/spi-builder-workspace/Sources/OllamaKit/OllamaKit.swift (in target 'OllamaKit' from project 'OllamaKit')
    cd /Users/admin/builder/spi-builder-workspace/.swiftpm/xcode
    builtin-SwiftPerFileCompile OllamaKit.swift
SwiftCompile normal arm64_32 /Users/admin/builder/spi-builder-workspace/Sources/OllamaKit/RequestData/Completion/OKCompletionOptions.swift (in target 'OllamaKit' from project 'OllamaKit')
    cd /Users/admin/builder/spi-builder-workspace/.swiftpm/xcode
    builtin-SwiftPerFileCompile OKCompletionOptions.swift
SwiftCompile normal arm64_32 Compiling\ OKEmbeddingsResponse.swift,\ OKGenerateResponse.swift,\ OKModelInfoResponse.swift /Users/admin/builder/spi-builder-workspace/Sources/OllamaKit/Responses/OKEmbeddingsResponse.swift /Users/admin/builder/spi-builder-workspace/Sources/OllamaKit/Responses/OKGenerateResponse.swift /Users/admin/builder/spi-builder-workspace/Sources/OllamaKit/Responses/OKModelInfoResponse.swift (in target 'OllamaKit' from project 'OllamaKit')
SwiftCompile normal arm64_32 /Users/admin/builder/spi-builder-workspace/Sources/OllamaKit/Responses/OKEmbeddingsResponse.swift (in target 'OllamaKit' from project 'OllamaKit')
    cd /Users/admin/builder/spi-builder-workspace/.swiftpm/xcode
    builtin-SwiftPerFileCompile OKEmbeddingsResponse.swift
SwiftCompile normal arm64_32 /Users/admin/builder/spi-builder-workspace/Sources/OllamaKit/Responses/OKGenerateResponse.swift (in target 'OllamaKit' from project 'OllamaKit')
    cd /Users/admin/builder/spi-builder-workspace/.swiftpm/xcode
    builtin-SwiftPerFileCompile OKGenerateResponse.swift
SwiftCompile normal arm64_32 /Users/admin/builder/spi-builder-workspace/Sources/OllamaKit/Responses/OKModelInfoResponse.swift (in target 'OllamaKit' from project 'OllamaKit')
    cd /Users/admin/builder/spi-builder-workspace/.swiftpm/xcode
    builtin-SwiftPerFileCompile OKModelInfoResponse.swift
SwiftCompile normal arm64_32 Compiling\ OllamaKit+Generate.swift,\ OllamaKit+ModelInfo.swift,\ OllamaKit+Models.swift,\ OllamaKit+PullModel.swift /Users/admin/builder/spi-builder-workspace/Sources/OllamaKit/OllamaKit+Generate.swift /Users/admin/builder/spi-builder-workspace/Sources/OllamaKit/OllamaKit+ModelInfo.swift /Users/admin/builder/spi-builder-workspace/Sources/OllamaKit/OllamaKit+Models.swift /Users/admin/builder/spi-builder-workspace/Sources/OllamaKit/OllamaKit+PullModel.swift (in target 'OllamaKit' from project 'OllamaKit')
SwiftCompile normal arm64_32 /Users/admin/builder/spi-builder-workspace/Sources/OllamaKit/OllamaKit+Generate.swift (in target 'OllamaKit' from project 'OllamaKit')
    cd /Users/admin/builder/spi-builder-workspace/.swiftpm/xcode
    builtin-SwiftPerFileCompile OllamaKit+Generate.swift
SwiftCompile normal arm64_32 /Users/admin/builder/spi-builder-workspace/Sources/OllamaKit/OllamaKit+ModelInfo.swift (in target 'OllamaKit' from project 'OllamaKit')
    cd /Users/admin/builder/spi-builder-workspace/.swiftpm/xcode
    builtin-SwiftPerFileCompile OllamaKit+ModelInfo.swift
SwiftCompile normal arm64_32 /Users/admin/builder/spi-builder-workspace/Sources/OllamaKit/OllamaKit+Models.swift (in target 'OllamaKit' from project 'OllamaKit')
    cd /Users/admin/builder/spi-builder-workspace/.swiftpm/xcode
    builtin-SwiftPerFileCompile OllamaKit+Models.swift
SwiftCompile normal arm64_32 /Users/admin/builder/spi-builder-workspace/Sources/OllamaKit/OllamaKit+PullModel.swift (in target 'OllamaKit' from project 'OllamaKit')
    cd /Users/admin/builder/spi-builder-workspace/.swiftpm/xcode
    builtin-SwiftPerFileCompile OllamaKit+PullModel.swift
SwiftCompile normal arm64_32 Compiling\ JSONEncoder+Default.swift,\ OKHTTPClient.swift,\ OKJSONValue.swift /Users/admin/builder/spi-builder-workspace/Sources/OllamaKit/Utils/JSONEncoder+Default.swift /Users/admin/builder/spi-builder-workspace/Sources/OllamaKit/Utils/OKHTTPClient.swift /Users/admin/builder/spi-builder-workspace/Sources/OllamaKit/Utils/OKJSONValue.swift (in target 'OllamaKit' from project 'OllamaKit')
/Users/admin/builder/spi-builder-workspace/Sources/OllamaKit/Utils/OKHTTPClient.swift:44:70: warning: capture of non-Sendable type 'T.Type' in an isolated closure [#SendableMetatypes]
 42 |                         while let chunk = self.extractNextJSON(from: &buffer) {
 43 |                             do {
 44 |                                 let decodedObject = try self.decoder.decode(T.self, from: chunk)
    |                                                                      `- warning: capture of non-Sendable type 'T.Type' in an isolated closure [#SendableMetatypes]
 45 |                                 continuation.yield(decodedObject)
 46 |                             } catch {
/Users/admin/builder/spi-builder-workspace/Sources/OllamaKit/Utils/OKHTTPClient.swift:45:46: error: sending 'decodedObject' risks causing data races [#RegionIsolation::SendingRisksDataRace]
 43 |                             do {
 44 |                                 let decodedObject = try self.decoder.decode(T.self, from: chunk)
 45 |                                 continuation.yield(decodedObject)
    |                                              |- error: sending 'decodedObject' risks causing data races [#RegionIsolation::SendingRisksDataRace]
    |                                              `- note: 'decodedObject' is passed as a 'sending' parameter; Uses in callee may race with code in the current isolation context
 46 |                             } catch {
 47 |                                 continuation.finish(throwing: error)
[#RegionIsolation]: <https://docs.swift.org/compiler/documentation/diagnostics/region-isolation>
[#SendableMetatypes]: <https://docs.swift.org/compiler/documentation/diagnostics/sendable-metatypes>
[#SendingRisksDataRace]: <https://docs.swift.org/compiler/documentation/diagnostics/sending-risks-data-race>
Failed frontend command:
/Applications/Xcode-27.0.0-Release.Candidate.app/Contents/Developer/Toolchains/XcodeDefault.xctoolchain/usr/bin/swift-frontend -frontend -c /Users/admin/builder/spi-builder-workspace/Sources/OllamaKit/OllamaKit+Chat.swift /Users/admin/builder/spi-builder-workspace/Sources/OllamaKit/OllamaKit+CopyModel.swift /Users/admin/builder/spi-builder-workspace/Sources/OllamaKit/OllamaKit+DeleteModel.swift /Users/admin/builder/spi-builder-workspace/Sources/OllamaKit/OllamaKit+Embeddings.swift /Users/admin/builder/spi-builder-workspace/Sources/OllamaKit/OllamaKit+Generate.swift /Users/admin/builder/spi-builder-workspace/Sources/OllamaKit/OllamaKit+ModelInfo.swift /Users/admin/builder/spi-builder-workspace/Sources/OllamaKit/OllamaKit+Models.swift /Users/admin/builder/spi-builder-workspace/Sources/OllamaKit/OllamaKit+PullModel.swift /Users/admin/builder/spi-builder-workspace/Sources/OllamaKit/OllamaKit+Reachable.swift /Users/admin/builder/spi-builder-workspace/Sources/OllamaKit/OllamaKit.swift /Users/admin/builder/spi-builder-workspace/Sources/OllamaKit/RequestData/Completion/OKCompletionOptions.swift /Users/admin/builder/spi-builder-workspace/Sources/OllamaKit/RequestData/OKChatRequestData.swift /Users/admin/builder/spi-builder-workspace/Sources/OllamaKit/RequestData/OKCopyModelRequestData.swift /Users/admin/builder/spi-builder-workspace/Sources/OllamaKit/RequestData/OKDeleteModelRequestData.swift /Users/admin/builder/spi-builder-workspace/Sources/OllamaKit/RequestData/OKEmbeddingsRequestData.swift /Users/admin/builder/spi-builder-workspace/Sources/OllamaKit/RequestData/OKGenerateRequestData.swift /Users/admin/builder/spi-builder-workspace/Sources/OllamaKit/RequestData/OKModelInfoRequestData.swift /Users/admin/builder/spi-builder-workspace/Sources/OllamaKit/RequestData/OKPullModelRequestData.swift /Users/admin/builder/spi-builder-workspace/Sources/OllamaKit/Responses/Completion/OKCompletionResponse.swift /Users/admin/builder/spi-builder-workspace/Sources/OllamaKit/Responses/OKChatResponse.swift /Users/admin/builder/spi-builder-workspace/Sources/OllamaKit/Responses/OKEmbeddingsResponse.swift /Users/admin/builder/spi-builder-workspace/Sources/OllamaKit/Responses/OKGenerateResponse.swift /Users/admin/builder/spi-builder-workspace/Sources/OllamaKit/Responses/OKModelInfoResponse.swift /Users/admin/builder/spi-builder-workspace/Sources/OllamaKit/Responses/OKModelResponse.swift /Users/admin/builder/spi-builder-workspace/Sources/OllamaKit/Responses/OKPullModelResponse.swift /Users/admin/builder/spi-builder-workspace/Sources/OllamaKit/Utils/JSONDecoder+Default.swift -primary-file /Users/admin/builder/spi-builder-workspace/Sources/OllamaKit/Utils/JSONEncoder+Default.swift -primary-file /Users/admin/builder/spi-builder-workspace/Sources/OllamaKit/Utils/OKHTTPClient.swift -primary-file /Users/admin/builder/spi-builder-workspace/Sources/OllamaKit/Utils/OKJSONValue.swift /Users/admin/builder/spi-builder-workspace/Sources/OllamaKit/Utils/OKRouter.swift /Users/admin/builder/spi-builder-workspace/Sources/OllamaKit/Utils/OKTool.swift /Users/admin/builder/spi-builder-workspace/Sources/OllamaKit/Utils/StreamingDelegate.swift -supplementary-output-file-map /Users/admin/builder/spi-builder-workspace/.derivedData/Build/Intermediates.noindex/OllamaKit.build/Debug-watchos/OllamaKit-t.build/Objects-normal/arm64_32/supplementaryOutputs-9 -target arm64_32-apple-watchos9.0 -disable-cross-import-overlay-search -load-resolved-plugin /Applications/Xcode-27.0.0-Release.Candidate.app/Contents/Developer/Platforms/WatchOS.platform/Developer/usr/lib/swift/host/plugins/libFoundationMacros.dylib\#/Applications/Xcode-27.0.0-Release.Candidate.app/Contents/Developer/Platforms/WatchOS.platform/Developer/usr/bin/swift-plugin-server\#FoundationMacros -load-resolved-plugin /Applications/Xcode-27.0.0-Release.Candidate.app/Contents/Developer/Platforms/WatchOS.platform/Developer/usr/lib/swift/host/plugins/libObservationMacros.dylib\#/Applications/Xcode-27.0.0-Release.Candidate.app/Contents/Developer/Platforms/WatchOS.platform/Developer/usr/bin/swift-plugin-server\#ObservationMacros -load-resolved-plugin /Applications/Xcode-27.0.0-Release.Candidate.app/Contents/Developer/Platforms/WatchOS.platform/Developer/usr/lib/swift/host/plugins/libSwiftMacros.dylib\#/Applications/Xcode-27.0.0-Release.Candidate.app/Contents/Developer/Platforms/WatchOS.platform/Developer/usr/bin/swift-plugin-server\#SwiftMacros -disable-implicit-swift-modules -Xcc -fno-implicit-modules -Xcc -fno-implicit-module-maps -explicit-swift-module-map-file /Users/admin/builder/spi-builder-workspace/.derivedData/Build/Intermediates.noindex/OllamaKit.build/Debug-watchos/OllamaKit-t.build/Objects-normal/arm64_32/OllamaKit-dependencies-1.json -enable-objc-interop -sdk /Applications/Xcode-27.0.0-Release.Candidate.app/Contents/Developer/Platforms/WatchOS.platform/Developer/SDKs/WatchOS27.0.sdk -I /Users/admin/builder/spi-builder-workspace/.derivedData/Build/Products/Debug-watchos -Isystem /Applications/Xcode-27.0.0-Release.Candidate.app/Contents/Developer/Platforms/WatchOS.platform/Developer/usr/lib -F /Users/admin/builder/spi-builder-workspace/.derivedData/Build/Products/Debug-watchos/PackageFrameworks -F /Users/admin/builder/spi-builder-workspace/.derivedData/Build/Products/Debug-watchos -F /Applications/Xcode-27.0.0-Release.Candidate.app/Contents/Developer/Platforms/WatchOS.platform/Developer/Library/Frameworks -F /Applications/Xcode-27.0.0-Release.Candidate.app/Contents/Developer/Platforms/WatchOS.platform/Developer/SDKs/WatchOS27.0.sdk/Developer/Library/Frameworks -module-cache-path /Users/admin/builder/spi-builder-workspace/.derivedData/Build/Intermediates.noindex/SwiftExplicitPrecompiledModules -no-color-diagnostics -Xcc -fno-color-diagnostics -enable-testing -g -debug-info-format\=dwarf -dwarf-version\=4 -profile-generate -profile-coverage-mapping -swift-version 6 -Onone -D SWIFT_PACKAGE -D DEBUG -D SWIFT_MODULE_RESOURCE_BUNDLE_UNAVAILABLE -D Xcode -serialize-debugging-options -enable-experimental-feature DebugDescriptionMacro -empty-abi-descriptor -validate-clang-modules-once -clang-build-session-file /Users/admin/builder/spi-builder-workspace/.derivedData/ModuleCache.noindex/Session.modulevalidation -Xcc -working-directory -Xcc /Users/admin/builder/spi-builder-workspace/.swiftpm/xcode -enable-anonymous-context-mangled-names -file-compilation-dir /Users/admin/builder/spi-builder-workspace/.swiftpm/xcode -Xcc -D_LIBCPP_HARDENING_MODE\=_LIBCPP_HARDENING_MODE_DEBUG -Xcc -ivfsstatcache -Xcc /Users/admin/builder/spi-builder-workspace/.derivedData/SDKStatCaches.noindex/watchos27.0-24R360-e829b21a6f8c9b70876ba0858053c04477534ef55a1706bf4c1112bbb242f0a2.sdkstatcache -Xcc -fmodules-prune-interval\=86400 -Xcc -fmodules-prune-after\=345600 -Xcc -I/Users/admin/builder/spi-builder-workspace/.derivedData/Build/Products/Debug-watchos/include -Xcc -I/Users/admin/builder/spi-builder-workspace/.derivedData/Build/Intermediates.noindex/OllamaKit.build/Debug-watchos/OllamaKit-t.build/DerivedSources-normal/arm64_32 -Xcc -I/Users/admin/builder/spi-builder-workspace/.derivedData/Build/Intermediates.noindex/OllamaKit.build/Debug-watchos/OllamaKit-t.build/DerivedSources/arm64_32 -Xcc -I/Users/admin/builder/spi-builder-workspace/.derivedData/Build/Intermediates.noindex/OllamaKit.build/Debug-watchos/OllamaKit-t.build/DerivedSources -Xcc -DSWIFT_PACKAGE -Xcc -DDEBUG\=1 -no-auto-bridging-header-chaining -module-name OllamaKit -package-name spi_builder_workspace -const-gather-protocols-file /Users/admin/builder/spi-builder-workspace/.derivedData/Build/Intermediates.noindex/OllamaKit.build/Debug-watchos/OllamaKit-t.build/Objects-normal/arm64_32/OllamaKit_const_extract_protocols.json -disable-clang-spi -clang-target arm64_32-apple-watchos27.0 -target-sdk-version 27.0 -target-sdk-name watchos27.0 -in-process-plugin-server-path /Applications/Xcode-27.0.0-Release.Candidate.app/Contents/Developer/Toolchains/XcodeDefault.xctoolchain/usr/lib/swift/host/libSwiftInProcPluginServer.dylib -parse-as-library -o /Users/admin/builder/spi-builder-workspace/.derivedData/Build/Intermediates.noindex/OllamaKit.build/Debug-watchos/OllamaKit-t.build/Objects-normal/arm64_32/JSONEncoder+Default.o -o /Users/admin/builder/spi-builder-workspace/.derivedData/Build/Intermediates.noindex/OllamaKit.build/Debug-watchos/OllamaKit-t.build/Objects-normal/arm64_32/OKHTTPClient.o -o /Users/admin/builder/spi-builder-workspace/.derivedData/Build/Intermediates.noindex/OllamaKit.build/Debug-watchos/OllamaKit-t.build/Objects-normal/arm64_32/OKJSONValue.o -debug-module-path /Users/admin/builder/spi-builder-workspace/.derivedData/Build/Intermediates.noindex/OllamaKit.build/Debug-watchos/OllamaKit-t.build/Objects-normal/arm64_32/OllamaKit.swiftmodule -index-unit-output-path /OllamaKit.build/Debug-watchos/OllamaKit-t.build/Objects-normal/arm64_32/JSONEncoder+Default.o -index-unit-output-path /OllamaKit.build/Debug-watchos/OllamaKit-t.build/Objects-normal/arm64_32/OKHTTPClient.o -index-unit-output-path /OllamaKit.build/Debug-watchos/OllamaKit-t.build/Objects-normal/arm64_32/OKJSONValue.o -index-store-path /Users/admin/builder/spi-builder-workspace/.derivedData/Index.noindex/DataStore -index-system-modules
SwiftCompile normal arm64_32 /Users/admin/builder/spi-builder-workspace/Sources/OllamaKit/Utils/JSONEncoder+Default.swift (in target 'OllamaKit' from project 'OllamaKit')
    cd /Users/admin/builder/spi-builder-workspace/.swiftpm/xcode
    builtin-SwiftPerFileCompile JSONEncoder+Default.swift
SwiftCompile normal arm64_32 /Users/admin/builder/spi-builder-workspace/Sources/OllamaKit/Utils/OKHTTPClient.swift (in target 'OllamaKit' from project 'OllamaKit')
    cd /Users/admin/builder/spi-builder-workspace/.swiftpm/xcode
    builtin-SwiftPerFileCompile OKHTTPClient.swift
SwiftCompile normal arm64_32 /Users/admin/builder/spi-builder-workspace/Sources/OllamaKit/Utils/OKJSONValue.swift (in target 'OllamaKit' from project 'OllamaKit')
    cd /Users/admin/builder/spi-builder-workspace/.swiftpm/xcode
    builtin-SwiftPerFileCompile OKJSONValue.swift
SwiftEmitModule normal arm64 Emitting\ module\ for\ OllamaKit (in target 'OllamaKit' from project 'OllamaKit')
SwiftCompile normal arm64 (in target 'OllamaKit' from project 'OllamaKit')
    cd /Users/admin/builder/spi-builder-workspace/.swiftpm/xcode

SwiftDriverJobDiscovery normal arm64_32 Compiling OllamaKit+Chat.swift, OllamaKit+CopyModel.swift, OllamaKit+DeleteModel.swift, OllamaKit+Embeddings.swift (in target 'OllamaKit' from project 'OllamaKit')
SwiftCompile normal arm64 Compiling\ JSONEncoder+Default.swift /Users/admin/builder/spi-builder-workspace/Sources/OllamaKit/Utils/JSONEncoder+Default.swift (in target 'OllamaKit' from project 'OllamaKit')
SwiftCompile normal arm64 /Users/admin/builder/spi-builder-workspace/Sources/OllamaKit/Utils/JSONEncoder+Default.swift (in target 'OllamaKit' from project 'OllamaKit')
    cd /Users/admin/builder/spi-builder-workspace/.swiftpm/xcode
    builtin-SwiftPerFileCompile JSONEncoder+Default.swift
SwiftDriverJobDiscovery normal arm64_32 Compiling OllamaKit+Generate.swift, OllamaKit+ModelInfo.swift, OllamaKit+Models.swift, OllamaKit+PullModel.swift (in target 'OllamaKit' from project 'OllamaKit')
SwiftCompile normal arm64 Compiling\ OKHTTPClient.swift /Users/admin/builder/spi-builder-workspace/Sources/OllamaKit/Utils/OKHTTPClient.swift (in target 'OllamaKit' from project 'OllamaKit')
SwiftCompile normal arm64 /Users/admin/builder/spi-builder-workspace/Sources/OllamaKit/Utils/OKHTTPClient.swift (in target 'OllamaKit' from project 'OllamaKit')
    cd /Users/admin/builder/spi-builder-workspace/.swiftpm/xcode
    builtin-SwiftPerFileCompile OKHTTPClient.swift
SwiftDriverJobDiscovery normal arm64_32 Compiling OKEmbeddingsResponse.swift, OKGenerateResponse.swift, OKModelInfoResponse.swift (in target 'OllamaKit' from project 'OllamaKit')
SwiftCompile normal arm64_32 Compiling\ OKPullModelRequestData.swift,\ OKCompletionResponse.swift,\ OKChatResponse.swift /Users/admin/builder/spi-builder-workspace/Sources/OllamaKit/RequestData/OKPullModelRequestData.swift /Users/admin/builder/spi-builder-workspace/Sources/OllamaKit/Responses/Completion/OKCompletionResponse.swift /Users/admin/builder/spi-builder-workspace/Sources/OllamaKit/Responses/OKChatResponse.swift (in target 'OllamaKit' from project 'OllamaKit')
SwiftCompile normal arm64_32 /Users/admin/builder/spi-builder-workspace/Sources/OllamaKit/RequestData/OKPullModelRequestData.swift (in target 'OllamaKit' from project 'OllamaKit')
    cd /Users/admin/builder/spi-builder-workspace/.swiftpm/xcode
    builtin-SwiftPerFileCompile OKPullModelRequestData.swift
SwiftCompile normal arm64_32 /Users/admin/builder/spi-builder-workspace/Sources/OllamaKit/Responses/Completion/OKCompletionResponse.swift (in target 'OllamaKit' from project 'OllamaKit')
    cd /Users/admin/builder/spi-builder-workspace/.swiftpm/xcode
    builtin-SwiftPerFileCompile OKCompletionResponse.swift
SwiftCompile normal arm64_32 /Users/admin/builder/spi-builder-workspace/Sources/OllamaKit/Responses/OKChatResponse.swift (in target 'OllamaKit' from project 'OllamaKit')
    cd /Users/admin/builder/spi-builder-workspace/.swiftpm/xcode
    builtin-SwiftPerFileCompile OKChatResponse.swift
SwiftDriverJobDiscovery normal arm64_32 Compiling OKChatRequestData.swift, OKCopyModelRequestData.swift, OKDeleteModelRequestData.swift (in target 'OllamaKit' from project 'OllamaKit')
SwiftCompile normal arm64 Compiling\ OKJSONValue.swift /Users/admin/builder/spi-builder-workspace/Sources/OllamaKit/Utils/OKJSONValue.swift (in target 'OllamaKit' from project 'OllamaKit')
SwiftCompile normal arm64 /Users/admin/builder/spi-builder-workspace/Sources/OllamaKit/Utils/OKJSONValue.swift (in target 'OllamaKit' from project 'OllamaKit')
    cd /Users/admin/builder/spi-builder-workspace/.swiftpm/xcode
    builtin-SwiftPerFileCompile OKJSONValue.swift
SwiftDriverJobDiscovery normal arm64_32 Emitting module for OllamaKit (in target 'OllamaKit' from project 'OllamaKit')
SwiftDriver\ Compilation\ Requirements OllamaKit normal arm64_32 com.apple.xcode.tools.swift.compiler (in target 'OllamaKit' from project 'OllamaKit')
    cd /Users/admin/builder/spi-builder-workspace/.swiftpm/xcode
    builtin-Swift-Compilation-Requirements -- /Applications/Xcode-27.0.0-Release.Candidate.app/Contents/Developer/Toolchains/XcodeDefault.xctoolchain/usr/bin/swiftc -parse-as-library -module-name OllamaKit -Onone @/Users/admin/builder/spi-builder-workspace/.derivedData/Build/Intermediates.noindex/OllamaKit.build/Debug-watchos/OllamaKit-t.build/Objects-normal/arm64_32/OllamaKit.SwiftFileList -DSWIFT_PACKAGE -DDEBUG -DSWIFT_MODULE_RESOURCE_BUNDLE_UNAVAILABLE -DXcode -plugin-path /Applications/Xcode-27.0.0-Release.Candidate.app/Contents/Developer/Toolchains/XcodeDefault.xctoolchain/usr/lib/swift/host/plugins/testing -enable-experimental-feature DebugDescriptionMacro -sdk /Applications/Xcode-27.0.0-Release.Candidate.app/Contents/Developer/Platforms/WatchOS.platform/Developer/SDKs/WatchOS27.0.sdk -target arm64_32-apple-watchos9.0 -g -module-cache-path /Users/admin/builder/spi-builder-workspace/.derivedData/ModuleCache.noindex -Xfrontend -serialize-debugging-options -profile-coverage-mapping -profile-generate -enable-testing -index-store-path /Users/admin/builder/spi-builder-workspace/.derivedData/Index.noindex/DataStore -Xcc -D_LIBCPP_HARDENING_MODE\=_LIBCPP_HARDENING_MODE_DEBUG -swift-version 6 -I /Users/admin/builder/spi-builder-workspace/.derivedData/Build/Products/Debug-watchos -Isystem /Applications/Xcode-27.0.0-Release.Candidate.app/Contents/Developer/Platforms/WatchOS.platform/Developer/usr/lib -F /Users/admin/builder/spi-builder-workspace/.derivedData/Build/Products/Debug-watchos/PackageFrameworks -F /Users/admin/builder/spi-builder-workspace/.derivedData/Build/Products/Debug-watchos -F /Applications/Xcode-27.0.0-Release.Candidate.app/Contents/Developer/Platforms/WatchOS.platform/Developer/Library/Frameworks -F /Applications/Xcode-27.0.0-Release.Candidate.app/Contents/Developer/Platforms/WatchOS.platform/Developer/SDKs/WatchOS27.0.sdk/Developer/Library/Frameworks -c -j10 -enable-batch-mode -incremental -Xcc -ivfsstatcache -Xcc /Users/admin/builder/spi-builder-workspace/.derivedData/SDKStatCaches.noindex/watchos27.0-24R360-e829b21a6f8c9b70876ba0858053c04477534ef55a1706bf4c1112bbb242f0a2.sdkstatcache -output-file-map /Users/admin/builder/spi-builder-workspace/.derivedData/Build/Intermediates.noindex/OllamaKit.build/Debug-watchos/OllamaKit-t.build/Objects-normal/arm64_32/OllamaKit-OutputFileMap.json -save-temps -no-color-diagnostics -explicit-module-build -module-cache-path /Users/admin/builder/spi-builder-workspace/.derivedData/Build/Intermediates.noindex/SwiftExplicitPrecompiledModules -clang-scanner-module-cache-path /Users/admin/builder/spi-builder-workspace/.derivedData/ModuleCache.noindex -sdk-module-cache-path /Users/admin/builder/spi-builder-workspace/.derivedData/SDKExplicitPrecompiledModules -emit-dependencies -emit-module -emit-module-path /Users/admin/builder/spi-builder-workspace/.derivedData/Build/Intermediates.noindex/OllamaKit.build/Debug-watchos/OllamaKit-t.build/Objects-normal/arm64_32/OllamaKit.swiftmodule -serialize-diagnostics -dependency-scan-serialize-diagnostics-path /Users/admin/builder/spi-builder-workspace/.derivedData/Build/Intermediates.noindex/OllamaKit.build/Debug-watchos/OllamaKit-t.build/Objects-normal/arm64_32/OllamaKit-dependency-scan.dia -validate-clang-modules-once -clang-build-session-file /Users/admin/builder/spi-builder-workspace/.derivedData/ModuleCache.noindex/Session.modulevalidation -Xcc -fmodules-prune-interval\=86400 -Xcc -fmodules-prune-after\=345600 -package-name spi_builder_workspace -emit-const-values -const-gather-protocols-list /Users/admin/builder/spi-builder-workspace/.derivedData/Build/Intermediates.noindex/OllamaKit.build/Debug-watchos/OllamaKit-t.build/Objects-normal/arm64_32/OllamaKit_const_extract_protocols.json -Xcc -I/Users/admin/builder/spi-builder-workspace/.derivedData/Build/Products/Debug-watchos/include -Xcc -I/Users/admin/builder/spi-builder-workspace/.derivedData/Build/Intermediates.noindex/OllamaKit.build/Debug-watchos/OllamaKit-t.build/DerivedSources-normal/arm64_32 -Xcc -I/Users/admin/builder/spi-builder-workspace/.derivedData/Build/Intermediates.noindex/OllamaKit.build/Debug-watchos/OllamaKit-t.build/DerivedSources/arm64_32 -Xcc -I/Users/admin/builder/spi-builder-workspace/.derivedData/Build/Intermediates.noindex/OllamaKit.build/Debug-watchos/OllamaKit-t.build/DerivedSources -Xcc -DSWIFT_PACKAGE -Xcc -DDEBUG\=1 -emit-objc-header -emit-objc-header-path /Users/admin/builder/spi-builder-workspace/.derivedData/Build/Intermediates.noindex/OllamaKit.build/Debug-watchos/OllamaKit-t.build/Objects-normal/arm64_32/OllamaKit-Swift.h -working-directory /Users/admin/builder/spi-builder-workspace/.swiftpm/xcode -experimental-emit-module-separately -disable-cmo
PruneExplicitPrecompiledModules /Users/admin/builder/spi-builder-workspace/.derivedData/Build/Intermediates.noindex/ExplicitPrecompiledModules
PruneExplicitPrecompiledModules /Users/admin/builder/spi-builder-workspace/.derivedData/Build/Intermediates.noindex/SwiftExplicitPrecompiledModules
PruneExplicitPrecompiledModules /Users/admin/builder/spi-builder-workspace/.derivedData/SDKExplicitPrecompiledModules
2026-09-22 12:33:14.228 xcodebuild[1308:7669] [MT] IDERunDestination: Supported platforms for the buildables in the current scheme is empty.
** BUILD FAILED **
The following build commands failed:
	SwiftCompile normal arm64_32 Compiling\ JSONEncoder+Default.swift,\ OKHTTPClient.swift,\ OKJSONValue.swift /Users/admin/builder/spi-builder-workspace/Sources/OllamaKit/Utils/JSONEncoder+Default.swift /Users/admin/builder/spi-builder-workspace/Sources/OllamaKit/Utils/OKHTTPClient.swift /Users/admin/builder/spi-builder-workspace/Sources/OllamaKit/Utils/OKJSONValue.swift (in target 'OllamaKit' from project 'OllamaKit')
	SwiftCompile normal arm64_32 /Users/admin/builder/spi-builder-workspace/Sources/OllamaKit/Utils/OKHTTPClient.swift (in target 'OllamaKit' from project 'OllamaKit')
	Building workspace OllamaKit with scheme OllamaKit
(3 failures)
BUILD FAILURE 6.4 watchOS