The Swift Package Index logo.Swift Package Index

Build Information

Failed to build ZestyAdsSDK, reference main (e4f9ca), with Swift 6.4 for macOS (SPM) on 25 Sep 2026 00:21:15 UTC.

Build Command

env DEVELOPER_DIR=/Applications/Xcode-27.0.0-Release.Candidate.app xcrun swift build --arch arm64

Build Log

========================================
RunAll
========================================
Builder version: 5.1.0
Interrupt handler set up.
========================================
Checkout
========================================
Clone URL: https://github.com/borellion/sdk-visionos.git
Reference: main
Initialized empty Git repository in /Users/admin/builder/spi-builder-workspace/.git/
From https://github.com/borellion/sdk-visionos
 * branch            main       -> FETCH_HEAD
 * [new branch]      main       -> origin/main
HEAD is now at e4f9ca8 Update to Borellion API URL (#10)
Cloned https://github.com/borellion/sdk-visionos.git
Revision (git rev-parse @):
e4f9ca819769157c2e2a573fd9277a5bc1f325ac
SUCCESS checkout https://github.com/borellion/sdk-visionos.git at main
========================================
Build
========================================
Selected platform:         macosSpm
Swift version:             6.4
Building package at path:  $PWD
https://github.com/borellion/sdk-visionos.git
Running build ...
env DEVELOPER_DIR=/Applications/Xcode-27.0.0-Release.Candidate.app xcrun swift build --arch arm64
Building for debugging...
[Pre-planning 1 / 125]
[Planning deferred tasks]
[36 / 55] Kingfisher_Kingfisher
[38 / 55]
[39 / 56] Kingfisher
[49 / 153]
[53 / 153]
[61 / 153]
[63 / 153]
[64 / 153]
[69 / 153]
[71 / 153]
[73 / 153]
[77 / 153]
[82 / 153]
[85 / 153]
[87 / 153]
[88 / 153]
[101 / 153]
[105 / 153]
[107 / 153]
[112 / 153]
[116 / 153]
[118 / 153]
[119 / 153]
[123 / 153]
[124 / 153]
[125 / 153]
[136 / 153] Kingfisher
[137 / 153] Kingfisher
[143 / 154] Kingfisher
[145 / 154] ZestyAdsSDK
[155 / 245]
[159 / 245]
[167 / 245]
[169 / 245]
[170 / 245]
[175 / 245]
[177 / 245]
[179 / 245]
[183 / 245]
[188 / 245]
[191 / 245]
[193 / 245]
[194 / 245]
[207 / 245]
[213 / 245]
[214 / 245]
[216 / 245]
[220 / 245]
[225 / 245]
[226 / 245]
[227 / 245]
[231 / 245]
[233 / 245]
[236 / 245] ZestyAdsSDK
Fetching https://github.com/onevcat/Kingfisher.git
[1/33960] Fetching kingfisher
Fetched https://github.com/onevcat/Kingfisher.git (6.46s)
Computing version for https://github.com/onevcat/Kingfisher.git
Computed https://github.com/onevcat/Kingfisher.git at 8.13.0 (7.06s)
Creating working copy for https://github.com/onevcat/Kingfisher.git
Working copy of https://github.com/onevcat/Kingfisher.git resolved at 8.13.0
error: SwiftCompile normal arm64 failed with a nonzero exit code. Command line:     cd /Users/admin/builder

/Users/admin/builder/spi-builder-workspace/Sources/AdsSDKSwift/ZestyBanner.swift:160:37: error: cannot find type 'Context' in scope
158 |     }
159 |
160 |     public func makeUIView(context: Context) -> WKWebView {
    |                                     `- error: cannot find type 'Context' in scope
161 |         let configuration = WKWebViewConfiguration()
162 |         configuration.preferences.javaScriptEnabled = true
/Users/admin/builder/spi-builder-workspace/Sources/AdsSDKSwift/ZestyBanner.swift:175:61: error: cannot find type 'Context' in scope
173 |     }
174 |
175 |     public func updateUIView(_ webView: WKWebView, context: Context) {
    |                                                             `- error: cannot find type 'Context' in scope
176 |         webView.navigationDelegate = context.coordinator
177 |         let request = URLRequest(url: url)
/Users/admin/builder/spi-builder-workspace/Sources/AdsSDKSwift/ZestyBanner.swift:153:24: error: cannot find type 'UIViewRepresentable' in scope
151 | }
152 |
153 | public struct WebView: UIViewRepresentable {
    |                        `- error: cannot find type 'UIViewRepresentable' in scope
154 |     let url: URL
155 |
/Users/admin/builder/spi-builder-workspace/Sources/AdsSDKSwift/ZestyBannerView.swift:152:9: error: extraneous argument label 'windowStyle:' in macro expansion
150 | }
151 |
152 | #Preview(windowStyle: .automatic) {
    |         `- error: extraneous argument label 'windowStyle:' in macro expansion
153 |     ZestyBannerView(adUnitId: "c001c7bb-e9f8-4245-8607-e20c99ff0d08", format: Formats.Billboard)
154 | }
/Users/admin/builder/spi-builder-workspace/Sources/AdsSDKSwift/ZestyBannerView.swift:152:24: error: type 'String?' has no member 'automatic'
150 | }
151 |
152 | #Preview(windowStyle: .automatic) {
    |                        `- error: type 'String?' has no member 'automatic'
153 |     ZestyBannerView(adUnitId: "c001c7bb-e9f8-4245-8607-e20c99ff0d08", format: Formats.Billboard)
154 | }
Failed frontend command:
/Applications/Xcode-27.0.0-Release.Candidate.app/Contents/Developer/Toolchains/XcodeDefault.xctoolchain/usr/bin/swift-frontend -frontend -emit-module -experimental-skip-non-inlinable-function-bodies-without-types /Users/admin/builder/spi-builder-workspace/Sources/AdsSDKSwift/ZestyBanner.swift /Users/admin/builder/spi-builder-workspace/Sources/AdsSDKSwift/ZestyBannerView.swift -target arm64-apple-macos12.0 -disable-cross-import-overlay-search -swift-module-cross-import WebKit /Applications/Xcode-27.0.0-Release.Candidate.app/Contents/Developer/Platforms/MacOSX.platform/Developer/SDKs/MacOSX.sdk/System/Cryptexes/OS/System/Library/Frameworks/WebKit.framework/Modules/WebKit.swiftcrossimport/SwiftUI.swiftoverlay -swift-module-cross-import WebKit /Applications/Xcode-27.0.0-Release.Candidate.app/Contents/Developer/Platforms/MacOSX.platform/Developer/SDKs/MacOSX27.0.sdk/System/Library/Frameworks/WebKit.framework/Modules/WebKit.swiftcrossimport/SwiftUI.swiftoverlay -load-resolved-plugin /Applications/Xcode-27.0.0-Release.Candidate.app/Contents/Developer/Platforms/MacOSX.platform/Developer/usr/lib/swift/host/plugins/libFoundationMacros.dylib\#/Applications/Xcode-27.0.0-Release.Candidate.app/Contents/Developer/Platforms/MacOSX.platform/Developer/usr/bin/swift-plugin-server\#FoundationMacros -load-resolved-plugin /Applications/Xcode-27.0.0-Release.Candidate.app/Contents/Developer/Platforms/MacOSX.platform/Developer/usr/lib/swift/host/plugins/libObservationMacros.dylib\#/Applications/Xcode-27.0.0-Release.Candidate.app/Contents/Developer/Platforms/MacOSX.platform/Developer/usr/bin/swift-plugin-server\#ObservationMacros -load-resolved-plugin /Applications/Xcode-27.0.0-Release.Candidate.app/Contents/Developer/Platforms/MacOSX.platform/Developer/usr/lib/swift/host/plugins/libPreviewsMacros.dylib\#/Applications/Xcode-27.0.0-Release.Candidate.app/Contents/Developer/Platforms/MacOSX.platform/Developer/usr/bin/swift-plugin-server\#PreviewsMacros -load-resolved-plugin /Applications/Xcode-27.0.0-Release.Candidate.app/Contents/Developer/Platforms/MacOSX.platform/Developer/usr/lib/swift/host/plugins/libSwiftMacros.dylib\#/Applications/Xcode-27.0.0-Release.Candidate.app/Contents/Developer/Platforms/MacOSX.platform/Developer/usr/bin/swift-plugin-server\#SwiftMacros -load-resolved-plugin /Applications/Xcode-27.0.0-Release.Candidate.app/Contents/Developer/Platforms/MacOSX.platform/Developer/usr/lib/swift/host/plugins/libSwiftUIMacros.dylib\#/Applications/Xcode-27.0.0-Release.Candidate.app/Contents/Developer/Platforms/MacOSX.platform/Developer/usr/bin/swift-plugin-server\#SwiftUIMacros -disable-implicit-swift-modules -Xcc -fno-implicit-modules -Xcc -fno-implicit-module-maps -explicit-swift-module-map-file /Users/admin/builder/spi-builder-workspace/.build/out/Intermediates.noindex/ZestyAdsSDK.build/Debug/ZestyAdsSDK-t.build/Objects-normal/arm64/ZestyAdsSDK-dependencies-1.json -Xllvm -aarch64-use-tbi -enable-objc-interop -stack-check -sdk /Applications/Xcode-27.0.0-Release.Candidate.app/Contents/Developer/Platforms/MacOSX.platform/Developer/SDKs/MacOSX27.0.sdk -I /Users/admin/builder/spi-builder-workspace/.build/out/Products/Debug -Isystem /Applications/Xcode-27.0.0-Release.Candidate.app/Contents/Developer/Platforms/MacOSX.platform/Developer/usr/lib -F /Users/admin/builder/spi-builder-workspace/.build/out/Products/Debug/PackageFrameworks -F /Users/admin/builder/spi-builder-workspace/.build/out/Products/Debug -F /Applications/Xcode-27.0.0-Release.Candidate.app/Contents/Developer/Platforms/MacOSX.platform/Developer/Library/Frameworks -module-cache-path /Users/admin/builder/spi-builder-workspace/.build/out/Intermediates.noindex/SwiftExplicitPrecompiledModules -color-diagnostics -Xcc -fcolor-diagnostics -enable-testing -g -debug-info-format\=dwarf -dwarf-version\=4 -swift-version 6 -Onone -D SWIFT_PACKAGE -D DEBUG -D SWIFT_MODULE_RESOURCE_BUNDLE_UNAVAILABLE -D Xcode -serialize-debugging-options -enable-experimental-feature DebugDescriptionMacro -empty-abi-descriptor -validate-clang-modules-once -clang-build-session-file /Users/admin/builder/spi-builder-workspace/.build/out/ModuleCache.noindex/Session.modulevalidation -Xcc -working-directory -Xcc /Users/admin/builder -enable-anonymous-context-mangled-names -file-compilation-dir /Users/admin/builder -Xcc -D_LIBCPP_HARDENING_MODE\=_LIBCPP_HARDENING_MODE_DEBUG -Xcc -ivfsstatcache -Xcc /Users/admin/builder/spi-builder-workspace/.build/out/SDKStatCaches.noindex/macosx27.0-26A425-80c5bbf1d171475443272936d42f90a36a22442a12e9d48fe1a705f55a1adfc4.sdkstatcache -Xcc -fmodules-prune-interval\=86400 -Xcc -fmodules-prune-after\=345600 -Xcc -I/Users/admin/builder/spi-builder-workspace/.build/out/Products/Debug/include -Xcc -I/Users/admin/builder/spi-builder-workspace/.build/out/Intermediates.noindex/ZestyAdsSDK.build/Debug/ZestyAdsSDK-t.build/DerivedSources-normal/arm64 -Xcc -I/Users/admin/builder/spi-builder-workspace/.build/out/Intermediates.noindex/ZestyAdsSDK.build/Debug/ZestyAdsSDK-t.build/DerivedSources/arm64 -Xcc -I/Users/admin/builder/spi-builder-workspace/.build/out/Intermediates.noindex/ZestyAdsSDK.build/Debug/ZestyAdsSDK-t.build/DerivedSources -Xcc -DSWIFT_PACKAGE -Xcc -DDEBUG\=1 -no-auto-bridging-header-chaining -module-name ZestyAdsSDK -package-name spi_builder_workspace -const-gather-protocols-file /Users/admin/builder/spi-builder-workspace/.build/out/Intermediates.noindex/ZestyAdsSDK.build/Debug/ZestyAdsSDK-t.build/Objects-normal/arm64/ZestyAdsSDK_const_extract_protocols.json -disable-clang-spi -clang-target arm64-apple-macos27.0 -target-sdk-version 27.0 -target-sdk-name macosx27.0 -in-process-plugin-server-path /Applications/Xcode-27.0.0-Release.Candidate.app/Contents/Developer/Toolchains/XcodeDefault.xctoolchain/usr/lib/swift/host/libSwiftInProcPluginServer.dylib -emit-module-doc-path /Users/admin/builder/spi-builder-workspace/.build/out/Intermediates.noindex/ZestyAdsSDK.build/Debug/ZestyAdsSDK-t.build/Objects-normal/arm64/ZestyAdsSDK.swiftdoc -emit-module-source-info-path /Users/admin/builder/spi-builder-workspace/.build/out/Intermediates.noindex/ZestyAdsSDK.build/Debug/ZestyAdsSDK-t.build/Objects-normal/arm64/ZestyAdsSDK.swiftsourceinfo -emit-objc-header-path /Users/admin/builder/spi-builder-workspace/.build/out/Intermediates.noindex/ZestyAdsSDK.build/Debug/ZestyAdsSDK-t.build/Objects-normal/arm64/ZestyAdsSDK-Swift.h -serialize-diagnostics-path /Users/admin/builder/spi-builder-workspace/.build/out/Intermediates.noindex/ZestyAdsSDK.build/Debug/ZestyAdsSDK-t.build/Objects-normal/arm64/ZestyAdsSDK-primary-emit-module.dia -emit-dependencies-path /Users/admin/builder/spi-builder-workspace/.build/out/Intermediates.noindex/ZestyAdsSDK.build/Debug/ZestyAdsSDK-t.build/Objects-normal/arm64/ZestyAdsSDK-primary-emit-module.d -parse-as-library -o /Users/admin/builder/spi-builder-workspace/.build/out/Intermediates.noindex/ZestyAdsSDK.build/Debug/ZestyAdsSDK-t.build/Objects-normal/arm64/ZestyAdsSDK.swiftmodule -emit-abi-descriptor-path /Users/admin/builder/spi-builder-workspace/.build/out/Intermediates.noindex/ZestyAdsSDK.build/Debug/ZestyAdsSDK-t.build/Objects-normal/arm64/ZestyAdsSDK.abi.json
error: Build failed
BUILD FAILURE 6.4 macosSpm