Build Information
Failed to build FlowingMenu, reference 3.1.0 (51a155), with Swift 6.4 for watchOS using Xcode 27.0 on 17 Sep 2026 00:37:37 UTC.
Build Command
No build command. This typically means the build failed at an early stage where we determine the build command.Build Log
========================================
RunAll
========================================
Builder version: 5.1.0
Interrupt handler set up.
========================================
Checkout
========================================
Clone URL: https://github.com/yannickl/FlowingMenu.git
Reference: 3.1.0
Initialized empty Git repository in /Users/admin/builder/spi-builder-workspace/.git/
From https://github.com/yannickl/FlowingMenu
* tag 3.1.0 -> FETCH_HEAD
HEAD is now at 51a1557 Bump to v3.1.0
Cloned https://github.com/yannickl/FlowingMenu.git
Revision (git rev-parse @):
51a15579107e85680277148d548840ef23fc40e0
SUCCESS checkout https://github.com/yannickl/FlowingMenu.git at 3.1.0
========================================
Build
========================================
Selected platform: watchOS
Swift version: 6.4
Building package at path: $PWD
https://github.com/yannickl/FlowingMenu.git
Command line invocation:
/Applications/Xcode-27.0.0-Release.Candidate.app/Contents/Developer/usr/bin/xcodebuild -IDEClonedSourcePackagesDirPathOverride=/Users/admin/builder/spi-builder-workspace/.dependencies -resolvePackageDependencies
Resolve Package Graph
the Swift tools version specification is missing a label; consider inserting 'swift-tools-version:' between the comment marker and the version specifierthe Swift tools version specification is missing a label; consider inserting 'swift-tools-version:' between the comment marker and the version specifier
Resolved source packages:
spi-builder-workspace: (null)
2026-09-16 20:37:35.604 xcodebuild[529:3050] Writing error result bundle to /var/folders/xq/y_g06wb113726d38xsyx71_h0000gn/T/ResultBundle_2026-16-09_20-37-0035.xcresult
xcodebuild: error: Could not resolve package dependencies:
the Swift tools version specification is missing a label; consider inserting 'swift-tools-version:' between the comment marker and the version specifier
the Swift tools version specification is missing a label; consider inserting 'swift-tools-version:' between the comment marker and the version specifier
Command line invocation:
/Applications/Xcode-27.0.0-Release.Candidate.app/Contents/Developer/usr/bin/xcodebuild -IDEClonedSourcePackagesDirPathOverride=/Users/admin/builder/spi-builder-workspace/.dependencies -resolvePackageDependencies
Resolve Package Graph
the Swift tools version specification is missing a label; consider inserting 'swift-tools-version:' between the comment marker and the version specifierthe Swift tools version specification is missing a label; consider inserting 'swift-tools-version:' between the comment marker and the version specifier
Resolved source packages:
spi-builder-workspace: (null)
2026-09-16 20:37:37.535 xcodebuild[577:3452] Writing error result bundle to /var/folders/xq/y_g06wb113726d38xsyx71_h0000gn/T/ResultBundle_2026-16-09_20-37-0037.xcresult
xcodebuild: error: Could not resolve package dependencies:
the Swift tools version specification is missing a label; consider inserting 'swift-tools-version:' between the comment marker and the version specifier
the Swift tools version specification is missing a label; consider inserting 'swift-tools-version:' between the comment marker and the version specifier
BUILD FAILURE 6.4 watchOS