The Swift Package Index logo.Swift Package Index

Build Information

Failed to build Agrume, reference master (7e500c), with Swift 6.3 for visionOS using Xcode 26.4 on 19 Oct 2026 18:00:07 UTC.

Build Command

env DEVELOPER_DIR=/Applications/Xcode-26.5.0.app xcrun xcodebuild -IDEClonedSourcePackagesDirPathOverride=$PWD/.dependencies -skipMacroValidation -skipPackagePluginValidation -derivedDataPath $PWD/.derivedData build -scheme Agrume -destination generic/platform=xrOS

Build Log

========================================
RunAll
========================================
Builder version: 5.1.3
Interrupt handler set up.
========================================
Checkout
========================================
Clone URL: https://github.com/JanGorman/Agrume.git
Reference: master
Initialized empty Git repository in /Users/admin/builder/spi-builder-workspace/.git/
From https://github.com/JanGorman/Agrume
 * branch            master     -> FETCH_HEAD
 * [new branch]      master     -> origin/master
HEAD is now at 7e500cf Merge pull request #431 from JanGorman/dependabot/bundler/fastlane-2.241.1
Submodule path 'Frameworks/SwiftyGif': checked out 'db0c122b671bc9760385e0355be00eede3b7bb44'
Submodule 'Frameworks/SwiftyGif' (https://github.com/kirualex/SwiftyGif) registered for path 'Frameworks/SwiftyGif'
Cloning into '/Users/admin/builder/spi-builder-workspace/Frameworks/SwiftyGif'...
From https://github.com/kirualex/SwiftyGif
 * branch            db0c122b671bc9760385e0355be00eede3b7bb44 -> FETCH_HEAD
Cloned https://github.com/JanGorman/Agrume.git
Revision (git rev-parse @):
7e500cfc2df5d01e71714c4f10df9856454b8c6a
SUCCESS checkout https://github.com/JanGorman/Agrume.git at master
========================================
Build
========================================
Selected platform:         visionOS
Swift version:             6.3
Building package at path:  $PWD
https://github.com/JanGorman/Agrume.git
Command line invocation:
    /Applications/Xcode-26.5.0.app/Contents/Developer/usr/bin/xcodebuild -IDEClonedSourcePackagesDirPathOverride=/Users/admin/builder/spi-builder-workspace/.dependencies -resolvePackageDependencies
resolved source packages:
{
  "dependencies" : [
    {
      "identity" : "swiftygif",
      "requirement" : {
        "range" : [
          {
            "lower_bound" : "5.4.0",
            "upper_bound" : "6.0.0"
          }
        ]
      },
      "type" : "sourceControl",
      "url" : "https://github.com/kirualex/SwiftyGif"
    }
  ],
  "manifest_display_name" : "Agrume",
  "name" : "Agrume",
  "path" : "/Users/admin/builder/spi-builder-workspace",
  "platforms" : [
    {
      "name" : "ios",
      "version" : "13.0"
    }
  ],
  "products" : [
    {
      "name" : "Agrume",
      "targets" : [
        "Agrume"
      ],
      "type" : {
        "library" : [
          "automatic"
        ]
      }
    }
  ],
  "targets" : [
    {
      "c99name" : "Agrume",
      "module_type" : "SwiftTarget",
      "name" : "Agrume",
      "path" : "Agrume",
      "product_dependencies" : [
        "SwiftyGif"
      ],
      "product_memberships" : [
        "Agrume"
      ],
      "sources" : [
        "Agrume.swift",
        "AgrumeCell.swift",
        "AgrumeDataSource.swift",
        "AgrumeImage.swift",
        "AgrumeOverlayView.swift",
        "AgrumePhotoLibraryHelper.swift",
        "AgrumeServiceLocator.swift",
        "AgrumeView.swift",
        "Configuration.swift",
        "Foundation+Agrume.swift",
        "ImageDownloader.swift",
        "UIKit+Agrume.swift",
        "With.swift"
      ],
      "type" : "library"
    }
  ],
  "tools_version" : "5.1"
}
{
  "project" : {
    "configurations" : [
      "Debug",
      "Release"
    ],
    "name" : "Agrume",
    "schemes" : [
      "Agrume",
      "SwiftyGif",
      "SwiftyGifExample",
      "SwiftyGifMac",
      "SwiftyGifMacExample"
    ],
    "targets" : [
      "Agrume",
      "AgrumeTests"
    ]
  }
}
{
  "workspace" : {
    "name" : "spi-builder-workspace",
    "schemes" : [
      "Agrume"
    ]
  }
}
2026-10-19 13:59:52.237 xcodebuild[721:4428] [MT] IDERunDestination: Supported platforms for the buildables in the current scheme is empty.
Running build ...
env DEVELOPER_DIR=/Applications/Xcode-26.5.0.app xcrun xcodebuild -IDEClonedSourcePackagesDirPathOverride=$PWD/.dependencies -skipMacroValidation -skipPackagePluginValidation -derivedDataPath $PWD/.derivedData build -scheme Agrume -destination generic/platform=xrOS
Command line invocation:
    /Applications/Xcode-26.5.0.app/Contents/Developer/usr/bin/xcodebuild -IDEClonedSourcePackagesDirPathOverride=/Users/admin/builder/spi-builder-workspace/.dependencies -skipMacroValidation -skipPackagePluginValidation -derivedDataPath /Users/admin/builder/spi-builder-workspace/.derivedData build -scheme Agrume -destination generic/platform=xrOS
Resolve Package Graph
Resolve Package Graph
Resolved source packages:
  Agrume: /Users/admin/builder/spi-builder-workspace
  SwiftyGif: https://github.com/kirualex/SwiftyGif @ 5.4.5
ComputePackagePrebuildTargetDependencyGraph
Prepare packages
CreateBuildRequest
SendProjectDescription
CreateBuildOperation
ComputeTargetDependencyGraph
note: Building targets in dependency order
note: Target dependency graph (5 targets)
    Target 'Agrume' in project 'Agrume'
        ➜ Explicit dependency on target 'Agrume' in project 'Agrume'
        ➜ Explicit dependency on target 'SwiftyGif' in project 'SwiftyGif'
    Target 'Agrume' in project 'Agrume'
        ➜ Explicit dependency on target 'SwiftyGif' in project 'SwiftyGif'
    Target 'SwiftyGif' in project 'SwiftyGif'
        ➜ Explicit dependency on target 'SwiftyGif' in project 'SwiftyGif'
        ➜ Explicit dependency on target 'SwiftyGif_SwiftyGif' in project 'SwiftyGif'
    Target 'SwiftyGif' in project 'SwiftyGif'
        ➜ Explicit dependency on target 'SwiftyGif_SwiftyGif' in project 'SwiftyGif'
    Target 'SwiftyGif_SwiftyGif' in project 'SwiftyGif' (no dependencies)
GatherProvisioningInputs
CreateBuildDescription
ExecuteExternalTool /Applications/Xcode-26.5.0.app/Contents/Developer/Toolchains/XcodeDefault.xctoolchain/usr/bin/clang -v -E -dM -isysroot /Applications/Xcode-26.5.0.app/Contents/Developer/Platforms/XROS.platform/Developer/SDKs/XROS26.5.sdk -x c -c /dev/null
ExecuteExternalTool /Applications/Xcode-26.5.0.app/Contents/Developer/Toolchains/XcodeDefault.xctoolchain/usr/bin/swiftc --version
ExecuteExternalTool /Applications/Xcode-26.5.0.app/Contents/Developer/Toolchains/XcodeDefault.xctoolchain/usr/bin/ld -version_details
Build description signature: 6693d1a4c6c33295b53aba4519f57cf3
Build description path: /Users/admin/builder/spi-builder-workspace/.derivedData/Build/Intermediates.noindex/XCBuildData/6693d1a4c6c33295b53aba4519f57cf3.xcbuilddata
ClangStatCache /Applications/Xcode-26.5.0.app/Contents/Developer/Toolchains/XcodeDefault.xctoolchain/usr/bin/clang-stat-cache /Applications/Xcode-26.5.0.app/Contents/Developer/Platforms/XROS.platform/Developer/SDKs/XROS26.5.sdk /Users/admin/builder/spi-builder-workspace/.derivedData/SDKStatCaches.noindex/xros26.5-23O469-688ef53f1462e2c8f657fdc38a81448f73f9c068cd48276448ef291a7ea74bec.sdkstatcache
    cd /Users/admin/builder/spi-builder-workspace/.swiftpm/xcode
    /Applications/Xcode-26.5.0.app/Contents/Developer/Toolchains/XcodeDefault.xctoolchain/usr/bin/clang-stat-cache /Applications/Xcode-26.5.0.app/Contents/Developer/Platforms/XROS.platform/Developer/SDKs/XROS26.5.sdk -o /Users/admin/builder/spi-builder-workspace/.derivedData/SDKStatCaches.noindex/xros26.5-23O469-688ef53f1462e2c8f657fdc38a81448f73f9c068cd48276448ef291a7ea74bec.sdkstatcache
CreateBuildDirectory /Users/admin/builder/spi-builder-workspace/.derivedData/Build/Products
    cd /Users/admin/builder/spi-builder-workspace/.swiftpm/xcode
    builtin-create-build-directory /Users/admin/builder/spi-builder-workspace/.derivedData/Build/Products
CreateBuildDirectory /Users/admin/builder/spi-builder-workspace/.derivedData/Build/Intermediates.noindex
    cd /Users/admin/builder/spi-builder-workspace/.swiftpm/xcode
    builtin-create-build-directory /Users/admin/builder/spi-builder-workspace/.derivedData/Build/Intermediates.noindex
CreateBuildDirectory /Users/admin/builder/spi-builder-workspace/.derivedData/Build/Intermediates.noindex/SwiftExplicitPrecompiledModules
    cd /Users/admin/builder/spi-builder-workspace/.swiftpm/xcode
    builtin-create-build-directory /Users/admin/builder/spi-builder-workspace/.derivedData/Build/Intermediates.noindex/SwiftExplicitPrecompiledModules
CreateBuildDirectory /Users/admin/builder/spi-builder-workspace/.derivedData/Build/Intermediates.noindex/ExplicitPrecompiledModules
    cd /Users/admin/builder/spi-builder-workspace/.swiftpm/xcode
    builtin-create-build-directory /Users/admin/builder/spi-builder-workspace/.derivedData/Build/Intermediates.noindex/ExplicitPrecompiledModules
CreateBuildDirectory /Users/admin/builder/spi-builder-workspace/.derivedData/Build/Intermediates.noindex/EagerLinkingTBDs/Debug-xros
    cd /Users/admin/builder/spi-builder-workspace/.swiftpm/xcode
    builtin-create-build-directory /Users/admin/builder/spi-builder-workspace/.derivedData/Build/Intermediates.noindex/EagerLinkingTBDs/Debug-xros
CreateBuildDirectory /Users/admin/builder/spi-builder-workspace/.derivedData/Build/Products/Debug-xros
    cd /Users/admin/builder/spi-builder-workspace/.swiftpm/xcode
    builtin-create-build-directory /Users/admin/builder/spi-builder-workspace/.derivedData/Build/Products/Debug-xros
CreateBuildDirectory /Users/admin/builder/spi-builder-workspace/.derivedData/Build/Products/Debug-xros/PackageFrameworks
    cd /Users/admin/builder/spi-builder-workspace/.swiftpm/xcode
    builtin-create-build-directory /Users/admin/builder/spi-builder-workspace/.derivedData/Build/Products/Debug-xros/PackageFrameworks
WriteAuxiliaryFile /Users/admin/builder/spi-builder-workspace/.derivedData/Build/Intermediates.noindex/SwiftyGif.build/Debug-xros/SwiftyGif.build/SwiftyGif.DependencyMetadataFileList (in target 'SwiftyGif' from project 'SwiftyGif')
    cd /Users/admin/builder/spi-builder-workspace/.dependencies/checkouts/SwiftyGif
    write-file /Users/admin/builder/spi-builder-workspace/.derivedData/Build/Intermediates.noindex/SwiftyGif.build/Debug-xros/SwiftyGif.build/SwiftyGif.DependencyMetadataFileList
WriteAuxiliaryFile /Users/admin/builder/spi-builder-workspace/.derivedData/Build/Intermediates.noindex/SwiftyGif.build/Debug-xros/SwiftyGif_SwiftyGif.build/SwiftyGif_SwiftyGif.DependencyMetadataFileList (in target 'SwiftyGif_SwiftyGif' from project 'SwiftyGif')
    cd /Users/admin/builder/spi-builder-workspace/.dependencies/checkouts/SwiftyGif
    write-file /Users/admin/builder/spi-builder-workspace/.derivedData/Build/Intermediates.noindex/SwiftyGif.build/Debug-xros/SwiftyGif_SwiftyGif.build/SwiftyGif_SwiftyGif.DependencyMetadataFileList
WriteAuxiliaryFile /Users/admin/builder/spi-builder-workspace/.derivedData/Build/Intermediates.noindex/SwiftyGif.build/Debug-xros/SwiftyGif.build/SwiftyGif.modulemap (in target 'SwiftyGif' from project 'SwiftyGif')
    cd /Users/admin/builder/spi-builder-workspace/.dependencies/checkouts/SwiftyGif
    write-file /Users/admin/builder/spi-builder-workspace/.derivedData/Build/Intermediates.noindex/SwiftyGif.build/Debug-xros/SwiftyGif.build/SwiftyGif.modulemap
WriteAuxiliaryFile /Users/admin/builder/spi-builder-workspace/.derivedData/Build/Intermediates.noindex/SwiftyGif.build/Debug-xros/SwiftyGif_SwiftyGif.build/empty-SwiftyGif_SwiftyGif.plist (in target 'SwiftyGif_SwiftyGif' from project 'SwiftyGif')
    cd /Users/admin/builder/spi-builder-workspace/.dependencies/checkouts/SwiftyGif
    write-file /Users/admin/builder/spi-builder-workspace/.derivedData/Build/Intermediates.noindex/SwiftyGif.build/Debug-xros/SwiftyGif_SwiftyGif.build/empty-SwiftyGif_SwiftyGif.plist
WriteAuxiliaryFile /Users/admin/builder/spi-builder-workspace/.derivedData/Build/Intermediates.noindex/SwiftyGif.build/Debug-xros/SwiftyGif.build/SwiftyGif.DependencyStaticMetadataFileList (in target 'SwiftyGif' from project 'SwiftyGif')
    cd /Users/admin/builder/spi-builder-workspace/.dependencies/checkouts/SwiftyGif
    write-file /Users/admin/builder/spi-builder-workspace/.derivedData/Build/Intermediates.noindex/SwiftyGif.build/Debug-xros/SwiftyGif.build/SwiftyGif.DependencyStaticMetadataFileList
WriteAuxiliaryFile /Users/admin/builder/spi-builder-workspace/.derivedData/Build/Intermediates.noindex/SwiftyGif.build/Debug-xros/SwiftyGif_SwiftyGif.build/SwiftyGif_SwiftyGif.DependencyStaticMetadataFileList (in target 'SwiftyGif_SwiftyGif' from project 'SwiftyGif')
    cd /Users/admin/builder/spi-builder-workspace/.dependencies/checkouts/SwiftyGif
    write-file /Users/admin/builder/spi-builder-workspace/.derivedData/Build/Intermediates.noindex/SwiftyGif.build/Debug-xros/SwiftyGif_SwiftyGif.build/SwiftyGif_SwiftyGif.DependencyStaticMetadataFileList
WriteAuxiliaryFile /Users/admin/builder/spi-builder-workspace/.derivedData/Build/Intermediates.noindex/SwiftyGif.build/Debug-xros/SwiftyGif.build/Objects-normal/arm64/SwiftyGif.SwiftFileList (in target 'SwiftyGif' from project 'SwiftyGif')
    cd /Users/admin/builder/spi-builder-workspace/.dependencies/checkouts/SwiftyGif
    write-file /Users/admin/builder/spi-builder-workspace/.derivedData/Build/Intermediates.noindex/SwiftyGif.build/Debug-xros/SwiftyGif.build/Objects-normal/arm64/SwiftyGif.SwiftFileList
WriteAuxiliaryFile /Users/admin/builder/spi-builder-workspace/.derivedData/Build/Intermediates.noindex/SwiftyGif.build/Debug-xros/SwiftyGif.build/Objects-normal/arm64/SwiftyGif_const_extract_protocols.json (in target 'SwiftyGif' from project 'SwiftyGif')
    cd /Users/admin/builder/spi-builder-workspace/.dependencies/checkouts/SwiftyGif
    write-file /Users/admin/builder/spi-builder-workspace/.derivedData/Build/Intermediates.noindex/SwiftyGif.build/Debug-xros/SwiftyGif.build/Objects-normal/arm64/SwiftyGif_const_extract_protocols.json
WriteAuxiliaryFile /Users/admin/builder/spi-builder-workspace/.derivedData/Build/Intermediates.noindex/SwiftyGif.build/Debug-xros/SwiftyGif.build/Objects-normal/arm64/SwiftyGif.SwiftConstValuesFileList (in target 'SwiftyGif' from project 'SwiftyGif')
    cd /Users/admin/builder/spi-builder-workspace/.dependencies/checkouts/SwiftyGif
    write-file /Users/admin/builder/spi-builder-workspace/.derivedData/Build/Intermediates.noindex/SwiftyGif.build/Debug-xros/SwiftyGif.build/Objects-normal/arm64/SwiftyGif.SwiftConstValuesFileList
WriteAuxiliaryFile /Users/admin/builder/spi-builder-workspace/.derivedData/Build/Intermediates.noindex/SwiftyGif.build/Debug-xros/SwiftyGif.build/Objects-normal/arm64/SwiftyGif.LinkFileList (in target 'SwiftyGif' from project 'SwiftyGif')
    cd /Users/admin/builder/spi-builder-workspace/.dependencies/checkouts/SwiftyGif
    write-file /Users/admin/builder/spi-builder-workspace/.derivedData/Build/Intermediates.noindex/SwiftyGif.build/Debug-xros/SwiftyGif.build/Objects-normal/arm64/SwiftyGif.LinkFileList
WriteAuxiliaryFile /Users/admin/builder/spi-builder-workspace/.derivedData/Build/Intermediates.noindex/SwiftyGif.build/Debug-xros/SwiftyGif.build/Objects-normal/arm64/SwiftyGif-OutputFileMap.json (in target 'SwiftyGif' from project 'SwiftyGif')
    cd /Users/admin/builder/spi-builder-workspace/.dependencies/checkouts/SwiftyGif
    write-file /Users/admin/builder/spi-builder-workspace/.derivedData/Build/Intermediates.noindex/SwiftyGif.build/Debug-xros/SwiftyGif.build/Objects-normal/arm64/SwiftyGif-OutputFileMap.json
WriteAuxiliaryFile /Users/admin/builder/spi-builder-workspace/.derivedData/Build/Intermediates.noindex/SwiftyGif.build/Debug-xros/SwiftyGif.build/DerivedSources/resource_bundle_accessor.swift (in target 'SwiftyGif' from project 'SwiftyGif')
    cd /Users/admin/builder/spi-builder-workspace/.dependencies/checkouts/SwiftyGif
    write-file /Users/admin/builder/spi-builder-workspace/.derivedData/Build/Intermediates.noindex/SwiftyGif.build/Debug-xros/SwiftyGif.build/DerivedSources/resource_bundle_accessor.swift
WriteAuxiliaryFile /Users/admin/builder/spi-builder-workspace/.derivedData/Build/Intermediates.noindex/Agrume.build/Debug-xros/Agrume.build/Objects-normal/arm64/Agrume.LinkFileList (in target 'Agrume' from project 'Agrume')
    cd /Users/admin/builder/spi-builder-workspace
    write-file /Users/admin/builder/spi-builder-workspace/.derivedData/Build/Intermediates.noindex/Agrume.build/Debug-xros/Agrume.build/Objects-normal/arm64/Agrume.LinkFileList
WriteAuxiliaryFile /Users/admin/builder/spi-builder-workspace/.derivedData/Build/Intermediates.noindex/Agrume.build/Debug-xros/Agrume.build/Objects-normal/arm64/Agrume_const_extract_protocols.json (in target 'Agrume' from project 'Agrume')
    cd /Users/admin/builder/spi-builder-workspace
    write-file /Users/admin/builder/spi-builder-workspace/.derivedData/Build/Intermediates.noindex/Agrume.build/Debug-xros/Agrume.build/Objects-normal/arm64/Agrume_const_extract_protocols.json
WriteAuxiliaryFile /Users/admin/builder/spi-builder-workspace/.derivedData/Build/Intermediates.noindex/Agrume.build/Debug-xros/Agrume.build/Objects-normal/arm64/Agrume.SwiftConstValuesFileList (in target 'Agrume' from project 'Agrume')
    cd /Users/admin/builder/spi-builder-workspace
    write-file /Users/admin/builder/spi-builder-workspace/.derivedData/Build/Intermediates.noindex/Agrume.build/Debug-xros/Agrume.build/Objects-normal/arm64/Agrume.SwiftConstValuesFileList
WriteAuxiliaryFile /Users/admin/builder/spi-builder-workspace/.derivedData/Build/Intermediates.noindex/Agrume.build/Debug-xros/Agrume.build/Objects-normal/arm64/Agrume.SwiftFileList (in target 'Agrume' from project 'Agrume')
    cd /Users/admin/builder/spi-builder-workspace
    write-file /Users/admin/builder/spi-builder-workspace/.derivedData/Build/Intermediates.noindex/Agrume.build/Debug-xros/Agrume.build/Objects-normal/arm64/Agrume.SwiftFileList
Copy /Users/admin/builder/spi-builder-workspace/.derivedData/Build/Intermediates.noindex/GeneratedModuleMaps-xros/SwiftyGif.modulemap /Users/admin/builder/spi-builder-workspace/.derivedData/Build/Intermediates.noindex/SwiftyGif.build/Debug-xros/SwiftyGif.build/SwiftyGif.modulemap (in target 'SwiftyGif' from project 'SwiftyGif')
    cd /Users/admin/builder/spi-builder-workspace/.dependencies/checkouts/SwiftyGif
    builtin-copy -exclude .DS_Store -exclude CVS -exclude .svn -exclude .git -exclude .hg -resolve-src-symlinks /Users/admin/builder/spi-builder-workspace/.derivedData/Build/Intermediates.noindex/SwiftyGif.build/Debug-xros/SwiftyGif.build/SwiftyGif.modulemap /Users/admin/builder/spi-builder-workspace/.derivedData/Build/Intermediates.noindex/GeneratedModuleMaps-xros
WriteAuxiliaryFile /Users/admin/builder/spi-builder-workspace/.derivedData/Build/Intermediates.noindex/Agrume.build/Debug-xros/Agrume.build/Objects-normal/arm64/Agrume-OutputFileMap.json (in target 'Agrume' from project 'Agrume')
    cd /Users/admin/builder/spi-builder-workspace
    write-file /Users/admin/builder/spi-builder-workspace/.derivedData/Build/Intermediates.noindex/Agrume.build/Debug-xros/Agrume.build/Objects-normal/arm64/Agrume-OutputFileMap.json
WriteAuxiliaryFile /Users/admin/builder/spi-builder-workspace/.derivedData/Build/Intermediates.noindex/Agrume.build/Debug-xros/Agrume.build/Agrume.modulemap (in target 'Agrume' from project 'Agrume')
    cd /Users/admin/builder/spi-builder-workspace
    write-file /Users/admin/builder/spi-builder-workspace/.derivedData/Build/Intermediates.noindex/Agrume.build/Debug-xros/Agrume.build/Agrume.modulemap
WriteAuxiliaryFile /Users/admin/builder/spi-builder-workspace/.derivedData/Build/Intermediates.noindex/Agrume.build/Debug-xros/Agrume.build/Agrume.DependencyStaticMetadataFileList (in target 'Agrume' from project 'Agrume')
    cd /Users/admin/builder/spi-builder-workspace
    write-file /Users/admin/builder/spi-builder-workspace/.derivedData/Build/Intermediates.noindex/Agrume.build/Debug-xros/Agrume.build/Agrume.DependencyStaticMetadataFileList
WriteAuxiliaryFile /Users/admin/builder/spi-builder-workspace/.derivedData/Build/Intermediates.noindex/Agrume.build/Debug-xros/Agrume.build/Agrume.DependencyMetadataFileList (in target 'Agrume' from project 'Agrume')
    cd /Users/admin/builder/spi-builder-workspace
    write-file /Users/admin/builder/spi-builder-workspace/.derivedData/Build/Intermediates.noindex/Agrume.build/Debug-xros/Agrume.build/Agrume.DependencyMetadataFileList
MkDir /Users/admin/builder/spi-builder-workspace/.derivedData/Build/Products/Debug-xros/SwiftyGif_SwiftyGif.bundle (in target 'SwiftyGif_SwiftyGif' from project 'SwiftyGif')
    cd /Users/admin/builder/spi-builder-workspace/.dependencies/checkouts/SwiftyGif
    /bin/mkdir -p /Users/admin/builder/spi-builder-workspace/.derivedData/Build/Products/Debug-xros/SwiftyGif_SwiftyGif.bundle
Copy /Users/admin/builder/spi-builder-workspace/.derivedData/Build/Intermediates.noindex/GeneratedModuleMaps-xros/Agrume.modulemap /Users/admin/builder/spi-builder-workspace/.derivedData/Build/Intermediates.noindex/Agrume.build/Debug-xros/Agrume.build/Agrume.modulemap (in target 'Agrume' from project 'Agrume')
    cd /Users/admin/builder/spi-builder-workspace
    builtin-copy -exclude .DS_Store -exclude CVS -exclude .svn -exclude .git -exclude .hg -resolve-src-symlinks /Users/admin/builder/spi-builder-workspace/.derivedData/Build/Intermediates.noindex/Agrume.build/Debug-xros/Agrume.build/Agrume.modulemap /Users/admin/builder/spi-builder-workspace/.derivedData/Build/Intermediates.noindex/GeneratedModuleMaps-xros
CpResource /Users/admin/builder/spi-builder-workspace/.derivedData/Build/Products/Debug-xros/SwiftyGif_SwiftyGif.bundle/PrivacyInfo.xcprivacy /Users/admin/builder/spi-builder-workspace/.dependencies/checkouts/SwiftyGif/SwiftyGif/PrivacyInfo.xcprivacy (in target 'SwiftyGif_SwiftyGif' from project 'SwiftyGif')
    cd /Users/admin/builder/spi-builder-workspace/.dependencies/checkouts/SwiftyGif
    builtin-copy -exclude .DS_Store -exclude CVS -exclude .svn -exclude .git -exclude .hg -resolve-src-symlinks /Users/admin/builder/spi-builder-workspace/.dependencies/checkouts/SwiftyGif/SwiftyGif/PrivacyInfo.xcprivacy /Users/admin/builder/spi-builder-workspace/.derivedData/Build/Products/Debug-xros/SwiftyGif_SwiftyGif.bundle
ProcessInfoPlistFile /Users/admin/builder/spi-builder-workspace/.derivedData/Build/Products/Debug-xros/SwiftyGif_SwiftyGif.bundle/Info.plist /Users/admin/builder/spi-builder-workspace/.derivedData/Build/Intermediates.noindex/SwiftyGif.build/Debug-xros/SwiftyGif_SwiftyGif.build/empty-SwiftyGif_SwiftyGif.plist (in target 'SwiftyGif_SwiftyGif' from project 'SwiftyGif')
    cd /Users/admin/builder/spi-builder-workspace/.dependencies/checkouts/SwiftyGif
    builtin-infoPlistUtility /Users/admin/builder/spi-builder-workspace/.derivedData/Build/Intermediates.noindex/SwiftyGif.build/Debug-xros/SwiftyGif_SwiftyGif.build/empty-SwiftyGif_SwiftyGif.plist -producttype com.apple.product-type.bundle -expandbuildsettings -format binary -platform xros -o /Users/admin/builder/spi-builder-workspace/.derivedData/Build/Products/Debug-xros/SwiftyGif_SwiftyGif.bundle/Info.plist
RegisterExecutionPolicyException /Users/admin/builder/spi-builder-workspace/.derivedData/Build/Products/Debug-xros/SwiftyGif_SwiftyGif.bundle (in target 'SwiftyGif_SwiftyGif' from project 'SwiftyGif')
    cd /Users/admin/builder/spi-builder-workspace/.dependencies/checkouts/SwiftyGif
    builtin-RegisterExecutionPolicyException /Users/admin/builder/spi-builder-workspace/.derivedData/Build/Products/Debug-xros/SwiftyGif_SwiftyGif.bundle
Touch /Users/admin/builder/spi-builder-workspace/.derivedData/Build/Products/Debug-xros/SwiftyGif_SwiftyGif.bundle (in target 'SwiftyGif_SwiftyGif' from project 'SwiftyGif')
    cd /Users/admin/builder/spi-builder-workspace/.dependencies/checkouts/SwiftyGif
    /usr/bin/touch -c /Users/admin/builder/spi-builder-workspace/.derivedData/Build/Products/Debug-xros/SwiftyGif_SwiftyGif.bundle
SwiftDriver SwiftyGif normal arm64 com.apple.xcode.tools.swift.compiler (in target 'SwiftyGif' from project 'SwiftyGif')
    cd /Users/admin/builder/spi-builder-workspace/.swiftpm/xcode
    builtin-SwiftDriver -- /Applications/Xcode-26.5.0.app/Contents/Developer/Toolchains/XcodeDefault.xctoolchain/usr/bin/swiftc -module-name SwiftyGif -Onone @/Users/admin/builder/spi-builder-workspace/.derivedData/Build/Intermediates.noindex/SwiftyGif.build/Debug-xros/SwiftyGif.build/Objects-normal/arm64/SwiftyGif.SwiftFileList -DSWIFT_PACKAGE -DDEBUG -DSWIFT_MODULE_RESOURCE_BUNDLE_AVAILABLE -DXcode -plugin-path /Applications/Xcode-26.5.0.app/Contents/Developer/Toolchains/XcodeDefault.xctoolchain/usr/lib/swift/host/plugins/testing -enable-experimental-feature DebugDescriptionMacro -sdk /Applications/Xcode-26.5.0.app/Contents/Developer/Platforms/XROS.platform/Developer/SDKs/XROS26.5.sdk -target arm64-apple-xros1.0 -g -module-cache-path /Users/admin/builder/spi-builder-workspace/.derivedData/ModuleCache.noindex -Xfrontend -serialize-debugging-options -enable-testing -suppress-warnings -index-store-path /Users/admin/builder/spi-builder-workspace/.derivedData/Index.noindex/DataStore -Xcc -D_LIBCPP_HARDENING_MODE\=_LIBCPP_HARDENING_MODE_DEBUG -swift-version 5 -I /Users/admin/builder/spi-builder-workspace/.derivedData/Build/Products/Debug-xros -Isystem /Applications/Xcode-26.5.0.app/Contents/Developer/Platforms/XROS.platform/Developer/usr/lib -F /Users/admin/builder/spi-builder-workspace/.derivedData/Build/Products/Debug-xros -F /Applications/Xcode-26.5.0.app/Contents/Developer/Platforms/XROS.platform/Developer/Library/Frameworks -F /Applications/Xcode-26.5.0.app/Contents/Developer/Platforms/XROS.platform/Developer/SDKs/XROS26.5.sdk/Developer/Library/Frameworks -c -j10 -enable-batch-mode -incremental -Xcc -ivfsstatcache -Xcc /Users/admin/builder/spi-builder-workspace/.derivedData/SDKStatCaches.noindex/xros26.5-23O469-688ef53f1462e2c8f657fdc38a81448f73f9c068cd48276448ef291a7ea74bec.sdkstatcache -output-file-map /Users/admin/builder/spi-builder-workspace/.derivedData/Build/Intermediates.noindex/SwiftyGif.build/Debug-xros/SwiftyGif.build/Objects-normal/arm64/SwiftyGif-OutputFileMap.json -use-frontend-parseable-output -save-temps -no-color-diagnostics -explicit-module-build -module-cache-path /Users/admin/builder/spi-builder-workspace/.derivedData/Build/Intermediates.noindex/SwiftExplicitPrecompiledModules -clang-scanner-module-cache-path /Users/admin/builder/spi-builder-workspace/.derivedData/ModuleCache.noindex -sdk-module-cache-path /Users/admin/builder/spi-builder-workspace/.derivedData/ModuleCache.noindex -serialize-diagnostics -emit-dependencies -emit-module -emit-module-path /Users/admin/builder/spi-builder-workspace/.derivedData/Build/Intermediates.noindex/SwiftyGif.build/Debug-xros/SwiftyGif.build/Objects-normal/arm64/SwiftyGif.swiftmodule -validate-clang-modules-once -clang-build-session-file /Users/admin/builder/spi-builder-workspace/.derivedData/ModuleCache.noindex/Session.modulevalidation -Xcc -I/Users/admin/builder/spi-builder-workspace/.derivedData/Build/Intermediates.noindex/SwiftyGif.build/Debug-xros/SwiftyGif.build/swift-overrides.hmap -emit-const-values -Xfrontend -const-gather-protocols-file -Xfrontend /Users/admin/builder/spi-builder-workspace/.derivedData/Build/Intermediates.noindex/SwiftyGif.build/Debug-xros/SwiftyGif.build/Objects-normal/arm64/SwiftyGif_const_extract_protocols.json -Xcc -I/Users/admin/builder/spi-builder-workspace/.derivedData/Build/Products/Debug-xros/include -Xcc -I/Users/admin/builder/spi-builder-workspace/.derivedData/Build/Intermediates.noindex/SwiftyGif.build/Debug-xros/SwiftyGif.build/DerivedSources-normal/arm64 -Xcc -I/Users/admin/builder/spi-builder-workspace/.derivedData/Build/Intermediates.noindex/SwiftyGif.build/Debug-xros/SwiftyGif.build/DerivedSources/arm64 -Xcc -I/Users/admin/builder/spi-builder-workspace/.derivedData/Build/Intermediates.noindex/SwiftyGif.build/Debug-xros/SwiftyGif.build/DerivedSources -Xcc -DSWIFT_PACKAGE -Xcc -DDEBUG\=1 -emit-objc-header -emit-objc-header-path /Users/admin/builder/spi-builder-workspace/.derivedData/Build/Intermediates.noindex/SwiftyGif.build/Debug-xros/SwiftyGif.build/Objects-normal/arm64/SwiftyGif-Swift.h -working-directory /Users/admin/builder/spi-builder-workspace/.swiftpm/xcode -experimental-emit-module-separately -disable-cmo
SwiftExplicitDependencyGeneratePcm arm64 /Users/admin/builder/spi-builder-workspace/.derivedData/ModuleCache.noindex/DeveloperToolsSupport-35J2X42LIRO5ZC8TWYTKOIHLM.pcm
SwiftExplicitDependencyGeneratePcm arm64 /Users/admin/builder/spi-builder-workspace/.derivedData/ModuleCache.noindex/_AvailabilityInternal-4XVTJQBKIXV67NXVT8HIPBK2W.pcm
SwiftExplicitDependencyGeneratePcm arm64 /Users/admin/builder/spi-builder-workspace/.derivedData/ModuleCache.noindex/ptrcheck-8QZXA9H3L4MV36OHDFZB1PPEZ.pcm
SwiftExplicitDependencyGeneratePcm arm64 /Users/admin/builder/spi-builder-workspace/.derivedData/ModuleCache.noindex/_SwiftConcurrencyShims-14ANCAGTQM1SSAYA8YMVQY4DX.pcm
SwiftExplicitDependencyGeneratePcm arm64 /Users/admin/builder/spi-builder-workspace/.derivedData/ModuleCache.noindex/_Builtin_stdarg-1U44DJ92FKK3K0KDHKFHJD8XR.pcm
SwiftExplicitDependencyGeneratePcm arm64 /Users/admin/builder/spi-builder-workspace/.derivedData/ModuleCache.noindex/ptrauth-6YI69FP1T01VII46CQVVSNEF0.pcm
SwiftExplicitDependencyGeneratePcm arm64 /Users/admin/builder/spi-builder-workspace/.derivedData/ModuleCache.noindex/_Builtin_float-B3UNJDX74VHKNS8DUOXDDRY73.pcm
SwiftExplicitDependencyGeneratePcm arm64 /Users/admin/builder/spi-builder-workspace/.derivedData/ModuleCache.noindex/SwiftShims-4SLDWJOJKSLPQAOFGITLK9B1E.pcm
SwiftExplicitDependencyGeneratePcm arm64 /Users/admin/builder/spi-builder-workspace/.derivedData/ModuleCache.noindex/_Builtin_stddef-ANVX3QH9V1QUNBD3TFEUF1EZM.pcm
SwiftExplicitDependencyGeneratePcm arm64 /Users/admin/builder/spi-builder-workspace/.derivedData/ModuleCache.noindex/_Builtin_stdbool-93TRK1L42FP5VTCU1DOHWIBCB.pcm
SwiftExplicitDependencyGeneratePcm arm64 /Users/admin/builder/spi-builder-workspace/.derivedData/ModuleCache.noindex/_DarwinFoundation1-DDEPVMKVYTOCXR0L66VYE5O4I.pcm
SwiftExplicitDependencyGeneratePcm arm64 /Users/admin/builder/spi-builder-workspace/.derivedData/ModuleCache.noindex/_Builtin_limits-77NKSMK7RW1DQ51R52FQLYFV7.pcm
SwiftExplicitDependencyGeneratePcm arm64 /Users/admin/builder/spi-builder-workspace/.derivedData/ModuleCache.noindex/_DarwinFoundation2-V9E7LLD02DA07E8YISKJBJD.pcm
SwiftExplicitDependencyGeneratePcm arm64 /Users/admin/builder/spi-builder-workspace/.derivedData/ModuleCache.noindex/sys_types-E15QOY1QTCNELWPU156FNLBTM.pcm
SwiftExplicitDependencyGeneratePcm arm64 /Users/admin/builder/spi-builder-workspace/.derivedData/ModuleCache.noindex/_Builtin_tgmath-B8GUP33QI69R5N2KT48OU6JJ8.pcm
SwiftExplicitDependencyGeneratePcm arm64 /Users/admin/builder/spi-builder-workspace/.derivedData/ModuleCache.noindex/_Builtin_stdint-TKOKFIB92P211WQAWDAP0TKO.pcm
SwiftExplicitDependencyGeneratePcm arm64 /Users/admin/builder/spi-builder-workspace/.derivedData/ModuleCache.noindex/_Builtin_stdatomic-6ULKGE052EA6U8F88A8M4F29U.pcm
SwiftExplicitDependencyGeneratePcm arm64 /Users/admin/builder/spi-builder-workspace/.derivedData/ModuleCache.noindex/_Builtin_intrinsics-3PFEAXF6LBK2KXZL9AZ2O9M7C.pcm
SwiftExplicitDependencyGeneratePcm arm64 /Users/admin/builder/spi-builder-workspace/.derivedData/ModuleCache.noindex/_DarwinFoundation3-4M66QKYM65X1Q0G3XK5V43QIO.pcm
SwiftExplicitDependencyGeneratePcm arm64 /Users/admin/builder/spi-builder-workspace/.derivedData/ModuleCache.noindex/_Builtin_inttypes-8PUT7NFDCU55DPKABUFN9Y9S4.pcm
SwiftExplicitDependencyGeneratePcm arm64 /Users/admin/builder/spi-builder-workspace/.derivedData/ModuleCache.noindex/Darwin-7KC3CYWW72B4KEDFBEIEAJ1A7.pcm
SwiftExplicitDependencyGeneratePcm arm64 /Users/admin/builder/spi-builder-workspace/.derivedData/ModuleCache.noindex/simd-5KK10YHHRNUWIFYB11309DGW9.pcm
SwiftExplicitDependencyGeneratePcm arm64 /Users/admin/builder/spi-builder-workspace/.derivedData/ModuleCache.noindex/MachO-DJAROT15DX3YI786LVPYC45I3.pcm
SwiftExplicitDependencyGeneratePcm arm64 /Users/admin/builder/spi-builder-workspace/.derivedData/ModuleCache.noindex/ObjectiveC-5JMXP7AOSVZX4A8FA5D64LOHH.pcm
SwiftExplicitDependencyGeneratePcm arm64 /Users/admin/builder/spi-builder-workspace/.derivedData/ModuleCache.noindex/os_object-EJRPENQE7DU3KP9I8H0VELLIU.pcm
SwiftExplicitDependencyGeneratePcm arm64 /Users/admin/builder/spi-builder-workspace/.derivedData/ModuleCache.noindex/os_workgroup-4L43BM5LV1N66435NOFC29B1T.pcm
SwiftExplicitDependencyGeneratePcm arm64 /Users/admin/builder/spi-builder-workspace/.derivedData/ModuleCache.noindex/Spatial-1KSNNOR0WSS3ZLNWP2NXYZXQE.pcm
SwiftExplicitDependencyGeneratePcm arm64 /Users/admin/builder/spi-builder-workspace/.derivedData/ModuleCache.noindex/Dispatch-62J9XX0AQP0EWJ88A074CKZ4I.pcm
SwiftExplicitDependencyGeneratePcm arm64 /Users/admin/builder/spi-builder-workspace/.derivedData/ModuleCache.noindex/CoreFoundation-2YE07P6CPV5RKS5LVHXQTUSM.pcm
SwiftExplicitDependencyGeneratePcm arm64 /Users/admin/builder/spi-builder-workspace/.derivedData/ModuleCache.noindex/XPC-DIJ5C125EJNCXOUU8RSFLCR46.pcm
SwiftExplicitDependencyGeneratePcm arm64 /Users/admin/builder/spi-builder-workspace/.derivedData/ModuleCache.noindex/os-4U5BTOP1B4GSCJ41ZWKQV0LBW.pcm
SwiftExplicitDependencyGeneratePcm arm64 /Users/admin/builder/spi-builder-workspace/.derivedData/ModuleCache.noindex/CoreGraphics-1622PD23NUJ5NAJLSZAFM194K.pcm
SwiftExplicitDependencyGeneratePcm arm64 /Users/admin/builder/spi-builder-workspace/.derivedData/ModuleCache.noindex/CFNetwork-BC87G1J9DFP7HJJW6ZKP2N63S.pcm
SwiftExplicitDependencyGeneratePcm arm64 /Users/admin/builder/spi-builder-workspace/.derivedData/ModuleCache.noindex/Security-AMXCD8C5S3HR1YISZSOHHTM95.pcm
SwiftExplicitDependencyGeneratePcm arm64 /Users/admin/builder/spi-builder-workspace/.derivedData/ModuleCache.noindex/Foundation-6PSD2NQ0MWBBG5DW4RX4J91SE.pcm
SwiftExplicitDependencyGeneratePcm arm64 /Users/admin/builder/spi-builder-workspace/.derivedData/ModuleCache.noindex/CoreText-37DS98QV8RNFHXXSL4G9K4J2Q.pcm
SwiftExplicitDependencyGeneratePcm arm64 /Users/admin/builder/spi-builder-workspace/.derivedData/ModuleCache.noindex/ImageIO-B7TEZZP3D1VGZA4ELE8BW8CVG.pcm
SwiftExplicitDependencyGeneratePcm arm64 /Users/admin/builder/spi-builder-workspace/.derivedData/ModuleCache.noindex/IOSurface-8GUVMQZ2P4GDV1TOYLMK3T9ZR.pcm
SwiftExplicitDependencyGeneratePcm arm64 /Users/admin/builder/spi-builder-workspace/.derivedData/ModuleCache.noindex/UserNotifications-7E5LUZWDSZ95I76T3JEEC6HRH.pcm
SwiftExplicitDependencyGeneratePcm arm64 /Users/admin/builder/spi-builder-workspace/.derivedData/ModuleCache.noindex/Symbols-4TMWCET2S84C92TKJNA59VM9L.pcm
SwiftExplicitDependencyGeneratePcm arm64 /Users/admin/builder/spi-builder-workspace/.derivedData/ModuleCache.noindex/Accessibility-361RL75NWQYO715Z70ZDJ6F1W.pcm
SwiftExplicitDependencyGeneratePcm arm64 /Users/admin/builder/spi-builder-workspace/.derivedData/ModuleCache.noindex/FileProvider-BPHOPGRU23FT5L2A04CKH5SYJ.pcm
SwiftExplicitDependencyGeneratePcm arm64 /Users/admin/builder/spi-builder-workspace/.derivedData/ModuleCache.noindex/UIUtilities-3IM0SAS8E9ORTSDMBABMC2NYN.pcm
SwiftExplicitDependencyGeneratePcm arm64 /Users/admin/builder/spi-builder-workspace/.derivedData/ModuleCache.noindex/DataDetection-2M63T2OHOGIZYYZJ6G2N2HO7.pcm
SwiftExplicitDependencyGeneratePcm arm64 /Users/admin/builder/spi-builder-workspace/.derivedData/ModuleCache.noindex/CoreTransferable-28HFHS1I0JYREAKB24Y5OP071.pcm
SwiftExplicitDependencyGeneratePcm arm64 /Users/admin/builder/spi-builder-workspace/.derivedData/ModuleCache.noindex/UniformTypeIdentifiers-42KERBDK22RTEGP93IKUFN5GU.pcm
SwiftExplicitDependencyGeneratePcm arm64 /Users/admin/builder/spi-builder-workspace/.derivedData/ModuleCache.noindex/OSLog-5HUWIAR7WPDP445OU1UQOS84P.pcm
SwiftExplicitDependencyGeneratePcm arm64 /Users/admin/builder/spi-builder-workspace/.derivedData/ModuleCache.noindex/Metal-B6YZ974BHNDUM4FYQMFQQ9KNG.pcm
SwiftExplicitDependencyGeneratePcm arm64 /Users/admin/builder/spi-builder-workspace/.derivedData/ModuleCache.noindex/OpenGLES-2NM1V65NIF1PT5TBGYC0UP494.pcm
SwiftExplicitDependencyGeneratePcm arm64 /Users/admin/builder/spi-builder-workspace/.derivedData/ModuleCache.noindex/CoreVideo-DCDY30CLEAZ7C4FA7UQXRFDL4.pcm
SwiftExplicitDependencyGeneratePcm arm64 /Users/admin/builder/spi-builder-workspace/.derivedData/ModuleCache.noindex/QuartzCore-1PLDOA8FRHPGNYDGRQIC7703.pcm
SwiftExplicitDependencyGeneratePcm arm64 /Users/admin/builder/spi-builder-workspace/.derivedData/ModuleCache.noindex/CoreImage-20RHHQWRVS544DK5ZI9OEERTU.pcm
SwiftExplicitDependencyGeneratePcm arm64 /Users/admin/builder/spi-builder-workspace/.derivedData/ModuleCache.noindex/SwiftUICore-D7QMHDE069RNX73RG43K2YUYU.pcm
SwiftExplicitDependencyGeneratePcm arm64 /Users/admin/builder/spi-builder-workspace/.derivedData/ModuleCache.noindex/UIKit-42Y5QHQPXTMOAXU9FVD4V9Y6W.pcm
SwiftEmitModule normal arm64 Emitting\ module\ for\ SwiftyGif (in target 'SwiftyGif' from project 'SwiftyGif')
EmitSwiftModule normal arm64 (in target 'SwiftyGif' from project 'SwiftyGif')
    cd /Users/admin/builder/spi-builder-workspace/.swiftpm/xcode

SwiftCompile normal arm64 Compiling\ UIImage+SwiftyGif.swift /Users/admin/builder/spi-builder-workspace/.dependencies/checkouts/SwiftyGif/SwiftyGif/UIImage+SwiftyGif.swift (in target 'SwiftyGif' from project 'SwiftyGif')
SwiftCompile normal arm64 /Users/admin/builder/spi-builder-workspace/.dependencies/checkouts/SwiftyGif/SwiftyGif/UIImage+SwiftyGif.swift (in target 'SwiftyGif' from project 'SwiftyGif')
    cd /Users/admin/builder/spi-builder-workspace/.swiftpm/xcode

SwiftCompile normal arm64 Compiling\ ObjcAssociatedWeakObject.swift /Users/admin/builder/spi-builder-workspace/.dependencies/checkouts/SwiftyGif/SwiftyGif/ObjcAssociatedWeakObject.swift (in target 'SwiftyGif' from project 'SwiftyGif')
SwiftCompile normal arm64 /Users/admin/builder/spi-builder-workspace/.dependencies/checkouts/SwiftyGif/SwiftyGif/ObjcAssociatedWeakObject.swift (in target 'SwiftyGif' from project 'SwiftyGif')
    cd /Users/admin/builder/spi-builder-workspace/.swiftpm/xcode

SwiftCompile normal arm64 Compiling\ UIImageView+SwiftyGif.swift /Users/admin/builder/spi-builder-workspace/.dependencies/checkouts/SwiftyGif/SwiftyGif/UIImageView+SwiftyGif.swift (in target 'SwiftyGif' from project 'SwiftyGif')
SwiftCompile normal arm64 /Users/admin/builder/spi-builder-workspace/.dependencies/checkouts/SwiftyGif/SwiftyGif/UIImageView+SwiftyGif.swift (in target 'SwiftyGif' from project 'SwiftyGif')
    cd /Users/admin/builder/spi-builder-workspace/.swiftpm/xcode

SwiftCompile normal arm64 Compiling\ resource_bundle_accessor.swift /Users/admin/builder/spi-builder-workspace/.derivedData/Build/Intermediates.noindex/SwiftyGif.build/Debug-xros/SwiftyGif.build/DerivedSources/resource_bundle_accessor.swift (in target 'SwiftyGif' from project 'SwiftyGif')
SwiftCompile normal arm64 /Users/admin/builder/spi-builder-workspace/.derivedData/Build/Intermediates.noindex/SwiftyGif.build/Debug-xros/SwiftyGif.build/DerivedSources/resource_bundle_accessor.swift (in target 'SwiftyGif' from project 'SwiftyGif')
    cd /Users/admin/builder/spi-builder-workspace/.swiftpm/xcode

SwiftCompile normal arm64 Compiling\ NSImageView+SwiftyGif.swift /Users/admin/builder/spi-builder-workspace/.dependencies/checkouts/SwiftyGif/SwiftyGif/NSImageView+SwiftyGif.swift (in target 'SwiftyGif' from project 'SwiftyGif')
SwiftCompile normal arm64 /Users/admin/builder/spi-builder-workspace/.dependencies/checkouts/SwiftyGif/SwiftyGif/NSImageView+SwiftyGif.swift (in target 'SwiftyGif' from project 'SwiftyGif')
    cd /Users/admin/builder/spi-builder-workspace/.swiftpm/xcode

SwiftCompile normal arm64 Compiling\ NSImage+SwiftyGif.swift /Users/admin/builder/spi-builder-workspace/.dependencies/checkouts/SwiftyGif/SwiftyGif/NSImage+SwiftyGif.swift (in target 'SwiftyGif' from project 'SwiftyGif')
SwiftCompile normal arm64 /Users/admin/builder/spi-builder-workspace/.dependencies/checkouts/SwiftyGif/SwiftyGif/NSImage+SwiftyGif.swift (in target 'SwiftyGif' from project 'SwiftyGif')
    cd /Users/admin/builder/spi-builder-workspace/.swiftpm/xcode

SwiftCompile normal arm64 Compiling\ SwiftyGifManager.swift /Users/admin/builder/spi-builder-workspace/.dependencies/checkouts/SwiftyGif/SwiftyGif/SwiftyGifManager.swift (in target 'SwiftyGif' from project 'SwiftyGif')
SwiftCompile normal arm64 /Users/admin/builder/spi-builder-workspace/.dependencies/checkouts/SwiftyGif/SwiftyGif/SwiftyGifManager.swift (in target 'SwiftyGif' from project 'SwiftyGif')
    cd /Users/admin/builder/spi-builder-workspace/.swiftpm/xcode

SwiftDriverJobDiscovery normal arm64 Emitting module for SwiftyGif (in target 'SwiftyGif' from project 'SwiftyGif')
SwiftDriver\ Compilation\ Requirements SwiftyGif normal arm64 com.apple.xcode.tools.swift.compiler (in target 'SwiftyGif' from project 'SwiftyGif')
    cd /Users/admin/builder/spi-builder-workspace/.swiftpm/xcode
    builtin-Swift-Compilation-Requirements -- /Applications/Xcode-26.5.0.app/Contents/Developer/Toolchains/XcodeDefault.xctoolchain/usr/bin/swiftc -module-name SwiftyGif -Onone @/Users/admin/builder/spi-builder-workspace/.derivedData/Build/Intermediates.noindex/SwiftyGif.build/Debug-xros/SwiftyGif.build/Objects-normal/arm64/SwiftyGif.SwiftFileList -DSWIFT_PACKAGE -DDEBUG -DSWIFT_MODULE_RESOURCE_BUNDLE_AVAILABLE -DXcode -plugin-path /Applications/Xcode-26.5.0.app/Contents/Developer/Toolchains/XcodeDefault.xctoolchain/usr/lib/swift/host/plugins/testing -enable-experimental-feature DebugDescriptionMacro -sdk /Applications/Xcode-26.5.0.app/Contents/Developer/Platforms/XROS.platform/Developer/SDKs/XROS26.5.sdk -target arm64-apple-xros1.0 -g -module-cache-path /Users/admin/builder/spi-builder-workspace/.derivedData/ModuleCache.noindex -Xfrontend -serialize-debugging-options -enable-testing -suppress-warnings -index-store-path /Users/admin/builder/spi-builder-workspace/.derivedData/Index.noindex/DataStore -Xcc -D_LIBCPP_HARDENING_MODE\=_LIBCPP_HARDENING_MODE_DEBUG -swift-version 5 -I /Users/admin/builder/spi-builder-workspace/.derivedData/Build/Products/Debug-xros -Isystem /Applications/Xcode-26.5.0.app/Contents/Developer/Platforms/XROS.platform/Developer/usr/lib -F /Users/admin/builder/spi-builder-workspace/.derivedData/Build/Products/Debug-xros -F /Applications/Xcode-26.5.0.app/Contents/Developer/Platforms/XROS.platform/Developer/Library/Frameworks -F /Applications/Xcode-26.5.0.app/Contents/Developer/Platforms/XROS.platform/Developer/SDKs/XROS26.5.sdk/Developer/Library/Frameworks -c -j10 -enable-batch-mode -incremental -Xcc -ivfsstatcache -Xcc /Users/admin/builder/spi-builder-workspace/.derivedData/SDKStatCaches.noindex/xros26.5-23O469-688ef53f1462e2c8f657fdc38a81448f73f9c068cd48276448ef291a7ea74bec.sdkstatcache -output-file-map /Users/admin/builder/spi-builder-workspace/.derivedData/Build/Intermediates.noindex/SwiftyGif.build/Debug-xros/SwiftyGif.build/Objects-normal/arm64/SwiftyGif-OutputFileMap.json -use-frontend-parseable-output -save-temps -no-color-diagnostics -explicit-module-build -module-cache-path /Users/admin/builder/spi-builder-workspace/.derivedData/Build/Intermediates.noindex/SwiftExplicitPrecompiledModules -clang-scanner-module-cache-path /Users/admin/builder/spi-builder-workspace/.derivedData/ModuleCache.noindex -sdk-module-cache-path /Users/admin/builder/spi-builder-workspace/.derivedData/ModuleCache.noindex -serialize-diagnostics -emit-dependencies -emit-module -emit-module-path /Users/admin/builder/spi-builder-workspace/.derivedData/Build/Intermediates.noindex/SwiftyGif.build/Debug-xros/SwiftyGif.build/Objects-normal/arm64/SwiftyGif.swiftmodule -validate-clang-modules-once -clang-build-session-file /Users/admin/builder/spi-builder-workspace/.derivedData/ModuleCache.noindex/Session.modulevalidation -Xcc -I/Users/admin/builder/spi-builder-workspace/.derivedData/Build/Intermediates.noindex/SwiftyGif.build/Debug-xros/SwiftyGif.build/swift-overrides.hmap -emit-const-values -Xfrontend -const-gather-protocols-file -Xfrontend /Users/admin/builder/spi-builder-workspace/.derivedData/Build/Intermediates.noindex/SwiftyGif.build/Debug-xros/SwiftyGif.build/Objects-normal/arm64/SwiftyGif_const_extract_protocols.json -Xcc -I/Users/admin/builder/spi-builder-workspace/.derivedData/Build/Products/Debug-xros/include -Xcc -I/Users/admin/builder/spi-builder-workspace/.derivedData/Build/Intermediates.noindex/SwiftyGif.build/Debug-xros/SwiftyGif.build/DerivedSources-normal/arm64 -Xcc -I/Users/admin/builder/spi-builder-workspace/.derivedData/Build/Intermediates.noindex/SwiftyGif.build/Debug-xros/SwiftyGif.build/DerivedSources/arm64 -Xcc -I/Users/admin/builder/spi-builder-workspace/.derivedData/Build/Intermediates.noindex/SwiftyGif.build/Debug-xros/SwiftyGif.build/DerivedSources -Xcc -DSWIFT_PACKAGE -Xcc -DDEBUG\=1 -emit-objc-header -emit-objc-header-path /Users/admin/builder/spi-builder-workspace/.derivedData/Build/Intermediates.noindex/SwiftyGif.build/Debug-xros/SwiftyGif.build/Objects-normal/arm64/SwiftyGif-Swift.h -working-directory /Users/admin/builder/spi-builder-workspace/.swiftpm/xcode -experimental-emit-module-separately -disable-cmo
SwiftMergeGeneratedHeaders /Users/admin/builder/spi-builder-workspace/.derivedData/Build/Intermediates.noindex/GeneratedModuleMaps-xros/SwiftyGif-Swift.h /Users/admin/builder/spi-builder-workspace/.derivedData/Build/Intermediates.noindex/SwiftyGif.build/Debug-xros/SwiftyGif.build/Objects-normal/arm64/SwiftyGif-Swift.h (in target 'SwiftyGif' from project 'SwiftyGif')
    cd /Users/admin/builder/spi-builder-workspace/.dependencies/checkouts/SwiftyGif
    builtin-swiftHeaderTool -arch arm64 /Users/admin/builder/spi-builder-workspace/.derivedData/Build/Intermediates.noindex/SwiftyGif.build/Debug-xros/SwiftyGif.build/Objects-normal/arm64/SwiftyGif-Swift.h -o /Users/admin/builder/spi-builder-workspace/.derivedData/Build/Intermediates.noindex/GeneratedModuleMaps-xros/SwiftyGif-Swift.h
Copy /Users/admin/builder/spi-builder-workspace/.derivedData/Build/Products/Debug-xros/SwiftyGif.swiftmodule/arm64-apple-xros.swiftmodule /Users/admin/builder/spi-builder-workspace/.derivedData/Build/Intermediates.noindex/SwiftyGif.build/Debug-xros/SwiftyGif.build/Objects-normal/arm64/SwiftyGif.swiftmodule (in target 'SwiftyGif' from project 'SwiftyGif')
    cd /Users/admin/builder/spi-builder-workspace/.dependencies/checkouts/SwiftyGif
    builtin-copy -exclude .DS_Store -exclude CVS -exclude .svn -exclude .git -exclude .hg -resolve-src-symlinks -rename /Users/admin/builder/spi-builder-workspace/.derivedData/Build/Intermediates.noindex/SwiftyGif.build/Debug-xros/SwiftyGif.build/Objects-normal/arm64/SwiftyGif.swiftmodule /Users/admin/builder/spi-builder-workspace/.derivedData/Build/Products/Debug-xros/SwiftyGif.swiftmodule/arm64-apple-xros.swiftmodule
Copy /Users/admin/builder/spi-builder-workspace/.derivedData/Build/Products/Debug-xros/SwiftyGif.swiftmodule/arm64-apple-xros.swiftdoc /Users/admin/builder/spi-builder-workspace/.derivedData/Build/Intermediates.noindex/SwiftyGif.build/Debug-xros/SwiftyGif.build/Objects-normal/arm64/SwiftyGif.swiftdoc (in target 'SwiftyGif' from project 'SwiftyGif')
    cd /Users/admin/builder/spi-builder-workspace/.dependencies/checkouts/SwiftyGif
    builtin-copy -exclude .DS_Store -exclude CVS -exclude .svn -exclude .git -exclude .hg -resolve-src-symlinks -rename /Users/admin/builder/spi-builder-workspace/.derivedData/Build/Intermediates.noindex/SwiftyGif.build/Debug-xros/SwiftyGif.build/Objects-normal/arm64/SwiftyGif.swiftdoc /Users/admin/builder/spi-builder-workspace/.derivedData/Build/Products/Debug-xros/SwiftyGif.swiftmodule/arm64-apple-xros.swiftdoc
Copy /Users/admin/builder/spi-builder-workspace/.derivedData/Build/Products/Debug-xros/SwiftyGif.swiftmodule/arm64-apple-xros.abi.json /Users/admin/builder/spi-builder-workspace/.derivedData/Build/Intermediates.noindex/SwiftyGif.build/Debug-xros/SwiftyGif.build/Objects-normal/arm64/SwiftyGif.abi.json (in target 'SwiftyGif' from project 'SwiftyGif')
    cd /Users/admin/builder/spi-builder-workspace/.dependencies/checkouts/SwiftyGif
    builtin-copy -exclude .DS_Store -exclude CVS -exclude .svn -exclude .git -exclude .hg -resolve-src-symlinks -rename /Users/admin/builder/spi-builder-workspace/.derivedData/Build/Intermediates.noindex/SwiftyGif.build/Debug-xros/SwiftyGif.build/Objects-normal/arm64/SwiftyGif.abi.json /Users/admin/builder/spi-builder-workspace/.derivedData/Build/Products/Debug-xros/SwiftyGif.swiftmodule/arm64-apple-xros.abi.json
Copy /Users/admin/builder/spi-builder-workspace/.derivedData/Build/Products/Debug-xros/SwiftyGif.swiftmodule/Project/arm64-apple-xros.swiftsourceinfo /Users/admin/builder/spi-builder-workspace/.derivedData/Build/Intermediates.noindex/SwiftyGif.build/Debug-xros/SwiftyGif.build/Objects-normal/arm64/SwiftyGif.swiftsourceinfo (in target 'SwiftyGif' from project 'SwiftyGif')
    cd /Users/admin/builder/spi-builder-workspace/.dependencies/checkouts/SwiftyGif
    builtin-copy -exclude .DS_Store -exclude CVS -exclude .svn -exclude .git -exclude .hg -resolve-src-symlinks -rename /Users/admin/builder/spi-builder-workspace/.derivedData/Build/Intermediates.noindex/SwiftyGif.build/Debug-xros/SwiftyGif.build/Objects-normal/arm64/SwiftyGif.swiftsourceinfo /Users/admin/builder/spi-builder-workspace/.derivedData/Build/Products/Debug-xros/SwiftyGif.swiftmodule/Project/arm64-apple-xros.swiftsourceinfo
SwiftDriver Agrume normal arm64 com.apple.xcode.tools.swift.compiler (in target 'Agrume' from project 'Agrume')
    cd /Users/admin/builder/spi-builder-workspace/.swiftpm/xcode
    builtin-SwiftDriver -- /Applications/Xcode-26.5.0.app/Contents/Developer/Toolchains/XcodeDefault.xctoolchain/usr/bin/swiftc -module-name Agrume -Onone @/Users/admin/builder/spi-builder-workspace/.derivedData/Build/Intermediates.noindex/Agrume.build/Debug-xros/Agrume.build/Objects-normal/arm64/Agrume.SwiftFileList -DSWIFT_PACKAGE -DDEBUG -DSWIFT_MODULE_RESOURCE_BUNDLE_UNAVAILABLE -DXcode -plugin-path /Applications/Xcode-26.5.0.app/Contents/Developer/Toolchains/XcodeDefault.xctoolchain/usr/lib/swift/host/plugins/testing -enable-experimental-feature DebugDescriptionMacro -sdk /Applications/Xcode-26.5.0.app/Contents/Developer/Platforms/XROS.platform/Developer/SDKs/XROS26.5.sdk -target arm64-apple-xros1.0 -g -module-cache-path /Users/admin/builder/spi-builder-workspace/.derivedData/ModuleCache.noindex -Xfrontend -serialize-debugging-options -enable-testing -index-store-path /Users/admin/builder/spi-builder-workspace/.derivedData/Index.noindex/DataStore -Xcc -D_LIBCPP_HARDENING_MODE\=_LIBCPP_HARDENING_MODE_DEBUG -swift-version 5 -I /Users/admin/builder/spi-builder-workspace/.derivedData/Build/Products/Debug-xros -Isystem /Applications/Xcode-26.5.0.app/Contents/Developer/Platforms/XROS.platform/Developer/usr/lib -F /Users/admin/builder/spi-builder-workspace/.derivedData/Build/Products/Debug-xros/PackageFrameworks -F /Users/admin/builder/spi-builder-workspace/.derivedData/Build/Products/Debug-xros -F /Applications/Xcode-26.5.0.app/Contents/Developer/Platforms/XROS.platform/Developer/Library/Frameworks -F /Applications/Xcode-26.5.0.app/Contents/Developer/Platforms/XROS.platform/Developer/SDKs/XROS26.5.sdk/Developer/Library/Frameworks -c -j10 -enable-batch-mode -incremental -Xcc -ivfsstatcache -Xcc /Users/admin/builder/spi-builder-workspace/.derivedData/SDKStatCaches.noindex/xros26.5-23O469-688ef53f1462e2c8f657fdc38a81448f73f9c068cd48276448ef291a7ea74bec.sdkstatcache -output-file-map /Users/admin/builder/spi-builder-workspace/.derivedData/Build/Intermediates.noindex/Agrume.build/Debug-xros/Agrume.build/Objects-normal/arm64/Agrume-OutputFileMap.json -use-frontend-parseable-output -save-temps -no-color-diagnostics -explicit-module-build -module-cache-path /Users/admin/builder/spi-builder-workspace/.derivedData/Build/Intermediates.noindex/SwiftExplicitPrecompiledModules -clang-scanner-module-cache-path /Users/admin/builder/spi-builder-workspace/.derivedData/ModuleCache.noindex -sdk-module-cache-path /Users/admin/builder/spi-builder-workspace/.derivedData/ModuleCache.noindex -serialize-diagnostics -emit-dependencies -emit-module -emit-module-path /Users/admin/builder/spi-builder-workspace/.derivedData/Build/Intermediates.noindex/Agrume.build/Debug-xros/Agrume.build/Objects-normal/arm64/Agrume.swiftmodule -validate-clang-modules-once -clang-build-session-file /Users/admin/builder/spi-builder-workspace/.derivedData/ModuleCache.noindex/Session.modulevalidation -Xcc -I/Users/admin/builder/spi-builder-workspace/.derivedData/Build/Intermediates.noindex/Agrume.build/Debug-xros/Agrume.build/swift-overrides.hmap -emit-const-values -Xfrontend -const-gather-protocols-file -Xfrontend /Users/admin/builder/spi-builder-workspace/.derivedData/Build/Intermediates.noindex/Agrume.build/Debug-xros/Agrume.build/Objects-normal/arm64/Agrume_const_extract_protocols.json -Xcc -I/Users/admin/builder/spi-builder-workspace/.derivedData/Build/Products/Debug-xros/include -Xcc -I/Users/admin/builder/spi-builder-workspace/.derivedData/Build/Intermediates.noindex/Agrume.build/Debug-xros/Agrume.build/DerivedSources-normal/arm64 -Xcc -I/Users/admin/builder/spi-builder-workspace/.derivedData/Build/Intermediates.noindex/Agrume.build/Debug-xros/Agrume.build/DerivedSources/arm64 -Xcc -I/Users/admin/builder/spi-builder-workspace/.derivedData/Build/Intermediates.noindex/Agrume.build/Debug-xros/Agrume.build/DerivedSources -Xcc -DSWIFT_PACKAGE -Xcc -DDEBUG\=1 -emit-objc-header -emit-objc-header-path /Users/admin/builder/spi-builder-workspace/.derivedData/Build/Intermediates.noindex/Agrume.build/Debug-xros/Agrume.build/Objects-normal/arm64/Agrume-Swift.h -working-directory /Users/admin/builder/spi-builder-workspace/.swiftpm/xcode -experimental-emit-module-separately -disable-cmo
SwiftDriverJobDiscovery normal arm64 Compiling NSImageView+SwiftyGif.swift (in target 'SwiftyGif' from project 'SwiftyGif')
SwiftDriverJobDiscovery normal arm64 Compiling NSImage+SwiftyGif.swift (in target 'SwiftyGif' from project 'SwiftyGif')
SwiftExplicitDependencyGeneratePcm arm64 /Users/admin/builder/spi-builder-workspace/.derivedData/ModuleCache.noindex/SwiftUI-5MN23HHX3D5FQ1Z9NJ5GC183H.pcm
SwiftExplicitDependencyGeneratePcm arm64 /Users/admin/builder/spi-builder-workspace/.derivedData/ModuleCache.noindex/dnssd-BX5S1VLJPHDTG1VJ96FNWDFGF.pcm
SwiftExplicitDependencyGeneratePcm arm64 /Users/admin/builder/spi-builder-workspace/.derivedData/ModuleCache.noindex/GameController-9LTTJC56U5MTRKPL0D3PY6XCH.pcm
SwiftExplicitDependencyGeneratePcm arm64 /Users/admin/builder/spi-builder-workspace/.derivedData/ModuleCache.noindex/CoreData-20WNVN187F2DJOUZPMUTVEZ35.pcm
SwiftExplicitDependencyGeneratePcm arm64 /Users/admin/builder/spi-builder-workspace/.derivedData/ModuleCache.noindex/LocalAuthentication-E60FIH8DWTGDB5YQKRMXONQRA.pcm
SwiftExplicitDependencyGeneratePcm arm64 /Users/admin/builder/spi-builder-workspace/.derivedData/ModuleCache.noindex/_LocationEssentials-8IMOYQ2SESTRZY2GMS5LTI0EV.pcm
SwiftExplicitDependencyGeneratePcm arm64 /Users/admin/builder/spi-builder-workspace/.derivedData/ModuleCache.noindex/MultipeerConnectivity-79XQW96RCR1EK18QZ5ZICR8KY.pcm
SwiftExplicitDependencyGeneratePcm arm64 /Users/admin/builder/spi-builder-workspace/.derivedData/ModuleCache.noindex/CoreAudioTypes-2HAABT3BH4R8FSR0Y510NUDBZ.pcm
SwiftExplicitDependencyGeneratePcm arm64 /Users/admin/builder/spi-builder-workspace/.derivedData/ModuleCache.noindex/VisionKit-EHAYJBGOQWA11VPM9SHCWJW2V.pcm
SwiftExplicitDependencyGeneratePcm arm64 /Users/admin/builder/spi-builder-workspace/.derivedData/ModuleCache.noindex/ARKit-9X51O6V4BOW1NLIN7ER1285A1.pcm
SwiftExplicitDependencyGeneratePcm arm64 /Users/admin/builder/spi-builder-workspace/.derivedData/ModuleCache.noindex/CoreMIDI-ET5JYN0M0IPMN8F0AD615RRYV.pcm
SwiftExplicitDependencyGeneratePcm arm64 /Users/admin/builder/spi-builder-workspace/.derivedData/ModuleCache.noindex/CoreLocation-8ORNTII0C6J6U8AMVZWA7FO6Z.pcm
SwiftExplicitDependencyGeneratePcm arm64 /Users/admin/builder/spi-builder-workspace/.derivedData/ModuleCache.noindex/CoreAudio-B3RWFOYS6MQ1OC7AP6PKIDD9Q.pcm
SwiftExplicitDependencyGeneratePcm arm64 /Users/admin/builder/spi-builder-workspace/.derivedData/ModuleCache.noindex/CoreML-4QA9MCNAQYQN4UDUKHL3GTNSD.pcm
SwiftDriverJobDiscovery normal arm64 Compiling ObjcAssociatedWeakObject.swift (in target 'SwiftyGif' from project 'SwiftyGif')
SwiftExplicitDependencyGeneratePcm arm64 /Users/admin/builder/spi-builder-workspace/.derivedData/ModuleCache.noindex/CoreServices-457535FXD46T0H594O3WRARFJ.pcm
SwiftDriverJobDiscovery normal arm64 Compiling resource_bundle_accessor.swift (in target 'SwiftyGif' from project 'SwiftyGif')
SwiftExplicitDependencyGeneratePcm arm64 /Users/admin/builder/spi-builder-workspace/.derivedData/ModuleCache.noindex/GroupActivities-7HBRD08WOK1LZ049JYFDNVHTC.pcm
SwiftExplicitDependencyGeneratePcm arm64 /Users/admin/builder/spi-builder-workspace/.derivedData/ModuleCache.noindex/Network-7GVYWXHL94VHCQP8DOXUFMQOI.pcm
SwiftExplicitDependencyGeneratePcm arm64 /Users/admin/builder/spi-builder-workspace/.derivedData/ModuleCache.noindex/CoreMedia-44453EH3DJ74ZW0X4FU7QNYRN.pcm
SwiftExplicitDependencyGeneratePcm arm64 /Users/admin/builder/spi-builder-workspace/.derivedData/ModuleCache.noindex/AudioToolbox-6XIL64X1NMDCYD3B0ERGVB1X1.pcm
SwiftExplicitDependencyGeneratePcm arm64 /Users/admin/builder/spi-builder-workspace/.derivedData/ModuleCache.noindex/Accelerate-9FMJET72A5SHIKLA06DYSO2BI.pcm
SwiftExplicitDependencyGeneratePcm arm64 /Users/admin/builder/spi-builder-workspace/.derivedData/ModuleCache.noindex/CloudKit-8AXU5NWGPUNSZ5MZ3JJ5T8FXV.pcm
SwiftExplicitDependencyGeneratePcm arm64 /Users/admin/builder/spi-builder-workspace/.derivedData/ModuleCache.noindex/CoreMotion-BE98AKNYCYXEHK80ZZKNWQ5GA.pcm
SwiftExplicitDependencyGeneratePcm arm64 /Users/admin/builder/spi-builder-workspace/.derivedData/ModuleCache.noindex/MobileCoreServices-CUYZGXNQ8NL2AY429S2Z2N2X7.pcm
SwiftExplicitDependencyGeneratePcm arm64 /Users/admin/builder/spi-builder-workspace/.derivedData/ModuleCache.noindex/AVRouting-DGR35ROENOFBUA640H78E0PJF.pcm
SwiftExplicitDependencyGeneratePcm arm64 /Users/admin/builder/spi-builder-workspace/.derivedData/ModuleCache.noindex/Vision-605CLNPXNXONYJQC6WUT9ZDFM.pcm
SwiftExplicitDependencyGeneratePcm arm64 /Users/admin/builder/spi-builder-workspace/.derivedData/ModuleCache.noindex/MediaToolbox-1GKOBXPLOY9U7MHQFG2BIUYPS.pcm
SwiftExplicitDependencyGeneratePcm arm64 /Users/admin/builder/spi-builder-workspace/.derivedData/ModuleCache.noindex/AVFAudio-6D58OCGFUFBRAZLVN2QGHNYFK.pcm
SwiftExplicitDependencyGeneratePcm arm64 /Users/admin/builder/spi-builder-workspace/.derivedData/ModuleCache.noindex/AVFoundation-E8M90OT49ZVLSHEKDMLVL2MIS.pcm
SwiftEmitModule normal arm64 Emitting\ module\ for\ Agrume (in target 'Agrume' from project 'Agrume')
Failed frontend command:
/Applications/Xcode-26.5.0.app/Contents/Developer/Toolchains/XcodeDefault.xctoolchain/usr/bin/swift-frontend -frontend -emit-module -experimental-skip-non-inlinable-function-bodies-without-types /Users/admin/builder/spi-builder-workspace/Agrume/Agrume.swift /Users/admin/builder/spi-builder-workspace/Agrume/AgrumeCell.swift /Users/admin/builder/spi-builder-workspace/Agrume/AgrumeDataSource.swift /Users/admin/builder/spi-builder-workspace/Agrume/AgrumeImage.swift /Users/admin/builder/spi-builder-workspace/Agrume/AgrumeOverlayView.swift /Users/admin/builder/spi-builder-workspace/Agrume/AgrumePhotoLibraryHelper.swift /Users/admin/builder/spi-builder-workspace/Agrume/AgrumeServiceLocator.swift /Users/admin/builder/spi-builder-workspace/Agrume/AgrumeView.swift /Users/admin/builder/spi-builder-workspace/Agrume/Configuration.swift /Users/admin/builder/spi-builder-workspace/Agrume/Foundation+Agrume.swift /Users/admin/builder/spi-builder-workspace/Agrume/ImageDownloader.swift /Users/admin/builder/spi-builder-workspace/Agrume/UIKit+Agrume.swift /Users/admin/builder/spi-builder-workspace/Agrume/With.swift -target arm64-apple-xros1.0 -load-resolved-plugin /Applications/Xcode-26.5.0.app/Contents/Developer/Platforms/XROS.platform/Developer/usr/lib/swift/host/plugins/libFoundationMacros.dylib\#/Applications/Xcode-26.5.0.app/Contents/Developer/Platforms/XROS.platform/Developer/usr/bin/swift-plugin-server\#FoundationMacros -load-resolved-plugin /Applications/Xcode-26.5.0.app/Contents/Developer/Platforms/XROS.platform/Developer/usr/lib/swift/host/plugins/libObservationMacros.dylib\#/Applications/Xcode-26.5.0.app/Contents/Developer/Platforms/XROS.platform/Developer/usr/bin/swift-plugin-server\#ObservationMacros -load-resolved-plugin /Applications/Xcode-26.5.0.app/Contents/Developer/Platforms/XROS.platform/Developer/usr/lib/swift/host/plugins/libPreviewsMacros.dylib\#/Applications/Xcode-26.5.0.app/Contents/Developer/Platforms/XROS.platform/Developer/usr/bin/swift-plugin-server\#PreviewsMacros -load-resolved-plugin /Applications/Xcode-26.5.0.app/Contents/Developer/Platforms/XROS.platform/Developer/usr/lib/swift/host/plugins/libSwiftMacros.dylib\#/Applications/Xcode-26.5.0.app/Contents/Developer/Platforms/XROS.platform/Developer/usr/bin/swift-plugin-server\#SwiftMacros -load-resolved-plugin /Applications/Xcode-26.5.0.app/Contents/Developer/Platforms/XROS.platform/Developer/usr/lib/swift/host/plugins/libSwiftUIMacros.dylib\#/Applications/Xcode-26.5.0.app/Contents/Developer/Platforms/XROS.platform/Developer/usr/bin/swift-plugin-server\#SwiftUIMacros -disable-implicit-swift-modules -Xcc -fno-implicit-modules -Xcc -fno-implicit-module-maps -explicit-swift-module-map-file /Users/admin/builder/spi-builder-workspace/.derivedData/Build/Intermediates.noindex/Agrume.build/Debug-xros/Agrume.build/Objects-normal/arm64/Agrume-dependencies-1.json -Xllvm -aarch64-use-tbi -enable-objc-interop -stack-check -sdk /Applications/Xcode-26.5.0.app/Contents/Developer/Platforms/XROS.platform/Developer/SDKs/XROS26.5.sdk -I /Users/admin/builder/spi-builder-workspace/.derivedData/Build/Products/Debug-xros -Isystem /Applications/Xcode-26.5.0.app/Contents/Developer/Platforms/XROS.platform/Developer/usr/lib -F /Users/admin/builder/spi-builder-workspace/.derivedData/Build/Products/Debug-xros/PackageFrameworks -F /Users/admin/builder/spi-builder-workspace/.derivedData/Build/Products/Debug-xros -F /Applications/Xcode-26.5.0.app/Contents/Developer/Platforms/XROS.platform/Developer/Library/Frameworks -F /Applications/Xcode-26.5.0.app/Contents/Developer/Platforms/XROS.platform/Developer/SDKs/XROS26.5.sdk/Developer/Library/Frameworks -no-color-diagnostics -Xcc -fno-color-diagnostics -enable-testing -g -debug-info-format\=dwarf -dwarf-version\=4 -module-cache-path /Users/admin/builder/spi-builder-workspace/.derivedData/Build/Intermediates.noindex/SwiftExplicitPrecompiledModules -swift-version 5 -Onone -D SWIFT_PACKAGE -D DEBUG -D SWIFT_MODULE_RESOURCE_BUNDLE_UNAVAILABLE -D Xcode -serialize-debugging-options -const-gather-protocols-file /Users/admin/builder/spi-builder-workspace/.derivedData/Build/Intermediates.noindex/Agrume.build/Debug-xros/Agrume.build/Objects-normal/arm64/Agrume_const_extract_protocols.json -enable-experimental-feature DebugDescriptionMacro -empty-abi-descriptor -validate-clang-modules-once -clang-build-session-file /Users/admin/builder/spi-builder-workspace/.derivedData/ModuleCache.noindex/Session.modulevalidation -Xcc -working-directory -Xcc /Users/admin/builder/spi-builder-workspace/.swiftpm/xcode -enable-anonymous-context-mangled-names -file-compilation-dir /Users/admin/builder/spi-builder-workspace/.swiftpm/xcode -Xcc -D_LIBCPP_HARDENING_MODE\=_LIBCPP_HARDENING_MODE_DEBUG -Xcc -ivfsstatcache -Xcc /Users/admin/builder/spi-builder-workspace/.derivedData/SDKStatCaches.noindex/xros26.5-23O469-688ef53f1462e2c8f657fdc38a81448f73f9c068cd48276448ef291a7ea74bec.sdkstatcache -Xcc -I/Users/admin/builder/spi-builder-workspace/.derivedData/Build/Intermediates.noindex/Agrume.build/Debug-xros/Agrume.build/swift-overrides.hmap -Xcc -I/Users/admin/builder/spi-builder-workspace/.derivedData/Build/Products/Debug-xros/include -Xcc -I/Users/admin/builder/spi-builder-workspace/.derivedData/Build/Intermediates.noindex/Agrume.build/Debug-xros/Agrume.build/DerivedSources-normal/arm64 -Xcc -I/Users/admin/builder/spi-builder-workspace/.derivedData/Build/Intermediates.noindex/Agrume.build/Debug-xros/Agrume.build/DerivedSources/arm64 -Xcc -I/Users/admin/builder/spi-builder-workspace/.derivedData/Build/Intermediates.noindex/Agrume.build/Debug-xros/Agrume.build/DerivedSources -Xcc -DSWIFT_PACKAGE -Xcc -DDEBUG\=1 -no-auto-bridging-header-chaining -module-name Agrume -frontend-parseable-output -disable-clang-spi -clang-target arm64-apple-xros26.5 -target-sdk-version 26.5 -target-sdk-name xros26.5 -in-process-plugin-server-path /Applications/Xcode-26.5.0.app/Contents/Developer/Toolchains/XcodeDefault.xctoolchain/usr/lib/swift/host/libSwiftInProcPluginServer.dylib -emit-module-doc-path /Users/admin/builder/spi-builder-workspace/.derivedData/Build/Intermediates.noindex/Agrume.build/Debug-xros/Agrume.build/Objects-normal/arm64/Agrume.swiftdoc -emit-module-source-info-path /Users/admin/builder/spi-builder-workspace/.derivedData/Build/Intermediates.noindex/Agrume.build/Debug-xros/Agrume.build/Objects-normal/arm64/Agrume.swiftsourceinfo -emit-objc-header-path /Users/admin/builder/spi-builder-workspace/.derivedData/Build/Intermediates.noindex/Agrume.build/Debug-xros/Agrume.build/Objects-normal/arm64/Agrume-Swift.h -serialize-diagnostics-path /Users/admin/builder/spi-builder-workspace/.derivedData/Build/Intermediates.noindex/Agrume.build/Debug-xros/Agrume.build/Objects-normal/arm64/Agrume-primary-emit-module.dia -emit-dependencies-path /Users/admin/builder/spi-builder-workspace/.derivedData/Build/Intermediates.noindex/Agrume.build/Debug-xros/Agrume.build/Objects-normal/arm64/Agrume-primary-emit-module.d -o /Users/admin/builder/spi-builder-workspace/.derivedData/Build/Intermediates.noindex/Agrume.build/Debug-xros/Agrume.build/Objects-normal/arm64/Agrume.swiftmodule -emit-abi-descriptor-path /Users/admin/builder/spi-builder-workspace/.derivedData/Build/Intermediates.noindex/Agrume.build/Debug-xros/Agrume.build/Objects-normal/arm64/Agrume.abi.json
EmitSwiftModule normal arm64 (in target 'Agrume' from project 'Agrume')
    cd /Users/admin/builder/spi-builder-workspace/.swiftpm/xcode

/Users/admin/builder/spi-builder-workspace/Agrume/Agrume.swift:48:7: error: 'setNeedsStatusBarAppearanceUpdate()' is unavailable in visionOS
      setNeedsStatusBarAppearanceUpdate()
      ^~~~~~~~~~~~~~~~~~~~~~~~~~~~~~~~~
UIKit.UIViewController.setNeedsStatusBarAppearanceUpdate:3:24: note: 'setNeedsStatusBarAppearanceUpdate()' has been explicitly marked unavailable here
  @MainActor open func setNeedsStatusBarAppearanceUpdate()}
                       ^
SwiftCompile normal arm64 Compiling\ Foundation+Agrume.swift /Users/admin/builder/spi-builder-workspace/Agrume/Foundation+Agrume.swift (in target 'Agrume' from project 'Agrume')
SwiftCompile normal arm64 /Users/admin/builder/spi-builder-workspace/Agrume/Foundation+Agrume.swift (in target 'Agrume' from project 'Agrume')
    cd /Users/admin/builder/spi-builder-workspace/.swiftpm/xcode

SwiftCompile normal arm64 Compiling\ ImageDownloader.swift /Users/admin/builder/spi-builder-workspace/Agrume/ImageDownloader.swift (in target 'Agrume' from project 'Agrume')
SwiftCompile normal arm64 /Users/admin/builder/spi-builder-workspace/Agrume/ImageDownloader.swift (in target 'Agrume' from project 'Agrume')
    cd /Users/admin/builder/spi-builder-workspace/.swiftpm/xcode

SwiftCompile normal arm64 Compiling\ UIKit+Agrume.swift /Users/admin/builder/spi-builder-workspace/Agrume/UIKit+Agrume.swift (in target 'Agrume' from project 'Agrume')
SwiftCompile normal arm64 /Users/admin/builder/spi-builder-workspace/Agrume/UIKit+Agrume.swift (in target 'Agrume' from project 'Agrume')
    cd /Users/admin/builder/spi-builder-workspace/.swiftpm/xcode

SwiftCompile normal arm64 Compiling\ Configuration.swift /Users/admin/builder/spi-builder-workspace/Agrume/Configuration.swift (in target 'Agrume' from project 'Agrume')
SwiftCompile normal arm64 /Users/admin/builder/spi-builder-workspace/Agrume/Configuration.swift (in target 'Agrume' from project 'Agrume')
    cd /Users/admin/builder/spi-builder-workspace/.swiftpm/xcode

SwiftCompile normal arm64 Compiling\ AgrumeView.swift /Users/admin/builder/spi-builder-workspace/Agrume/AgrumeView.swift (in target 'Agrume' from project 'Agrume')
SwiftCompile normal arm64 /Users/admin/builder/spi-builder-workspace/Agrume/AgrumeView.swift (in target 'Agrume' from project 'Agrume')
    cd /Users/admin/builder/spi-builder-workspace/.swiftpm/xcode

SwiftCompile normal arm64 Compiling\ Agrume.swift,\ AgrumeCell.swift /Users/admin/builder/spi-builder-workspace/Agrume/Agrume.swift /Users/admin/builder/spi-builder-workspace/Agrume/AgrumeCell.swift (in target 'Agrume' from project 'Agrume')
SwiftCompile normal arm64 /Users/admin/builder/spi-builder-workspace/Agrume/Agrume.swift (in target 'Agrume' from project 'Agrume')
    cd /Users/admin/builder/spi-builder-workspace/.swiftpm/xcode

SwiftCompile normal arm64 /Users/admin/builder/spi-builder-workspace/Agrume/AgrumeCell.swift (in target 'Agrume' from project 'Agrume')
    cd /Users/admin/builder/spi-builder-workspace/.swiftpm/xcode

SwiftCompile normal arm64 Compiling\ AgrumeOverlayView.swift,\ AgrumePhotoLibraryHelper.swift /Users/admin/builder/spi-builder-workspace/Agrume/AgrumeOverlayView.swift /Users/admin/builder/spi-builder-workspace/Agrume/AgrumePhotoLibraryHelper.swift (in target 'Agrume' from project 'Agrume')
SwiftCompile normal arm64 /Users/admin/builder/spi-builder-workspace/Agrume/AgrumeOverlayView.swift (in target 'Agrume' from project 'Agrume')
    cd /Users/admin/builder/spi-builder-workspace/.swiftpm/xcode

SwiftCompile normal arm64 /Users/admin/builder/spi-builder-workspace/Agrume/AgrumePhotoLibraryHelper.swift (in target 'Agrume' from project 'Agrume')
    cd /Users/admin/builder/spi-builder-workspace/.swiftpm/xcode

SwiftDriverJobDiscovery normal arm64 Compiling Foundation+Agrume.swift (in target 'Agrume' from project 'Agrume')
SwiftCompile normal arm64 Compiling\ AgrumeDataSource.swift,\ AgrumeImage.swift /Users/admin/builder/spi-builder-workspace/Agrume/AgrumeDataSource.swift /Users/admin/builder/spi-builder-workspace/Agrume/AgrumeImage.swift (in target 'Agrume' from project 'Agrume')
2026-10-19 13:59:54.371 xcodebuild[767:4796] [MT] IDERunDestination: Supported platforms for the buildables in the current scheme is empty.
** BUILD FAILED **
The following build commands failed:
	SwiftEmitModule normal arm64 Emitting\ module\ for\ Agrume (in target 'Agrume' from project 'Agrume')
	EmitSwiftModule normal arm64 (in target 'Agrume' from project 'Agrume')
	Building workspace spi-builder-workspace with scheme Agrume
(3 failures)
Command line invocation:
    /Applications/Xcode-26.5.0.app/Contents/Developer/usr/bin/xcodebuild -IDEClonedSourcePackagesDirPathOverride=/Users/admin/builder/spi-builder-workspace/.dependencies -resolvePackageDependencies
Resolve Package Graph
Resolved source packages:
  SwiftyGif: https://github.com/kirualex/SwiftyGif @ 5.4.5
  Agrume: /Users/admin/builder/spi-builder-workspace
resolved source packages: SwiftyGif, Agrume
2026-10-19 14:00:04.337 xcodebuild[908:5407] [MT] IDERunDestination: Supported platforms for the buildables in the current scheme is empty.
{
  "dependencies" : [
    {
      "identity" : "swiftygif",
      "requirement" : {
        "range" : [
          {
            "lower_bound" : "5.4.0",
            "upper_bound" : "6.0.0"
          }
        ]
      },
      "type" : "sourceControl",
      "url" : "https://github.com/kirualex/SwiftyGif"
    }
  ],
  "manifest_display_name" : "Agrume",
  "name" : "Agrume",
  "path" : "/Users/admin/builder/spi-builder-workspace",
  "platforms" : [
    {
      "name" : "ios",
      "version" : "13.0"
    }
  ],
  "products" : [
    {
      "name" : "Agrume",
      "targets" : [
        "Agrume"
      ],
      "type" : {
        "library" : [
          "automatic"
        ]
      }
    }
  ],
  "targets" : [
    {
      "c99name" : "Agrume",
      "module_type" : "SwiftTarget",
      "name" : "Agrume",
      "path" : "Agrume",
      "product_dependencies" : [
        "SwiftyGif"
      ],
      "product_memberships" : [
        "Agrume"
      ],
      "sources" : [
        "Agrume.swift",
        "AgrumeCell.swift",
        "AgrumeDataSource.swift",
        "AgrumeImage.swift",
        "AgrumeOverlayView.swift",
        "AgrumePhotoLibraryHelper.swift",
        "AgrumeServiceLocator.swift",
        "AgrumeView.swift",
        "Configuration.swift",
        "Foundation+Agrume.swift",
        "ImageDownloader.swift",
        "UIKit+Agrume.swift",
        "With.swift"
      ],
      "type" : "library"
    }
  ],
  "tools_version" : "5.1"
}
{
  "workspace" : {
    "name" : "spi-builder-workspace",
    "schemes" : [
      "Agrume"
    ]
  }
}
2026-10-19 14:00:05.552 xcodebuild[918:5488] [MT] IDERunDestination: Supported platforms for the buildables in the current scheme is empty.
Running build ...
env DEVELOPER_DIR=/Applications/Xcode-26.5.0.app xcrun xcodebuild -IDEClonedSourcePackagesDirPathOverride=$PWD/.dependencies -skipMacroValidation -skipPackagePluginValidation -derivedDataPath $PWD/.derivedData build -scheme Agrume -destination generic/platform=xrOS
Command line invocation:
    /Applications/Xcode-26.5.0.app/Contents/Developer/usr/bin/xcodebuild -IDEClonedSourcePackagesDirPathOverride=/Users/admin/builder/spi-builder-workspace/.dependencies -skipMacroValidation -skipPackagePluginValidation -derivedDataPath /Users/admin/builder/spi-builder-workspace/.derivedData build -scheme Agrume -destination generic/platform=xrOS
Resolve Package Graph
Resolved source packages:
  Agrume: /Users/admin/builder/spi-builder-workspace
  SwiftyGif: https://github.com/kirualex/SwiftyGif @ 5.4.5
ComputePackagePrebuildTargetDependencyGraph
Prepare packages
CreateBuildRequest
SendProjectDescription
CreateBuildOperation
ComputeTargetDependencyGraph
note: Building targets in dependency order
note: Target dependency graph (5 targets)
    Target 'Agrume' in project 'Agrume'
        ➜ Explicit dependency on target 'Agrume' in project 'Agrume'
        ➜ Explicit dependency on target 'SwiftyGif' in project 'SwiftyGif'
    Target 'Agrume' in project 'Agrume'
        ➜ Explicit dependency on target 'SwiftyGif' in project 'SwiftyGif'
    Target 'SwiftyGif' in project 'SwiftyGif'
        ➜ Explicit dependency on target 'SwiftyGif' in project 'SwiftyGif'
        ➜ Explicit dependency on target 'SwiftyGif_SwiftyGif' in project 'SwiftyGif'
    Target 'SwiftyGif' in project 'SwiftyGif'
        ➜ Explicit dependency on target 'SwiftyGif_SwiftyGif' in project 'SwiftyGif'
    Target 'SwiftyGif_SwiftyGif' in project 'SwiftyGif' (no dependencies)
GatherProvisioningInputs
CreateBuildDescription
ClangStatCache /Applications/Xcode-26.5.0.app/Contents/Developer/Toolchains/XcodeDefault.xctoolchain/usr/bin/clang-stat-cache /Applications/Xcode-26.5.0.app/Contents/Developer/Platforms/XROS.platform/Developer/SDKs/XROS26.5.sdk /Users/admin/builder/spi-builder-workspace/.derivedData/SDKStatCaches.noindex/xros26.5-23O469-688ef53f1462e2c8f657fdc38a81448f73f9c068cd48276448ef291a7ea74bec.sdkstatcache
    cd /Users/admin/builder/spi-builder-workspace/.swiftpm/xcode
    /Applications/Xcode-26.5.0.app/Contents/Developer/Toolchains/XcodeDefault.xctoolchain/usr/bin/clang-stat-cache /Applications/Xcode-26.5.0.app/Contents/Developer/Platforms/XROS.platform/Developer/SDKs/XROS26.5.sdk -o /Users/admin/builder/spi-builder-workspace/.derivedData/SDKStatCaches.noindex/xros26.5-23O469-688ef53f1462e2c8f657fdc38a81448f73f9c068cd48276448ef291a7ea74bec.sdkstatcache
SwiftDriver Agrume normal arm64 com.apple.xcode.tools.swift.compiler (in target 'Agrume' from project 'Agrume')
    cd /Users/admin/builder/spi-builder-workspace/.swiftpm/xcode
    builtin-SwiftDriver -- /Applications/Xcode-26.5.0.app/Contents/Developer/Toolchains/XcodeDefault.xctoolchain/usr/bin/swiftc -module-name Agrume -Onone @/Users/admin/builder/spi-builder-workspace/.derivedData/Build/Intermediates.noindex/Agrume.build/Debug-xros/Agrume.build/Objects-normal/arm64/Agrume.SwiftFileList -DSWIFT_PACKAGE -DDEBUG -DSWIFT_MODULE_RESOURCE_BUNDLE_UNAVAILABLE -DXcode -plugin-path /Applications/Xcode-26.5.0.app/Contents/Developer/Toolchains/XcodeDefault.xctoolchain/usr/lib/swift/host/plugins/testing -enable-experimental-feature DebugDescriptionMacro -sdk /Applications/Xcode-26.5.0.app/Contents/Developer/Platforms/XROS.platform/Developer/SDKs/XROS26.5.sdk -target arm64-apple-xros1.0 -g -module-cache-path /Users/admin/builder/spi-builder-workspace/.derivedData/ModuleCache.noindex -Xfrontend -serialize-debugging-options -enable-testing -index-store-path /Users/admin/builder/spi-builder-workspace/.derivedData/Index.noindex/DataStore -Xcc -D_LIBCPP_HARDENING_MODE\=_LIBCPP_HARDENING_MODE_DEBUG -swift-version 5 -I /Users/admin/builder/spi-builder-workspace/.derivedData/Build/Products/Debug-xros -Isystem /Applications/Xcode-26.5.0.app/Contents/Developer/Platforms/XROS.platform/Developer/usr/lib -F /Users/admin/builder/spi-builder-workspace/.derivedData/Build/Products/Debug-xros/PackageFrameworks -F /Users/admin/builder/spi-builder-workspace/.derivedData/Build/Products/Debug-xros -F /Applications/Xcode-26.5.0.app/Contents/Developer/Platforms/XROS.platform/Developer/Library/Frameworks -F /Applications/Xcode-26.5.0.app/Contents/Developer/Platforms/XROS.platform/Developer/SDKs/XROS26.5.sdk/Developer/Library/Frameworks -c -j10 -enable-batch-mode -incremental -Xcc -ivfsstatcache -Xcc /Users/admin/builder/spi-builder-workspace/.derivedData/SDKStatCaches.noindex/xros26.5-23O469-688ef53f1462e2c8f657fdc38a81448f73f9c068cd48276448ef291a7ea74bec.sdkstatcache -output-file-map /Users/admin/builder/spi-builder-workspace/.derivedData/Build/Intermediates.noindex/Agrume.build/Debug-xros/Agrume.build/Objects-normal/arm64/Agrume-OutputFileMap.json -use-frontend-parseable-output -save-temps -no-color-diagnostics -explicit-module-build -module-cache-path /Users/admin/builder/spi-builder-workspace/.derivedData/Build/Intermediates.noindex/SwiftExplicitPrecompiledModules -clang-scanner-module-cache-path /Users/admin/builder/spi-builder-workspace/.derivedData/ModuleCache.noindex -sdk-module-cache-path /Users/admin/builder/spi-builder-workspace/.derivedData/ModuleCache.noindex -serialize-diagnostics -emit-dependencies -emit-module -emit-module-path /Users/admin/builder/spi-builder-workspace/.derivedData/Build/Intermediates.noindex/Agrume.build/Debug-xros/Agrume.build/Objects-normal/arm64/Agrume.swiftmodule -validate-clang-modules-once -clang-build-session-file /Users/admin/builder/spi-builder-workspace/.derivedData/ModuleCache.noindex/Session.modulevalidation -Xcc -I/Users/admin/builder/spi-builder-workspace/.derivedData/Build/Intermediates.noindex/Agrume.build/Debug-xros/Agrume.build/swift-overrides.hmap -emit-const-values -Xfrontend -const-gather-protocols-file -Xfrontend /Users/admin/builder/spi-builder-workspace/.derivedData/Build/Intermediates.noindex/Agrume.build/Debug-xros/Agrume.build/Objects-normal/arm64/Agrume_const_extract_protocols.json -Xcc -I/Users/admin/builder/spi-builder-workspace/.derivedData/Build/Products/Debug-xros/include -Xcc -I/Users/admin/builder/spi-builder-workspace/.derivedData/Build/Intermediates.noindex/Agrume.build/Debug-xros/Agrume.build/DerivedSources-normal/arm64 -Xcc -I/Users/admin/builder/spi-builder-workspace/.derivedData/Build/Intermediates.noindex/Agrume.build/Debug-xros/Agrume.build/DerivedSources/arm64 -Xcc -I/Users/admin/builder/spi-builder-workspace/.derivedData/Build/Intermediates.noindex/Agrume.build/Debug-xros/Agrume.build/DerivedSources -Xcc -DSWIFT_PACKAGE -Xcc -DDEBUG\=1 -emit-objc-header -emit-objc-header-path /Users/admin/builder/spi-builder-workspace/.derivedData/Build/Intermediates.noindex/Agrume.build/Debug-xros/Agrume.build/Objects-normal/arm64/Agrume-Swift.h -working-directory /Users/admin/builder/spi-builder-workspace/.swiftpm/xcode -experimental-emit-module-separately -disable-cmo
SwiftDriver SwiftyGif normal arm64 com.apple.xcode.tools.swift.compiler (in target 'SwiftyGif' from project 'SwiftyGif')
    cd /Users/admin/builder/spi-builder-workspace/.swiftpm/xcode
    builtin-SwiftDriver -- /Applications/Xcode-26.5.0.app/Contents/Developer/Toolchains/XcodeDefault.xctoolchain/usr/bin/swiftc -module-name SwiftyGif -Onone @/Users/admin/builder/spi-builder-workspace/.derivedData/Build/Intermediates.noindex/SwiftyGif.build/Debug-xros/SwiftyGif.build/Objects-normal/arm64/SwiftyGif.SwiftFileList -DSWIFT_PACKAGE -DDEBUG -DSWIFT_MODULE_RESOURCE_BUNDLE_AVAILABLE -DXcode -plugin-path /Applications/Xcode-26.5.0.app/Contents/Developer/Toolchains/XcodeDefault.xctoolchain/usr/lib/swift/host/plugins/testing -enable-experimental-feature DebugDescriptionMacro -sdk /Applications/Xcode-26.5.0.app/Contents/Developer/Platforms/XROS.platform/Developer/SDKs/XROS26.5.sdk -target arm64-apple-xros1.0 -g -module-cache-path /Users/admin/builder/spi-builder-workspace/.derivedData/ModuleCache.noindex -Xfrontend -serialize-debugging-options -enable-testing -suppress-warnings -index-store-path /Users/admin/builder/spi-builder-workspace/.derivedData/Index.noindex/DataStore -Xcc -D_LIBCPP_HARDENING_MODE\=_LIBCPP_HARDENING_MODE_DEBUG -swift-version 5 -I /Users/admin/builder/spi-builder-workspace/.derivedData/Build/Products/Debug-xros -Isystem /Applications/Xcode-26.5.0.app/Contents/Developer/Platforms/XROS.platform/Developer/usr/lib -F /Users/admin/builder/spi-builder-workspace/.derivedData/Build/Products/Debug-xros -F /Applications/Xcode-26.5.0.app/Contents/Developer/Platforms/XROS.platform/Developer/Library/Frameworks -F /Applications/Xcode-26.5.0.app/Contents/Developer/Platforms/XROS.platform/Developer/SDKs/XROS26.5.sdk/Developer/Library/Frameworks -c -j10 -enable-batch-mode -incremental -Xcc -ivfsstatcache -Xcc /Users/admin/builder/spi-builder-workspace/.derivedData/SDKStatCaches.noindex/xros26.5-23O469-688ef53f1462e2c8f657fdc38a81448f73f9c068cd48276448ef291a7ea74bec.sdkstatcache -output-file-map /Users/admin/builder/spi-builder-workspace/.derivedData/Build/Intermediates.noindex/SwiftyGif.build/Debug-xros/SwiftyGif.build/Objects-normal/arm64/SwiftyGif-OutputFileMap.json -use-frontend-parseable-output -save-temps -no-color-diagnostics -explicit-module-build -module-cache-path /Users/admin/builder/spi-builder-workspace/.derivedData/Build/Intermediates.noindex/SwiftExplicitPrecompiledModules -clang-scanner-module-cache-path /Users/admin/builder/spi-builder-workspace/.derivedData/ModuleCache.noindex -sdk-module-cache-path /Users/admin/builder/spi-builder-workspace/.derivedData/ModuleCache.noindex -serialize-diagnostics -emit-dependencies -emit-module -emit-module-path /Users/admin/builder/spi-builder-workspace/.derivedData/Build/Intermediates.noindex/SwiftyGif.build/Debug-xros/SwiftyGif.build/Objects-normal/arm64/SwiftyGif.swiftmodule -validate-clang-modules-once -clang-build-session-file /Users/admin/builder/spi-builder-workspace/.derivedData/ModuleCache.noindex/Session.modulevalidation -Xcc -I/Users/admin/builder/spi-builder-workspace/.derivedData/Build/Intermediates.noindex/SwiftyGif.build/Debug-xros/SwiftyGif.build/swift-overrides.hmap -emit-const-values -Xfrontend -const-gather-protocols-file -Xfrontend /Users/admin/builder/spi-builder-workspace/.derivedData/Build/Intermediates.noindex/SwiftyGif.build/Debug-xros/SwiftyGif.build/Objects-normal/arm64/SwiftyGif_const_extract_protocols.json -Xcc -I/Users/admin/builder/spi-builder-workspace/.derivedData/Build/Products/Debug-xros/include -Xcc -I/Users/admin/builder/spi-builder-workspace/.derivedData/Build/Intermediates.noindex/SwiftyGif.build/Debug-xros/SwiftyGif.build/DerivedSources-normal/arm64 -Xcc -I/Users/admin/builder/spi-builder-workspace/.derivedData/Build/Intermediates.noindex/SwiftyGif.build/Debug-xros/SwiftyGif.build/DerivedSources/arm64 -Xcc -I/Users/admin/builder/spi-builder-workspace/.derivedData/Build/Intermediates.noindex/SwiftyGif.build/Debug-xros/SwiftyGif.build/DerivedSources -Xcc -DSWIFT_PACKAGE -Xcc -DDEBUG\=1 -emit-objc-header -emit-objc-header-path /Users/admin/builder/spi-builder-workspace/.derivedData/Build/Intermediates.noindex/SwiftyGif.build/Debug-xros/SwiftyGif.build/Objects-normal/arm64/SwiftyGif-Swift.h -working-directory /Users/admin/builder/spi-builder-workspace/.swiftpm/xcode -experimental-emit-module-separately -disable-cmo
SwiftCompile normal arm64 Compiling\ SwiftyGifManager.swift /Users/admin/builder/spi-builder-workspace/.dependencies/checkouts/SwiftyGif/SwiftyGif/SwiftyGifManager.swift (in target 'SwiftyGif' from project 'SwiftyGif')
SwiftCompile normal arm64 /Users/admin/builder/spi-builder-workspace/.dependencies/checkouts/SwiftyGif/SwiftyGif/SwiftyGifManager.swift (in target 'SwiftyGif' from project 'SwiftyGif')
    cd /Users/admin/builder/spi-builder-workspace/.swiftpm/xcode

SwiftEmitModule normal arm64 Emitting\ module\ for\ SwiftyGif (in target 'SwiftyGif' from project 'SwiftyGif')
EmitSwiftModule normal arm64 (in target 'SwiftyGif' from project 'SwiftyGif')
    cd /Users/admin/builder/spi-builder-workspace/.swiftpm/xcode

SwiftCompile normal arm64 Compiling\ UIImage+SwiftyGif.swift /Users/admin/builder/spi-builder-workspace/.dependencies/checkouts/SwiftyGif/SwiftyGif/UIImage+SwiftyGif.swift (in target 'SwiftyGif' from project 'SwiftyGif')
SwiftCompile normal arm64 /Users/admin/builder/spi-builder-workspace/.dependencies/checkouts/SwiftyGif/SwiftyGif/UIImage+SwiftyGif.swift (in target 'SwiftyGif' from project 'SwiftyGif')
    cd /Users/admin/builder/spi-builder-workspace/.swiftpm/xcode

SwiftCompile normal arm64 Compiling\ UIImageView+SwiftyGif.swift /Users/admin/builder/spi-builder-workspace/.dependencies/checkouts/SwiftyGif/SwiftyGif/UIImageView+SwiftyGif.swift (in target 'SwiftyGif' from project 'SwiftyGif')
SwiftCompile normal arm64 /Users/admin/builder/spi-builder-workspace/.dependencies/checkouts/SwiftyGif/SwiftyGif/UIImageView+SwiftyGif.swift (in target 'SwiftyGif' from project 'SwiftyGif')
    cd /Users/admin/builder/spi-builder-workspace/.swiftpm/xcode

SwiftCompile normal arm64 Compiling\ Agrume.swift,\ AgrumeCell.swift /Users/admin/builder/spi-builder-workspace/Agrume/Agrume.swift /Users/admin/builder/spi-builder-workspace/Agrume/AgrumeCell.swift (in target 'Agrume' from project 'Agrume')
SwiftCompile normal arm64 /Users/admin/builder/spi-builder-workspace/Agrume/Agrume.swift (in target 'Agrume' from project 'Agrume')
    cd /Users/admin/builder/spi-builder-workspace/.swiftpm/xcode

SwiftCompile normal arm64 /Users/admin/builder/spi-builder-workspace/Agrume/AgrumeCell.swift (in target 'Agrume' from project 'Agrume')
    cd /Users/admin/builder/spi-builder-workspace/.swiftpm/xcode

SwiftEmitModule normal arm64 Emitting\ module\ for\ Agrume (in target 'Agrume' from project 'Agrume')
Failed frontend command:
/Applications/Xcode-26.5.0.app/Contents/Developer/Toolchains/XcodeDefault.xctoolchain/usr/bin/swift-frontend -frontend -emit-module -experimental-skip-non-inlinable-function-bodies-without-types /Users/admin/builder/spi-builder-workspace/Agrume/Agrume.swift /Users/admin/builder/spi-builder-workspace/Agrume/AgrumeCell.swift /Users/admin/builder/spi-builder-workspace/Agrume/AgrumeDataSource.swift /Users/admin/builder/spi-builder-workspace/Agrume/AgrumeImage.swift /Users/admin/builder/spi-builder-workspace/Agrume/AgrumeOverlayView.swift /Users/admin/builder/spi-builder-workspace/Agrume/AgrumePhotoLibraryHelper.swift /Users/admin/builder/spi-builder-workspace/Agrume/AgrumeServiceLocator.swift /Users/admin/builder/spi-builder-workspace/Agrume/AgrumeView.swift /Users/admin/builder/spi-builder-workspace/Agrume/Configuration.swift /Users/admin/builder/spi-builder-workspace/Agrume/Foundation+Agrume.swift /Users/admin/builder/spi-builder-workspace/Agrume/ImageDownloader.swift /Users/admin/builder/spi-builder-workspace/Agrume/UIKit+Agrume.swift /Users/admin/builder/spi-builder-workspace/Agrume/With.swift -target arm64-apple-xros1.0 -load-resolved-plugin /Applications/Xcode-26.5.0.app/Contents/Developer/Platforms/XROS.platform/Developer/usr/lib/swift/host/plugins/libFoundationMacros.dylib\#/Applications/Xcode-26.5.0.app/Contents/Developer/Platforms/XROS.platform/Developer/usr/bin/swift-plugin-server\#FoundationMacros -load-resolved-plugin /Applications/Xcode-26.5.0.app/Contents/Developer/Platforms/XROS.platform/Developer/usr/lib/swift/host/plugins/libObservationMacros.dylib\#/Applications/Xcode-26.5.0.app/Contents/Developer/Platforms/XROS.platform/Developer/usr/bin/swift-plugin-server\#ObservationMacros -load-resolved-plugin /Applications/Xcode-26.5.0.app/Contents/Developer/Platforms/XROS.platform/Developer/usr/lib/swift/host/plugins/libPreviewsMacros.dylib\#/Applications/Xcode-26.5.0.app/Contents/Developer/Platforms/XROS.platform/Developer/usr/bin/swift-plugin-server\#PreviewsMacros -load-resolved-plugin /Applications/Xcode-26.5.0.app/Contents/Developer/Platforms/XROS.platform/Developer/usr/lib/swift/host/plugins/libSwiftMacros.dylib\#/Applications/Xcode-26.5.0.app/Contents/Developer/Platforms/XROS.platform/Developer/usr/bin/swift-plugin-server\#SwiftMacros -load-resolved-plugin /Applications/Xcode-26.5.0.app/Contents/Developer/Platforms/XROS.platform/Developer/usr/lib/swift/host/plugins/libSwiftUIMacros.dylib\#/Applications/Xcode-26.5.0.app/Contents/Developer/Platforms/XROS.platform/Developer/usr/bin/swift-plugin-server\#SwiftUIMacros -disable-implicit-swift-modules -Xcc -fno-implicit-modules -Xcc -fno-implicit-module-maps -explicit-swift-module-map-file /Users/admin/builder/spi-builder-workspace/.derivedData/Build/Intermediates.noindex/Agrume.build/Debug-xros/Agrume.build/Objects-normal/arm64/Agrume-dependencies-1.json -Xllvm -aarch64-use-tbi -enable-objc-interop -stack-check -sdk /Applications/Xcode-26.5.0.app/Contents/Developer/Platforms/XROS.platform/Developer/SDKs/XROS26.5.sdk -I /Users/admin/builder/spi-builder-workspace/.derivedData/Build/Products/Debug-xros -Isystem /Applications/Xcode-26.5.0.app/Contents/Developer/Platforms/XROS.platform/Developer/usr/lib -F /Users/admin/builder/spi-builder-workspace/.derivedData/Build/Products/Debug-xros/PackageFrameworks -F /Users/admin/builder/spi-builder-workspace/.derivedData/Build/Products/Debug-xros -F /Applications/Xcode-26.5.0.app/Contents/Developer/Platforms/XROS.platform/Developer/Library/Frameworks -F /Applications/Xcode-26.5.0.app/Contents/Developer/Platforms/XROS.platform/Developer/SDKs/XROS26.5.sdk/Developer/Library/Frameworks -no-color-diagnostics -Xcc -fno-color-diagnostics -enable-testing -g -debug-info-format\=dwarf -dwarf-version\=4 -module-cache-path /Users/admin/builder/spi-builder-workspace/.derivedData/Build/Intermediates.noindex/SwiftExplicitPrecompiledModules -swift-version 5 -Onone -D SWIFT_PACKAGE -D DEBUG -D SWIFT_MODULE_RESOURCE_BUNDLE_UNAVAILABLE -D Xcode -serialize-debugging-options -const-gather-protocols-file /Users/admin/builder/spi-builder-workspace/.derivedData/Build/Intermediates.noindex/Agrume.build/Debug-xros/Agrume.build/Objects-normal/arm64/Agrume_const_extract_protocols.json -enable-experimental-feature DebugDescriptionMacro -empty-abi-descriptor -validate-clang-modules-once -clang-build-session-file /Users/admin/builder/spi-builder-workspace/.derivedData/ModuleCache.noindex/Session.modulevalidation -Xcc -working-directory -Xcc /Users/admin/builder/spi-builder-workspace/.swiftpm/xcode -enable-anonymous-context-mangled-names -file-compilation-dir /Users/admin/builder/spi-builder-workspace/.swiftpm/xcode -Xcc -D_LIBCPP_HARDENING_MODE\=_LIBCPP_HARDENING_MODE_DEBUG -Xcc -ivfsstatcache -Xcc /Users/admin/builder/spi-builder-workspace/.derivedData/SDKStatCaches.noindex/xros26.5-23O469-688ef53f1462e2c8f657fdc38a81448f73f9c068cd48276448ef291a7ea74bec.sdkstatcache -Xcc -I/Users/admin/builder/spi-builder-workspace/.derivedData/Build/Intermediates.noindex/Agrume.build/Debug-xros/Agrume.build/swift-overrides.hmap -Xcc -I/Users/admin/builder/spi-builder-workspace/.derivedData/Build/Products/Debug-xros/include -Xcc -I/Users/admin/builder/spi-builder-workspace/.derivedData/Build/Intermediates.noindex/Agrume.build/Debug-xros/Agrume.build/DerivedSources-normal/arm64 -Xcc -I/Users/admin/builder/spi-builder-workspace/.derivedData/Build/Intermediates.noindex/Agrume.build/Debug-xros/Agrume.build/DerivedSources/arm64 -Xcc -I/Users/admin/builder/spi-builder-workspace/.derivedData/Build/Intermediates.noindex/Agrume.build/Debug-xros/Agrume.build/DerivedSources -Xcc -DSWIFT_PACKAGE -Xcc -DDEBUG\=1 -no-auto-bridging-header-chaining -module-name Agrume -frontend-parseable-output -disable-clang-spi -clang-target arm64-apple-xros26.5 -target-sdk-version 26.5 -target-sdk-name xros26.5 -in-process-plugin-server-path /Applications/Xcode-26.5.0.app/Contents/Developer/Toolchains/XcodeDefault.xctoolchain/usr/lib/swift/host/libSwiftInProcPluginServer.dylib -emit-module-doc-path /Users/admin/builder/spi-builder-workspace/.derivedData/Build/Intermediates.noindex/Agrume.build/Debug-xros/Agrume.build/Objects-normal/arm64/Agrume.swiftdoc -emit-module-source-info-path /Users/admin/builder/spi-builder-workspace/.derivedData/Build/Intermediates.noindex/Agrume.build/Debug-xros/Agrume.build/Objects-normal/arm64/Agrume.swiftsourceinfo -emit-objc-header-path /Users/admin/builder/spi-builder-workspace/.derivedData/Build/Intermediates.noindex/Agrume.build/Debug-xros/Agrume.build/Objects-normal/arm64/Agrume-Swift.h -serialize-diagnostics-path /Users/admin/builder/spi-builder-workspace/.derivedData/Build/Intermediates.noindex/Agrume.build/Debug-xros/Agrume.build/Objects-normal/arm64/Agrume-primary-emit-module.dia -emit-dependencies-path /Users/admin/builder/spi-builder-workspace/.derivedData/Build/Intermediates.noindex/Agrume.build/Debug-xros/Agrume.build/Objects-normal/arm64/Agrume-primary-emit-module.d -o /Users/admin/builder/spi-builder-workspace/.derivedData/Build/Intermediates.noindex/Agrume.build/Debug-xros/Agrume.build/Objects-normal/arm64/Agrume.swiftmodule -emit-abi-descriptor-path /Users/admin/builder/spi-builder-workspace/.derivedData/Build/Intermediates.noindex/Agrume.build/Debug-xros/Agrume.build/Objects-normal/arm64/Agrume.abi.json
EmitSwiftModule normal arm64 (in target 'Agrume' from project 'Agrume')
    cd /Users/admin/builder/spi-builder-workspace/.swiftpm/xcode

/Users/admin/builder/spi-builder-workspace/Agrume/Agrume.swift:48:7: error: 'setNeedsStatusBarAppearanceUpdate()' is unavailable in visionOS
      setNeedsStatusBarAppearanceUpdate()
      ^~~~~~~~~~~~~~~~~~~~~~~~~~~~~~~~~
UIKit.UIViewController.setNeedsStatusBarAppearanceUpdate:3:24: note: 'setNeedsStatusBarAppearanceUpdate()' has been explicitly marked unavailable here
  @MainActor open func setNeedsStatusBarAppearanceUpdate()}
                       ^
SwiftCompile normal arm64 Compiling\ AgrumeView.swift /Users/admin/builder/spi-builder-workspace/Agrume/AgrumeView.swift (in target 'Agrume' from project 'Agrume')
SwiftCompile normal arm64 /Users/admin/builder/spi-builder-workspace/Agrume/AgrumeView.swift (in target 'Agrume' from project 'Agrume')
    cd /Users/admin/builder/spi-builder-workspace/.swiftpm/xcode

SwiftCompile normal arm64 Compiling\ AgrumeOverlayView.swift /Users/admin/builder/spi-builder-workspace/Agrume/AgrumeOverlayView.swift (in target 'Agrume' from project 'Agrume')
SwiftCompile normal arm64 /Users/admin/builder/spi-builder-workspace/Agrume/AgrumeOverlayView.swift (in target 'Agrume' from project 'Agrume')
    cd /Users/admin/builder/spi-builder-workspace/.swiftpm/xcode

SwiftCompile normal arm64 Compiling\ With.swift /Users/admin/builder/spi-builder-workspace/Agrume/With.swift (in target 'Agrume' from project 'Agrume')
SwiftCompile normal arm64 /Users/admin/builder/spi-builder-workspace/Agrume/With.swift (in target 'Agrume' from project 'Agrume')
    cd /Users/admin/builder/spi-builder-workspace/.swiftpm/xcode

SwiftCompile normal arm64 Compiling\ Configuration.swift /Users/admin/builder/spi-builder-workspace/Agrume/Configuration.swift (in target 'Agrume' from project 'Agrume')
SwiftCompile normal arm64 /Users/admin/builder/spi-builder-workspace/Agrume/Configuration.swift (in target 'Agrume' from project 'Agrume')
    cd /Users/admin/builder/spi-builder-workspace/.swiftpm/xcode

SwiftCompile normal arm64 Compiling\ AgrumePhotoLibraryHelper.swift /Users/admin/builder/spi-builder-workspace/Agrume/AgrumePhotoLibraryHelper.swift (in target 'Agrume' from project 'Agrume')
SwiftCompile normal arm64 /Users/admin/builder/spi-builder-workspace/Agrume/AgrumePhotoLibraryHelper.swift (in target 'Agrume' from project 'Agrume')
    cd /Users/admin/builder/spi-builder-workspace/.swiftpm/xcode

SwiftCompile normal arm64 Compiling\ ImageDownloader.swift /Users/admin/builder/spi-builder-workspace/Agrume/ImageDownloader.swift (in target 'Agrume' from project 'Agrume')
SwiftCompile normal arm64 /Users/admin/builder/spi-builder-workspace/Agrume/ImageDownloader.swift (in target 'Agrume' from project 'Agrume')
    cd /Users/admin/builder/spi-builder-workspace/.swiftpm/xcode

SwiftDriverJobDiscovery normal arm64 Compiling With.swift (in target 'Agrume' from project 'Agrume')
2026-10-19 14:00:06.452 xcodebuild[921:5519] [MT] IDERunDestination: Supported platforms for the buildables in the current scheme is empty.
** BUILD FAILED **
The following build commands failed:
	SwiftEmitModule normal arm64 Emitting\ module\ for\ Agrume (in target 'Agrume' from project 'Agrume')
	EmitSwiftModule normal arm64 (in target 'Agrume' from project 'Agrume')
	Building workspace spi-builder-workspace with scheme Agrume
(3 failures)
BUILD FAILURE 6.3 visionOS