The Swift Package Index logo.Swift Package Index

Build Information

Failed to build SebbuKit, reference main (46e735), with Swift 6.4 for Wasm on 19 Sep 2026 10:20:29 UTC.

Build Command

bash -c docker run --pull=always --rm -v "checkouts-54344843-0":/host -w "$PWD" -e JAVA_HOME="/root/.sdkman/candidates/java/current" -e SPI_BUILD="1" -e SPI_PROCESSING="1" registry.gitlab.com/saguaro1/spi-images:wasm-6.4-latest swift build --swift-sdk swift-6.4.x-DEVELOPMENT-SNAPSHOT-2026-09-04-a_wasm 2>&1

Build Log

========================================
RunAll
========================================
Builder version: 5.1.0
Interrupt handler set up.
========================================
Checkout
========================================
Clone URL: https://github.com/MarSe32m/SebbuKit.git
Reference: main
Initialized empty Git repository in /host/spi-builder-workspace/.git/
hint: Using 'master' as the name for the initial branch. This default branch name
hint: is subject to change. To configure the initial branch name to use in all
hint: of your new repositories, which will suppress this warning, call:
hint:
hint: 	git config --global init.defaultBranch <name>
hint:
hint: Names commonly chosen instead of 'master' are 'main', 'trunk' and
hint: 'development'. The just-created branch can be renamed via this command:
hint:
hint: 	git branch -m <name>
From https://github.com/MarSe32m/SebbuKit
 * branch            main       -> FETCH_HEAD
 * [new branch]      main       -> origin/main
HEAD is now at 46e735b Update windows.yml
Cloned https://github.com/MarSe32m/SebbuKit.git
Revision (git rev-parse @):
46e735b87e0b7f0a98caef546dfc07d30983e410
SUCCESS checkout https://github.com/MarSe32m/SebbuKit.git at main
========================================
Build
========================================
Selected platform:         wasm
Swift version:             6.4
Building package at path:  $PWD
https://github.com/MarSe32m/SebbuKit.git
Running build ...
bash -c docker run --pull=always --rm -v "checkouts-54344843-0":/host -w "$PWD" -e JAVA_HOME="/root/.sdkman/candidates/java/current" -e SPI_BUILD="1" -e SPI_PROCESSING="1" registry.gitlab.com/saguaro1/spi-images:wasm-6.4-latest swift build --swift-sdk swift-6.4.x-DEVELOPMENT-SNAPSHOT-2026-09-04-a_wasm 2>&1
wasm-6.4-latest: Pulling from saguaro1/spi-images
Digest: sha256:4328fdb43c680d205c1d6761b1e3267aa38277eefdda9ddfb17b6a0f1a77857a
Status: Image is up to date for registry.gitlab.com/saguaro1/spi-images:wasm-6.4-latest
Fetching https://github.com/apple/swift-nio.git
[1/86073] Fetching swift-nio
Fetched https://github.com/apple/swift-nio.git (2.81s)
Fetching https://github.com/apple/swift-nio-ssl.git
[1/16065] Fetching swift-nio-ssl
Fetched https://github.com/apple/swift-nio-ssl.git (1.25s)
Fetching https://github.com/apple/swift-collections.git
[1/27352] Fetching swift-collections
Fetched https://github.com/apple/swift-collections.git (1.21s)
Fetching https://github.com/apple/swift-nio-transport-services
[1/2863] Fetching swift-nio-transport-services
Fetched https://github.com/apple/swift-nio-transport-services (0.48s)
Fetching https://github.com/MarSe32m/GLMSwift.git
[1/214] Fetching glmswift
Fetched https://github.com/MarSe32m/GLMSwift.git (0.46s)
Fetching https://github.com/MarSe32m/sebbu-bitstream.git
[1/308] Fetching sebbu-bitstream
Fetched https://github.com/MarSe32m/sebbu-bitstream.git (1.17s)
Fetching https://github.com/MarSe32m/sebbu-ts-ds.git
[1/1038] Fetching sebbu-ts-ds
Fetched https://github.com/MarSe32m/sebbu-ts-ds.git (0.54s)
Fetching https://github.com/MarSe32m/sebbu-networking.git
[1/474] Fetching sebbu-networking
Fetched https://github.com/MarSe32m/sebbu-networking.git (0.47s)
Fetching https://github.com/MarSe32m/sebbu-concurrency.git
[1/597] Fetching sebbu-concurrency
Fetched https://github.com/MarSe32m/sebbu-concurrency.git (0.55s)
Fetching https://github.com/MarSe32m/sebbu-cryptography.git
[1/101] Fetching sebbu-cryptography
Fetched https://github.com/MarSe32m/sebbu-cryptography.git (0.47s)
warning: 'sebbu-cryptography': /Package.swift:18:10: warning: 'package(url:_:)' is deprecated: use specific requirement APIs instead (e.g. use 'branch:' instead of '.branch') [#DeprecatedDeclaration]
16 |         // Dependencies declare other packages that this package depends on.
17 |         // .package(url: /* package url */, from: "1.0.0"),
18 |         .package(url: "https://github.com/apple/swift-crypto.git", .branch("main"))
   |          `- warning: 'package(url:_:)' is deprecated: use specific requirement APIs instead (e.g. use 'branch:' instead of '.branch') [#DeprecatedDeclaration]
19 |     ],
20 |     targets: [
/Package.swift:18:69: warning: 'branch' is deprecated [#DeprecatedDeclaration]
16 |         // Dependencies declare other packages that this package depends on.
17 |         // .package(url: /* package url */, from: "1.0.0"),
18 |         .package(url: "https://github.com/apple/swift-crypto.git", .branch("main"))
   |                                                                     `- warning: 'branch' is deprecated [#DeprecatedDeclaration]
19 |     ],
20 |     targets: [
[#DeprecatedDeclaration]: <https://docs.swift.org/compiler/documentation/diagnostics/deprecated-declaration>
Fetching https://github.com/vapor/websocket-kit.git
[1/2670] Fetching websocket-kit
Fetched https://github.com/vapor/websocket-kit.git (0.56s)
Fetching https://github.com/apple/swift-crypto.git
[1/18542] Fetching swift-crypto
Fetched https://github.com/apple/swift-crypto.git (1.20s)
Fetching https://github.com/apple/swift-nio-extras.git
Fetching https://github.com/apple/swift-atomics.git
Fetching https://github.com/apple/swift-system.git
Fetching https://github.com/apple/swift-asn1.git
Fetching https://github.com/MarSe32m/sebbu-c-libuv.git
[1/6690] Fetching swift-nio-extras
[2/7054] Fetching swift-nio-extras, sebbu-c-libuv
[5651/8929] Fetching swift-nio-extras, sebbu-c-libuv, swift-atomics
Fetched https://github.com/apple/swift-atomics.git (0.57s)
[1/6898] Fetching swift-system
Fetched https://github.com/MarSe32m/sebbu-c-libuv.git (0.72s)
Fetched https://github.com/apple/swift-system.git (0.72s)
[1/1983] Fetching swift-asn1
Fetched https://github.com/apple/swift-asn1.git (1.18s)
Fetched https://github.com/apple/swift-nio-extras.git (1.18s)
Computing version for https://github.com/MarSe32m/sebbu-c-libuv.git
Computed https://github.com/MarSe32m/sebbu-c-libuv.git at 1.48.0 (1.36s)
Computing version for https://github.com/apple/swift-atomics.git
Computed https://github.com/apple/swift-atomics.git at 1.3.1 (0.15s)
Computing version for https://github.com/apple/swift-asn1.git
Computed https://github.com/apple/swift-asn1.git at 1.7.3 (0.20s)
Computing version for https://github.com/apple/swift-system.git
Computed https://github.com/apple/swift-system.git at 1.8.1 (0.20s)
Computing version for https://github.com/apple/swift-nio-extras.git
Computed https://github.com/apple/swift-nio-extras.git at 1.35.1 (0.31s)
Fetching https://github.com/apple/swift-log.git
Fetching https://github.com/apple/swift-async-algorithms.git
Fetching https://github.com/apple/swift-http-types.git
Fetching https://github.com/apple/swift-certificates.git
Fetching https://github.com/swift-server/swift-service-lifecycle.git
Fetching https://github.com/apple/swift-algorithms.git
[1/1935] Fetching swift-http-types
[1859/9508] Fetching swift-http-types, swift-certificates
[2164/15653] Fetching swift-http-types, swift-certificates, swift-algorithms
[2165/18496] Fetching swift-http-types, swift-certificates, swift-algorithms, swift-service-lifecycle
[4673/26592] Fetching swift-http-types, swift-certificates, swift-algorithms, swift-service-lifecycle, swift-log
Fetched https://github.com/apple/swift-algorithms.git (0.57s)
Fetching https://github.com/apple/swift-nio-http2.git
Fetched https://github.com/swift-server/swift-service-lifecycle.git (0.60s)
Fetched https://github.com/apple/swift-http-types.git (0.60s)
Fetching https://github.com/apple/swift-http-structured-headers.git
Fetched https://github.com/apple/swift-certificates.git (0.60s)
[1/1253] Fetching swift-http-structured-headers
Fetched https://github.com/apple/swift-http-structured-headers.git (0.45s)
[1/6723] Fetching swift-async-algorithms
[405/18975] Fetching swift-async-algorithms, swift-nio-http2
Fetched https://github.com/apple/swift-async-algorithms.git (1.33s)
[11885/12252] Fetching swift-nio-http2
Fetched https://github.com/apple/swift-log.git (1.33s)
Fetched https://github.com/apple/swift-nio-http2.git (0.94s)
Computing version for https://github.com/apple/swift-algorithms.git
Computed https://github.com/apple/swift-algorithms.git at 1.2.1 (1.70s)
Fetching https://github.com/apple/swift-numerics.git
[1/6636] Fetching swift-numerics
Fetched https://github.com/apple/swift-numerics.git (0.55s)
Computing version for https://github.com/apple/swift-numerics.git
Computed https://github.com/apple/swift-numerics.git at 1.1.1 (0.71s)
Computing version for https://github.com/swift-server/swift-service-lifecycle.git
Computed https://github.com/swift-server/swift-service-lifecycle.git at 2.12.0 (0.17s)
Computing version for https://github.com/apple/swift-log.git
Computed https://github.com/apple/swift-log.git at 1.15.1 (0.18s)
Computing version for https://github.com/apple/swift-async-algorithms.git
Computed https://github.com/apple/swift-async-algorithms.git at 1.1.5 (0.20s)
Computing version for https://github.com/apple/swift-http-structured-headers.git
Computed https://github.com/apple/swift-http-structured-headers.git at 1.7.0 (0.17s)
Computing version for https://github.com/apple/swift-http-types.git
Computed https://github.com/apple/swift-http-types.git at 1.8.0 (0.21s)
Computing version for https://github.com/apple/swift-certificates.git
Computed https://github.com/apple/swift-certificates.git at 1.20.0 (0.24s)
Computing version for https://github.com/apple/swift-nio-http2.git
Computed https://github.com/apple/swift-nio-http2.git at 1.46.0 (0.19s)
Creating working copy for https://github.com/apple/swift-nio-transport-services
Working copy of https://github.com/apple/swift-nio-transport-services resolved at main (8ffb0a8)
Creating working copy for https://github.com/apple/swift-nio.git
Working copy of https://github.com/apple/swift-nio.git resolved at main (9cb66c6)
Creating working copy for https://github.com/MarSe32m/sebbu-networking.git
Working copy of https://github.com/MarSe32m/sebbu-networking.git resolved at main (87d7443)
Creating working copy for https://github.com/apple/swift-atomics.git
Working copy of https://github.com/apple/swift-atomics.git resolved at 1.3.1
Creating working copy for https://github.com/MarSe32m/GLMSwift.git
Working copy of https://github.com/MarSe32m/GLMSwift.git resolved at main (fa51582)
Creating working copy for https://github.com/apple/swift-async-algorithms.git
Working copy of https://github.com/apple/swift-async-algorithms.git resolved at 1.1.5
Creating working copy for https://github.com/MarSe32m/sebbu-bitstream.git
Working copy of https://github.com/MarSe32m/sebbu-bitstream.git resolved at main (5040437)
Creating working copy for https://github.com/apple/swift-numerics.git
Working copy of https://github.com/apple/swift-numerics.git resolved at 1.1.1
Creating working copy for https://github.com/apple/swift-certificates.git
Working copy of https://github.com/apple/swift-certificates.git resolved at 1.20.0
Creating working copy for https://github.com/vapor/websocket-kit.git
Working copy of https://github.com/vapor/websocket-kit.git resolved at main (0b8522b)
Creating working copy for https://github.com/apple/swift-http-types.git
Working copy of https://github.com/apple/swift-http-types.git resolved at 1.8.0
Creating working copy for https://github.com/apple/swift-collections.git
Working copy of https://github.com/apple/swift-collections.git resolved at main (3ceaf1a)
Creating working copy for https://github.com/apple/swift-asn1.git
Working copy of https://github.com/apple/swift-asn1.git resolved at 1.7.3
Creating working copy for https://github.com/apple/swift-nio-extras.git
Working copy of https://github.com/apple/swift-nio-extras.git resolved at 1.35.1
Creating working copy for https://github.com/apple/swift-algorithms.git
Working copy of https://github.com/apple/swift-algorithms.git resolved at 1.2.1
Creating working copy for https://github.com/apple/swift-crypto.git
Working copy of https://github.com/apple/swift-crypto.git resolved at main (a9d1d5a)
Creating working copy for https://github.com/MarSe32m/sebbu-concurrency.git
Working copy of https://github.com/MarSe32m/sebbu-concurrency.git resolved at main (d63b505)
Creating working copy for https://github.com/MarSe32m/sebbu-c-libuv.git
Working copy of https://github.com/MarSe32m/sebbu-c-libuv.git resolved at 1.48.0
Creating working copy for https://github.com/apple/swift-log.git
Working copy of https://github.com/apple/swift-log.git resolved at 1.15.1
Creating working copy for https://github.com/apple/swift-system.git
Working copy of https://github.com/apple/swift-system.git resolved at 1.8.1
Creating working copy for https://github.com/MarSe32m/sebbu-cryptography.git
Working copy of https://github.com/MarSe32m/sebbu-cryptography.git resolved at main (f8df502)
Creating working copy for https://github.com/swift-server/swift-service-lifecycle.git
Working copy of https://github.com/swift-server/swift-service-lifecycle.git resolved at 2.12.0
Creating working copy for https://github.com/apple/swift-nio-ssl.git
Working copy of https://github.com/apple/swift-nio-ssl.git resolved at main (322f3c2)
Creating working copy for https://github.com/MarSe32m/sebbu-ts-ds.git
Working copy of https://github.com/MarSe32m/sebbu-ts-ds.git resolved at main (915df95)
Creating working copy for https://github.com/apple/swift-http-structured-headers.git
Working copy of https://github.com/apple/swift-http-structured-headers.git resolved at 1.7.0
Creating working copy for https://github.com/apple/swift-nio-http2.git
Working copy of https://github.com/apple/swift-nio-http2.git resolved at 1.46.0
warning: 'sebbu-cryptography': /host/spi-builder-workspace/.build/checkouts/sebbu-cryptography/Package.swift:18:10: warning: 'package(url:_:)' is deprecated: use specific requirement APIs instead (e.g. use 'branch:' instead of '.branch') [#DeprecatedDeclaration]
16 |         // Dependencies declare other packages that this package depends on.
17 |         // .package(url: /* package url */, from: "1.0.0"),
18 |         .package(url: "https://github.com/apple/swift-crypto.git", .branch("main"))
   |          `- warning: 'package(url:_:)' is deprecated: use specific requirement APIs instead (e.g. use 'branch:' instead of '.branch') [#DeprecatedDeclaration]
19 |     ],
20 |     targets: [
/host/spi-builder-workspace/.build/checkouts/sebbu-cryptography/Package.swift:18:69: warning: 'branch' is deprecated [#DeprecatedDeclaration]
16 |         // Dependencies declare other packages that this package depends on.
17 |         // .package(url: /* package url */, from: "1.0.0"),
18 |         .package(url: "https://github.com/apple/swift-crypto.git", .branch("main"))
   |                                                                     `- warning: 'branch' is deprecated [#DeprecatedDeclaration]
19 |     ],
20 |     targets: [
[#DeprecatedDeclaration]: <https://docs.swift.org/compiler/documentation/diagnostics/deprecated-declaration>
Building for debugging...
[Computing dependencies]
[Constructing description]
[Pre-planning 1 / 692]
[Planning deferred tasks]
In file included from /host/spi-builder-workspace/.build/checkouts/sebbu-c-libuv/Sources/SebbuCLibUV/src/timer.c:21:
In file included from /host/spi-builder-workspace/.build/checkouts/sebbu-c-libuv/Sources/SebbuCLibUV/src/include/uv.h:71:
/host/spi-builder-workspace/.build/checkouts/sebbu-c-libuv/Sources/SebbuCLibUV/src/include/unix.h:34:10: fatal error: 'netdb.h' file not found
   34 | #include <netdb.h>  /* MAXHOSTNAMELEN on Solaris */
      |          ^~~~~~~~~
1 error generated.
error: CompileC /host/spi-builder-workspace/.build/out/Intermediates.noindex/sebbu-c-libuv.build/Debug-webassembly-wasm32/SebbuCLibUV-t.build/Objects-normal/wasm32/timer.o /host/spi-builder-workspace/.build/checkouts/sebbu-c-libuv/Sources/SebbuCLibUV/src/timer.c normal wasm32 c com.apple.compilers.llvm.clang.1_0.compiler failed with a nonzero exit code. Command line:     cd /host

    Using response file: /host/spi-builder-workspace/.build/out/Intermediates.noindex/sebbu-c-libuv.build/Debug-webassembly-wasm32/SebbuCLibUV-t.build/Objects-normal/wasm32/9f65232cb83f8421e3a495a5062eba382369c975104ee97bafc405ab795bfc5e-common-args.resp

    /usr/bin/clang -x c -target wasm32-unknown-wasip1 -fmessage-length\=0 -fdiagnostics-show-note-include-stack -fmacro-backtrace-limit\=0 -fcolor-diagnostics -Wno-trigraphs -Wno-missing-field-initializers -Wno-missing-prototypes -Wno-return-type -Wno-missing-braces -Wparentheses -Wswitch -Wno-unused-function -Wno-unused-label -Wno-unused-parameter -Wno-unused-variable -Wunused-value -Wno-empty-body -Wno-uninitialized -Wno-unknown-pragmas -w -Wno-shadow -Wno-four-char-constants -Wno-conversion -Wno-constant-conversion -Wno-int-conversion -Wno-bool-conversion -Wno-enum-conversion -Wno-float-conversion -Wno-non-literal-null-conversion -Wno-objc-literal-conversion -Wno-shorten-64-to-32 -Wpointer-sign -Wno-newline-eof -Wno-implicit-fallthrough -fstrict-aliasing -Wdeprecated-declarations -Wno-sign-conversion -Wno-infinite-recursion -Wno-comma -Wno-block-capture-autoreleasing -Wno-strict-prototypes -Wno-semicolon-before-method-body --sysroot /root/.swiftpm/swift-sdks/swift-6.4.x-DEVELOPMENT-SNAPSHOT-2026-09-04-a_wasm.artifactbundle/swift-6.4.x-DEVELOPMENT-SNAPSHOT-2026-09-04-a_wasm/wasm32-unknown-wasip1/WASI.sdk @/host/spi-builder-workspace/.build/out/Intermediates.noindex/sebbu-c-libuv.build/Debug-webassembly-wasm32/SebbuCLibUV-t.build/Objects-normal/wasm32/9f65232cb83f8421e3a495a5062eba382369c975104ee97bafc405ab795bfc5e-common-args.resp -MMD -MT dependencies -MF /host/spi-builder-workspace/.build/out/Intermediates.noindex/sebbu-c-libuv.build/Debug-webassembly-wasm32/SebbuCLibUV-t.build/Objects-normal/wasm32/timer.d --serialize-diagnostics /host/spi-builder-workspace/.build/out/Intermediates.noindex/sebbu-c-libuv.build/Debug-webassembly-wasm32/SebbuCLibUV-t.build/Objects-normal/wasm32/timer.dia -c /host/spi-builder-workspace/.build/checkouts/sebbu-c-libuv/Sources/SebbuCLibUV/src/timer.c -o /host/spi-builder-workspace/.build/out/Intermediates.noindex/sebbu-c-libuv.build/Debug-webassembly-wasm32/SebbuCLibUV-t.build/Objects-normal/wasm32/timer.o
In file included from /host/spi-builder-workspace/.build/checkouts/sebbu-c-libuv/Sources/SebbuCLibUV/src/version.c:22:
In file included from /host/spi-builder-workspace/.build/checkouts/sebbu-c-libuv/Sources/SebbuCLibUV/src/include/uv.h:71:
/host/spi-builder-workspace/.build/checkouts/sebbu-c-libuv/Sources/SebbuCLibUV/src/include/unix.h:34:10: fatal error: 'netdb.h' file not found
   34 | #include <netdb.h>  /* MAXHOSTNAMELEN on Solaris */
      |          ^~~~~~~~~
1 error generated.
error: CompileC /host/spi-builder-workspace/.build/out/Intermediates.noindex/sebbu-c-libuv.build/Debug-webassembly-wasm32/SebbuCLibUV-t.build/Objects-normal/wasm32/version.o /host/spi-builder-workspace/.build/checkouts/sebbu-c-libuv/Sources/SebbuCLibUV/src/version.c normal wasm32 c com.apple.compilers.llvm.clang.1_0.compiler failed with a nonzero exit code. Command line:     cd /host

    Using response file: /host/spi-builder-workspace/.build/out/Intermediates.noindex/sebbu-c-libuv.build/Debug-webassembly-wasm32/SebbuCLibUV-t.build/Objects-normal/wasm32/9f65232cb83f8421e3a495a5062eba382369c975104ee97bafc405ab795bfc5e-common-args.resp

    /usr/bin/clang -x c -target wasm32-unknown-wasip1 -fmessage-length\=0 -fdiagnostics-show-note-include-stack -fmacro-backtrace-limit\=0 -fcolor-diagnostics -Wno-trigraphs -Wno-missing-field-initializers -Wno-missing-prototypes -Wno-return-type -Wno-missing-braces -Wparentheses -Wswitch -Wno-unused-function -Wno-unused-label -Wno-unused-parameter -Wno-unused-variable -Wunused-value -Wno-empty-body -Wno-uninitialized -Wno-unknown-pragmas -w -Wno-shadow -Wno-four-char-constants -Wno-conversion -Wno-constant-conversion -Wno-int-conversion -Wno-bool-conversion -Wno-enum-conversion -Wno-float-conversion -Wno-non-literal-null-conversion -Wno-objc-literal-conversion -Wno-shorten-64-to-32 -Wpointer-sign -Wno-newline-eof -Wno-implicit-fallthrough -fstrict-aliasing -Wdeprecated-declarations -Wno-sign-conversion -Wno-infinite-recursion -Wno-comma -Wno-block-capture-autoreleasing -Wno-strict-prototypes -Wno-semicolon-before-method-body --sysroot /root/.swiftpm/swift-sdks/swift-6.4.x-DEVELOPMENT-SNAPSHOT-2026-09-04-a_wasm.artifactbundle/swift-6.4.x-DEVELOPMENT-SNAPSHOT-2026-09-04-a_wasm/wasm32-unknown-wasip1/WASI.sdk @/host/spi-builder-workspace/.build/out/Intermediates.noindex/sebbu-c-libuv.build/Debug-webassembly-wasm32/SebbuCLibUV-t.build/Objects-normal/wasm32/9f65232cb83f8421e3a495a5062eba382369c975104ee97bafc405ab795bfc5e-common-args.resp -MMD -MT dependencies -MF /host/spi-builder-workspace/.build/out/Intermediates.noindex/sebbu-c-libuv.build/Debug-webassembly-wasm32/SebbuCLibUV-t.build/Objects-normal/wasm32/version.d --serialize-diagnostics /host/spi-builder-workspace/.build/out/Intermediates.noindex/sebbu-c-libuv.build/Debug-webassembly-wasm32/SebbuCLibUV-t.build/Objects-normal/wasm32/version.dia -c /host/spi-builder-workspace/.build/checkouts/sebbu-c-libuv/Sources/SebbuCLibUV/src/version.c -o /host/spi-builder-workspace/.build/out/Intermediates.noindex/sebbu-c-libuv.build/Debug-webassembly-wasm32/SebbuCLibUV-t.build/Objects-normal/wasm32/version.o
In file included from /host/spi-builder-workspace/.build/checkouts/sebbu-c-libuv/Sources/SebbuCLibUV/src/uv-data-getter-setters.c:22:
In file included from /host/spi-builder-workspace/.build/checkouts/sebbu-c-libuv/Sources/SebbuCLibUV/src/include/uv.h:71:
/host/spi-builder-workspace/.build/checkouts/sebbu-c-libuv/Sources/SebbuCLibUV/src/include/unix.h:34:10: fatal error: 'netdb.h' file not found
   34 | #include <netdb.h>  /* MAXHOSTNAMELEN on Solaris */
      |          ^~~~~~~~~
1 error generated.
error: CompileC /host/spi-builder-workspace/.build/out/Intermediates.noindex/sebbu-c-libuv.build/Debug-webassembly-wasm32/SebbuCLibUV-t.build/Objects-normal/wasm32/uv-data-getter-setters.o /host/spi-builder-workspace/.build/checkouts/sebbu-c-libuv/Sources/SebbuCLibUV/src/uv-data-getter-setters.c normal wasm32 c com.apple.compilers.llvm.clang.1_0.compiler failed with a nonzero exit code. Command line:     cd /host

    Using response file: /host/spi-builder-workspace/.build/out/Intermediates.noindex/sebbu-c-libuv.build/Debug-webassembly-wasm32/SebbuCLibUV-t.build/Objects-normal/wasm32/9f65232cb83f8421e3a495a5062eba382369c975104ee97bafc405ab795bfc5e-common-args.resp

    /usr/bin/clang -x c -target wasm32-unknown-wasip1 -fmessage-length\=0 -fdiagnostics-show-note-include-stack -fmacro-backtrace-limit\=0 -fcolor-diagnostics -Wno-trigraphs -Wno-missing-field-initializers -Wno-missing-prototypes -Wno-return-type -Wno-missing-braces -Wparentheses -Wswitch -Wno-unused-function -Wno-unused-label -Wno-unused-parameter -Wno-unused-variable -Wunused-value -Wno-empty-body -Wno-uninitialized -Wno-unknown-pragmas -w -Wno-shadow -Wno-four-char-constants -Wno-conversion -Wno-constant-conversion -Wno-int-conversion -Wno-bool-conversion -Wno-enum-conversion -Wno-float-conversion -Wno-non-literal-null-conversion -Wno-objc-literal-conversion -Wno-shorten-64-to-32 -Wpointer-sign -Wno-newline-eof -Wno-implicit-fallthrough -fstrict-aliasing -Wdeprecated-declarations -Wno-sign-conversion -Wno-infinite-recursion -Wno-comma -Wno-block-capture-autoreleasing -Wno-strict-prototypes -Wno-semicolon-before-method-body --sysroot /root/.swiftpm/swift-sdks/swift-6.4.x-DEVELOPMENT-SNAPSHOT-2026-09-04-a_wasm.artifactbundle/swift-6.4.x-DEVELOPMENT-SNAPSHOT-2026-09-04-a_wasm/wasm32-unknown-wasip1/WASI.sdk @/host/spi-builder-workspace/.build/out/Intermediates.noindex/sebbu-c-libuv.build/Debug-webassembly-wasm32/SebbuCLibUV-t.build/Objects-normal/wasm32/9f65232cb83f8421e3a495a5062eba382369c975104ee97bafc405ab795bfc5e-common-args.resp -MMD -MT dependencies -MF /host/spi-builder-workspace/.build/out/Intermediates.noindex/sebbu-c-libuv.build/Debug-webassembly-wasm32/SebbuCLibUV-t.build/Objects-normal/wasm32/uv-data-getter-setters.d --serialize-diagnostics /host/spi-builder-workspace/.build/out/Intermediates.noindex/sebbu-c-libuv.build/Debug-webassembly-wasm32/SebbuCLibUV-t.build/Objects-normal/wasm32/uv-data-getter-setters.dia -c /host/spi-builder-workspace/.build/checkouts/sebbu-c-libuv/Sources/SebbuCLibUV/src/uv-data-getter-setters.c -o /host/spi-builder-workspace/.build/out/Intermediates.noindex/sebbu-c-libuv.build/Debug-webassembly-wasm32/SebbuCLibUV-t.build/Objects-normal/wasm32/uv-data-getter-setters.o
error: Build failed
BUILD FAILURE 6.4 wasm