The Swift Package Index logo.Swift Package Index

Build Information

Failed to build SMosquitto, reference 1.4.0 (f20de5), with Swift 6.4 for watchOS using Xcode 27.0 on 17 Sep 2026 01:24:18 UTC.

Build Command

env DEVELOPER_DIR=/Applications/Xcode-27.0.0-Release.Candidate.app xcrun xcodebuild -IDEClonedSourcePackagesDirPathOverride=$PWD/.dependencies -skipMacroValidation -skipPackagePluginValidation -derivedDataPath $PWD/.derivedData build -scheme SMosquitto -destination generic/platform=watchOS

Build Log

========================================
RunAll
========================================
Builder version: 5.1.0
Interrupt handler set up.
========================================
Checkout
========================================
Clone URL: https://github.com/S2Ler/SMosquitto.git
Reference: 1.4.0
Initialized empty Git repository in /Users/admin/builder/spi-builder-workspace/.git/
From https://github.com/S2Ler/SMosquitto
 * tag               1.4.0      -> FETCH_HEAD
HEAD is now at f20de5f Introduce LIBMOSQUITTO_1_5 to be compatible with libmosquitto 1.4.*
Cloned https://github.com/S2Ler/SMosquitto.git
Revision (git rev-parse @):
f20de5ff0094300c68947945abf06d52cb5f6520
SUCCESS checkout https://github.com/S2Ler/SMosquitto.git at 1.4.0
========================================
Build
========================================
Selected platform:         watchOS
Swift version:             6.4
Building package at path:  $PWD
https://github.com/S2Ler/SMosquitto.git
Command line invocation:
    /Applications/Xcode-27.0.0-Release.Candidate.app/Contents/Developer/usr/bin/xcodebuild -IDEClonedSourcePackagesDirPathOverride=/Users/admin/builder/spi-builder-workspace/.dependencies -resolvePackageDependencies
Resolve Package Graph
failed to retrieve search paths with pkg-config; maybe pkg-config is not installedcouldn't find pc file for mosquitto
Resolve Package Graph
couldn't find pc file for mosquitto
Resolved source packages:
  SMosquitto: /Users/admin/builder/spi-builder-workspace
resolved source packages: SMosquitto
2026-09-16 21:23:29.154 xcodebuild[524:2992] [MT] IDERunDestination: Supported platforms for the buildables in the current scheme is empty.
{
  "dependencies" : [
  ],
  "manifest_display_name" : "SMosquitto",
  "name" : "SMosquitto",
  "path" : "/Users/admin/builder/spi-builder-workspace",
  "platforms" : [
  ],
  "products" : [
    {
      "name" : "SMosquitto",
      "targets" : [
        "SMosquitto"
      ],
      "type" : {
        "library" : [
          "dynamic"
        ]
      }
    }
  ],
  "swift_languages_versions" : [
    "4.2"
  ],
  "targets" : [
    {
      "c99name" : "cmosquitto",
      "module_type" : "SystemLibraryTarget",
      "name" : "cmosquitto",
      "path" : "Sources/cmosquitto",
      "product_memberships" : [
        "SMosquitto"
      ],
      "sources" : [
      ],
      "type" : "system-target"
    },
    {
      "c99name" : "SMosquittoTests",
      "module_type" : "SwiftTarget",
      "name" : "SMosquittoTests",
      "path" : "Tests/SMosquittoTests",
      "sources" : [
        "Env.swift",
        "ErrorTests.swift",
        "InstancesTests.swift",
        "LogLevelTests.swift",
        "SMosquittoTests.swift",
        "VersionTests.swift",
        "XCTestManifests.swift"
      ],
      "target_dependencies" : [
        "SMosquitto"
      ],
      "type" : "test"
    },
    {
      "c99name" : "SMosquitto",
      "module_type" : "SwiftTarget",
      "name" : "SMosquitto",
      "path" : "Sources/SMosquitto",
      "product_memberships" : [
        "SMosquitto"
      ],
      "sources" : [
        "ConnectionResponseCode.swift",
        "DisconnectReason.swift",
        "Identifier.swift",
        "Instances.swift",
        "LogLevel.swift",
        "Message.swift",
        "Payload.swift",
        "ProtocolVersion.swift",
        "QOS.swift",
        "SMosquitto.swift",
        "SMosquittoError.swift",
        "TlsOptions.swift",
        "Version.swift"
      ],
      "target_dependencies" : [
        "cmosquitto"
      ],
      "type" : "library"
    }
  ],
  "tools_version" : "4.2"
}
{
  "workspace" : {
    "name" : "SMosquitto",
    "schemes" : [
      "SMosquitto"
    ]
  }
}
2026-09-16 21:24:10.203 xcodebuild[623:3888] [MT] IDERunDestination: Supported platforms for the buildables in the current scheme is empty.
Running build ...
env DEVELOPER_DIR=/Applications/Xcode-27.0.0-Release.Candidate.app xcrun xcodebuild -IDEClonedSourcePackagesDirPathOverride=$PWD/.dependencies -skipMacroValidation -skipPackagePluginValidation -derivedDataPath $PWD/.derivedData build -scheme SMosquitto -destination generic/platform=watchOS
Command line invocation:
    /Applications/Xcode-27.0.0-Release.Candidate.app/Contents/Developer/usr/bin/xcodebuild -IDEClonedSourcePackagesDirPathOverride=/Users/admin/builder/spi-builder-workspace/.dependencies -skipMacroValidation -skipPackagePluginValidation -derivedDataPath /Users/admin/builder/spi-builder-workspace/.derivedData build -scheme SMosquitto -destination generic/platform=watchOS
Resolve Package Graph
failed to retrieve search paths with pkg-config; maybe pkg-config is not installedcouldn't find pc file for mosquitto
Resolved source packages:
  SMosquitto: /Users/admin/builder/spi-builder-workspace
ComputePackagePrebuildTargetDependencyGraph
Prepare packages
CreateBuildRequest
SendProjectDescription
CreateBuildOperation
ComputeTargetDependencyGraph
note: Building targets in dependency order
note: Target dependency graph (3 targets)
    Target 'SMosquitto-product' in project 'SMosquitto'
        ➜ Explicit dependency on target 'SMosquitto' in project 'SMosquitto'
    Target 'SMosquitto' in project 'SMosquitto'
        ➜ Explicit dependency on target 'cmosquitto' in project 'SMosquitto'
    Target 'cmosquitto' in project 'SMosquitto' (no dependencies)
GatherProvisioningInputs
CreateBuildDescription
ExecuteExternalTool /Applications/Xcode-27.0.0-Release.Candidate.app/Contents/Developer/Toolchains/XcodeDefault.xctoolchain/usr/bin/swiftc --version
ExecuteExternalTool /Applications/Xcode-27.0.0-Release.Candidate.app/Contents/Developer/Toolchains/XcodeDefault.xctoolchain/usr/bin/clang -v -E -dM -isysroot /Applications/Xcode-27.0.0-Release.Candidate.app/Contents/Developer/Platforms/WatchOS.platform/Developer/SDKs/WatchOS27.0.sdk -x c -c /dev/null
ExecuteExternalTool /Applications/Xcode-27.0.0-Release.Candidate.app/Contents/Developer/Toolchains/XcodeDefault.xctoolchain/usr/bin/ld -version_details
Build description signature: 18f483137801aa737a3202338aed4697
Build description path: /Users/admin/builder/spi-builder-workspace/.derivedData/Build/Intermediates.noindex/XCBuildData/18f483137801aa737a3202338aed4697.xcbuilddata
CreateBuildDirectory /Users/admin/builder/spi-builder-workspace/.derivedData/SDKExplicitPrecompiledModules
    cd /Users/admin/builder/spi-builder-workspace/.swiftpm/xcode
    builtin-create-build-directory /Users/admin/builder/spi-builder-workspace/.derivedData/SDKExplicitPrecompiledModules
CreateBuildDirectory /Users/admin/builder/spi-builder-workspace/.derivedData/ModuleCache.noindex
    cd /Users/admin/builder/spi-builder-workspace/.swiftpm/xcode
    builtin-create-build-directory /Users/admin/builder/spi-builder-workspace/.derivedData/ModuleCache.noindex
CreateBuildDirectory /Users/admin/builder/spi-builder-workspace/.derivedData/Build/Products
    cd /Users/admin/builder/spi-builder-workspace/.swiftpm/xcode
    builtin-create-build-directory /Users/admin/builder/spi-builder-workspace/.derivedData/Build/Products
CreateBuildDirectory /Users/admin/builder/spi-builder-workspace/.derivedData/Build/Intermediates.noindex
    cd /Users/admin/builder/spi-builder-workspace/.swiftpm/xcode
    builtin-create-build-directory /Users/admin/builder/spi-builder-workspace/.derivedData/Build/Intermediates.noindex
CreateBuildDirectory /Users/admin/builder/spi-builder-workspace/.derivedData/CompilationCache.noindex
    cd /Users/admin/builder/spi-builder-workspace/.swiftpm/xcode
    builtin-create-build-directory /Users/admin/builder/spi-builder-workspace/.derivedData/CompilationCache.noindex
ClangStatCache /Applications/Xcode-27.0.0-Release.Candidate.app/Contents/Developer/Toolchains/XcodeDefault.xctoolchain/usr/bin/clang-stat-cache /Applications/Xcode-27.0.0-Release.Candidate.app/Contents/Developer/Platforms/WatchOS.platform/Developer/SDKs/WatchOS27.0.sdk /Users/admin/builder/spi-builder-workspace/.derivedData/SDKStatCaches.noindex/watchos27.0-24R360-e829b21a6f8c9b70876ba0858053c04477534ef55a1706bf4c1112bbb242f0a2.sdkstatcache
    cd /Users/admin/builder/spi-builder-workspace/.swiftpm/xcode
    /Applications/Xcode-27.0.0-Release.Candidate.app/Contents/Developer/Toolchains/XcodeDefault.xctoolchain/usr/bin/clang-stat-cache /Applications/Xcode-27.0.0-Release.Candidate.app/Contents/Developer/Platforms/WatchOS.platform/Developer/SDKs/WatchOS27.0.sdk -o /Users/admin/builder/spi-builder-workspace/.derivedData/SDKStatCaches.noindex/watchos27.0-24R360-e829b21a6f8c9b70876ba0858053c04477534ef55a1706bf4c1112bbb242f0a2.sdkstatcache
CreateBuildDirectory /Users/admin/builder/spi-builder-workspace/.derivedData/Build/Intermediates.noindex/SwiftExplicitPrecompiledModules
    cd /Users/admin/builder/spi-builder-workspace/.swiftpm/xcode
    builtin-create-build-directory /Users/admin/builder/spi-builder-workspace/.derivedData/Build/Intermediates.noindex/SwiftExplicitPrecompiledModules
CreateBuildDirectory /Users/admin/builder/spi-builder-workspace/.derivedData/Build/Intermediates.noindex/PrecompiledHeaders
    cd /Users/admin/builder/spi-builder-workspace/.swiftpm/xcode
    builtin-create-build-directory /Users/admin/builder/spi-builder-workspace/.derivedData/Build/Intermediates.noindex/PrecompiledHeaders
CreateBuildDirectory /Users/admin/builder/spi-builder-workspace/.derivedData/Build/Intermediates.noindex/ExplicitPrecompiledModules
    cd /Users/admin/builder/spi-builder-workspace/.swiftpm/xcode
    builtin-create-build-directory /Users/admin/builder/spi-builder-workspace/.derivedData/Build/Intermediates.noindex/ExplicitPrecompiledModules
CreateBuildDirectory /Users/admin/builder/spi-builder-workspace/.derivedData/Build/Intermediates.noindex/EagerLinkingTBDs/Debug-watchos
    cd /Users/admin/builder/spi-builder-workspace/.swiftpm/xcode
    builtin-create-build-directory /Users/admin/builder/spi-builder-workspace/.derivedData/Build/Intermediates.noindex/EagerLinkingTBDs/Debug-watchos
CreateBuildDirectory /Users/admin/builder/spi-builder-workspace/.derivedData/Build/Products/Debug-watchos
    cd /Users/admin/builder/spi-builder-workspace/.swiftpm/xcode
    builtin-create-build-directory /Users/admin/builder/spi-builder-workspace/.derivedData/Build/Products/Debug-watchos
CreateBuildDirectory /Users/admin/builder/spi-builder-workspace/.derivedData/Build/Products/Debug-watchos/PackageFrameworks
    cd /Users/admin/builder/spi-builder-workspace/.swiftpm/xcode
    builtin-create-build-directory /Users/admin/builder/spi-builder-workspace/.derivedData/Build/Products/Debug-watchos/PackageFrameworks
WriteAuxiliaryFile /Users/admin/builder/spi-builder-workspace/.derivedData/Build/Intermediates.noindex/SMosquitto.build/Debug-watchos/SMosquitto-product-t.build/SMosquitto.DependencyMetadataFileList (in target 'SMosquitto-product' from project 'SMosquitto')
    cd /Users/admin/builder/spi-builder-workspace
    write-file /Users/admin/builder/spi-builder-workspace/.derivedData/Build/Intermediates.noindex/SMosquitto.build/Debug-watchos/SMosquitto-product-t.build/SMosquitto.DependencyMetadataFileList
WriteAuxiliaryFile /Users/admin/builder/spi-builder-workspace/.derivedData/Build/Intermediates.noindex/SMosquitto.build/Debug-watchos/SMosquitto-t.build/SMosquitto.DependencyStaticMetadataFileList (in target 'SMosquitto' from project 'SMosquitto')
    cd /Users/admin/builder/spi-builder-workspace
    write-file /Users/admin/builder/spi-builder-workspace/.derivedData/Build/Intermediates.noindex/SMosquitto.build/Debug-watchos/SMosquitto-t.build/SMosquitto.DependencyStaticMetadataFileList
WriteAuxiliaryFile /Users/admin/builder/spi-builder-workspace/.derivedData/Build/Intermediates.noindex/SMosquitto.build/Debug-watchos/SMosquitto-product-t.build/SMosquitto.DependencyStaticMetadataFileList (in target 'SMosquitto-product' from project 'SMosquitto')
    cd /Users/admin/builder/spi-builder-workspace
    write-file /Users/admin/builder/spi-builder-workspace/.derivedData/Build/Intermediates.noindex/SMosquitto.build/Debug-watchos/SMosquitto-product-t.build/SMosquitto.DependencyStaticMetadataFileList
WriteAuxiliaryFile /Users/admin/builder/spi-builder-workspace/.derivedData/Build/Intermediates.noindex/SMosquitto.build/Debug-watchos/SMosquitto-product-t.build/empty-SMosquitto.plist (in target 'SMosquitto-product' from project 'SMosquitto')
    cd /Users/admin/builder/spi-builder-workspace
    write-file /Users/admin/builder/spi-builder-workspace/.derivedData/Build/Intermediates.noindex/SMosquitto.build/Debug-watchos/SMosquitto-product-t.build/empty-SMosquitto.plist
WriteAuxiliaryFile /Users/admin/builder/spi-builder-workspace/.derivedData/Build/Intermediates.noindex/SMosquitto.build/Debug-watchos/SMosquitto-t.build/SMosquitto.DependencyMetadataFileList (in target 'SMosquitto' from project 'SMosquitto')
    cd /Users/admin/builder/spi-builder-workspace
    write-file /Users/admin/builder/spi-builder-workspace/.derivedData/Build/Intermediates.noindex/SMosquitto.build/Debug-watchos/SMosquitto-t.build/SMosquitto.DependencyMetadataFileList
WriteAuxiliaryFile /Users/admin/builder/spi-builder-workspace/.derivedData/Build/Intermediates.noindex/SMosquitto.build/Debug-watchos/SMosquitto-t.build/SMosquitto.modulemap (in target 'SMosquitto' from project 'SMosquitto')
    cd /Users/admin/builder/spi-builder-workspace
    write-file /Users/admin/builder/spi-builder-workspace/.derivedData/Build/Intermediates.noindex/SMosquitto.build/Debug-watchos/SMosquitto-t.build/SMosquitto.modulemap
WriteAuxiliaryFile /Users/admin/builder/spi-builder-workspace/.derivedData/Build/Intermediates.noindex/SMosquitto.build/Debug-watchos/SMosquitto-product-t.build/Objects-normal/arm64_32/SMosquitto.LinkFileList (in target 'SMosquitto-product' from project 'SMosquitto')
    cd /Users/admin/builder/spi-builder-workspace
    write-file /Users/admin/builder/spi-builder-workspace/.derivedData/Build/Intermediates.noindex/SMosquitto.build/Debug-watchos/SMosquitto-product-t.build/Objects-normal/arm64_32/SMosquitto.LinkFileList
WriteAuxiliaryFile /Users/admin/builder/spi-builder-workspace/.derivedData/Build/Intermediates.noindex/SMosquitto.build/Debug-watchos/SMosquitto-product-t.build/Objects-normal/arm64/SMosquitto.LinkFileList (in target 'SMosquitto-product' from project 'SMosquitto')
    cd /Users/admin/builder/spi-builder-workspace
    write-file /Users/admin/builder/spi-builder-workspace/.derivedData/Build/Intermediates.noindex/SMosquitto.build/Debug-watchos/SMosquitto-product-t.build/Objects-normal/arm64/SMosquitto.LinkFileList
WriteAuxiliaryFile /Users/admin/builder/spi-builder-workspace/.derivedData/Build/Intermediates.noindex/SMosquitto.build/Debug-watchos/SMosquitto-t.build/Objects-normal/arm64_32/SMosquitto_const_extract_protocols.json (in target 'SMosquitto' from project 'SMosquitto')
    cd /Users/admin/builder/spi-builder-workspace
    write-file /Users/admin/builder/spi-builder-workspace/.derivedData/Build/Intermediates.noindex/SMosquitto.build/Debug-watchos/SMosquitto-t.build/Objects-normal/arm64_32/SMosquitto_const_extract_protocols.json
WriteAuxiliaryFile /Users/admin/builder/spi-builder-workspace/.derivedData/Build/Intermediates.noindex/SMosquitto.build/Debug-watchos/SMosquitto-t.build/Objects-normal/arm64_32/SMosquitto.SwiftFileList (in target 'SMosquitto' from project 'SMosquitto')
    cd /Users/admin/builder/spi-builder-workspace
    write-file /Users/admin/builder/spi-builder-workspace/.derivedData/Build/Intermediates.noindex/SMosquitto.build/Debug-watchos/SMosquitto-t.build/Objects-normal/arm64_32/SMosquitto.SwiftFileList
WriteAuxiliaryFile /Users/admin/builder/spi-builder-workspace/.derivedData/Build/Intermediates.noindex/SMosquitto.build/Debug-watchos/SMosquitto-t.build/Objects-normal/arm64_32/SMosquitto.SwiftConstValuesFileList (in target 'SMosquitto' from project 'SMosquitto')
    cd /Users/admin/builder/spi-builder-workspace
    write-file /Users/admin/builder/spi-builder-workspace/.derivedData/Build/Intermediates.noindex/SMosquitto.build/Debug-watchos/SMosquitto-t.build/Objects-normal/arm64_32/SMosquitto.SwiftConstValuesFileList
WriteAuxiliaryFile /Users/admin/builder/spi-builder-workspace/.derivedData/Build/Intermediates.noindex/SMosquitto.build/Debug-watchos/SMosquitto-t.build/Objects-normal/arm64_32/SMosquitto.LinkFileList (in target 'SMosquitto' from project 'SMosquitto')
    cd /Users/admin/builder/spi-builder-workspace
    write-file /Users/admin/builder/spi-builder-workspace/.derivedData/Build/Intermediates.noindex/SMosquitto.build/Debug-watchos/SMosquitto-t.build/Objects-normal/arm64_32/SMosquitto.LinkFileList
WriteAuxiliaryFile /Users/admin/builder/spi-builder-workspace/.derivedData/Build/Intermediates.noindex/SMosquitto.build/Debug-watchos/SMosquitto-t.build/Objects-normal/arm64_32/SMosquitto-OutputFileMap.json (in target 'SMosquitto' from project 'SMosquitto')
    cd /Users/admin/builder/spi-builder-workspace
    write-file /Users/admin/builder/spi-builder-workspace/.derivedData/Build/Intermediates.noindex/SMosquitto.build/Debug-watchos/SMosquitto-t.build/Objects-normal/arm64_32/SMosquitto-OutputFileMap.json
WriteAuxiliaryFile /Users/admin/builder/spi-builder-workspace/.derivedData/Build/Intermediates.noindex/SMosquitto.build/Debug-watchos/SMosquitto-t.build/Objects-normal/arm64/SMosquitto_const_extract_protocols.json (in target 'SMosquitto' from project 'SMosquitto')
    cd /Users/admin/builder/spi-builder-workspace
    write-file /Users/admin/builder/spi-builder-workspace/.derivedData/Build/Intermediates.noindex/SMosquitto.build/Debug-watchos/SMosquitto-t.build/Objects-normal/arm64/SMosquitto_const_extract_protocols.json
WriteAuxiliaryFile /Users/admin/builder/spi-builder-workspace/.derivedData/Build/Intermediates.noindex/SMosquitto.build/Debug-watchos/SMosquitto-t.build/Objects-normal/arm64/SMosquitto.SwiftFileList (in target 'SMosquitto' from project 'SMosquitto')
    cd /Users/admin/builder/spi-builder-workspace
    write-file /Users/admin/builder/spi-builder-workspace/.derivedData/Build/Intermediates.noindex/SMosquitto.build/Debug-watchos/SMosquitto-t.build/Objects-normal/arm64/SMosquitto.SwiftFileList
WriteAuxiliaryFile /Users/admin/builder/spi-builder-workspace/.derivedData/Build/Intermediates.noindex/SMosquitto.build/Debug-watchos/SMosquitto-t.build/Objects-normal/arm64/SMosquitto.SwiftConstValuesFileList (in target 'SMosquitto' from project 'SMosquitto')
    cd /Users/admin/builder/spi-builder-workspace
    write-file /Users/admin/builder/spi-builder-workspace/.derivedData/Build/Intermediates.noindex/SMosquitto.build/Debug-watchos/SMosquitto-t.build/Objects-normal/arm64/SMosquitto.SwiftConstValuesFileList
WriteAuxiliaryFile /Users/admin/builder/spi-builder-workspace/.derivedData/Build/Intermediates.noindex/SMosquitto.build/Debug-watchos/SMosquitto-t.build/Objects-normal/arm64/SMosquitto.LinkFileList (in target 'SMosquitto' from project 'SMosquitto')
    cd /Users/admin/builder/spi-builder-workspace
    write-file /Users/admin/builder/spi-builder-workspace/.derivedData/Build/Intermediates.noindex/SMosquitto.build/Debug-watchos/SMosquitto-t.build/Objects-normal/arm64/SMosquitto.LinkFileList
WriteAuxiliaryFile /Users/admin/builder/spi-builder-workspace/.derivedData/Build/Intermediates.noindex/SMosquitto.build/Debug-watchos/SMosquitto-t.build/Objects-normal/arm64/SMosquitto-OutputFileMap.json (in target 'SMosquitto' from project 'SMosquitto')
    cd /Users/admin/builder/spi-builder-workspace
    write-file /Users/admin/builder/spi-builder-workspace/.derivedData/Build/Intermediates.noindex/SMosquitto.build/Debug-watchos/SMosquitto-t.build/Objects-normal/arm64/SMosquitto-OutputFileMap.json
MkDir /Users/admin/builder/spi-builder-workspace/.derivedData/Build/Products/Debug-watchos/PackageFrameworks/SMosquitto.framework (in target 'SMosquitto-product' from project 'SMosquitto')
    cd /Users/admin/builder/spi-builder-workspace
    /bin/mkdir -p /Users/admin/builder/spi-builder-workspace/.derivedData/Build/Products/Debug-watchos/PackageFrameworks/SMosquitto.framework
Copy /Users/admin/builder/spi-builder-workspace/.derivedData/Build/Intermediates.noindex/GeneratedModuleMaps-watchos/SMosquitto.modulemap /Users/admin/builder/spi-builder-workspace/.derivedData/Build/Intermediates.noindex/SMosquitto.build/Debug-watchos/SMosquitto-t.build/SMosquitto.modulemap (in target 'SMosquitto' from project 'SMosquitto')
    cd /Users/admin/builder/spi-builder-workspace
    builtin-copy -exclude .DS_Store -exclude CVS -exclude .svn -exclude .git -exclude .hg -resolve-src-symlinks /Users/admin/builder/spi-builder-workspace/.derivedData/Build/Intermediates.noindex/SMosquitto.build/Debug-watchos/SMosquitto-t.build/SMosquitto.modulemap /Users/admin/builder/spi-builder-workspace/.derivedData/Build/Intermediates.noindex/GeneratedModuleMaps-watchos
SwiftDriver SMosquitto normal arm64 com.apple.xcode.tools.swift.compiler (in target 'SMosquitto' from project 'SMosquitto')
    cd /Users/admin/builder/spi-builder-workspace/.swiftpm/xcode
    builtin-SwiftDriver -- /Applications/Xcode-27.0.0-Release.Candidate.app/Contents/Developer/Toolchains/XcodeDefault.xctoolchain/usr/bin/swiftc -parse-as-library -module-name SMosquitto -Onone @/Users/admin/builder/spi-builder-workspace/.derivedData/Build/Intermediates.noindex/SMosquitto.build/Debug-watchos/SMosquitto-t.build/Objects-normal/arm64/SMosquitto.SwiftFileList -DSWIFT_PACKAGE -DDEBUG -DSWIFT_MODULE_RESOURCE_BUNDLE_UNAVAILABLE -Xcc -fmodule-map-file\=/Users/admin/builder/spi-builder-workspace/Sources/cmosquitto/module.modulemap -DXcode -plugin-path /Applications/Xcode-27.0.0-Release.Candidate.app/Contents/Developer/Toolchains/XcodeDefault.xctoolchain/usr/lib/swift/host/plugins/testing -enable-experimental-feature DebugDescriptionMacro -sdk /Applications/Xcode-27.0.0-Release.Candidate.app/Contents/Developer/Platforms/WatchOS.platform/Developer/SDKs/WatchOS27.0.sdk -target arm64-apple-watchos9.0 -g -module-cache-path /Users/admin/builder/spi-builder-workspace/.derivedData/ModuleCache.noindex -Xfrontend -serialize-debugging-options -profile-coverage-mapping -profile-generate -enable-testing -index-store-path /Users/admin/builder/spi-builder-workspace/.derivedData/Index.noindex/DataStore -Xcc -D_LIBCPP_HARDENING_MODE\=_LIBCPP_HARDENING_MODE_DEBUG -swift-version 4.2 -I /Users/admin/builder/spi-builder-workspace/.derivedData/Build/Products/Debug-watchos -Isystem /Applications/Xcode-27.0.0-Release.Candidate.app/Contents/Developer/Platforms/WatchOS.platform/Developer/usr/lib -F /Users/admin/builder/spi-builder-workspace/.derivedData/Build/Products/Debug-watchos -F /Applications/Xcode-27.0.0-Release.Candidate.app/Contents/Developer/Platforms/WatchOS.platform/Developer/Library/Frameworks -F /Applications/Xcode-27.0.0-Release.Candidate.app/Contents/Developer/Platforms/WatchOS.platform/Developer/SDKs/WatchOS27.0.sdk/Developer/Library/Frameworks -c -j10 -enable-batch-mode -incremental -Xcc -ivfsstatcache -Xcc /Users/admin/builder/spi-builder-workspace/.derivedData/SDKStatCaches.noindex/watchos27.0-24R360-e829b21a6f8c9b70876ba0858053c04477534ef55a1706bf4c1112bbb242f0a2.sdkstatcache -output-file-map /Users/admin/builder/spi-builder-workspace/.derivedData/Build/Intermediates.noindex/SMosquitto.build/Debug-watchos/SMosquitto-t.build/Objects-normal/arm64/SMosquitto-OutputFileMap.json -save-temps -no-color-diagnostics -emit-dependencies -emit-module -emit-module-path /Users/admin/builder/spi-builder-workspace/.derivedData/Build/Intermediates.noindex/SMosquitto.build/Debug-watchos/SMosquitto-t.build/Objects-normal/arm64/SMosquitto.swiftmodule -serialize-diagnostics -validate-clang-modules-once -clang-build-session-file /Users/admin/builder/spi-builder-workspace/.derivedData/ModuleCache.noindex/Session.modulevalidation -Xcc -fmodules-prune-interval\=86400 -Xcc -fmodules-prune-after\=345600 -emit-const-values -const-gather-protocols-list /Users/admin/builder/spi-builder-workspace/.derivedData/Build/Intermediates.noindex/SMosquitto.build/Debug-watchos/SMosquitto-t.build/Objects-normal/arm64/SMosquitto_const_extract_protocols.json -Xcc -I/Users/admin/builder/spi-builder-workspace/.derivedData/Build/Products/Debug-watchos/include -Xcc -I/Users/admin/builder/spi-builder-workspace/.derivedData/Build/Intermediates.noindex/SMosquitto.build/Debug-watchos/SMosquitto-t.build/DerivedSources-normal/arm64 -Xcc -I/Users/admin/builder/spi-builder-workspace/.derivedData/Build/Intermediates.noindex/SMosquitto.build/Debug-watchos/SMosquitto-t.build/DerivedSources/arm64 -Xcc -I/Users/admin/builder/spi-builder-workspace/.derivedData/Build/Intermediates.noindex/SMosquitto.build/Debug-watchos/SMosquitto-t.build/DerivedSources -Xcc -DSWIFT_PACKAGE -Xcc -DDEBUG\=1 -emit-objc-header -emit-objc-header-path /Users/admin/builder/spi-builder-workspace/.derivedData/Build/Intermediates.noindex/SMosquitto.build/Debug-watchos/SMosquitto-t.build/Objects-normal/arm64/SMosquitto-Swift.h -working-directory /Users/admin/builder/spi-builder-workspace/.swiftpm/xcode -experimental-emit-module-separately -disable-cmo
SwiftDriver SMosquitto normal arm64_32 com.apple.xcode.tools.swift.compiler (in target 'SMosquitto' from project 'SMosquitto')
    cd /Users/admin/builder/spi-builder-workspace/.swiftpm/xcode
    builtin-SwiftDriver -- /Applications/Xcode-27.0.0-Release.Candidate.app/Contents/Developer/Toolchains/XcodeDefault.xctoolchain/usr/bin/swiftc -parse-as-library -module-name SMosquitto -Onone @/Users/admin/builder/spi-builder-workspace/.derivedData/Build/Intermediates.noindex/SMosquitto.build/Debug-watchos/SMosquitto-t.build/Objects-normal/arm64_32/SMosquitto.SwiftFileList -DSWIFT_PACKAGE -DDEBUG -DSWIFT_MODULE_RESOURCE_BUNDLE_UNAVAILABLE -Xcc -fmodule-map-file\=/Users/admin/builder/spi-builder-workspace/Sources/cmosquitto/module.modulemap -DXcode -plugin-path /Applications/Xcode-27.0.0-Release.Candidate.app/Contents/Developer/Toolchains/XcodeDefault.xctoolchain/usr/lib/swift/host/plugins/testing -enable-experimental-feature DebugDescriptionMacro -sdk /Applications/Xcode-27.0.0-Release.Candidate.app/Contents/Developer/Platforms/WatchOS.platform/Developer/SDKs/WatchOS27.0.sdk -target arm64_32-apple-watchos9.0 -g -module-cache-path /Users/admin/builder/spi-builder-workspace/.derivedData/ModuleCache.noindex -Xfrontend -serialize-debugging-options -profile-coverage-mapping -profile-generate -enable-testing -index-store-path /Users/admin/builder/spi-builder-workspace/.derivedData/Index.noindex/DataStore -Xcc -D_LIBCPP_HARDENING_MODE\=_LIBCPP_HARDENING_MODE_DEBUG -swift-version 4.2 -I /Users/admin/builder/spi-builder-workspace/.derivedData/Build/Products/Debug-watchos -Isystem /Applications/Xcode-27.0.0-Release.Candidate.app/Contents/Developer/Platforms/WatchOS.platform/Developer/usr/lib -F /Users/admin/builder/spi-builder-workspace/.derivedData/Build/Products/Debug-watchos -F /Applications/Xcode-27.0.0-Release.Candidate.app/Contents/Developer/Platforms/WatchOS.platform/Developer/Library/Frameworks -F /Applications/Xcode-27.0.0-Release.Candidate.app/Contents/Developer/Platforms/WatchOS.platform/Developer/SDKs/WatchOS27.0.sdk/Developer/Library/Frameworks -c -j10 -enable-batch-mode -incremental -Xcc -ivfsstatcache -Xcc /Users/admin/builder/spi-builder-workspace/.derivedData/SDKStatCaches.noindex/watchos27.0-24R360-e829b21a6f8c9b70876ba0858053c04477534ef55a1706bf4c1112bbb242f0a2.sdkstatcache -output-file-map /Users/admin/builder/spi-builder-workspace/.derivedData/Build/Intermediates.noindex/SMosquitto.build/Debug-watchos/SMosquitto-t.build/Objects-normal/arm64_32/SMosquitto-OutputFileMap.json -save-temps -no-color-diagnostics -emit-dependencies -emit-module -emit-module-path /Users/admin/builder/spi-builder-workspace/.derivedData/Build/Intermediates.noindex/SMosquitto.build/Debug-watchos/SMosquitto-t.build/Objects-normal/arm64_32/SMosquitto.swiftmodule -serialize-diagnostics -validate-clang-modules-once -clang-build-session-file /Users/admin/builder/spi-builder-workspace/.derivedData/ModuleCache.noindex/Session.modulevalidation -Xcc -fmodules-prune-interval\=86400 -Xcc -fmodules-prune-after\=345600 -emit-const-values -const-gather-protocols-list /Users/admin/builder/spi-builder-workspace/.derivedData/Build/Intermediates.noindex/SMosquitto.build/Debug-watchos/SMosquitto-t.build/Objects-normal/arm64_32/SMosquitto_const_extract_protocols.json -Xcc -I/Users/admin/builder/spi-builder-workspace/.derivedData/Build/Products/Debug-watchos/include -Xcc -I/Users/admin/builder/spi-builder-workspace/.derivedData/Build/Intermediates.noindex/SMosquitto.build/Debug-watchos/SMosquitto-t.build/DerivedSources-normal/arm64_32 -Xcc -I/Users/admin/builder/spi-builder-workspace/.derivedData/Build/Intermediates.noindex/SMosquitto.build/Debug-watchos/SMosquitto-t.build/DerivedSources/arm64_32 -Xcc -I/Users/admin/builder/spi-builder-workspace/.derivedData/Build/Intermediates.noindex/SMosquitto.build/Debug-watchos/SMosquitto-t.build/DerivedSources -Xcc -DSWIFT_PACKAGE -Xcc -DDEBUG\=1 -emit-objc-header -emit-objc-header-path /Users/admin/builder/spi-builder-workspace/.derivedData/Build/Intermediates.noindex/SMosquitto.build/Debug-watchos/SMosquitto-t.build/Objects-normal/arm64_32/SMosquitto-Swift.h -working-directory /Users/admin/builder/spi-builder-workspace/.swiftpm/xcode -experimental-emit-module-separately -disable-cmo
SwiftEmitModule normal arm64_32 Emitting\ module\ for\ SMosquitto (in target 'SMosquitto' from project 'SMosquitto')
SwiftCompile normal arm64_32 (in target 'SMosquitto' from project 'SMosquitto')
    cd /Users/admin/builder/spi-builder-workspace/.swiftpm/xcode

<module-includes>:1:9: note: in file included from <module-includes>:1:
1 | #import "cmosquitto.h"
  |         `- note: in file included from <module-includes>:1:
2 |
/Users/admin/builder/spi-builder-workspace/Sources/cmosquitto/cmosquitto.h:4:10: error: '/usr/local/include/mosquitto.h' file not found
2 | #define LIB_SMOSQUITTO_CMOSQUITTO_H
3 | #ifdef __APPLE__
4 | #include "/usr/local/include/mosquitto.h"
  |          `- error: '/usr/local/include/mosquitto.h' file not found
5 | #else
6 | #include "/usr/include/mosquitto.h"
SwiftCompile normal arm64_32 Compiling\ LogLevel.swift,\ Message.swift /Users/admin/builder/spi-builder-workspace/Sources/SMosquitto/LogLevel.swift /Users/admin/builder/spi-builder-workspace/Sources/SMosquitto/Message.swift (in target 'SMosquitto' from project 'SMosquitto')
SwiftCompile normal arm64_32 /Users/admin/builder/spi-builder-workspace/Sources/SMosquitto/LogLevel.swift (in target 'SMosquitto' from project 'SMosquitto')
    cd /Users/admin/builder/spi-builder-workspace/.swiftpm/xcode
    builtin-SwiftPerFileCompile LogLevel.swift
SwiftCompile normal arm64_32 /Users/admin/builder/spi-builder-workspace/Sources/SMosquitto/Message.swift (in target 'SMosquitto' from project 'SMosquitto')
    cd /Users/admin/builder/spi-builder-workspace/.swiftpm/xcode
    builtin-SwiftPerFileCompile Message.swift
<module-includes>:1:9: note: in file included from <module-includes>:1:
1 | #import "cmosquitto.h"
  |         `- note: in file included from <module-includes>:1:
2 |
/Users/admin/builder/spi-builder-workspace/Sources/cmosquitto/cmosquitto.h:4:10: error: '/usr/local/include/mosquitto.h' file not found
2 | #define LIB_SMOSQUITTO_CMOSQUITTO_H
3 | #ifdef __APPLE__
4 | #include "/usr/local/include/mosquitto.h"
  |          `- error: '/usr/local/include/mosquitto.h' file not found
5 | #else
6 | #include "/usr/include/mosquitto.h"
SwiftCompile normal arm64_32 Compiling\ Identifier.swift,\ Instances.swift /Users/admin/builder/spi-builder-workspace/Sources/SMosquitto/Identifier.swift /Users/admin/builder/spi-builder-workspace/Sources/SMosquitto/Instances.swift (in target 'SMosquitto' from project 'SMosquitto')
<module-includes>:1:9: note: in file included from <module-includes>:1:
1 | #import "cmosquitto.h"
  |         `- note: in file included from <module-includes>:1:
2 |
/Users/admin/builder/spi-builder-workspace/Sources/cmosquitto/cmosquitto.h:4:10: error: '/usr/local/include/mosquitto.h' file not found
2 | #define LIB_SMOSQUITTO_CMOSQUITTO_H
3 | #ifdef __APPLE__
4 | #include "/usr/local/include/mosquitto.h"
  |          `- error: '/usr/local/include/mosquitto.h' file not found
5 | #else
6 | #include "/usr/include/mosquitto.h"
SwiftCompile normal arm64_32 /Users/admin/builder/spi-builder-workspace/Sources/SMosquitto/Identifier.swift (in target 'SMosquitto' from project 'SMosquitto')
    cd /Users/admin/builder/spi-builder-workspace/.swiftpm/xcode
    builtin-SwiftPerFileCompile Identifier.swift
SwiftCompile normal arm64_32 /Users/admin/builder/spi-builder-workspace/Sources/SMosquitto/Instances.swift (in target 'SMosquitto' from project 'SMosquitto')
    cd /Users/admin/builder/spi-builder-workspace/.swiftpm/xcode
    builtin-SwiftPerFileCompile Instances.swift
SwiftCompile normal arm64_32 Compiling\ Payload.swift /Users/admin/builder/spi-builder-workspace/Sources/SMosquitto/Payload.swift (in target 'SMosquitto' from project 'SMosquitto')
SwiftCompile normal arm64_32 /Users/admin/builder/spi-builder-workspace/Sources/SMosquitto/Payload.swift (in target 'SMosquitto' from project 'SMosquitto')
    cd /Users/admin/builder/spi-builder-workspace/.swiftpm/xcode
    builtin-SwiftPerFileCompile Payload.swift
<module-includes>:1:9: note: in file included from <module-includes>:1:
1 | #import "cmosquitto.h"
  |         `- note: in file included from <module-includes>:1:
2 |
/Users/admin/builder/spi-builder-workspace/Sources/cmosquitto/cmosquitto.h:4:10: error: '/usr/local/include/mosquitto.h' file not found
2 | #define LIB_SMOSQUITTO_CMOSQUITTO_H
3 | #ifdef __APPLE__
4 | #include "/usr/local/include/mosquitto.h"
  |          `- error: '/usr/local/include/mosquitto.h' file not found
5 | #else
6 | #include "/usr/include/mosquitto.h"
SwiftCompile normal arm64_32 Compiling\ QOS.swift /Users/admin/builder/spi-builder-workspace/Sources/SMosquitto/QOS.swift (in target 'SMosquitto' from project 'SMosquitto')
<module-includes>:1:9: note: in file included from <module-includes>:1:
1 | #import "cmosquitto.h"
  |         `- note: in file included from <module-includes>:1:
2 |
/Users/admin/builder/spi-builder-workspace/Sources/cmosquitto/cmosquitto.h:4:10: error: '/usr/local/include/mosquitto.h' file not found
2 | #define LIB_SMOSQUITTO_CMOSQUITTO_H
3 | #ifdef __APPLE__
4 | #include "/usr/local/include/mosquitto.h"
  |          `- error: '/usr/local/include/mosquitto.h' file not found
5 | #else
6 | #include "/usr/include/mosquitto.h"
SwiftCompile normal arm64_32 /Users/admin/builder/spi-builder-workspace/Sources/SMosquitto/QOS.swift (in target 'SMosquitto' from project 'SMosquitto')
    cd /Users/admin/builder/spi-builder-workspace/.swiftpm/xcode
    builtin-SwiftPerFileCompile QOS.swift
SwiftCompile normal arm64_32 Compiling\ ProtocolVersion.swift /Users/admin/builder/spi-builder-workspace/Sources/SMosquitto/ProtocolVersion.swift (in target 'SMosquitto' from project 'SMosquitto')
<module-includes>:1:9: note: in file included from <module-includes>:1:
1 | #import "cmosquitto.h"
  |         `- note: in file included from <module-includes>:1:
2 |
/Users/admin/builder/spi-builder-workspace/Sources/cmosquitto/cmosquitto.h:4:10: error: '/usr/local/include/mosquitto.h' file not found
2 | #define LIB_SMOSQUITTO_CMOSQUITTO_H
3 | #ifdef __APPLE__
4 | #include "/usr/local/include/mosquitto.h"
  |          `- error: '/usr/local/include/mosquitto.h' file not found
5 | #else
6 | #include "/usr/include/mosquitto.h"
SwiftCompile normal arm64_32 /Users/admin/builder/spi-builder-workspace/Sources/SMosquitto/ProtocolVersion.swift (in target 'SMosquitto' from project 'SMosquitto')
    cd /Users/admin/builder/spi-builder-workspace/.swiftpm/xcode
    builtin-SwiftPerFileCompile ProtocolVersion.swift
SwiftCompile normal arm64_32 Compiling\ SMosquitto.swift /Users/admin/builder/spi-builder-workspace/Sources/SMosquitto/SMosquitto.swift (in target 'SMosquitto' from project 'SMosquitto')
<module-includes>:1:9: note: in file included from <module-includes>:1:
1 | #import "cmosquitto.h"
  |         `- note: in file included from <module-includes>:1:
2 |
/Users/admin/builder/spi-builder-workspace/Sources/cmosquitto/cmosquitto.h:4:10: error: '/usr/local/include/mosquitto.h' file not found
2 | #define LIB_SMOSQUITTO_CMOSQUITTO_H
3 | #ifdef __APPLE__
4 | #include "/usr/local/include/mosquitto.h"
  |          `- error: '/usr/local/include/mosquitto.h' file not found
5 | #else
6 | #include "/usr/include/mosquitto.h"
SwiftCompile normal arm64_32 /Users/admin/builder/spi-builder-workspace/Sources/SMosquitto/SMosquitto.swift (in target 'SMosquitto' from project 'SMosquitto')
    cd /Users/admin/builder/spi-builder-workspace/.swiftpm/xcode
    builtin-SwiftPerFileCompile SMosquitto.swift
SwiftCompile normal arm64_32 Compiling\ Version.swift /Users/admin/builder/spi-builder-workspace/Sources/SMosquitto/Version.swift (in target 'SMosquitto' from project 'SMosquitto')
SwiftCompile normal arm64_32 /Users/admin/builder/spi-builder-workspace/Sources/SMosquitto/Version.swift (in target 'SMosquitto' from project 'SMosquitto')
    cd /Users/admin/builder/spi-builder-workspace/.swiftpm/xcode
    builtin-SwiftPerFileCompile Version.swift
<module-includes>:1:9: note: in file included from <module-includes>:1:
1 | #import "cmosquitto.h"
  |         `- note: in file included from <module-includes>:1:
2 |
/Users/admin/builder/spi-builder-workspace/Sources/cmosquitto/cmosquitto.h:4:10: error: '/usr/local/include/mosquitto.h' file not found
2 | #define LIB_SMOSQUITTO_CMOSQUITTO_H
3 | #ifdef __APPLE__
4 | #include "/usr/local/include/mosquitto.h"
  |          `- error: '/usr/local/include/mosquitto.h' file not found
5 | #else
6 | #include "/usr/include/mosquitto.h"
SwiftEmitModule normal arm64 Emitting\ module\ for\ SMosquitto (in target 'SMosquitto' from project 'SMosquitto')
<module-includes>:1:9: note: in file included from <module-includes>:1:
1 | #import "cmosquitto.h"
  |         `- note: in file included from <module-includes>:1:
2 |
/Users/admin/builder/spi-builder-workspace/Sources/cmosquitto/cmosquitto.h:4:10: error: '/usr/local/include/mosquitto.h' file not found
2 | #define LIB_SMOSQUITTO_CMOSQUITTO_H
3 | #ifdef __APPLE__
4 | #include "/usr/local/include/mosquitto.h"
  |          `- error: '/usr/local/include/mosquitto.h' file not found
5 | #else
6 | #include "/usr/include/mosquitto.h"
/Users/admin/builder/spi-builder-workspace/Sources/SMosquitto/ConnectionResponseCode.swift:1:8: error: could not build Objective-C module 'cmosquitto'
 1 | import cmosquitto
   |        `- error: could not build Objective-C module 'cmosquitto'
 2 |
 3 | public extension SMosquitto {
Failed frontend command:
/Applications/Xcode-27.0.0-Release.Candidate.app/Contents/Developer/Toolchains/XcodeDefault.xctoolchain/usr/bin/swift-frontend -frontend -emit-module -experimental-skip-non-inlinable-function-bodies-without-types /Users/admin/builder/spi-builder-workspace/Sources/SMosquitto/ConnectionResponseCode.swift /Users/admin/builder/spi-builder-workspace/Sources/SMosquitto/DisconnectReason.swift /Users/admin/builder/spi-builder-workspace/Sources/SMosquitto/Identifier.swift /Users/admin/builder/spi-builder-workspace/Sources/SMosquitto/Instances.swift /Users/admin/builder/spi-builder-workspace/Sources/SMosquitto/LogLevel.swift /Users/admin/builder/spi-builder-workspace/Sources/SMosquitto/Message.swift /Users/admin/builder/spi-builder-workspace/Sources/SMosquitto/Payload.swift /Users/admin/builder/spi-builder-workspace/Sources/SMosquitto/ProtocolVersion.swift /Users/admin/builder/spi-builder-workspace/Sources/SMosquitto/QOS.swift /Users/admin/builder/spi-builder-workspace/Sources/SMosquitto/SMosquitto.swift /Users/admin/builder/spi-builder-workspace/Sources/SMosquitto/SMosquittoError.swift /Users/admin/builder/spi-builder-workspace/Sources/SMosquitto/TlsOptions.swift /Users/admin/builder/spi-builder-workspace/Sources/SMosquitto/Version.swift -target arm64-apple-watchos9.0 -Xllvm -aarch64-use-tbi -enable-objc-interop -stack-check -sdk /Applications/Xcode-27.0.0-Release.Candidate.app/Contents/Developer/Platforms/WatchOS.platform/Developer/SDKs/WatchOS27.0.sdk -I /Users/admin/builder/spi-builder-workspace/.derivedData/Build/Products/Debug-watchos -Isystem /Applications/Xcode-27.0.0-Release.Candidate.app/Contents/Developer/Platforms/WatchOS.platform/Developer/usr/lib -F /Users/admin/builder/spi-builder-workspace/.derivedData/Build/Products/Debug-watchos -F /Applications/Xcode-27.0.0-Release.Candidate.app/Contents/Developer/Platforms/WatchOS.platform/Developer/Library/Frameworks -F /Applications/Xcode-27.0.0-Release.Candidate.app/Contents/Developer/Platforms/WatchOS.platform/Developer/SDKs/WatchOS27.0.sdk/Developer/Library/Frameworks -module-cache-path /Users/admin/builder/spi-builder-workspace/.derivedData/ModuleCache.noindex -no-color-diagnostics -Xcc -fno-color-diagnostics -enable-testing -g -debug-info-format\=dwarf -dwarf-version\=4 -profile-generate -profile-coverage-mapping -swift-version 4.2 -Onone -D SWIFT_PACKAGE -D DEBUG -D SWIFT_MODULE_RESOURCE_BUNDLE_UNAVAILABLE -D Xcode -serialize-debugging-options -enable-experimental-feature DebugDescriptionMacro -empty-abi-descriptor -plugin-path /Applications/Xcode-27.0.0-Release.Candidate.app/Contents/Developer/Toolchains/XcodeDefault.xctoolchain/usr/lib/swift/host/plugins/testing -validate-clang-modules-once -clang-build-session-file /Users/admin/builder/spi-builder-workspace/.derivedData/ModuleCache.noindex/Session.modulevalidation -Xcc -working-directory -Xcc /Users/admin/builder/spi-builder-workspace/.swiftpm/xcode -enable-anonymous-context-mangled-names -file-compilation-dir /Users/admin/builder/spi-builder-workspace/.swiftpm/xcode -Xcc -fmodule-map-file\=/Users/admin/builder/spi-builder-workspace/Sources/cmosquitto/module.modulemap -Xcc -D_LIBCPP_HARDENING_MODE\=_LIBCPP_HARDENING_MODE_DEBUG -Xcc -ivfsstatcache -Xcc /Users/admin/builder/spi-builder-workspace/.derivedData/SDKStatCaches.noindex/watchos27.0-24R360-e829b21a6f8c9b70876ba0858053c04477534ef55a1706bf4c1112bbb242f0a2.sdkstatcache -Xcc -fmodules-prune-interval\=86400 -Xcc -fmodules-prune-after\=345600 -Xcc -I/Users/admin/builder/spi-builder-workspace/.derivedData/Build/Products/Debug-watchos/include -Xcc -I/Users/admin/builder/spi-builder-workspace/.derivedData/Build/Intermediates.noindex/SMosquitto.build/Debug-watchos/SMosquitto-t.build/DerivedSources-normal/arm64 -Xcc -I/Users/admin/builder/spi-builder-workspace/.derivedData/Build/Intermediates.noindex/SMosquitto.build/Debug-watchos/SMosquitto-t.build/DerivedSources/arm64 -Xcc -I/Users/admin/builder/spi-builder-workspace/.derivedData/Build/Intermediates.noindex/SMosquitto.build/Debug-watchos/SMosquitto-t.build/DerivedSources -Xcc -DSWIFT_PACKAGE -Xcc -DDEBUG\=1 -no-auto-bridging-header-chaining -module-name SMosquitto -const-gather-protocols-file /Users/admin/builder/spi-builder-workspace/.derivedData/Build/Intermediates.noindex/SMosquitto.build/Debug-watchos/SMosquitto-t.build/Objects-normal/arm64/SMosquitto_const_extract_protocols.json -disable-clang-spi -target-sdk-version 27.0 -target-sdk-name watchos27.0 -external-plugin-path /Applications/Xcode-27.0.0-Release.Candidate.app/Contents/Developer/Platforms/WatchOS.platform/Developer/usr/lib/swift/host/plugins\#/Applications/Xcode-27.0.0-Release.Candidate.app/Contents/Developer/Platforms/WatchOS.platform/Developer/usr/bin/swift-plugin-server -external-plugin-path /Applications/Xcode-27.0.0-Release.Candidate.app/Contents/Developer/Platforms/WatchOS.platform/Developer/usr/local/lib/swift/host/plugins\#/Applications/Xcode-27.0.0-Release.Candidate.app/Contents/Developer/Platforms/WatchOS.platform/Developer/usr/bin/swift-plugin-server -in-process-plugin-server-path /Applications/Xcode-27.0.0-Release.Candidate.app/Contents/Developer/Toolchains/XcodeDefault.xctoolchain/usr/lib/swift/host/libSwiftInProcPluginServer.dylib -plugin-path /Applications/Xcode-27.0.0-Release.Candidate.app/Contents/Developer/Toolchains/XcodeDefault.xctoolchain/usr/lib/swift/host/plugins -plugin-path /Applications/Xcode-27.0.0-Release.Candidate.app/Contents/Developer/Toolchains/XcodeDefault.xctoolchain/usr/local/lib/swift/host/plugins -emit-module-doc-path /Users/admin/builder/spi-builder-workspace/.derivedData/Build/Intermediates.noindex/SMosquitto.build/Debug-watchos/SMosquitto-t.build/Objects-normal/arm64/SMosquitto.swiftdoc -emit-module-source-info-path /Users/admin/builder/spi-builder-workspace/.derivedData/Build/Intermediates.noindex/SMosquitto.build/Debug-watchos/SMosquitto-t.build/Objects-normal/arm64/SMosquitto.swiftsourceinfo -emit-objc-header-path /Users/admin/builder/spi-builder-workspace/.derivedData/Build/Intermediates.noindex/SMosquitto.build/Debug-watchos/SMosquitto-t.build/Objects-normal/arm64/SMosquitto-Swift.h -serialize-diagnostics-path /Users/admin/builder/spi-builder-workspace/.derivedData/Build/Intermediates.noindex/SMosquitto.build/Debug-watchos/SMosquitto-t.build/Objects-normal/arm64/SMosquitto-primary-emit-module.dia -emit-dependencies-path /Users/admin/builder/spi-builder-workspace/.derivedData/Build/Intermediates.noindex/SMosquitto.build/Debug-watchos/SMosquitto-t.build/Objects-normal/arm64/SMosquitto-primary-emit-module.d -parse-as-library -o /Users/admin/builder/spi-builder-workspace/.derivedData/Build/Intermediates.noindex/SMosquitto.build/Debug-watchos/SMosquitto-t.build/Objects-normal/arm64/SMosquitto.swiftmodule -emit-abi-descriptor-path /Users/admin/builder/spi-builder-workspace/.derivedData/Build/Intermediates.noindex/SMosquitto.build/Debug-watchos/SMosquitto-t.build/Objects-normal/arm64/SMosquitto.abi.json
SwiftCompile normal arm64 (in target 'SMosquitto' from project 'SMosquitto')
    cd /Users/admin/builder/spi-builder-workspace/.swiftpm/xcode

SwiftCompile normal arm64 Compiling\ ConnectionResponseCode.swift,\ DisconnectReason.swift /Users/admin/builder/spi-builder-workspace/Sources/SMosquitto/ConnectionResponseCode.swift /Users/admin/builder/spi-builder-workspace/Sources/SMosquitto/DisconnectReason.swift (in target 'SMosquitto' from project 'SMosquitto')
<module-includes>:1:9: note: in file included from <module-includes>:1:
1 | #import "cmosquitto.h"
  |         `- note: in file included from <module-includes>:1:
2 |
/Users/admin/builder/spi-builder-workspace/Sources/cmosquitto/cmosquitto.h:4:10: error: '/usr/local/include/mosquitto.h' file not found
2 | #define LIB_SMOSQUITTO_CMOSQUITTO_H
3 | #ifdef __APPLE__
4 | #include "/usr/local/include/mosquitto.h"
  |          `- error: '/usr/local/include/mosquitto.h' file not found
5 | #else
6 | #include "/usr/include/mosquitto.h"
SwiftCompile normal arm64 /Users/admin/builder/spi-builder-workspace/Sources/SMosquitto/ConnectionResponseCode.swift (in target 'SMosquitto' from project 'SMosquitto')
    cd /Users/admin/builder/spi-builder-workspace/.swiftpm/xcode
    builtin-SwiftPerFileCompile ConnectionResponseCode.swift
SwiftCompile normal arm64 /Users/admin/builder/spi-builder-workspace/Sources/SMosquitto/DisconnectReason.swift (in target 'SMosquitto' from project 'SMosquitto')
    cd /Users/admin/builder/spi-builder-workspace/.swiftpm/xcode
    builtin-SwiftPerFileCompile DisconnectReason.swift
PruneExplicitPrecompiledModules /Users/admin/builder/spi-builder-workspace/.derivedData/Build/Intermediates.noindex/SwiftExplicitPrecompiledModules
PruneExplicitPrecompiledModules /Users/admin/builder/spi-builder-workspace/.derivedData/Build/Intermediates.noindex/ExplicitPrecompiledModules
PruneExplicitPrecompiledModules /Users/admin/builder/spi-builder-workspace/.derivedData/SDKExplicitPrecompiledModules
2026-09-16 21:24:11.802 xcodebuild[625:3932] [MT] IDERunDestination: Supported platforms for the buildables in the current scheme is empty.
** BUILD FAILED **
The following build commands failed:
	SwiftEmitModule normal arm64 Emitting\ module\ for\ SMosquitto (in target 'SMosquitto' from project 'SMosquitto')
	SwiftCompile normal arm64 (in target 'SMosquitto' from project 'SMosquitto')
	Building workspace SMosquitto with scheme SMosquitto
(3 failures)
Command line invocation:
    /Applications/Xcode-27.0.0-Release.Candidate.app/Contents/Developer/usr/bin/xcodebuild -IDEClonedSourcePackagesDirPathOverride=/Users/admin/builder/spi-builder-workspace/.dependencies -resolvePackageDependencies
Resolve Package Graph
failed to retrieve search paths with pkg-config; maybe pkg-config is not installedcouldn't find pc file for mosquitto
Resolved source packages:
  SMosquitto: /Users/admin/builder/spi-builder-workspace
resolved source packages: SMosquitto
2026-09-16 21:24:15.512 xcodebuild[673:4331] [MT] IDERunDestination: Supported platforms for the buildables in the current scheme is empty.
{
  "dependencies" : [
  ],
  "manifest_display_name" : "SMosquitto",
  "name" : "SMosquitto",
  "path" : "/Users/admin/builder/spi-builder-workspace",
  "platforms" : [
  ],
  "products" : [
    {
      "name" : "SMosquitto",
      "targets" : [
        "SMosquitto"
      ],
      "type" : {
        "library" : [
          "dynamic"
        ]
      }
    }
  ],
  "swift_languages_versions" : [
    "4.2"
  ],
  "targets" : [
    {
      "c99name" : "cmosquitto",
      "module_type" : "SystemLibraryTarget",
      "name" : "cmosquitto",
      "path" : "Sources/cmosquitto",
      "product_memberships" : [
        "SMosquitto"
      ],
      "sources" : [
      ],
      "type" : "system-target"
    },
    {
      "c99name" : "SMosquittoTests",
      "module_type" : "SwiftTarget",
      "name" : "SMosquittoTests",
      "path" : "Tests/SMosquittoTests",
      "sources" : [
        "Env.swift",
        "ErrorTests.swift",
        "InstancesTests.swift",
        "LogLevelTests.swift",
        "SMosquittoTests.swift",
        "VersionTests.swift",
        "XCTestManifests.swift"
      ],
      "target_dependencies" : [
        "SMosquitto"
      ],
      "type" : "test"
    },
    {
      "c99name" : "SMosquitto",
      "module_type" : "SwiftTarget",
      "name" : "SMosquitto",
      "path" : "Sources/SMosquitto",
      "product_memberships" : [
        "SMosquitto"
      ],
      "sources" : [
        "ConnectionResponseCode.swift",
        "DisconnectReason.swift",
        "Identifier.swift",
        "Instances.swift",
        "LogLevel.swift",
        "Message.swift",
        "Payload.swift",
        "ProtocolVersion.swift",
        "QOS.swift",
        "SMosquitto.swift",
        "SMosquittoError.swift",
        "TlsOptions.swift",
        "Version.swift"
      ],
      "target_dependencies" : [
        "cmosquitto"
      ],
      "type" : "library"
    }
  ],
  "tools_version" : "4.2"
}
{
  "workspace" : {
    "name" : "SMosquitto",
    "schemes" : [
      "SMosquitto"
    ]
  }
}
2026-09-16 21:24:16.790 xcodebuild[682:4388] [MT] IDERunDestination: Supported platforms for the buildables in the current scheme is empty.
Running build ...
env DEVELOPER_DIR=/Applications/Xcode-27.0.0-Release.Candidate.app xcrun xcodebuild -IDEClonedSourcePackagesDirPathOverride=$PWD/.dependencies -skipMacroValidation -skipPackagePluginValidation -derivedDataPath $PWD/.derivedData build -scheme SMosquitto -destination generic/platform=watchOS
Command line invocation:
    /Applications/Xcode-27.0.0-Release.Candidate.app/Contents/Developer/usr/bin/xcodebuild -IDEClonedSourcePackagesDirPathOverride=/Users/admin/builder/spi-builder-workspace/.dependencies -skipMacroValidation -skipPackagePluginValidation -derivedDataPath /Users/admin/builder/spi-builder-workspace/.derivedData build -scheme SMosquitto -destination generic/platform=watchOS
Resolve Package Graph
failed to retrieve search paths with pkg-config; maybe pkg-config is not installedcouldn't find pc file for mosquitto
Resolved source packages:
  SMosquitto: /Users/admin/builder/spi-builder-workspace
ComputePackagePrebuildTargetDependencyGraph
Prepare packages
CreateBuildRequest
SendProjectDescription
CreateBuildOperation
ComputeTargetDependencyGraph
note: Building targets in dependency order
note: Target dependency graph (3 targets)
    Target 'SMosquitto-product' in project 'SMosquitto'
        ➜ Explicit dependency on target 'SMosquitto' in project 'SMosquitto'
    Target 'SMosquitto' in project 'SMosquitto'
        ➜ Explicit dependency on target 'cmosquitto' in project 'SMosquitto'
    Target 'cmosquitto' in project 'SMosquitto' (no dependencies)
GatherProvisioningInputs
CreateBuildDescription
ClangStatCache /Applications/Xcode-27.0.0-Release.Candidate.app/Contents/Developer/Toolchains/XcodeDefault.xctoolchain/usr/bin/clang-stat-cache /Applications/Xcode-27.0.0-Release.Candidate.app/Contents/Developer/Platforms/WatchOS.platform/Developer/SDKs/WatchOS27.0.sdk /Users/admin/builder/spi-builder-workspace/.derivedData/SDKStatCaches.noindex/watchos27.0-24R360-e829b21a6f8c9b70876ba0858053c04477534ef55a1706bf4c1112bbb242f0a2.sdkstatcache
    cd /Users/admin/builder/spi-builder-workspace/.swiftpm/xcode
    /Applications/Xcode-27.0.0-Release.Candidate.app/Contents/Developer/Toolchains/XcodeDefault.xctoolchain/usr/bin/clang-stat-cache /Applications/Xcode-27.0.0-Release.Candidate.app/Contents/Developer/Platforms/WatchOS.platform/Developer/SDKs/WatchOS27.0.sdk -o /Users/admin/builder/spi-builder-workspace/.derivedData/SDKStatCaches.noindex/watchos27.0-24R360-e829b21a6f8c9b70876ba0858053c04477534ef55a1706bf4c1112bbb242f0a2.sdkstatcache
SwiftDriver SMosquitto normal arm64 com.apple.xcode.tools.swift.compiler (in target 'SMosquitto' from project 'SMosquitto')
    cd /Users/admin/builder/spi-builder-workspace/.swiftpm/xcode
    builtin-SwiftDriver -- /Applications/Xcode-27.0.0-Release.Candidate.app/Contents/Developer/Toolchains/XcodeDefault.xctoolchain/usr/bin/swiftc -parse-as-library -module-name SMosquitto -Onone @/Users/admin/builder/spi-builder-workspace/.derivedData/Build/Intermediates.noindex/SMosquitto.build/Debug-watchos/SMosquitto-t.build/Objects-normal/arm64/SMosquitto.SwiftFileList -DSWIFT_PACKAGE -DDEBUG -DSWIFT_MODULE_RESOURCE_BUNDLE_UNAVAILABLE -Xcc -fmodule-map-file\=/Users/admin/builder/spi-builder-workspace/Sources/cmosquitto/module.modulemap -DXcode -plugin-path /Applications/Xcode-27.0.0-Release.Candidate.app/Contents/Developer/Toolchains/XcodeDefault.xctoolchain/usr/lib/swift/host/plugins/testing -enable-experimental-feature DebugDescriptionMacro -sdk /Applications/Xcode-27.0.0-Release.Candidate.app/Contents/Developer/Platforms/WatchOS.platform/Developer/SDKs/WatchOS27.0.sdk -target arm64-apple-watchos9.0 -g -module-cache-path /Users/admin/builder/spi-builder-workspace/.derivedData/ModuleCache.noindex -Xfrontend -serialize-debugging-options -profile-coverage-mapping -profile-generate -enable-testing -index-store-path /Users/admin/builder/spi-builder-workspace/.derivedData/Index.noindex/DataStore -Xcc -D_LIBCPP_HARDENING_MODE\=_LIBCPP_HARDENING_MODE_DEBUG -swift-version 4.2 -I /Users/admin/builder/spi-builder-workspace/.derivedData/Build/Products/Debug-watchos -Isystem /Applications/Xcode-27.0.0-Release.Candidate.app/Contents/Developer/Platforms/WatchOS.platform/Developer/usr/lib -F /Users/admin/builder/spi-builder-workspace/.derivedData/Build/Products/Debug-watchos -F /Applications/Xcode-27.0.0-Release.Candidate.app/Contents/Developer/Platforms/WatchOS.platform/Developer/Library/Frameworks -F /Applications/Xcode-27.0.0-Release.Candidate.app/Contents/Developer/Platforms/WatchOS.platform/Developer/SDKs/WatchOS27.0.sdk/Developer/Library/Frameworks -c -j10 -enable-batch-mode -incremental -Xcc -ivfsstatcache -Xcc /Users/admin/builder/spi-builder-workspace/.derivedData/SDKStatCaches.noindex/watchos27.0-24R360-e829b21a6f8c9b70876ba0858053c04477534ef55a1706bf4c1112bbb242f0a2.sdkstatcache -output-file-map /Users/admin/builder/spi-builder-workspace/.derivedData/Build/Intermediates.noindex/SMosquitto.build/Debug-watchos/SMosquitto-t.build/Objects-normal/arm64/SMosquitto-OutputFileMap.json -save-temps -no-color-diagnostics -emit-dependencies -emit-module -emit-module-path /Users/admin/builder/spi-builder-workspace/.derivedData/Build/Intermediates.noindex/SMosquitto.build/Debug-watchos/SMosquitto-t.build/Objects-normal/arm64/SMosquitto.swiftmodule -serialize-diagnostics -validate-clang-modules-once -clang-build-session-file /Users/admin/builder/spi-builder-workspace/.derivedData/ModuleCache.noindex/Session.modulevalidation -Xcc -fmodules-prune-interval\=86400 -Xcc -fmodules-prune-after\=345600 -emit-const-values -const-gather-protocols-list /Users/admin/builder/spi-builder-workspace/.derivedData/Build/Intermediates.noindex/SMosquitto.build/Debug-watchos/SMosquitto-t.build/Objects-normal/arm64/SMosquitto_const_extract_protocols.json -Xcc -I/Users/admin/builder/spi-builder-workspace/.derivedData/Build/Products/Debug-watchos/include -Xcc -I/Users/admin/builder/spi-builder-workspace/.derivedData/Build/Intermediates.noindex/SMosquitto.build/Debug-watchos/SMosquitto-t.build/DerivedSources-normal/arm64 -Xcc -I/Users/admin/builder/spi-builder-workspace/.derivedData/Build/Intermediates.noindex/SMosquitto.build/Debug-watchos/SMosquitto-t.build/DerivedSources/arm64 -Xcc -I/Users/admin/builder/spi-builder-workspace/.derivedData/Build/Intermediates.noindex/SMosquitto.build/Debug-watchos/SMosquitto-t.build/DerivedSources -Xcc -DSWIFT_PACKAGE -Xcc -DDEBUG\=1 -emit-objc-header -emit-objc-header-path /Users/admin/builder/spi-builder-workspace/.derivedData/Build/Intermediates.noindex/SMosquitto.build/Debug-watchos/SMosquitto-t.build/Objects-normal/arm64/SMosquitto-Swift.h -working-directory /Users/admin/builder/spi-builder-workspace/.swiftpm/xcode -experimental-emit-module-separately -disable-cmo
SwiftDriver SMosquitto normal arm64_32 com.apple.xcode.tools.swift.compiler (in target 'SMosquitto' from project 'SMosquitto')
    cd /Users/admin/builder/spi-builder-workspace/.swiftpm/xcode
    builtin-SwiftDriver -- /Applications/Xcode-27.0.0-Release.Candidate.app/Contents/Developer/Toolchains/XcodeDefault.xctoolchain/usr/bin/swiftc -parse-as-library -module-name SMosquitto -Onone @/Users/admin/builder/spi-builder-workspace/.derivedData/Build/Intermediates.noindex/SMosquitto.build/Debug-watchos/SMosquitto-t.build/Objects-normal/arm64_32/SMosquitto.SwiftFileList -DSWIFT_PACKAGE -DDEBUG -DSWIFT_MODULE_RESOURCE_BUNDLE_UNAVAILABLE -Xcc -fmodule-map-file\=/Users/admin/builder/spi-builder-workspace/Sources/cmosquitto/module.modulemap -DXcode -plugin-path /Applications/Xcode-27.0.0-Release.Candidate.app/Contents/Developer/Toolchains/XcodeDefault.xctoolchain/usr/lib/swift/host/plugins/testing -enable-experimental-feature DebugDescriptionMacro -sdk /Applications/Xcode-27.0.0-Release.Candidate.app/Contents/Developer/Platforms/WatchOS.platform/Developer/SDKs/WatchOS27.0.sdk -target arm64_32-apple-watchos9.0 -g -module-cache-path /Users/admin/builder/spi-builder-workspace/.derivedData/ModuleCache.noindex -Xfrontend -serialize-debugging-options -profile-coverage-mapping -profile-generate -enable-testing -index-store-path /Users/admin/builder/spi-builder-workspace/.derivedData/Index.noindex/DataStore -Xcc -D_LIBCPP_HARDENING_MODE\=_LIBCPP_HARDENING_MODE_DEBUG -swift-version 4.2 -I /Users/admin/builder/spi-builder-workspace/.derivedData/Build/Products/Debug-watchos -Isystem /Applications/Xcode-27.0.0-Release.Candidate.app/Contents/Developer/Platforms/WatchOS.platform/Developer/usr/lib -F /Users/admin/builder/spi-builder-workspace/.derivedData/Build/Products/Debug-watchos -F /Applications/Xcode-27.0.0-Release.Candidate.app/Contents/Developer/Platforms/WatchOS.platform/Developer/Library/Frameworks -F /Applications/Xcode-27.0.0-Release.Candidate.app/Contents/Developer/Platforms/WatchOS.platform/Developer/SDKs/WatchOS27.0.sdk/Developer/Library/Frameworks -c -j10 -enable-batch-mode -incremental -Xcc -ivfsstatcache -Xcc /Users/admin/builder/spi-builder-workspace/.derivedData/SDKStatCaches.noindex/watchos27.0-24R360-e829b21a6f8c9b70876ba0858053c04477534ef55a1706bf4c1112bbb242f0a2.sdkstatcache -output-file-map /Users/admin/builder/spi-builder-workspace/.derivedData/Build/Intermediates.noindex/SMosquitto.build/Debug-watchos/SMosquitto-t.build/Objects-normal/arm64_32/SMosquitto-OutputFileMap.json -save-temps -no-color-diagnostics -emit-dependencies -emit-module -emit-module-path /Users/admin/builder/spi-builder-workspace/.derivedData/Build/Intermediates.noindex/SMosquitto.build/Debug-watchos/SMosquitto-t.build/Objects-normal/arm64_32/SMosquitto.swiftmodule -serialize-diagnostics -validate-clang-modules-once -clang-build-session-file /Users/admin/builder/spi-builder-workspace/.derivedData/ModuleCache.noindex/Session.modulevalidation -Xcc -fmodules-prune-interval\=86400 -Xcc -fmodules-prune-after\=345600 -emit-const-values -const-gather-protocols-list /Users/admin/builder/spi-builder-workspace/.derivedData/Build/Intermediates.noindex/SMosquitto.build/Debug-watchos/SMosquitto-t.build/Objects-normal/arm64_32/SMosquitto_const_extract_protocols.json -Xcc -I/Users/admin/builder/spi-builder-workspace/.derivedData/Build/Products/Debug-watchos/include -Xcc -I/Users/admin/builder/spi-builder-workspace/.derivedData/Build/Intermediates.noindex/SMosquitto.build/Debug-watchos/SMosquitto-t.build/DerivedSources-normal/arm64_32 -Xcc -I/Users/admin/builder/spi-builder-workspace/.derivedData/Build/Intermediates.noindex/SMosquitto.build/Debug-watchos/SMosquitto-t.build/DerivedSources/arm64_32 -Xcc -I/Users/admin/builder/spi-builder-workspace/.derivedData/Build/Intermediates.noindex/SMosquitto.build/Debug-watchos/SMosquitto-t.build/DerivedSources -Xcc -DSWIFT_PACKAGE -Xcc -DDEBUG\=1 -emit-objc-header -emit-objc-header-path /Users/admin/builder/spi-builder-workspace/.derivedData/Build/Intermediates.noindex/SMosquitto.build/Debug-watchos/SMosquitto-t.build/Objects-normal/arm64_32/SMosquitto-Swift.h -working-directory /Users/admin/builder/spi-builder-workspace/.swiftpm/xcode -experimental-emit-module-separately -disable-cmo
SwiftCompile normal arm64 Compiling\ LogLevel.swift,\ Message.swift /Users/admin/builder/spi-builder-workspace/Sources/SMosquitto/LogLevel.swift /Users/admin/builder/spi-builder-workspace/Sources/SMosquitto/Message.swift (in target 'SMosquitto' from project 'SMosquitto')
SwiftCompile normal arm64 /Users/admin/builder/spi-builder-workspace/Sources/SMosquitto/LogLevel.swift (in target 'SMosquitto' from project 'SMosquitto')
    cd /Users/admin/builder/spi-builder-workspace/.swiftpm/xcode
    builtin-SwiftPerFileCompile LogLevel.swift
SwiftCompile normal arm64 /Users/admin/builder/spi-builder-workspace/Sources/SMosquitto/Message.swift (in target 'SMosquitto' from project 'SMosquitto')
    cd /Users/admin/builder/spi-builder-workspace/.swiftpm/xcode
    builtin-SwiftPerFileCompile Message.swift
<module-includes>:1:9: note: in file included from <module-includes>:1:
1 | #import "cmosquitto.h"
  |         `- note: in file included from <module-includes>:1:
2 |
/Users/admin/builder/spi-builder-workspace/Sources/cmosquitto/cmosquitto.h:4:10: error: '/usr/local/include/mosquitto.h' file not found
2 | #define LIB_SMOSQUITTO_CMOSQUITTO_H
3 | #ifdef __APPLE__
4 | #include "/usr/local/include/mosquitto.h"
  |          `- error: '/usr/local/include/mosquitto.h' file not found
5 | #else
6 | #include "/usr/include/mosquitto.h"
SwiftCompile normal arm64 Compiling\ ConnectionResponseCode.swift,\ DisconnectReason.swift /Users/admin/builder/spi-builder-workspace/Sources/SMosquitto/ConnectionResponseCode.swift /Users/admin/builder/spi-builder-workspace/Sources/SMosquitto/DisconnectReason.swift (in target 'SMosquitto' from project 'SMosquitto')
SwiftCompile normal arm64 /Users/admin/builder/spi-builder-workspace/Sources/SMosquitto/ConnectionResponseCode.swift (in target 'SMosquitto' from project 'SMosquitto')
    cd /Users/admin/builder/spi-builder-workspace/.swiftpm/xcode
    builtin-SwiftPerFileCompile ConnectionResponseCode.swift
SwiftCompile normal arm64 /Users/admin/builder/spi-builder-workspace/Sources/SMosquitto/DisconnectReason.swift (in target 'SMosquitto' from project 'SMosquitto')
    cd /Users/admin/builder/spi-builder-workspace/.swiftpm/xcode
    builtin-SwiftPerFileCompile DisconnectReason.swift
<module-includes>:1:9: note: in file included from <module-includes>:1:
1 | #import "cmosquitto.h"
  |         `- note: in file included from <module-includes>:1:
2 |
/Users/admin/builder/spi-builder-workspace/Sources/cmosquitto/cmosquitto.h:4:10: error: '/usr/local/include/mosquitto.h' file not found
2 | #define LIB_SMOSQUITTO_CMOSQUITTO_H
3 | #ifdef __APPLE__
4 | #include "/usr/local/include/mosquitto.h"
  |          `- error: '/usr/local/include/mosquitto.h' file not found
5 | #else
6 | #include "/usr/include/mosquitto.h"
SwiftCompile normal arm64 Compiling\ QOS.swift /Users/admin/builder/spi-builder-workspace/Sources/SMosquitto/QOS.swift (in target 'SMosquitto' from project 'SMosquitto')
<module-includes>:1:9: note: in file included from <module-includes>:1:
1 | #import "cmosquitto.h"
  |         `- note: in file included from <module-includes>:1:
2 |
/Users/admin/builder/spi-builder-workspace/Sources/cmosquitto/cmosquitto.h:4:10: error: '/usr/local/include/mosquitto.h' file not found
2 | #define LIB_SMOSQUITTO_CMOSQUITTO_H
3 | #ifdef __APPLE__
4 | #include "/usr/local/include/mosquitto.h"
  |          `- error: '/usr/local/include/mosquitto.h' file not found
5 | #else
6 | #include "/usr/include/mosquitto.h"
SwiftCompile normal arm64 /Users/admin/builder/spi-builder-workspace/Sources/SMosquitto/QOS.swift (in target 'SMosquitto' from project 'SMosquitto')
    cd /Users/admin/builder/spi-builder-workspace/.swiftpm/xcode
    builtin-SwiftPerFileCompile QOS.swift
SwiftCompile normal arm64 Compiling\ TlsOptions.swift /Users/admin/builder/spi-builder-workspace/Sources/SMosquitto/TlsOptions.swift (in target 'SMosquitto' from project 'SMosquitto')
<module-includes>:1:9: note: in file included from <module-includes>:1:
1 | #import "cmosquitto.h"
  |         `- note: in file included from <module-includes>:1:
2 |
/Users/admin/builder/spi-builder-workspace/Sources/cmosquitto/cmosquitto.h:4:10: error: '/usr/local/include/mosquitto.h' file not found
2 | #define LIB_SMOSQUITTO_CMOSQUITTO_H
3 | #ifdef __APPLE__
4 | #include "/usr/local/include/mosquitto.h"
  |          `- error: '/usr/local/include/mosquitto.h' file not found
5 | #else
6 | #include "/usr/include/mosquitto.h"
SwiftCompile normal arm64 /Users/admin/builder/spi-builder-workspace/Sources/SMosquitto/TlsOptions.swift (in target 'SMosquitto' from project 'SMosquitto')
    cd /Users/admin/builder/spi-builder-workspace/.swiftpm/xcode
    builtin-SwiftPerFileCompile TlsOptions.swift
SwiftCompile normal arm64 Compiling\ SMosquitto.swift /Users/admin/builder/spi-builder-workspace/Sources/SMosquitto/SMosquitto.swift (in target 'SMosquitto' from project 'SMosquitto')
<module-includes>:1:9: note: in file included from <module-includes>:1:
1 | #import "cmosquitto.h"
  |         `- note: in file included from <module-includes>:1:
2 |
/Users/admin/builder/spi-builder-workspace/Sources/cmosquitto/cmosquitto.h:4:10: error: '/usr/local/include/mosquitto.h' file not found
2 | #define LIB_SMOSQUITTO_CMOSQUITTO_H
3 | #ifdef __APPLE__
4 | #include "/usr/local/include/mosquitto.h"
  |          `- error: '/usr/local/include/mosquitto.h' file not found
5 | #else
6 | #include "/usr/include/mosquitto.h"
SwiftCompile normal arm64 /Users/admin/builder/spi-builder-workspace/Sources/SMosquitto/SMosquitto.swift (in target 'SMosquitto' from project 'SMosquitto')
    cd /Users/admin/builder/spi-builder-workspace/.swiftpm/xcode
    builtin-SwiftPerFileCompile SMosquitto.swift
SwiftEmitModule normal arm64 Emitting\ module\ for\ SMosquitto (in target 'SMosquitto' from project 'SMosquitto')
<module-includes>:1:9: note: in file included from <module-includes>:1:
1 | #import "cmosquitto.h"
  |         `- note: in file included from <module-includes>:1:
2 |
/Users/admin/builder/spi-builder-workspace/Sources/cmosquitto/cmosquitto.h:4:10: error: '/usr/local/include/mosquitto.h' file not found
2 | #define LIB_SMOSQUITTO_CMOSQUITTO_H
3 | #ifdef __APPLE__
4 | #include "/usr/local/include/mosquitto.h"
  |          `- error: '/usr/local/include/mosquitto.h' file not found
5 | #else
6 | #include "/usr/include/mosquitto.h"
/Users/admin/builder/spi-builder-workspace/Sources/SMosquitto/ConnectionResponseCode.swift:1:8: error: could not build Objective-C module 'cmosquitto'
 1 | import cmosquitto
   |        `- error: could not build Objective-C module 'cmosquitto'
 2 |
 3 | public extension SMosquitto {
Failed frontend command:
/Applications/Xcode-27.0.0-Release.Candidate.app/Contents/Developer/Toolchains/XcodeDefault.xctoolchain/usr/bin/swift-frontend -frontend -emit-module -experimental-skip-non-inlinable-function-bodies-without-types /Users/admin/builder/spi-builder-workspace/Sources/SMosquitto/ConnectionResponseCode.swift /Users/admin/builder/spi-builder-workspace/Sources/SMosquitto/DisconnectReason.swift /Users/admin/builder/spi-builder-workspace/Sources/SMosquitto/Identifier.swift /Users/admin/builder/spi-builder-workspace/Sources/SMosquitto/Instances.swift /Users/admin/builder/spi-builder-workspace/Sources/SMosquitto/LogLevel.swift /Users/admin/builder/spi-builder-workspace/Sources/SMosquitto/Message.swift /Users/admin/builder/spi-builder-workspace/Sources/SMosquitto/Payload.swift /Users/admin/builder/spi-builder-workspace/Sources/SMosquitto/ProtocolVersion.swift /Users/admin/builder/spi-builder-workspace/Sources/SMosquitto/QOS.swift /Users/admin/builder/spi-builder-workspace/Sources/SMosquitto/SMosquitto.swift /Users/admin/builder/spi-builder-workspace/Sources/SMosquitto/SMosquittoError.swift /Users/admin/builder/spi-builder-workspace/Sources/SMosquitto/TlsOptions.swift /Users/admin/builder/spi-builder-workspace/Sources/SMosquitto/Version.swift -target arm64-apple-watchos9.0 -Xllvm -aarch64-use-tbi -enable-objc-interop -stack-check -sdk /Applications/Xcode-27.0.0-Release.Candidate.app/Contents/Developer/Platforms/WatchOS.platform/Developer/SDKs/WatchOS27.0.sdk -I /Users/admin/builder/spi-builder-workspace/.derivedData/Build/Products/Debug-watchos -Isystem /Applications/Xcode-27.0.0-Release.Candidate.app/Contents/Developer/Platforms/WatchOS.platform/Developer/usr/lib -F /Users/admin/builder/spi-builder-workspace/.derivedData/Build/Products/Debug-watchos -F /Applications/Xcode-27.0.0-Release.Candidate.app/Contents/Developer/Platforms/WatchOS.platform/Developer/Library/Frameworks -F /Applications/Xcode-27.0.0-Release.Candidate.app/Contents/Developer/Platforms/WatchOS.platform/Developer/SDKs/WatchOS27.0.sdk/Developer/Library/Frameworks -module-cache-path /Users/admin/builder/spi-builder-workspace/.derivedData/ModuleCache.noindex -no-color-diagnostics -Xcc -fno-color-diagnostics -enable-testing -g -debug-info-format\=dwarf -dwarf-version\=4 -profile-generate -profile-coverage-mapping -swift-version 4.2 -Onone -D SWIFT_PACKAGE -D DEBUG -D SWIFT_MODULE_RESOURCE_BUNDLE_UNAVAILABLE -D Xcode -serialize-debugging-options -enable-experimental-feature DebugDescriptionMacro -empty-abi-descriptor -plugin-path /Applications/Xcode-27.0.0-Release.Candidate.app/Contents/Developer/Toolchains/XcodeDefault.xctoolchain/usr/lib/swift/host/plugins/testing -validate-clang-modules-once -clang-build-session-file /Users/admin/builder/spi-builder-workspace/.derivedData/ModuleCache.noindex/Session.modulevalidation -Xcc -working-directory -Xcc /Users/admin/builder/spi-builder-workspace/.swiftpm/xcode -enable-anonymous-context-mangled-names -file-compilation-dir /Users/admin/builder/spi-builder-workspace/.swiftpm/xcode -Xcc -fmodule-map-file\=/Users/admin/builder/spi-builder-workspace/Sources/cmosquitto/module.modulemap -Xcc -D_LIBCPP_HARDENING_MODE\=_LIBCPP_HARDENING_MODE_DEBUG -Xcc -ivfsstatcache -Xcc /Users/admin/builder/spi-builder-workspace/.derivedData/SDKStatCaches.noindex/watchos27.0-24R360-e829b21a6f8c9b70876ba0858053c04477534ef55a1706bf4c1112bbb242f0a2.sdkstatcache -Xcc -fmodules-prune-interval\=86400 -Xcc -fmodules-prune-after\=345600 -Xcc -I/Users/admin/builder/spi-builder-workspace/.derivedData/Build/Products/Debug-watchos/include -Xcc -I/Users/admin/builder/spi-builder-workspace/.derivedData/Build/Intermediates.noindex/SMosquitto.build/Debug-watchos/SMosquitto-t.build/DerivedSources-normal/arm64 -Xcc -I/Users/admin/builder/spi-builder-workspace/.derivedData/Build/Intermediates.noindex/SMosquitto.build/Debug-watchos/SMosquitto-t.build/DerivedSources/arm64 -Xcc -I/Users/admin/builder/spi-builder-workspace/.derivedData/Build/Intermediates.noindex/SMosquitto.build/Debug-watchos/SMosquitto-t.build/DerivedSources -Xcc -DSWIFT_PACKAGE -Xcc -DDEBUG\=1 -no-auto-bridging-header-chaining -module-name SMosquitto -const-gather-protocols-file /Users/admin/builder/spi-builder-workspace/.derivedData/Build/Intermediates.noindex/SMosquitto.build/Debug-watchos/SMosquitto-t.build/Objects-normal/arm64/SMosquitto_const_extract_protocols.json -disable-clang-spi -target-sdk-version 27.0 -target-sdk-name watchos27.0 -external-plugin-path /Applications/Xcode-27.0.0-Release.Candidate.app/Contents/Developer/Platforms/WatchOS.platform/Developer/usr/lib/swift/host/plugins\#/Applications/Xcode-27.0.0-Release.Candidate.app/Contents/Developer/Platforms/WatchOS.platform/Developer/usr/bin/swift-plugin-server -external-plugin-path /Applications/Xcode-27.0.0-Release.Candidate.app/Contents/Developer/Platforms/WatchOS.platform/Developer/usr/local/lib/swift/host/plugins\#/Applications/Xcode-27.0.0-Release.Candidate.app/Contents/Developer/Platforms/WatchOS.platform/Developer/usr/bin/swift-plugin-server -in-process-plugin-server-path /Applications/Xcode-27.0.0-Release.Candidate.app/Contents/Developer/Toolchains/XcodeDefault.xctoolchain/usr/lib/swift/host/libSwiftInProcPluginServer.dylib -plugin-path /Applications/Xcode-27.0.0-Release.Candidate.app/Contents/Developer/Toolchains/XcodeDefault.xctoolchain/usr/lib/swift/host/plugins -plugin-path /Applications/Xcode-27.0.0-Release.Candidate.app/Contents/Developer/Toolchains/XcodeDefault.xctoolchain/usr/local/lib/swift/host/plugins -emit-module-doc-path /Users/admin/builder/spi-builder-workspace/.derivedData/Build/Intermediates.noindex/SMosquitto.build/Debug-watchos/SMosquitto-t.build/Objects-normal/arm64/SMosquitto.swiftdoc -emit-module-source-info-path /Users/admin/builder/spi-builder-workspace/.derivedData/Build/Intermediates.noindex/SMosquitto.build/Debug-watchos/SMosquitto-t.build/Objects-normal/arm64/SMosquitto.swiftsourceinfo -emit-objc-header-path /Users/admin/builder/spi-builder-workspace/.derivedData/Build/Intermediates.noindex/SMosquitto.build/Debug-watchos/SMosquitto-t.build/Objects-normal/arm64/SMosquitto-Swift.h -serialize-diagnostics-path /Users/admin/builder/spi-builder-workspace/.derivedData/Build/Intermediates.noindex/SMosquitto.build/Debug-watchos/SMosquitto-t.build/Objects-normal/arm64/SMosquitto-primary-emit-module.dia -emit-dependencies-path /Users/admin/builder/spi-builder-workspace/.derivedData/Build/Intermediates.noindex/SMosquitto.build/Debug-watchos/SMosquitto-t.build/Objects-normal/arm64/SMosquitto-primary-emit-module.d -parse-as-library -o /Users/admin/builder/spi-builder-workspace/.derivedData/Build/Intermediates.noindex/SMosquitto.build/Debug-watchos/SMosquitto-t.build/Objects-normal/arm64/SMosquitto.swiftmodule -emit-abi-descriptor-path /Users/admin/builder/spi-builder-workspace/.derivedData/Build/Intermediates.noindex/SMosquitto.build/Debug-watchos/SMosquitto-t.build/Objects-normal/arm64/SMosquitto.abi.json
SwiftCompile normal arm64 (in target 'SMosquitto' from project 'SMosquitto')
    cd /Users/admin/builder/spi-builder-workspace/.swiftpm/xcode

SwiftCompile normal arm64 Compiling\ Version.swift /Users/admin/builder/spi-builder-workspace/Sources/SMosquitto/Version.swift (in target 'SMosquitto' from project 'SMosquitto')
<module-includes>:1:9: note: in file included from <module-includes>:1:
1 | #import "cmosquitto.h"
  |         `- note: in file included from <module-includes>:1:
2 |
/Users/admin/builder/spi-builder-workspace/Sources/cmosquitto/cmosquitto.h:4:10: error: '/usr/local/include/mosquitto.h' file not found
2 | #define LIB_SMOSQUITTO_CMOSQUITTO_H
3 | #ifdef __APPLE__
4 | #include "/usr/local/include/mosquitto.h"
  |          `- error: '/usr/local/include/mosquitto.h' file not found
5 | #else
6 | #include "/usr/include/mosquitto.h"
SwiftCompile normal arm64 /Users/admin/builder/spi-builder-workspace/Sources/SMosquitto/Version.swift (in target 'SMosquitto' from project 'SMosquitto')
    cd /Users/admin/builder/spi-builder-workspace/.swiftpm/xcode
    builtin-SwiftPerFileCompile Version.swift
SwiftCompile normal arm64 Compiling\ ProtocolVersion.swift /Users/admin/builder/spi-builder-workspace/Sources/SMosquitto/ProtocolVersion.swift (in target 'SMosquitto' from project 'SMosquitto')
<module-includes>:1:9: note: in file included from <module-includes>:1:
1 | #import "cmosquitto.h"
  |         `- note: in file included from <module-includes>:1:
2 |
/Users/admin/builder/spi-builder-workspace/Sources/cmosquitto/cmosquitto.h:4:10: error: '/usr/local/include/mosquitto.h' file not found
2 | #define LIB_SMOSQUITTO_CMOSQUITTO_H
3 | #ifdef __APPLE__
4 | #include "/usr/local/include/mosquitto.h"
  |          `- error: '/usr/local/include/mosquitto.h' file not found
5 | #else
6 | #include "/usr/include/mosquitto.h"
SwiftCompile normal arm64 /Users/admin/builder/spi-builder-workspace/Sources/SMosquitto/ProtocolVersion.swift (in target 'SMosquitto' from project 'SMosquitto')
    cd /Users/admin/builder/spi-builder-workspace/.swiftpm/xcode
    builtin-SwiftPerFileCompile ProtocolVersion.swift
SwiftCompile normal arm64 Compiling\ SMosquittoError.swift /Users/admin/builder/spi-builder-workspace/Sources/SMosquitto/SMosquittoError.swift (in target 'SMosquitto' from project 'SMosquitto')
<module-includes>:1:9: note: in file included from <module-includes>:1:
1 | #import "cmosquitto.h"
  |         `- note: in file included from <module-includes>:1:
2 |
/Users/admin/builder/spi-builder-workspace/Sources/cmosquitto/cmosquitto.h:4:10: error: '/usr/local/include/mosquitto.h' file not found
2 | #define LIB_SMOSQUITTO_CMOSQUITTO_H
3 | #ifdef __APPLE__
4 | #include "/usr/local/include/mosquitto.h"
  |          `- error: '/usr/local/include/mosquitto.h' file not found
5 | #else
6 | #include "/usr/include/mosquitto.h"
SwiftCompile normal arm64 /Users/admin/builder/spi-builder-workspace/Sources/SMosquitto/SMosquittoError.swift (in target 'SMosquitto' from project 'SMosquitto')
    cd /Users/admin/builder/spi-builder-workspace/.swiftpm/xcode
    builtin-SwiftPerFileCompile SMosquittoError.swift
SwiftCompile normal arm64 Compiling\ Identifier.swift,\ Instances.swift /Users/admin/builder/spi-builder-workspace/Sources/SMosquitto/Identifier.swift /Users/admin/builder/spi-builder-workspace/Sources/SMosquitto/Instances.swift (in target 'SMosquitto' from project 'SMosquitto')
<module-includes>:1:9: note: in file included from <module-includes>:1:
1 | #import "cmosquitto.h"
  |         `- note: in file included from <module-includes>:1:
2 |
/Users/admin/builder/spi-builder-workspace/Sources/cmosquitto/cmosquitto.h:4:10: error: '/usr/local/include/mosquitto.h' file not found
2 | #define LIB_SMOSQUITTO_CMOSQUITTO_H
3 | #ifdef __APPLE__
4 | #include "/usr/local/include/mosquitto.h"
  |          `- error: '/usr/local/include/mosquitto.h' file not found
5 | #else
6 | #include "/usr/include/mosquitto.h"
SwiftCompile normal arm64 /Users/admin/builder/spi-builder-workspace/Sources/SMosquitto/Identifier.swift (in target 'SMosquitto' from project 'SMosquitto')
    cd /Users/admin/builder/spi-builder-workspace/.swiftpm/xcode
    builtin-SwiftPerFileCompile Identifier.swift
SwiftCompile normal arm64 /Users/admin/builder/spi-builder-workspace/Sources/SMosquitto/Instances.swift (in target 'SMosquitto' from project 'SMosquitto')
    cd /Users/admin/builder/spi-builder-workspace/.swiftpm/xcode
    builtin-SwiftPerFileCompile Instances.swift
SwiftEmitModule normal arm64_32 Emitting\ module\ for\ SMosquitto (in target 'SMosquitto' from project 'SMosquitto')
SwiftCompile normal arm64_32 (in target 'SMosquitto' from project 'SMosquitto')
    cd /Users/admin/builder/spi-builder-workspace/.swiftpm/xcode

PruneExplicitPrecompiledModules /Users/admin/builder/spi-builder-workspace/.derivedData/SDKExplicitPrecompiledModules
PruneExplicitPrecompiledModules /Users/admin/builder/spi-builder-workspace/.derivedData/Build/Intermediates.noindex/ExplicitPrecompiledModules
PruneExplicitPrecompiledModules /Users/admin/builder/spi-builder-workspace/.derivedData/Build/Intermediates.noindex/SwiftExplicitPrecompiledModules
2026-09-16 21:24:17.767 xcodebuild[684:4415] [MT] IDERunDestination: Supported platforms for the buildables in the current scheme is empty.
** BUILD FAILED **
The following build commands failed:
	SwiftEmitModule normal arm64 Emitting\ module\ for\ SMosquitto (in target 'SMosquitto' from project 'SMosquitto')
	SwiftCompile normal arm64 (in target 'SMosquitto' from project 'SMosquitto')
	Building workspace SMosquitto with scheme SMosquitto
(3 failures)
BUILD FAILURE 6.4 watchOS