Build Information
Failed to build DGCharts, reference 5.1.0 (dd9c72), with Swift 6.4 for watchOS using Xcode 27.0 on 20 Sep 2026 12:01:21 UTC.
Build Command
env DEVELOPER_DIR=/Applications/Xcode-27.0.0-Release.Candidate.app xcrun xcodebuild -IDEClonedSourcePackagesDirPathOverride=$PWD/.dependencies -skipMacroValidation -skipPackagePluginValidation -derivedDataPath $PWD/.derivedData build -scheme DGCharts-Package -destination generic/platform=watchOSBuild Log
46 | offset.y = -point.y
47 | }
48 | else if point.y + height + offset.y > chart.bounds.size.height
| `- error: value of type 'ChartViewBase' has no member 'bounds'
49 | {
50 | offset.y = chart.bounds.size.height - point.y - height
/Users/admin/builder/spi-builder-workspace/Source/Charts/Components/MarkerView.swift:50:30: error: value of type 'ChartViewBase' has no member 'bounds'
48 | else if point.y + height + offset.y > chart.bounds.size.height
49 | {
50 | offset.y = chart.bounds.size.height - point.y - height
| `- error: value of type 'ChartViewBase' has no member 'bounds'
51 | }
52 |
/Users/admin/builder/spi-builder-workspace/Source/Charts/Components/MarkerView.swift:69:14: error: value of type 'MarkerView' has no member 'nsuiLayer'
67 | y: point.y + offset.y)
68 | NSUIGraphicsPushContext(context)
69 | self.nsuiLayer?.render(in: context)
| `- error: value of type 'MarkerView' has no member 'nsuiLayer'
70 | NSUIGraphicsPopContext()
71 | context.restoreGState()
/Users/admin/builder/spi-builder-workspace/Source/Charts/Components/MarkerView.swift:79:23: error: 'loadNibNamed(_:owner:options:)' is unavailable in watchOS
77 | #if !os(OSX)
78 |
79 | return bundle.loadNibNamed(
| `- error: 'loadNibNamed(_:owner:options:)' is unavailable in watchOS
80 | String(describing: self),
81 | owner: nil,
/Applications/Xcode-27.0.0-Release.Candidate.app/Contents/Developer/Platforms/WatchOS.platform/Developer/SDKs/WatchOS27.0.sdk/System/Library/Frameworks/UIKit.framework/Headers/UINibLoading.h:19:1: note: 'loadNibNamed(_:owner:options:)' has been explicitly marked unavailable here
17 |
18 | @interface NSBundle(UINibLoadingAdditions)
19 | - (nullable NSArray *)loadNibNamed:(NSString *)name owner:(nullable id)owner options:(nullable NSDictionary<UINibOptionsKey, id> *)options API_DEPRECATED("Loading Interface Builder products will not be supported in a future version of visionOS.", visionos(1.0, 1.0)) API_UNAVAILABLE(watchos);
| `- note: 'loadNibNamed(_:owner:options:)' has been explicitly marked unavailable here
20 | @end
21 |
/Users/admin/builder/spi-builder-workspace/Source/Charts/Components/YAxis.swift:81:36: error: cannot find type 'TextAlignment' in scope
79 |
80 | /// the alignment of the text in the y-label
81 | @objc open var labelAlignment: TextAlignment = .left
| `- error: cannot find type 'TextAlignment' in scope
82 |
83 | /// the horizontal offset of the y-label
/Users/admin/builder/spi-builder-workspace/Source/Charts/Data/Implementations/ChartBaseDataSet.swift:306:25: error: cannot find type 'NSUIFont' in scope
304 |
305 | /// the font for the value-text labels
306 | open var valueFont: NSUIFont = NSUIFont.systemFont(ofSize: 7.0)
| `- error: cannot find type 'NSUIFont' in scope
307 |
308 | /// The rotation angle (in degrees) for value-text labels
/Users/admin/builder/spi-builder-workspace/Source/Charts/Data/Interfaces/ChartDataSetProtocol.swift:210:20: error: cannot find type 'NSUIFont' in scope
208 |
209 | /// the font for the value-text labels
210 | var valueFont: NSUIFont { get set }
| `- error: cannot find type 'NSUIFont' in scope
211 |
212 | /// The rotation angle (in degrees) for value-text labels
/Users/admin/builder/spi-builder-workspace/Source/Charts/Data/Implementations/ChartBaseDataSet.swift:306:36: error: cannot find 'NSUIFont' in scope
304 |
305 | /// the font for the value-text labels
306 | open var valueFont: NSUIFont = NSUIFont.systemFont(ofSize: 7.0)
| `- error: cannot find 'NSUIFont' in scope
307 |
308 | /// The rotation angle (in degrees) for value-text labels
/Users/admin/builder/spi-builder-workspace/Source/Charts/Data/Implementations/Standard/ChartData.swift:382:42: error: cannot find type 'NSUIFont' in scope
380 |
381 | /// Sets the font for all value-labels for all DataSets this data object contains.
382 | @objc open func setValueFont(_ font: NSUIFont)
| `- error: cannot find type 'NSUIFont' in scope
383 | {
384 | forEach { $0.valueFont = font }
/Users/admin/builder/spi-builder-workspace/Source/Charts/Data/Implementations/Standard/ChartDataEntryBase.swift:56:52: error: cannot find type 'NSUIImage' in scope
54 | /// - icon: icon image
55 |
56 | @objc public convenience init(y: Double, icon: NSUIImage?)
| `- error: cannot find type 'NSUIImage' in scope
57 | {
58 | self.init(y: y)
/Users/admin/builder/spi-builder-workspace/Source/Charts/Data/Implementations/Standard/ChartDataEntryBase.swift:68:52: error: cannot find type 'NSUIImage' in scope
66 | /// - data: Space for additional data this Entry represents.
67 |
68 | @objc public convenience init(y: Double, icon: NSUIImage?, data: Any?)
| `- error: cannot find type 'NSUIImage' in scope
69 | {
70 | self.init(y: y)
/Users/admin/builder/spi-builder-workspace/Source/Charts/Data/Implementations/Standard/ChartDataEntry.swift:55:63: error: cannot find type 'NSUIImage' in scope
53 | /// - icon: icon image
54 |
55 | @objc public convenience init(x: Double, y: Double, icon: NSUIImage?)
| `- error: cannot find type 'NSUIImage' in scope
56 | {
57 | self.init(x: x, y: y)
/Users/admin/builder/spi-builder-workspace/Source/Charts/Data/Implementations/Standard/ChartDataEntry.swift:69:63: error: cannot find type 'NSUIImage' in scope
67 | /// - data: Space for additional data this Entry represents.
68 |
69 | @objc public convenience init(x: Double, y: Double, icon: NSUIImage?, data: Any?)
| `- error: cannot find type 'NSUIImage' in scope
70 | {
71 | self.init(x: x, y: y)
/Users/admin/builder/spi-builder-workspace/Source/Charts/Data/Implementations/Standard/BarChartDataEntry.swift:47:57: error: cannot find type 'NSUIImage' in scope
45 |
46 | /// Constructor for normal bars (not stacked).
47 | public convenience init(x: Double, y: Double, icon: NSUIImage?)
| `- error: cannot find type 'NSUIImage' in scope
48 | {
49 | self.init(x: x, y: y)
/Users/admin/builder/spi-builder-workspace/Source/Charts/Data/Implementations/Standard/BarChartDataEntry.swift:54:57: error: cannot find type 'NSUIImage' in scope
52 |
53 | /// Constructor for normal bars (not stacked).
54 | public convenience init(x: Double, y: Double, icon: NSUIImage?, data: Any?)
| `- error: cannot find type 'NSUIImage' in scope
55 | {
56 | self.init(x: x, y: y)
/Users/admin/builder/spi-builder-workspace/Source/Charts/Data/Implementations/Standard/BarChartDataEntry.swift:71:71: error: cannot find type 'NSUIImage' in scope
69 |
70 | /// Constructor for stacked bar entries. One data object for whole stack
71 | @objc public convenience init(x: Double, yValues: [Double], icon: NSUIImage?)
| `- error: cannot find type 'NSUIImage' in scope
72 | {
73 | self.init(x: x, yValues: yValues)
/Users/admin/builder/spi-builder-workspace/Source/Charts/Data/Implementations/Standard/BarChartDataEntry.swift:85:71: error: cannot find type 'NSUIImage' in scope
83 |
84 | /// Constructor for stacked bar entries. One data object for whole stack
85 | @objc public convenience init(x: Double, yValues: [Double], icon: NSUIImage?, data: Any?)
| `- error: cannot find type 'NSUIImage' in scope
86 | {
87 | self.init(x: x, yValues: yValues)
SwiftCompile normal arm64_32 /Users/admin/builder/spi-builder-workspace/Source/Charts/Components/AxisBase.swift (in target 'DGCharts' from project 'DGCharts')
cd /Users/admin/builder/spi-builder-workspace/.swiftpm/xcode
builtin-SwiftPerFileCompile AxisBase.swift
SwiftCompile normal arm64_32 /Users/admin/builder/spi-builder-workspace/Source/Charts/Components/ChartLimitLine.swift (in target 'DGCharts' from project 'DGCharts')
cd /Users/admin/builder/spi-builder-workspace/.swiftpm/xcode
builtin-SwiftPerFileCompile ChartLimitLine.swift
SwiftCompile normal arm64_32 /Users/admin/builder/spi-builder-workspace/Source/Charts/Components/ComponentBase.swift (in target 'DGCharts' from project 'DGCharts')
cd /Users/admin/builder/spi-builder-workspace/.swiftpm/xcode
builtin-SwiftPerFileCompile ComponentBase.swift
SwiftCompile normal arm64_32 /Users/admin/builder/spi-builder-workspace/Source/Charts/Components/Description.swift (in target 'DGCharts' from project 'DGCharts')
cd /Users/admin/builder/spi-builder-workspace/.swiftpm/xcode
builtin-SwiftPerFileCompile Description.swift
SwiftCompile normal arm64_32 /Users/admin/builder/spi-builder-workspace/Source/Charts/Components/Legend.swift (in target 'DGCharts' from project 'DGCharts')
cd /Users/admin/builder/spi-builder-workspace/.swiftpm/xcode
builtin-SwiftPerFileCompile Legend.swift
SwiftCompile normal arm64_32 /Users/admin/builder/spi-builder-workspace/Source/Charts/Components/LegendEntry.swift (in target 'DGCharts' from project 'DGCharts')
cd /Users/admin/builder/spi-builder-workspace/.swiftpm/xcode
builtin-SwiftPerFileCompile LegendEntry.swift
SwiftCompile normal arm64_32 /Users/admin/builder/spi-builder-workspace/Source/Charts/Components/Marker.swift (in target 'DGCharts' from project 'DGCharts')
cd /Users/admin/builder/spi-builder-workspace/.swiftpm/xcode
builtin-SwiftPerFileCompile Marker.swift
SwiftCompile normal arm64_32 /Users/admin/builder/spi-builder-workspace/Source/Charts/Components/MarkerImage.swift (in target 'DGCharts' from project 'DGCharts')
cd /Users/admin/builder/spi-builder-workspace/.swiftpm/xcode
builtin-SwiftPerFileCompile MarkerImage.swift
SwiftCompile normal arm64_32 /Users/admin/builder/spi-builder-workspace/Source/Charts/Components/MarkerView.swift (in target 'DGCharts' from project 'DGCharts')
cd /Users/admin/builder/spi-builder-workspace/.swiftpm/xcode
builtin-SwiftPerFileCompile MarkerView.swift
SwiftCompile normal arm64_32 /Users/admin/builder/spi-builder-workspace/Source/Charts/Components/XAxis.swift (in target 'DGCharts' from project 'DGCharts')
cd /Users/admin/builder/spi-builder-workspace/.swiftpm/xcode
builtin-SwiftPerFileCompile XAxis.swift
SwiftCompile normal arm64_32 /Users/admin/builder/spi-builder-workspace/Source/Charts/Components/YAxis.swift (in target 'DGCharts' from project 'DGCharts')
cd /Users/admin/builder/spi-builder-workspace/.swiftpm/xcode
builtin-SwiftPerFileCompile YAxis.swift
SwiftCompile normal arm64_32 /Users/admin/builder/spi-builder-workspace/Source/Charts/Data/Implementations/ChartBaseDataSet.swift (in target 'DGCharts' from project 'DGCharts')
cd /Users/admin/builder/spi-builder-workspace/.swiftpm/xcode
builtin-SwiftPerFileCompile ChartBaseDataSet.swift
SwiftCompile normal arm64_32 /Users/admin/builder/spi-builder-workspace/Source/Charts/Data/Implementations/Standard/BarChartData.swift (in target 'DGCharts' from project 'DGCharts')
cd /Users/admin/builder/spi-builder-workspace/.swiftpm/xcode
builtin-SwiftPerFileCompile BarChartData.swift
SwiftCompile normal arm64_32 /Users/admin/builder/spi-builder-workspace/Source/Charts/Data/Implementations/Standard/BarChartDataEntry.swift (in target 'DGCharts' from project 'DGCharts')
cd /Users/admin/builder/spi-builder-workspace/.swiftpm/xcode
builtin-SwiftPerFileCompile BarChartDataEntry.swift
SwiftCompile normal arm64_32 /Users/admin/builder/spi-builder-workspace/Source/Charts/Data/Implementations/Standard/BarChartDataSet.swift (in target 'DGCharts' from project 'DGCharts')
cd /Users/admin/builder/spi-builder-workspace/.swiftpm/xcode
builtin-SwiftPerFileCompile BarChartDataSet.swift
SwiftCompile normal arm64_32 Compiling\ BubbleChartRenderer.swift,\ CandleStickChartRenderer.swift,\ CombinedChartRenderer.swift,\ DataRenderer.swift,\ HorizontalBarChartRenderer.swift,\ LegendRenderer.swift,\ LineChartRenderer.swift,\ LineRadarRenderer.swift,\ LineScatterCandleRadarRenderer.swift,\ PieChartRenderer.swift,\ RadarChartRenderer.swift,\ Renderer.swift,\ ChevronDownShapeRenderer.swift,\ ChevronUpShapeRenderer.swift /Users/admin/builder/spi-builder-workspace/Source/Charts/Renderers/BubbleChartRenderer.swift /Users/admin/builder/spi-builder-workspace/Source/Charts/Renderers/CandleStickChartRenderer.swift /Users/admin/builder/spi-builder-workspace/Source/Charts/Renderers/CombinedChartRenderer.swift /Users/admin/builder/spi-builder-workspace/Source/Charts/Renderers/DataRenderer.swift /Users/admin/builder/spi-builder-workspace/Source/Charts/Renderers/HorizontalBarChartRenderer.swift /Users/admin/builder/spi-builder-workspace/Source/Charts/Renderers/LegendRenderer.swift /Users/admin/builder/spi-builder-workspace/Source/Charts/Renderers/LineChartRenderer.swift /Users/admin/builder/spi-builder-workspace/Source/Charts/Renderers/LineRadarRenderer.swift /Users/admin/builder/spi-builder-workspace/Source/Charts/Renderers/LineScatterCandleRadarRenderer.swift /Users/admin/builder/spi-builder-workspace/Source/Charts/Renderers/PieChartRenderer.swift /Users/admin/builder/spi-builder-workspace/Source/Charts/Renderers/RadarChartRenderer.swift /Users/admin/builder/spi-builder-workspace/Source/Charts/Renderers/Renderer.swift /Users/admin/builder/spi-builder-workspace/Source/Charts/Renderers/Scatter/ChevronDownShapeRenderer.swift /Users/admin/builder/spi-builder-workspace/Source/Charts/Renderers/Scatter/ChevronUpShapeRenderer.swift (in target 'DGCharts' from project 'DGCharts')
/Users/admin/builder/spi-builder-workspace/Source/Charts/Renderers/BubbleChartRenderer.swift:18:54: error: cannot find type 'NSUIAccessibilityElement' in scope
16 | {
17 | /// A nested array of elements ordered logically (i.e not in visual/drawing order) for use with VoiceOver.
18 | private lazy var accessibilityOrderedElements: [[NSUIAccessibilityElement]] = accessibilityCreateEmptyOrderedElements()
| `- error: cannot find type 'NSUIAccessibilityElement' in scope
19 |
20 | @objc open weak var dataProvider: BubbleChartDataProvider?
/Users/admin/builder/spi-builder-workspace/Source/Charts/Renderers/BubbleChartRenderer.swift:317:65: error: cannot find type 'NSUIAccessibilityElement' in scope
315 |
316 | /// Creates a nested array of empty subarrays each of which will be populated with NSUIAccessibilityElements.
317 | private func accessibilityCreateEmptyOrderedElements() -> [[NSUIAccessibilityElement]]
| `- error: cannot find type 'NSUIAccessibilityElement' in scope
318 | {
319 | guard let chart = dataProvider as? BubbleChartView else { return [] }
/Users/admin/builder/spi-builder-workspace/Source/Charts/Renderers/BubbleChartRenderer.swift:333:89: error: cannot find type 'NSUIAccessibilityElement' in scope
331 | dataSetIndex: Int,
332 | shapeSize: CGFloat,
333 | modifier: (NSUIAccessibilityElement) -> ()) -> NSUIAccessibilityElement
| `- error: cannot find type 'NSUIAccessibilityElement' in scope
334 | {
335 | let element = NSUIAccessibilityElement(accessibilityContainer: container)
/Users/admin/builder/spi-builder-workspace/Source/Charts/Renderers/BubbleChartRenderer.swift:333:53: error: cannot find type 'NSUIAccessibilityElement' in scope
331 | dataSetIndex: Int,
332 | shapeSize: CGFloat,
333 | modifier: (NSUIAccessibilityElement) -> ()) -> NSUIAccessibilityElement
| `- error: cannot find type 'NSUIAccessibilityElement' in scope
334 | {
335 | let element = NSUIAccessibilityElement(accessibilityContainer: container)
/Users/admin/builder/spi-builder-workspace/Source/Charts/Renderers/DataRenderer.swift:56:95: error: cannot find type 'NSUIAccessibilityElement' in scope
54 | func createAccessibleHeader(usingChart chart: ChartViewBase,
55 | andData data: ChartData,
56 | withDefaultDescription defaultDescription: String) -> NSUIAccessibilityElement
| `- error: cannot find type 'NSUIAccessibilityElement' in scope
57 | }
58 |
/Users/admin/builder/spi-builder-workspace/Source/Charts/Renderers/DataRenderer.swift:25:35: error: cannot find type 'NSUIAccessibilityElement' in scope
23 | /// Renderers should ensure that the order of elements makes sense to a client presenting an audio-only interface to a user.
24 | /// Subclasses should populate this array in drawData() or drawDataSet() to make the chart accessible.
25 | var accessibleChartElements: [NSUIAccessibilityElement] { get }
| `- error: cannot find type 'NSUIAccessibilityElement' in scope
26 |
27 | var animator: Animator { get }
/Users/admin/builder/spi-builder-workspace/Source/Charts/Renderers/BarLineScatterCandleBubbleRenderer.swift:20:48: error: cannot find type 'NSUIAccessibilityElement' in scope
18 | public let viewPortHandler: ViewPortHandler
19 |
20 | public final var accessibleChartElements: [NSUIAccessibilityElement] = []
| `- error: cannot find type 'NSUIAccessibilityElement' in scope
21 |
22 | public let animator: Animator
/Users/admin/builder/spi-builder-workspace/Source/Charts/Renderers/BarLineScatterCandleBubbleRenderer.swift:115:152: error: cannot find type 'NSUIAccessibilityElement' in scope
113 | }
114 |
115 | public func createAccessibleHeader(usingChart chart: ChartViewBase, andData data: ChartData, withDefaultDescription defaultDescription: String) -> NSUIAccessibilityElement {
| `- error: cannot find type 'NSUIAccessibilityElement' in scope
116 | return AccessibleHeader.create(usingChart: chart, andData: data, withDefaultDescription: defaultDescription)
117 | }
/Users/admin/builder/spi-builder-workspace/Source/Charts/Renderers/BubbleChartRenderer.swift:56:9: error: cannot find 'accessibilityPostLayoutChangedNotification' in scope
54 | // Merge nested ordered arrays into the single accessibleChartElements.
55 | accessibleChartElements.append(contentsOf: accessibilityOrderedElements.flatMap { $0 } )
56 | accessibilityPostLayoutChangedNotification()
| `- error: cannot find 'accessibilityPostLayoutChangedNotification' in scope
57 | }
58 |
/Users/admin/builder/spi-builder-workspace/Source/Charts/Data/Interfaces/ChartDataSetProtocol.swift:210:20: error: cannot find type 'NSUIFont' in scope
208 |
209 | /// the font for the value-text labels
210 | var valueFont: NSUIFont { get set }
| `- error: cannot find type 'NSUIFont' in scope
211 |
212 | /// The rotation angle (in degrees) for value-text labels
/Users/admin/builder/spi-builder-workspace/Source/Charts/Utils/ChartUtils.swift:160:68: error: cannot find type 'TextAlignment' in scope
158 | }
159 |
160 | public func drawText(_ text: String, at point: CGPoint, align: TextAlignment, anchor: CGPoint = CGPoint(x: 0.5, y: 0.5), angleRadians: CGFloat = 0.0, attributes: [NSAttributedString.Key : Any]?)
| `- error: cannot find type 'TextAlignment' in scope
161 | {
162 | let drawPoint = getDrawPoint(text: text, point: point, align: align, attributes: attributes)
/Users/admin/builder/spi-builder-workspace/Source/Charts/Renderers/BubbleChartRenderer.swift:218:46: error: extra argument 'align' in call
216 | at: CGPoint(x: pt.x,
217 | y: pt.y - (0.5 * lineHeight)),
218 | align: .center,
| `- error: extra argument 'align' in call
219 | angleRadians: angleRadians,
220 | attributes: [.font: valueFont,
/Users/admin/builder/spi-builder-workspace/Source/Charts/Renderers/BubbleChartRenderer.swift:218:46: error: cannot infer contextual base in reference to member 'center'
216 | at: CGPoint(x: pt.x,
217 | y: pt.y - (0.5 * lineHeight)),
218 | align: .center,
| `- error: cannot infer contextual base in reference to member 'center'
219 | angleRadians: angleRadians,
220 | attributes: [.font: valueFont,
/Users/admin/builder/spi-builder-workspace/Source/Charts/Data/Implementations/Standard/ChartDataEntryBase.swift:23:26: error: cannot find type 'NSUIImage' in scope
21 |
22 | /// optional icon image
23 | @objc open var icon: NSUIImage?
| `- error: cannot find type 'NSUIImage' in scope
24 |
25 | public override required init()
/Users/admin/builder/spi-builder-workspace/Source/Charts/Utils/ChartUtils.swift:122:36: error: cannot find type 'NSUIImage' in scope
120 | {
121 |
122 | public func drawImage(_ image: NSUIImage, atCenter center: CGPoint, size: CGSize)
| `- error: cannot find type 'NSUIImage' in scope
123 | {
124 | var drawOffset = CGPoint()
/Users/admin/builder/spi-builder-workspace/Source/Charts/Renderers/BubbleChartRenderer.swift:323:34: error: cannot find 'NSUIAccessibilityElement' in scope
321 | let dataSetCount = chart.bubbleData?.dataSetCount ?? 0
322 |
323 | return Array(repeating: [NSUIAccessibilityElement](),
| `- error: cannot find 'NSUIAccessibilityElement' in scope
324 | count: dataSetCount)
325 | }
/Users/admin/builder/spi-builder-workspace/Source/Charts/Renderers/BubbleChartRenderer.swift:323:33: error: cannot call value of non-function type '[Element]'
321 | let dataSetCount = chart.bubbleData?.dataSetCount ?? 0
322 |
323 | return Array(repeating: [NSUIAccessibilityElement](),
| `- error: cannot call value of non-function type '[Element]'
324 | count: dataSetCount)
325 | }
/Users/admin/builder/spi-builder-workspace/Source/Charts/Renderers/BubbleChartRenderer.swift:335:23: error: cannot find 'NSUIAccessibilityElement' in scope
333 | modifier: (NSUIAccessibilityElement) -> ()) -> NSUIAccessibilityElement
334 | {
335 | let element = NSUIAccessibilityElement(accessibilityContainer: container)
| `- error: cannot find 'NSUIAccessibilityElement' in scope
336 | let xAxis = container.xAxis
337 |
/Users/admin/builder/spi-builder-workspace/Source/Charts/Renderers/CandleStickChartRenderer.swift:408:89: error: cannot find type 'NSUIAccessibilityElement' in scope
406 | container: CandleChartDataProvider,
407 | dataSet: CandleChartDataSetProtocol,
408 | modifier: (NSUIAccessibilityElement) -> ()) -> NSUIAccessibilityElement {
| `- error: cannot find type 'NSUIAccessibilityElement' in scope
409 |
410 | let element = NSUIAccessibilityElement(accessibilityContainer: container)
/Users/admin/builder/spi-builder-workspace/Source/Charts/Renderers/CandleStickChartRenderer.swift:408:53: error: cannot find type 'NSUIAccessibilityElement' in scope
406 | container: CandleChartDataProvider,
407 | dataSet: CandleChartDataSetProtocol,
408 | modifier: (NSUIAccessibilityElement) -> ()) -> NSUIAccessibilityElement {
| `- error: cannot find type 'NSUIAccessibilityElement' in scope
409 |
410 | let element = NSUIAccessibilityElement(accessibilityContainer: container)
/Users/admin/builder/spi-builder-workspace/Source/Charts/Renderers/CandleStickChartRenderer.swift:263:9: error: cannot find 'accessibilityPostLayoutChangedNotification' in scope
261 |
262 | // Post this notification to let VoiceOver account for the redrawn frames
263 | accessibilityPostLayoutChangedNotification()
| `- error: cannot find 'accessibilityPostLayoutChangedNotification' in scope
264 |
265 | context.restoreGState()
/Users/admin/builder/spi-builder-workspace/Source/Charts/Renderers/CandleStickChartRenderer.swift:331:50: error: extra argument 'align' in call
329 | at: CGPoint(x: pt.x,
330 | y: pt.y - yOffset),
331 | align: .center,
| `- error: extra argument 'align' in call
332 | angleRadians: angleRadians,
333 | attributes: [.font: valueFont,
/Users/admin/builder/spi-builder-workspace/Source/Charts/Renderers/CandleStickChartRenderer.swift:331:50: error: cannot infer contextual base in reference to member 'center'
329 | at: CGPoint(x: pt.x,
330 | y: pt.y - yOffset),
331 | align: .center,
| `- error: cannot infer contextual base in reference to member 'center'
332 | angleRadians: angleRadians,
333 | attributes: [.font: valueFont,
/Users/admin/builder/spi-builder-workspace/Source/Charts/Renderers/CandleStickChartRenderer.swift:410:23: error: cannot find 'NSUIAccessibilityElement' in scope
408 | modifier: (NSUIAccessibilityElement) -> ()) -> NSUIAccessibilityElement {
409 |
410 | let element = NSUIAccessibilityElement(accessibilityContainer: container)
| `- error: cannot find 'NSUIAccessibilityElement' in scope
411 |
412 | // The modifier allows changing of traits and frame depending on highlight, rotation, etc
/Users/admin/builder/spi-builder-workspace/Source/Charts/Renderers/CombinedChartRenderer.swift:19:48: error: cannot find type 'NSUIAccessibilityElement' in scope
17 | public let viewPortHandler: ViewPortHandler
18 |
19 | public final var accessibleChartElements: [NSUIAccessibilityElement] = []
| `- error: cannot find type 'NSUIAccessibilityElement' in scope
20 |
21 | public let animator: Animator
/Users/admin/builder/spi-builder-workspace/Source/Charts/Renderers/CombinedChartRenderer.swift:23:25: error: property cannot be marked '@objc' because its type cannot be represented in Objective-C
21 | public let animator: Animator
22 |
23 | @objc open weak var chart: CombinedChartView?
| `- error: property cannot be marked '@objc' because its type cannot be represented in Objective-C
24 |
25 | /// if set to true, all values are drawn above their bars, instead of below their top
/Users/admin/builder/spi-builder-workspace/Source/Charts/Renderers/CombinedChartRenderer.swift:35:18: error: initializer cannot be marked '@objc' because the type of the parameter 1 cannot be represented in Objective-C
33 | internal var _drawOrder: [CombinedChartView.DrawOrder] = [.bar, .bubble, .line, .candle, .scatter]
34 |
35 | @objc public init(chart: CombinedChartView, animator: Animator, viewPortHandler: ViewPortHandler)
| | `- note: classes not annotated with '@objc' cannot be represented in Objective-C
| `- error: initializer cannot be marked '@objc' because the type of the parameter 1 cannot be represented in Objective-C
36 | {
37 | self.chart = chart
/Users/admin/builder/spi-builder-workspace/Source/Charts/Renderers/CombinedChartRenderer.swift:198:152: error: cannot find type 'NSUIAccessibilityElement' in scope
196 | }
197 |
198 | public func createAccessibleHeader(usingChart chart: ChartViewBase, andData data: ChartData, withDefaultDescription defaultDescription: String) -> NSUIAccessibilityElement {
| `- error: cannot find type 'NSUIAccessibilityElement' in scope
199 | return AccessibleHeader.create(usingChart: chart, andData: data, withDefaultDescription: defaultDescription)
200 | }
/Users/admin/builder/spi-builder-workspace/Source/Charts/Renderers/DataRenderer.swift:62:97: error: cannot find type 'NSUIAccessibilityElement' in scope
60 | static func create(usingChart chart: ChartViewBase,
61 | andData data: ChartData,
62 | withDefaultDescription defaultDescription: String = "Chart") -> NSUIAccessibilityElement
| `- error: cannot find type 'NSUIAccessibilityElement' in scope
63 | {
64 | let chartDescriptionText = chart.chartDescription.text ?? defaultDescription
/Users/admin/builder/spi-builder-workspace/Source/Charts/Renderers/DataRenderer.swift:54:10: error: instance method cannot be a member of an '@objc' protocol because the type of the parameter 1 cannot be represented in Objective-C
52 | /// - defaultDescription: A simple string describing the type/design of Chart.
53 | /// - Returns: A header ```NSUIAccessibilityElement``` that can be added to accessibleChartElements.
54 | func createAccessibleHeader(usingChart chart: ChartViewBase,
| | `- note: classes not annotated with '@objc' cannot be represented in Objective-C
| |- error: instance method cannot be a member of an '@objc' protocol because the type of the parameter 1 cannot be represented in Objective-C
| `- note: inferring '@objc' because the declaration is a member of an '@objc' protocol
55 | andData data: ChartData,
56 | withDefaultDescription defaultDescription: String) -> NSUIAccessibilityElement
/Users/admin/builder/spi-builder-workspace/Source/Charts/Renderers/DataRenderer.swift:68:23: error: cannot find 'NSUIAccessibilityElement' in scope
66 | let dataSetDescriptionText = dataSetDescriptions.joined(separator: ", ")
67 |
68 | let element = NSUIAccessibilityElement(accessibilityContainer: chart)
| `- error: cannot find 'NSUIAccessibilityElement' in scope
69 | element.accessibilityLabel = chartDescriptionText + ". \(data.count) dataset\(data.count == 1 ? "" : "s"). \(dataSetDescriptionText)"
70 | element.accessibilityFrame = chart.bounds
/Users/admin/builder/spi-builder-workspace/Source/Charts/Renderers/DataRenderer.swift:70:44: error: value of type 'ChartViewBase' has no member 'bounds'
68 | let element = NSUIAccessibilityElement(accessibilityContainer: chart)
69 | element.accessibilityLabel = chartDescriptionText + ". \(data.count) dataset\(data.count == 1 ? "" : "s"). \(dataSetDescriptionText)"
70 | element.accessibilityFrame = chart.bounds
| `- error: value of type 'ChartViewBase' has no member 'bounds'
71 | element.isHeader = true
72 |
/Users/admin/builder/spi-builder-workspace/Source/Charts/Renderers/BarChartRenderer.swift:671:102: error: cannot find type 'NSUIFont' in scope
669 |
670 | /// Draws a value at the specified x and y position.
671 | @objc open func drawValue(context: CGContext, value: String, xPos: CGFloat, yPos: CGFloat, font: NSUIFont, align: TextAlignment, color: NSUIColor, anchor: CGPoint, angleRadians: CGFloat)
| `- error: cannot find type 'NSUIFont' in scope
672 | {
673 | if (angleRadians == 0.0)
/Users/admin/builder/spi-builder-workspace/Source/Charts/Renderers/BarChartRenderer.swift:779:90: error: cannot find type 'NSUIAccessibilityElement' in scope
777 | dataSetIndex: Int,
778 | stackSize: Int,
779 | modifier: (NSUIAccessibilityElement) -> ()) -> NSUIAccessibilityElement
| `- error: cannot find type 'NSUIAccessibilityElement' in scope
780 | {
781 | let element = NSUIAccessibilityElement(accessibilityContainer: container)
/Users/admin/builder/spi-builder-workspace/Source/Charts/Renderers/BarChartRenderer.swift:779:54: error: cannot find type 'NSUIAccessibilityElement' in scope
777 | dataSetIndex: Int,
778 | stackSize: Int,
779 | modifier: (NSUIAccessibilityElement) -> ()) -> NSUIAccessibilityElement
| `- error: cannot find type 'NSUIAccessibilityElement' in scope
780 | {
781 | let element = NSUIAccessibilityElement(accessibilityContainer: container)
/Users/admin/builder/spi-builder-workspace/Source/Charts/Renderers/BarChartRenderer.swift:41:55: error: cannot find type 'NSUIAccessibilityElement' in scope
39 | ///
40 | /// The ````internal```` specifier is to allow subclasses (HorizontalBar) to populate the same array
41 | internal lazy var accessibilityOrderedElements: [[NSUIAccessibilityElement]] = accessibilityCreateEmptyOrderedElements()
| `- error: cannot find type 'NSUIAccessibilityElement' in scope
42 |
43 | private typealias Buffer = [CGRect]
/Users/admin/builder/spi-builder-workspace/Source/Charts/Renderers/HorizontalBarChartRenderer.swift:327:29: error: cannot find 'TextAlignment' in scope
325 | else { return }
326 |
327 | let textAlign = TextAlignment.left
| `- error: cannot find 'TextAlignment' in scope
328 |
329 | let valueOffsetPlus: CGFloat = 5.0
/Users/admin/builder/spi-builder-workspace/Source/Charts/Renderers/BarChartRenderer.swift:671:119: error: cannot find type 'TextAlignment' in scope
669 |
670 | /// Draws a value at the specified x and y position.
671 | @objc open func drawValue(context: CGContext, value: String, xPos: CGFloat, yPos: CGFloat, font: NSUIFont, align: TextAlignment, color: NSUIColor, anchor: CGPoint, angleRadians: CGFloat)
| `- error: cannot find type 'TextAlignment' in scope
672 | {
673 | if (angleRadians == 0.0)
/Users/admin/builder/spi-builder-workspace/Source/Charts/Renderers/LegendRenderer.swift:549:96: error: cannot find type 'NSUIFont' in scope
547 |
548 | /// Draws the provided label at the given position.
549 | @objc open func drawLabel(context: CGContext, x: CGFloat, y: CGFloat, label: String, font: NSUIFont, textColor: NSUIColor)
| `- error: cannot find type 'NSUIFont' in scope
550 | {
551 | context.drawText(label, at: CGPoint(x: x, y: y), align: .left, attributes: [.font: font, .foregroundColor: textColor])
/Users/admin/builder/spi-builder-workspace/Source/Charts/Components/Legend.swift:214:52: error: cannot find type 'NSUIFont' in scope
212 | @objc open var maxSizePercent: CGFloat = 0.95
213 |
214 | @objc open func calculateDimensions(labelFont: NSUIFont, viewPortHandler: ViewPortHandler)
| `- error: cannot find type 'NSUIFont' in scope
215 | {
216 | let maxEntrySize = getMaximumEntrySize(withFont: labelFont)
/Users/admin/builder/spi-builder-workspace/Source/Charts/Components/Legend.swift:108:26: error: cannot find type 'NSUIFont' in scope
106 | @objc open var direction: Direction = Direction.leftToRight
107 |
108 | @objc open var font: NSUIFont = NSUIFont.systemFont(ofSize: 10.0)
| `- error: cannot find type 'NSUIFont' in scope
109 | @objc open var textColor = NSUIColor.labelOrBlack
110 |
/Users/admin/builder/spi-builder-workspace/Source/Charts/Renderers/LegendRenderer.swift:551:66: error: extra argument 'align' in call
549 | @objc open func drawLabel(context: CGContext, x: CGFloat, y: CGFloat, label: String, font: NSUIFont, textColor: NSUIColor)
550 | {
551 | context.drawText(label, at: CGPoint(x: x, y: y), align: .left, attributes: [.font: font, .foregroundColor: textColor])
| `- error: extra argument 'align' in call
552 | }
553 | }
/Users/admin/builder/spi-builder-workspace/Source/Charts/Renderers/LegendRenderer.swift:551:70: error: missing argument for parameter 'angleRadians' in call
549 | @objc open func drawLabel(context: CGContext, x: CGFloat, y: CGFloat, label: String, font: NSUIFont, textColor: NSUIColor)
550 | {
551 | context.drawText(label, at: CGPoint(x: x, y: y), align: .left, attributes: [.font: font, .foregroundColor: textColor])
| `- error: missing argument for parameter 'angleRadians' in call
552 | }
553 | }
/Users/admin/builder/spi-builder-workspace/Source/Charts/Utils/ChartUtils.swift:178:17: note: 'drawText(_:at:anchor:angleRadians:attributes:)' declared here
176 | }
177 |
178 | public func drawText(_ text: String, at point: CGPoint, anchor: CGPoint = CGPoint(x: 0.5, y: 0.5), angleRadians: CGFloat, attributes: [NSAttributedString.Key : Any]?)
| `- note: 'drawText(_:at:anchor:angleRadians:attributes:)' declared here
179 | {
180 | var drawOffset = CGPoint()
/Users/admin/builder/spi-builder-workspace/Source/Charts/Renderers/LegendRenderer.swift:551:66: error: cannot infer contextual base in reference to member 'left'
549 | @objc open func drawLabel(context: CGContext, x: CGFloat, y: CGFloat, label: String, font: NSUIFont, textColor: NSUIColor)
550 | {
551 | context.drawText(label, at: CGPoint(x: x, y: y), align: .left, attributes: [.font: font, .foregroundColor: textColor])
| `- error: cannot infer contextual base in reference to member 'left'
552 | }
553 | }
/Users/admin/builder/spi-builder-workspace/Source/Charts/Renderers/LineChartRenderer.swift:21:54: error: cannot find type 'NSUIAccessibilityElement' in scope
19 | // NOTE: Unlike the other renderers, LineChartRenderer populates accessibleChartElements in drawCircles due to the nature of its drawing options.
20 | /// A nested array of elements ordered logically (i.e not in visual/drawing order) for use with VoiceOver.
21 | private lazy var accessibilityOrderedElements: [[NSUIAccessibilityElement]] = accessibilityCreateEmptyOrderedElements()
| `- error: cannot find type 'NSUIAccessibilityElement' in scope
22 |
23 | @objc open weak var dataProvider: LineChartDataProvider?
/Users/admin/builder/spi-builder-workspace/Source/Charts/Renderers/LineChartRenderer.swift:865:65: error: cannot find type 'NSUIAccessibilityElement' in scope
863 | /// Creates a nested array of empty subarrays each of which will be populated with NSUIAccessibilityElements.
864 | /// This is marked internal to support HorizontalBarChartRenderer as well.
865 | private func accessibilityCreateEmptyOrderedElements() -> [[NSUIAccessibilityElement]]
| `- error: cannot find type 'NSUIAccessibilityElement' in scope
866 | {
867 | guard let chart = dataProvider as? LineChartView else { return [] }
/Users/admin/builder/spi-builder-workspace/Source/Charts/Renderers/LineChartRenderer.swift:882:89: error: cannot find type 'NSUIAccessibilityElement' in scope
880 | dataSet: LineChartDataSetProtocol,
881 | dataSetIndex: Int,
882 | modifier: (NSUIAccessibilityElement) -> ()) -> NSUIAccessibilityElement
| `- error: cannot find type 'NSUIAccessibilityElement' in scope
883 | {
884 | let element = NSUIAccessibilityElement(accessibilityContainer: container)
/Users/admin/builder/spi-builder-workspace/Source/Charts/Renderers/LineChartRenderer.swift:882:53: error: cannot find type 'NSUIAccessibilityElement' in scope
880 | dataSet: LineChartDataSetProtocol,
881 | dataSetIndex: Int,
882 | modifier: (NSUIAccessibilityElement) -> ()) -> NSUIAccessibilityElement
| `- error: cannot find type 'NSUIAccessibilityElement' in scope
883 | {
884 | let element = NSUIAccessibilityElement(accessibilityContainer: container)
/Users/admin/builder/spi-builder-workspace/Source/Charts/Renderers/LineChartRenderer.swift:584:50: error: extra argument 'align' in call
582 | at: CGPoint(x: pt.x,
583 | y: pt.y - CGFloat(valOffset) - valueFont.lineHeight),
584 | align: .center,
| `- error: extra argument 'align' in call
585 | angleRadians: angleRadians,
586 | attributes: [.font: valueFont,
/Users/admin/builder/spi-builder-workspace/Source/Charts/Renderers/LineChartRenderer.swift:584:50: error: cannot infer contextual base in reference to member 'center'
582 | at: CGPoint(x: pt.x,
583 | y: pt.y - CGFloat(valOffset) - valueFont.lineHeight),
584 | align: .center,
| `- error: cannot infer contextual base in reference to member 'center'
585 | angleRadians: angleRadians,
586 | attributes: [.font: valueFont,
/Users/admin/builder/spi-builder-workspace/Source/Charts/Renderers/LineChartRenderer.swift:747:9: error: cannot find 'accessibilityPostLayoutChangedNotification' in scope
745 | // Merge nested ordered arrays into the single accessibleChartElements.
746 | accessibleChartElements.append(contentsOf: accessibilityOrderedElements.flatMap { $0 } )
747 | accessibilityPostLayoutChangedNotification()
| `- error: cannot find 'accessibilityPostLayoutChangedNotification' in scope
748 | }
749 |
/Users/admin/builder/spi-builder-workspace/Source/Charts/Renderers/LineChartRenderer.swift:830:48: error: value of type 'NSUIColor' (aka 'UIColor') has no member 'nsuirgba'
828 | .reversed()
829 | .reduce(into: []) { (components, color) in
830 | guard let (r, g, b, a) = color.nsuirgba else {
| `- error: value of type 'NSUIColor' (aka 'UIColor') has no member 'nsuirgba'
831 | return
832 | }
/Users/admin/builder/spi-builder-workspace/Source/Charts/Renderers/LineChartRenderer.swift:871:34: error: cannot find 'NSUIAccessibilityElement' in scope
869 | let dataSetCount = chart.lineData?.dataSetCount ?? 0
870 |
871 | return Array(repeating: [NSUIAccessibilityElement](),
| `- error: cannot find 'NSUIAccessibilityElement' in scope
872 | count: dataSetCount)
873 | }
/Users/admin/builder/spi-builder-workspace/Source/Charts/Renderers/LineChartRenderer.swift:871:33: error: cannot call value of non-function type '[Element]'
869 | let dataSetCount = chart.lineData?.dataSetCount ?? 0
870 |
871 | return Array(repeating: [NSUIAccessibilityElement](),
| `- error: cannot call value of non-function type '[Element]'
872 | count: dataSetCount)
873 | }
/Users/admin/builder/spi-builder-workspace/Source/Charts/Renderers/LineChartRenderer.swift:884:23: error: cannot find 'NSUIAccessibilityElement' in scope
882 | modifier: (NSUIAccessibilityElement) -> ()) -> NSUIAccessibilityElement
883 | {
884 | let element = NSUIAccessibilityElement(accessibilityContainer: container)
| `- error: cannot find 'NSUIAccessibilityElement' in scope
885 | let xAxis = container.xAxis
886 |
/Users/admin/builder/spi-builder-workspace/Source/Charts/Renderers/PieChartRenderer.swift:24:48: error: cannot find type 'NSUIAccessibilityElement' in scope
22 | public let viewPortHandler: ViewPortHandler
23 |
24 | public final var accessibleChartElements: [NSUIAccessibilityElement] = []
| `- error: cannot find type 'NSUIAccessibilityElement' in scope
25 |
26 | public let animator: Animator
/Users/admin/builder/spi-builder-workspace/Source/Charts/Renderers/PieChartRenderer.swift:28:25: error: property cannot be marked '@objc' because its type cannot be represented in Objective-C
26 | public let animator: Animator
27 |
28 | @objc open weak var chart: PieChartView?
| `- error: property cannot be marked '@objc' because its type cannot be represented in Objective-C
29 |
30 | @objc public init(chart: PieChartView, animator: Animator, viewPortHandler: ViewPortHandler)
/Users/admin/builder/spi-builder-workspace/Source/Charts/Renderers/PieChartRenderer.swift:30:18: error: initializer cannot be marked '@objc' because the type of the parameter 1 cannot be represented in Objective-C
28 | @objc open weak var chart: PieChartView?
29 |
30 | @objc public init(chart: PieChartView, animator: Animator, viewPortHandler: ViewPortHandler)
| | `- note: classes not annotated with '@objc' cannot be represented in Objective-C
| `- error: initializer cannot be marked '@objc' because the type of the parameter 1 cannot be represented in Objective-C
31 | {
32 | self.viewPortHandler = viewPortHandler
/Users/admin/builder/spi-builder-workspace/Source/Charts/Renderers/PieChartRenderer.swift:896:89: error: cannot find type 'NSUIAccessibilityElement' in scope
894 | container: PieChartView,
895 | dataSet: PieChartDataSetProtocol,
896 | modifier: (NSUIAccessibilityElement) -> ()) -> NSUIAccessibilityElement {
| `- error: cannot find type 'NSUIAccessibilityElement' in scope
897 |
898 | let element = NSUIAccessibilityElement(accessibilityContainer: container)
/Users/admin/builder/spi-builder-workspace/Source/Charts/Renderers/PieChartRenderer.swift:896:53: error: cannot find type 'NSUIAccessibilityElement' in scope
894 | container: PieChartView,
895 | dataSet: PieChartDataSetProtocol,
896 | modifier: (NSUIAccessibilityElement) -> ()) -> NSUIAccessibilityElement {
| `- error: cannot find type 'NSUIAccessibilityElement' in scope
897 |
898 | let element = NSUIAccessibilityElement(accessibilityContainer: container)
/Users/admin/builder/spi-builder-workspace/Source/Charts/Renderers/PieChartRenderer.swift:934:152: error: cannot find type 'NSUIAccessibilityElement' in scope
932 | }
933 |
934 | public func createAccessibleHeader(usingChart chart: ChartViewBase, andData data: ChartData, withDefaultDescription defaultDescription: String) -> NSUIAccessibilityElement {
| `- error: cannot find type 'NSUIAccessibilityElement' in scope
935 | return AccessibleHeader.create(usingChart: chart, andData: data, withDefaultDescription: defaultDescription)
936 | }
/Users/admin/builder/spi-builder-workspace/Source/Charts/Renderers/PieChartRenderer.swift:154:19: error: cannot find 'NSUIAccessibilityElement' in scope
152 |
153 | let
154 | element = NSUIAccessibilityElement(accessibilityContainer: chart)
| `- error: cannot find 'NSUIAccessibilityElement' in scope
155 | element.accessibilityLabel = description + ". \(entryCount) \(prefix + (entryCount == 1 ? "" : "s"))"
156 | element.accessibilityFrame = chart.bounds
/Users/admin/builder/spi-builder-workspace/Source/Charts/Renderers/PieChartRenderer.swift:156:44: error: value of type 'PieChartView' has no member 'bounds'
154 | element = NSUIAccessibilityElement(accessibilityContainer: chart)
155 | element.accessibilityLabel = description + ". \(entryCount) \(prefix + (entryCount == 1 ? "" : "s"))"
156 | element.accessibilityFrame = chart.bounds
| `- error: value of type 'PieChartView' has no member 'bounds'
157 | element.isHeader = true
158 | accessibleChartElements.append(element)
/Users/admin/builder/spi-builder-workspace/Source/Charts/Renderers/PieChartRenderer.swift:292:9: error: cannot find 'accessibilityPostLayoutChangedNotification' in scope
290 |
291 | // Post this notification to let VoiceOver account for the redrawn frames
292 | accessibilityPostLayoutChangedNotification()
| `- error: cannot find 'accessibilityPostLayoutChangedNotification' in scope
293 |
294 | context.restoreGState()
/Users/admin/builder/spi-builder-workspace/Source/Charts/Data/Interfaces/PieChartDataSetProtocol.swift:56:25: error: cannot find type 'NSUIFont' in scope
54 |
55 | /// the font for the slice-text labels
56 | var entryLabelFont: NSUIFont? { get set }
| `- error: cannot find type 'NSUIFont' in scope
57 |
58 | /// the color for the slice-text labels
/Users/admin/builder/spi-builder-workspace/Source/Charts/Renderers/PieChartRenderer.swift:411:32: error: cannot find type 'TextAlignment' in scope
409 | var pt2: CGPoint
410 | var labelPoint: CGPoint
411 | var align: TextAlignment
| `- error: cannot find type 'TextAlignment' in scope
412 |
413 | var line1Radius: CGFloat
/Users/admin/builder/spi-builder-workspace/Source/Charts/Renderers/PieChartRenderer.swift:476:49: error: extra argument 'align' in call
474 | context.drawText(valueText,
475 | at: labelPoint,
476 | align: align,
| `- error: extra argument 'align' in call
477 | angleRadians: angleRadians,
478 | attributes: [.font: valueFont,
SwiftCompile normal arm64_32 /Users/admin/builder/spi-builder-workspace/Source/Charts/Renderers/BubbleChartRenderer.swift (in target 'DGCharts' from project 'DGCharts')
cd /Users/admin/builder/spi-builder-workspace/.swiftpm/xcode
builtin-SwiftPerFileCompile BubbleChartRenderer.swift
SwiftCompile normal arm64_32 /Users/admin/builder/spi-builder-workspace/Source/Charts/Renderers/CandleStickChartRenderer.swift (in target 'DGCharts' from project 'DGCharts')
cd /Users/admin/builder/spi-builder-workspace/.swiftpm/xcode
builtin-SwiftPerFileCompile CandleStickChartRenderer.swift
SwiftCompile normal arm64_32 /Users/admin/builder/spi-builder-workspace/Source/Charts/Renderers/CombinedChartRenderer.swift (in target 'DGCharts' from project 'DGCharts')
cd /Users/admin/builder/spi-builder-workspace/.swiftpm/xcode
builtin-SwiftPerFileCompile CombinedChartRenderer.swift
SwiftCompile normal arm64_32 /Users/admin/builder/spi-builder-workspace/Source/Charts/Renderers/DataRenderer.swift (in target 'DGCharts' from project 'DGCharts')
cd /Users/admin/builder/spi-builder-workspace/.swiftpm/xcode
builtin-SwiftPerFileCompile DataRenderer.swift
SwiftCompile normal arm64_32 /Users/admin/builder/spi-builder-workspace/Source/Charts/Renderers/HorizontalBarChartRenderer.swift (in target 'DGCharts' from project 'DGCharts')
cd /Users/admin/builder/spi-builder-workspace/.swiftpm/xcode
builtin-SwiftPerFileCompile HorizontalBarChartRenderer.swift
SwiftCompile normal arm64_32 /Users/admin/builder/spi-builder-workspace/Source/Charts/Renderers/LegendRenderer.swift (in target 'DGCharts' from project 'DGCharts')
cd /Users/admin/builder/spi-builder-workspace/.swiftpm/xcode
builtin-SwiftPerFileCompile LegendRenderer.swift
SwiftCompile normal arm64_32 /Users/admin/builder/spi-builder-workspace/Source/Charts/Renderers/LineChartRenderer.swift (in target 'DGCharts' from project 'DGCharts')
cd /Users/admin/builder/spi-builder-workspace/.swiftpm/xcode
builtin-SwiftPerFileCompile LineChartRenderer.swift
SwiftCompile normal arm64_32 /Users/admin/builder/spi-builder-workspace/Source/Charts/Renderers/LineRadarRenderer.swift (in target 'DGCharts' from project 'DGCharts')
cd /Users/admin/builder/spi-builder-workspace/.swiftpm/xcode
builtin-SwiftPerFileCompile LineRadarRenderer.swift
SwiftCompile normal arm64_32 /Users/admin/builder/spi-builder-workspace/Source/Charts/Renderers/LineScatterCandleRadarRenderer.swift (in target 'DGCharts' from project 'DGCharts')
cd /Users/admin/builder/spi-builder-workspace/.swiftpm/xcode
builtin-SwiftPerFileCompile LineScatterCandleRadarRenderer.swift
SwiftCompile normal arm64_32 /Users/admin/builder/spi-builder-workspace/Source/Charts/Renderers/PieChartRenderer.swift (in target 'DGCharts' from project 'DGCharts')
cd /Users/admin/builder/spi-builder-workspace/.swiftpm/xcode
builtin-SwiftPerFileCompile PieChartRenderer.swift
SwiftCompile normal arm64_32 /Users/admin/builder/spi-builder-workspace/Source/Charts/Renderers/RadarChartRenderer.swift (in target 'DGCharts' from project 'DGCharts')
cd /Users/admin/builder/spi-builder-workspace/.swiftpm/xcode
builtin-SwiftPerFileCompile RadarChartRenderer.swift
SwiftCompile normal arm64_32 /Users/admin/builder/spi-builder-workspace/Source/Charts/Renderers/Renderer.swift (in target 'DGCharts' from project 'DGCharts')
cd /Users/admin/builder/spi-builder-workspace/.swiftpm/xcode
builtin-SwiftPerFileCompile Renderer.swift
SwiftCompile normal arm64_32 /Users/admin/builder/spi-builder-workspace/Source/Charts/Renderers/Scatter/ChevronDownShapeRenderer.swift (in target 'DGCharts' from project 'DGCharts')
cd /Users/admin/builder/spi-builder-workspace/.swiftpm/xcode
builtin-SwiftPerFileCompile ChevronDownShapeRenderer.swift
SwiftCompile normal arm64_32 /Users/admin/builder/spi-builder-workspace/Source/Charts/Renderers/Scatter/ChevronUpShapeRenderer.swift (in target 'DGCharts' from project 'DGCharts')
cd /Users/admin/builder/spi-builder-workspace/.swiftpm/xcode
builtin-SwiftPerFileCompile ChevronUpShapeRenderer.swift
/Users/admin/builder/spi-builder-workspace/Source/Charts/Renderers/PieChartRenderer.swift:486:53: error: extra argument 'align' in call
484 | at: CGPoint(x: labelPoint.x,
485 | y: labelPoint.y + lineHeight),
486 | align: align,
| `- error: extra argument 'align' in call
487 | angleRadians: angleRadians,
488 | attributes: [.font: entryLabelFont ?? valueFont,
/Users/admin/builder/spi-builder-workspace/Source/Charts/Renderers/PieChartRenderer.swift:499:53: error: extra argument 'align' in call
497 | at: CGPoint(x: labelPoint.x,
498 | y: labelPoint.y + lineHeight / 2.0),
499 | align: align,
| `- error: extra argument 'align' in call
500 | angleRadians: angleRadians,
501 | attributes: [.font: entryLabelFont ?? valueFont,
SwiftCompile normal arm64_32 Compiling\ LineChartDataSetProtocol.swift,\ LineRadarChartDataSetProtocol.swift,\ LineScatterCandleRadarChartDataSetProtocol.swift,\ PieChartDataSetProtocol.swift,\ RadarChartDataSetProtocol.swift,\ ScatterChartDataSetProtocol.swift,\ DataApproximator+N.swift,\ DataApproximator.swift,\ AxisValueFormatter.swift,\ DefaultAxisValueFormatter.swift,\ DefaultFillFormatter.swift,\ DefaultValueFormatter.swift,\ FillFormatter.swift,\ IndexAxisValueFormatter.swift /Users/admin/builder/spi-builder-workspace/Source/Charts/Data/Interfaces/LineChartDataSetProtocol.swift /Users/admin/builder/spi-builder-workspace/Source/Charts/Data/Interfaces/LineRadarChartDataSetProtocol.swift /Users/admin/builder/spi-builder-workspace/Source/Charts/Data/Interfaces/LineScatterCandleRadarChartDataSetProtocol.swift /Users/admin/builder/spi-builder-workspace/Source/Charts/Data/Interfaces/PieChartDataSetProtocol.swift /Users/admin/builder/spi-builder-workspace/Source/Charts/Data/Interfaces/RadarChartDataSetProtocol.swift /Users/admin/builder/spi-builder-workspace/Source/Charts/Data/Interfaces/ScatterChartDataSetProtocol.swift /Users/admin/builder/spi-builder-workspace/Source/Charts/Filters/DataApproximator+N.swift /Users/admin/builder/spi-builder-workspace/Source/Charts/Filters/DataApproximator.swift /Users/admin/builder/spi-builder-workspace/Source/Charts/Formatters/AxisValueFormatter.swift /Users/admin/builder/spi-builder-workspace/Source/Charts/Formatters/DefaultAxisValueFormatter.swift /Users/admin/builder/spi-builder-workspace/Source/Charts/Formatters/DefaultFillFormatter.swift /Users/admin/builder/spi-builder-workspace/Source/Charts/Formatters/DefaultValueFormatter.swift /Users/admin/builder/spi-builder-workspace/Source/Charts/Formatters/FillFormatter.swift /Users/admin/builder/spi-builder-workspace/Source/Charts/Formatters/IndexAxisValueFormatter.swift (in target 'DGCharts' from project 'DGCharts')
SwiftCompile normal arm64_32 /Users/admin/builder/spi-builder-workspace/Source/Charts/Data/Interfaces/LineChartDataSetProtocol.swift (in target 'DGCharts' from project 'DGCharts')
cd /Users/admin/builder/spi-builder-workspace/.swiftpm/xcode
builtin-SwiftPerFileCompile LineChartDataSetProtocol.swift
SwiftCompile normal arm64_32 /Users/admin/builder/spi-builder-workspace/Source/Charts/Data/Interfaces/LineRadarChartDataSetProtocol.swift (in target 'DGCharts' from project 'DGCharts')
cd /Users/admin/builder/spi-builder-workspace/.swiftpm/xcode
builtin-SwiftPerFileCompile LineRadarChartDataSetProtocol.swift
SwiftCompile normal arm64_32 /Users/admin/builder/spi-builder-workspace/Source/Charts/Data/Interfaces/LineScatterCandleRadarChartDataSetProtocol.swift (in target 'DGCharts' from project 'DGCharts')
cd /Users/admin/builder/spi-builder-workspace/.swiftpm/xcode
builtin-SwiftPerFileCompile LineScatterCandleRadarChartDataSetProtocol.swift
SwiftCompile normal arm64_32 /Users/admin/builder/spi-builder-workspace/Source/Charts/Data/Interfaces/PieChartDataSetProtocol.swift (in target 'DGCharts' from project 'DGCharts')
cd /Users/admin/builder/spi-builder-workspace/.swiftpm/xcode
builtin-SwiftPerFileCompile PieChartDataSetProtocol.swift
SwiftCompile normal arm64_32 /Users/admin/builder/spi-builder-workspace/Source/Charts/Data/Interfaces/RadarChartDataSetProtocol.swift (in target 'DGCharts' from project 'DGCharts')
cd /Users/admin/builder/spi-builder-workspace/.swiftpm/xcode
builtin-SwiftPerFileCompile RadarChartDataSetProtocol.swift
SwiftCompile normal arm64_32 /Users/admin/builder/spi-builder-workspace/Source/Charts/Data/Interfaces/ScatterChartDataSetProtocol.swift (in target 'DGCharts' from project 'DGCharts')
cd /Users/admin/builder/spi-builder-workspace/.swiftpm/xcode
builtin-SwiftPerFileCompile ScatterChartDataSetProtocol.swift
SwiftCompile normal arm64_32 /Users/admin/builder/spi-builder-workspace/Source/Charts/Filters/DataApproximator+N.swift (in target 'DGCharts' from project 'DGCharts')
cd /Users/admin/builder/spi-builder-workspace/.swiftpm/xcode
builtin-SwiftPerFileCompile DataApproximator+N.swift
SwiftCompile normal arm64_32 /Users/admin/builder/spi-builder-workspace/Source/Charts/Filters/DataApproximator.swift (in target 'DGCharts' from project 'DGCharts')
cd /Users/admin/builder/spi-builder-workspace/.swiftpm/xcode
builtin-SwiftPerFileCompile DataApproximator.swift
SwiftCompile normal arm64_32 /Users/admin/builder/spi-builder-workspace/Source/Charts/Formatters/AxisValueFormatter.swift (in target 'DGCharts' from project 'DGCharts')
cd /Users/admin/builder/spi-builder-workspace/.swiftpm/xcode
builtin-SwiftPerFileCompile AxisValueFormatter.swift
SwiftCompile normal arm64_32 /Users/admin/builder/spi-builder-workspace/Source/Charts/Formatters/DefaultAxisValueFormatter.swift (in target 'DGCharts' from project 'DGCharts')
cd /Users/admin/builder/spi-builder-workspace/.swiftpm/xcode
builtin-SwiftPerFileCompile DefaultAxisValueFormatter.swift
SwiftCompile normal arm64_32 /Users/admin/builder/spi-builder-workspace/Source/Charts/Formatters/DefaultFillFormatter.swift (in target 'DGCharts' from project 'DGCharts')
cd /Users/admin/builder/spi-builder-workspace/.swiftpm/xcode
builtin-SwiftPerFileCompile DefaultFillFormatter.swift
SwiftCompile normal arm64_32 /Users/admin/builder/spi-builder-workspace/Source/Charts/Formatters/DefaultValueFormatter.swift (in target 'DGCharts' from project 'DGCharts')
cd /Users/admin/builder/spi-builder-workspace/.swiftpm/xcode
builtin-SwiftPerFileCompile DefaultValueFormatter.swift
SwiftCompile normal arm64_32 /Users/admin/builder/spi-builder-workspace/Source/Charts/Formatters/FillFormatter.swift (in target 'DGCharts' from project 'DGCharts')
cd /Users/admin/builder/spi-builder-workspace/.swiftpm/xcode
builtin-SwiftPerFileCompile FillFormatter.swift
SwiftCompile normal arm64_32 /Users/admin/builder/spi-builder-workspace/Source/Charts/Formatters/IndexAxisValueFormatter.swift (in target 'DGCharts' from project 'DGCharts')
cd /Users/admin/builder/spi-builder-workspace/.swiftpm/xcode
builtin-SwiftPerFileCompile IndexAxisValueFormatter.swift
SwiftCompile normal arm64_32 Compiling\ CandleChartDataProvider.swift,\ ChartDataProvider.swift,\ CombinedChartDataProvider.swift,\ LineChartDataProvider.swift,\ ScatterChartDataProvider.swift,\ AnimatedMoveViewJob.swift,\ AnimatedViewPortJob.swift,\ AnimatedZoomViewJob.swift,\ MoveViewJob.swift,\ ViewPortJob.swift,\ ZoomViewJob.swift,\ AxisRenderer.swift,\ BarChartRenderer.swift,\ BarLineScatterCandleBubbleRenderer.swift /Users/admin/builder/spi-builder-workspace/Source/Charts/Interfaces/CandleChartDataProvider.swift /Users/admin/builder/spi-builder-workspace/Source/Charts/Interfaces/ChartDataProvider.swift /Users/admin/builder/spi-builder-workspace/Source/Charts/Interfaces/CombinedChartDataProvider.swift /Users/admin/builder/spi-builder-workspace/Source/Charts/Interfaces/LineChartDataProvider.swift /Users/admin/builder/spi-builder-workspace/Source/Charts/Interfaces/ScatterChartDataProvider.swift /Users/admin/builder/spi-builder-workspace/Source/Charts/Jobs/AnimatedMoveViewJob.swift /Users/admin/builder/spi-builder-workspace/Source/Charts/Jobs/AnimatedViewPortJob.swift /Users/admin/builder/spi-builder-workspace/Source/Charts/Jobs/AnimatedZoomViewJob.swift /Users/admin/builder/spi-builder-workspace/Source/Charts/Jobs/MoveViewJob.swift /Users/admin/builder/spi-builder-workspace/Source/Charts/Jobs/ViewPortJob.swift /Users/admin/builder/spi-builder-workspace/Source/Charts/Jobs/ZoomViewJob.swift /Users/admin/builder/spi-builder-workspace/Source/Charts/Renderers/AxisRenderer.swift /Users/admin/builder/spi-builder-workspace/Source/Charts/Renderers/BarChartRenderer.swift /Users/admin/builder/spi-builder-workspace/Source/Charts/Renderers/BarLineScatterCandleBubbleRenderer.swift (in target 'DGCharts' from project 'DGCharts')
/Users/admin/builder/spi-builder-workspace/Source/Charts/Jobs/ViewPortJob.swift:26:18: error: initializer cannot be marked '@objc' because the type of the parameter 5 cannot be represented in Objective-C
24 | internal unowned var view: ChartViewBase
25 |
26 | @objc public init(
| `- error: initializer cannot be marked '@objc' because the type of the parameter 5 cannot be represented in Objective-C
27 | viewPortHandler: ViewPortHandler,
28 | xValue: Double,
29 | yValue: Double,
30 | transformer: Transformer,
31 | view: ChartViewBase)
| `- note: classes not annotated with '@objc' cannot be represented in Objective-C
32 | {
33 | self.viewPortHandler = viewPortHandler
/Users/admin/builder/spi-builder-workspace/Source/Charts/Jobs/AnimatedViewPortJob.swift:29:18: error: initializer cannot be marked '@objc' because the type of the parameter 5 cannot be represented in Objective-C
27 | private var _easing: ChartEasingFunctionBlock?
28 |
29 | @objc public init(
| `- error: initializer cannot be marked '@objc' because the type of the parameter 5 cannot be represented in Objective-C
30 | viewPortHandler: ViewPortHandler,
31 | xValue: Double,
32 | yValue: Double,
33 | transformer: Transformer,
34 | view: ChartViewBase,
| `- note: classes not annotated with '@objc' cannot be represented in Objective-C
35 | xOrigin: CGFloat,
36 | yOrigin: CGFloat,
/Users/admin/builder/spi-builder-workspace/Source/Charts/Jobs/AnimatedViewPortJob.swift:23:31: error: cannot find type 'NSUIDisplayLink' in scope
21 |
22 | private var _startTime: TimeInterval = 0.0
23 | private var _displayLink: NSUIDisplayLink!
| `- error: cannot find type 'NSUIDisplayLink' in scope
24 | private var _duration: TimeInterval = 0.0
25 | private var _endTime: TimeInterval = 0.0
/Users/admin/builder/spi-builder-workspace/Source/Charts/Jobs/AnimatedViewPortJob.swift:64:22: error: 'CACurrentMediaTime()' is unavailable in watchOS
62 | @objc open func start()
63 | {
64 | _startTime = CACurrentMediaTime()
| `- error: 'CACurrentMediaTime()' is unavailable in watchOS
65 | _endTime = _startTime + _duration
66 | _endTime = _endTime > _endTime ? _endTime : _endTime
/Applications/Xcode-27.0.0-Release.Candidate.app/Contents/Developer/Platforms/WatchOS.platform/Developer/SDKs/WatchOS27.0.sdk/System/Library/Frameworks/QuartzCore.framework/Headers/CABase.h:127:26: note: 'CACurrentMediaTime()' has been explicitly marked unavailable here
125 | * calling mach_absolute_time () and converting the units to seconds. */
126 |
127 | CA_EXTERN CFTimeInterval CACurrentMediaTime (void)
| `- note: 'CACurrentMediaTime()' has been explicitly marked unavailable here
128 | API_AVAILABLE(macos(10.5), ios(2.0)) API_UNAVAILABLE(watchos);
129 |
/Users/admin/builder/spi-builder-workspace/Source/Charts/Jobs/AnimatedViewPortJob.swift:70:24: error: cannot find 'NSUIDisplayLink' in scope
68 | updateAnimationPhase(_startTime)
69 |
70 | _displayLink = NSUIDisplayLink(target: self, selector: #selector(animationLoop))
| `- error: cannot find 'NSUIDisplayLink' in scope
71 | _displayLink.add(to: .main, forMode: RunLoop.Mode.common)
72 | }
/Users/admin/builder/spi-builder-workspace/Source/Charts/Jobs/AnimatedViewPortJob.swift:106:41: error: 'CACurrentMediaTime()' is unavailable in watchOS
104 | @objc private func animationLoop()
105 | {
106 | let currentTime: TimeInterval = CACurrentMediaTime()
| `- error: 'CACurrentMediaTime()' is unavailable in watchOS
107 |
108 | updateAnimationPhase(currentTime)
/Applications/Xcode-27.0.0-Release.Candidate.app/Contents/Developer/Platforms/WatchOS.platform/Developer/SDKs/WatchOS27.0.sdk/System/Library/Frameworks/QuartzCore.framework/Headers/CABase.h:127:26: note: 'CACurrentMediaTime()' has been explicitly marked unavailable here
125 | * calling mach_absolute_time () and converting the units to seconds. */
126 |
127 | CA_EXTERN CFTimeInterval CACurrentMediaTime (void)
| `- note: 'CACurrentMediaTime()' has been explicitly marked unavailable here
128 | API_AVAILABLE(macos(10.5), ios(2.0)) API_UNAVAILABLE(watchos);
129 |
/Users/admin/builder/spi-builder-workspace/Source/Charts/Jobs/AnimatedZoomViewJob.swift:26:18: error: initializer cannot be marked '@objc' because the type of the parameter 3 cannot be represented in Objective-C
24 | internal var zoomCenterY: CGFloat = 0.0
25 |
26 | @objc public init(
| `- error: initializer cannot be marked '@objc' because the type of the parameter 3 cannot be represented in Objective-C
27 | viewPortHandler: ViewPortHandler,
28 | transformer: Transformer,
29 | view: ChartViewBase,
| `- note: classes not annotated with '@objc' cannot be represented in Objective-C
30 | yAxis: YAxis,
31 | xAxisRange: Double,
/Users/admin/builder/spi-builder-workspace/Source/Charts/Jobs/AnimatedZoomViewJob.swift:88:14: error: value of type 'ChartViewBase' has no member 'setNeedsDisplay'
86 | {
87 | (view as? BarLineChartViewBase)?.calculateOffsets()
88 | view.setNeedsDisplay()
| `- error: value of type 'ChartViewBase' has no member 'setNeedsDisplay'
89 | }
90 | }
/Users/admin/builder/spi-builder-workspace/Source/Charts/Utils/ViewPortHandler.swift:226:21: error: instance method cannot be marked '@objc' because the type of the parameter 2 cannot be represented in Objective-C
224 | /// Centering the viewport outside the bounds of the chart is not possible.
225 | /// Makes most sense in combination with the setScaleMinima(...) method.
226 | @objc open func centerViewPort(pt: CGPoint, chart: ChartViewBase)
| | `- note: classes not annotated with '@objc' cannot be represented in Objective-C
| `- error: instance method cannot be marked '@objc' because the type of the parameter 2 cannot be represented in Objective-C
227 | {
228 | let translateX = pt.x - offsetLeft
/Users/admin/builder/spi-builder-workspace/Source/Charts/Jobs/ZoomViewJob.swift:22:18: error: initializer cannot be marked '@objc' because the type of the parameter 8 cannot be represented in Objective-C
20 | internal var axisDependency: YAxis.AxisDependency = .left
21 |
22 | @objc public init(
| `- error: initializer cannot be marked '@objc' because the type of the parameter 8 cannot be represented in Objective-C
23 | viewPortHandler: ViewPortHandler,
24 | scaleX: CGFloat,
:
28 | transformer: Transformer,
29 | axis: YAxis.AxisDependency,
30 | view: ChartViewBase)
| `- note: classes not annotated with '@objc' cannot be represented in Objective-C
31 | {
32 | self.scaleX = scaleX
/Users/admin/builder/spi-builder-workspace/Source/Charts/Jobs/ZoomViewJob.swift:64:14: error: value of type 'ChartViewBase' has no member 'setNeedsDisplay'
62 |
63 | (view as! BarLineChartViewBase).calculateOffsets()
64 | view.setNeedsDisplay()
| `- error: value of type 'ChartViewBase' has no member 'setNeedsDisplay'
65 | }
66 | }
/Users/admin/builder/spi-builder-workspace/Source/Charts/Utils/ViewPortHandler.swift:236:40: error: instance method cannot be marked '@objc' because the type of the parameter 2 cannot be represented in Objective-C
234 |
235 | /// call this method to refresh the graph with a given matrix
236 | @objc @discardableResult open func refresh(newMatrix: CGAffineTransform, chart: ChartViewBase, invalidate: Bool) -> CGAffineTransform
| | `- note: classes not annotated with '@objc' cannot be represented in Objective-C
| `- error: instance method cannot be marked '@objc' because the type of the parameter 2 cannot be represented in Objective-C
237 | {
238 | touchMatrix = newMatrix
/Users/admin/builder/spi-builder-workspace/Source/Charts/Renderers/BarChartRenderer.swift:41:55: error: cannot find type 'NSUIAccessibilityElement' in scope
39 | ///
40 | /// The ````internal```` specifier is to allow subclasses (HorizontalBar) to populate the same array
41 | internal lazy var accessibilityOrderedElements: [[NSUIAccessibilityElement]] = accessibilityCreateEmptyOrderedElements()
| `- error: cannot find type 'NSUIAccessibilityElement' in scope
42 |
43 | private typealias Buffer = [CGRect]
/Users/admin/builder/spi-builder-workspace/Source/Charts/Renderers/BarChartRenderer.swift:760:66: error: cannot find type 'NSUIAccessibilityElement' in scope
758 | /// Creates a nested array of empty subarrays each of which will be populated with NSUIAccessibilityElements.
759 | /// This is marked internal to support HorizontalBarChartRenderer as well.
760 | internal func accessibilityCreateEmptyOrderedElements() -> [[NSUIAccessibilityElement]]
| `- error: cannot find type 'NSUIAccessibilityElement' in scope
761 | {
762 | guard let chart = dataProvider as? BarChartView else { return [] }
/Users/admin/builder/spi-builder-workspace/Source/Charts/Renderers/BarChartRenderer.swift:671:102: error: cannot find type 'NSUIFont' in scope
669 |
670 | /// Draws a value at the specified x and y position.
671 | @objc open func drawValue(context: CGContext, value: String, xPos: CGFloat, yPos: CGFloat, font: NSUIFont, align: TextAlignment, color: NSUIColor, anchor: CGPoint, angleRadians: CGFloat)
| `- error: cannot find type 'NSUIFont' in scope
672 | {
673 | if (angleRadians == 0.0)
/Users/admin/builder/spi-builder-workspace/Source/Charts/Renderers/BarChartRenderer.swift:671:119: error: cannot find type 'TextAlignment' in scope
669 |
670 | /// Draws a value at the specified x and y position.
671 | @objc open func drawValue(context: CGContext, value: String, xPos: CGFloat, yPos: CGFloat, font: NSUIFont, align: TextAlignment, color: NSUIColor, anchor: CGPoint, angleRadians: CGFloat)
| `- error: cannot find type 'TextAlignment' in scope
672 | {
673 | if (angleRadians == 0.0)
/Users/admin/builder/spi-builder-workspace/Source/Charts/Renderers/BarChartRenderer.swift:779:90: error: cannot find type 'NSUIAccessibilityElement' in scope
777 | dataSetIndex: Int,
778 | stackSize: Int,
779 | modifier: (NSUIAccessibilityElement) -> ()) -> NSUIAccessibilityElement
| `- error: cannot find type 'NSUIAccessibilityElement' in scope
780 | {
781 | let element = NSUIAccessibilityElement(accessibilityContainer: container)
/Users/admin/builder/spi-builder-workspace/Source/Charts/Renderers/BarChartRenderer.swift:779:54: error: cannot find type 'NSUIAccessibilityElement' in scope
777 | dataSetIndex: Int,
778 | stackSize: Int,
779 | modifier: (NSUIAccessibilityElement) -> ()) -> NSUIAccessibilityElement
| `- error: cannot find type 'NSUIAccessibilityElement' in scope
780 | {
781 | let element = NSUIAccessibilityElement(accessibilityContainer: container)
/Users/admin/builder/spi-builder-workspace/Source/Charts/Renderers/DataRenderer.swift:56:95: error: cannot find type 'NSUIAccessibilityElement' in scope
54 | func createAccessibleHeader(usingChart chart: ChartViewBase,
55 | andData data: ChartData,
56 | withDefaultDescription defaultDescription: String) -> NSUIAccessibilityElement
| `- error: cannot find type 'NSUIAccessibilityElement' in scope
57 | }
58 |
/Users/admin/builder/spi-builder-workspace/Source/Charts/Renderers/DataRenderer.swift:25:35: error: cannot find type 'NSUIAccessibilityElement' in scope
23 | /// Renderers should ensure that the order of elements makes sense to a client presenting an audio-only interface to a user.
24 | /// Subclasses should populate this array in drawData() or drawDataSet() to make the chart accessible.
25 | var accessibleChartElements: [NSUIAccessibilityElement] { get }
| `- error: cannot find type 'NSUIAccessibilityElement' in scope
26 |
27 | var animator: Animator { get }
/Users/admin/builder/spi-builder-workspace/Source/Charts/Renderers/BarLineScatterCandleBubbleRenderer.swift:20:48: error: cannot find type 'NSUIAccessibilityElement' in scope
18 | public let viewPortHandler: ViewPortHandler
19 |
20 | public final var accessibleChartElements: [NSUIAccessibilityElement] = []
| `- error: cannot find type 'NSUIAccessibilityElement' in scope
21 |
22 | public let animator: Animator
/Users/admin/builder/spi-builder-workspace/Source/Charts/Renderers/BarLineScatterCandleBubbleRenderer.swift:115:152: error: cannot find type 'NSUIAccessibilityElement' in scope
113 | }
114 |
115 | public func createAccessibleHeader(usingChart chart: ChartViewBase, andData data: ChartData, withDefaultDescription defaultDescription: String) -> NSUIAccessibilityElement {
| `- error: cannot find type 'NSUIAccessibilityElement' in scope
116 | return AccessibleHeader.create(usingChart: chart, andData: data, withDefaultDescription: defaultDescription)
117 | }
/Users/admin/builder/spi-builder-workspace/Source/Charts/Renderers/BarChartRenderer.swift:290:9: error: cannot find 'accessibilityPostLayoutChangedNotification' in scope
288 | // Merge nested ordered arrays into the single accessibleChartElements.
289 | accessibleChartElements.append(contentsOf: accessibilityOrderedElements.flatMap { $0 } )
290 | accessibilityPostLayoutChangedNotification()
| `- error: cannot find 'accessibilityPostLayoutChangedNotification' in scope
291 | }
292 |
/Users/admin/builder/spi-builder-workspace/Source/Charts/Data/Interfaces/ChartDataSetProtocol.swift:210:20: error: cannot find type 'NSUIFont' in scope
208 |
209 | /// the font for the value-text labels
210 | var valueFont: NSUIFont { get set }
| `- error: cannot find type 'NSUIFont' in scope
211 |
212 | /// The rotation angle (in degrees) for value-text labels
/Users/admin/builder/spi-builder-workspace/Source/Charts/Data/Implementations/Standard/ChartDataEntryBase.swift:23:26: error: cannot find type 'NSUIImage' in scope
21 |
22 | /// optional icon image
23 | @objc open var icon: NSUIImage?
| `- error: cannot find type 'NSUIImage' in scope
24 |
25 | public override required init()
/Users/admin/builder/spi-builder-workspace/Source/Charts/Utils/ChartUtils.swift:122:36: error: cannot find type 'NSUIImage' in scope
120 | {
121 |
122 | public func drawImage(_ image: NSUIImage, atCenter center: CGPoint, size: CGSize)
| `- error: cannot find type 'NSUIImage' in scope
123 | {
124 | var drawOffset = CGPoint()
/Users/admin/builder/spi-builder-workspace/Source/Charts/Utils/ChartUtils.swift:160:68: error: cannot find type 'TextAlignment' in scope
158 | }
159 |
160 | public func drawText(_ text: String, at point: CGPoint, align: TextAlignment, anchor: CGPoint = CGPoint(x: 0.5, y: 0.5), angleRadians: CGFloat = 0.0, attributes: [NSAttributedString.Key : Any]?)
| `- error: cannot find type 'TextAlignment' in scope
161 | {
162 | let drawPoint = getDrawPoint(text: text, point: point, align: align, attributes: attributes)
/Users/admin/builder/spi-builder-workspace/Source/Charts/Renderers/BarChartRenderer.swift:675:75: error: extra argument 'align' in call
673 | if (angleRadians == 0.0)
674 | {
675 | context.drawText(value, at: CGPoint(x: xPos, y: yPos), align: align, attributes: [.font: font, .foregroundColor: color])
| `- error: extra argument 'align' in call
676 | }
677 | else
/Users/admin/builder/spi-builder-workspace/Source/Charts/Renderers/BarChartRenderer.swift:675:80: error: missing argument for parameter 'angleRadians' in call
673 | if (angleRadians == 0.0)
674 | {
675 | context.drawText(value, at: CGPoint(x: xPos, y: yPos), align: align, attributes: [.font: font, .foregroundColor: color])
| `- error: missing argument for parameter 'angleRadians' in call
676 | }
677 | else
/Users/admin/builder/spi-builder-workspace/Source/Charts/Utils/ChartUtils.swift:178:17: note: 'drawText(_:at:anchor:angleRadians:attributes:)' declared here
176 | }
177 |
178 | public func drawText(_ text: String, at point: CGPoint, anchor: CGPoint = CGPoint(x: 0.5, y: 0.5), angleRadians: CGFloat, attributes: [NSAttributedString.Key : Any]?)
| `- note: 'drawText(_:at:anchor:angleRadians:attributes:)' declared here
179 | {
180 | var drawOffset = CGPoint()
/Users/admin/builder/spi-builder-workspace/Source/Charts/Renderers/BarChartRenderer.swift:680:75: error: extra argument 'align' in call
678 | {
679 | // align left to center text with rotation
680 | context.drawText(value, at: CGPoint(x: xPos, y: yPos), align: align, anchor: anchor, angleRadians: angleRadians, attributes: [.font: font, .foregroundColor: color])
| `- error: extra argument 'align' in call
681 | }
682 | }
SwiftCompile normal arm64_32 /Users/admin/builder/spi-builder-workspace/Source/Charts/Interfaces/CandleChartDataProvider.swift (in target 'DGCharts' from project 'DGCharts')
cd /Users/admin/builder/spi-builder-workspace/.swiftpm/xcode
builtin-SwiftPerFileCompile CandleChartDataProvider.swift
SwiftCompile normal arm64_32 /Users/admin/builder/spi-builder-workspace/Source/Charts/Interfaces/ChartDataProvider.swift (in target 'DGCharts' from project 'DGCharts')
cd /Users/admin/builder/spi-builder-workspace/.swiftpm/xcode
builtin-SwiftPerFileCompile ChartDataProvider.swift
SwiftCompile normal arm64_32 /Users/admin/builder/spi-builder-workspace/Source/Charts/Interfaces/CombinedChartDataProvider.swift (in target 'DGCharts' from project 'DGCharts')
cd /Users/admin/builder/spi-builder-workspace/.swiftpm/xcode
builtin-SwiftPerFileCompile CombinedChartDataProvider.swift
SwiftCompile normal arm64_32 /Users/admin/builder/spi-builder-workspace/Source/Charts/Interfaces/LineChartDataProvider.swift (in target 'DGCharts' from project 'DGCharts')
cd /Users/admin/builder/spi-builder-workspace/.swiftpm/xcode
builtin-SwiftPerFileCompile LineChartDataProvider.swift
SwiftCompile normal arm64_32 /Users/admin/builder/spi-builder-workspace/Source/Charts/Interfaces/ScatterChartDataProvider.swift (in target 'DGCharts' from project 'DGCharts')
cd /Users/admin/builder/spi-builder-workspace/.swiftpm/xcode
builtin-SwiftPerFileCompile ScatterChartDataProvider.swift
SwiftCompile normal arm64_32 /Users/admin/builder/spi-builder-workspace/Source/Charts/Jobs/AnimatedMoveViewJob.swift (in target 'DGCharts' from project 'DGCharts')
cd /Users/admin/builder/spi-builder-workspace/.swiftpm/xcode
builtin-SwiftPerFileCompile AnimatedMoveViewJob.swift
SwiftCompile normal arm64_32 /Users/admin/builder/spi-builder-workspace/Source/Charts/Jobs/AnimatedViewPortJob.swift (in target 'DGCharts' from project 'DGCharts')
cd /Users/admin/builder/spi-builder-workspace/.swiftpm/xcode
builtin-SwiftPerFileCompile AnimatedViewPortJob.swift
SwiftCompile normal arm64_32 /Users/admin/builder/spi-builder-workspace/Source/Charts/Jobs/AnimatedZoomViewJob.swift (in target 'DGCharts' from project 'DGCharts')
cd /Users/admin/builder/spi-builder-workspace/.swiftpm/xcode
builtin-SwiftPerFileCompile AnimatedZoomViewJob.swift
SwiftCompile normal arm64_32 /Users/admin/builder/spi-builder-workspace/Source/Charts/Jobs/MoveViewJob.swift (in target 'DGCharts' from project 'DGCharts')
cd /Users/admin/builder/spi-builder-workspace/.swiftpm/xcode
builtin-SwiftPerFileCompile MoveViewJob.swift
SwiftCompile normal arm64_32 /Users/admin/builder/spi-builder-workspace/Source/Charts/Jobs/ViewPortJob.swift (in target 'DGCharts' from project 'DGCharts')
cd /Users/admin/builder/spi-builder-workspace/.swiftpm/xcode
builtin-SwiftPerFileCompile ViewPortJob.swift
SwiftCompile normal arm64_32 /Users/admin/builder/spi-builder-workspace/Source/Charts/Jobs/ZoomViewJob.swift (in target 'DGCharts' from project 'DGCharts')
cd /Users/admin/builder/spi-builder-workspace/.swiftpm/xcode
builtin-SwiftPerFileCompile ZoomViewJob.swift
SwiftCompile normal arm64_32 /Users/admin/builder/spi-builder-workspace/Source/Charts/Renderers/AxisRenderer.swift (in target 'DGCharts' from project 'DGCharts')
cd /Users/admin/builder/spi-builder-workspace/.swiftpm/xcode
builtin-SwiftPerFileCompile AxisRenderer.swift
SwiftCompile normal arm64_32 /Users/admin/builder/spi-builder-workspace/Source/Charts/Renderers/BarChartRenderer.swift (in target 'DGCharts' from project 'DGCharts')
cd /Users/admin/builder/spi-builder-workspace/.swiftpm/xcode
builtin-SwiftPerFileCompile BarChartRenderer.swift
SwiftCompile normal arm64_32 /Users/admin/builder/spi-builder-workspace/Source/Charts/Renderers/BarLineScatterCandleBubbleRenderer.swift (in target 'DGCharts' from project 'DGCharts')
cd /Users/admin/builder/spi-builder-workspace/.swiftpm/xcode
builtin-SwiftPerFileCompile BarLineScatterCandleBubbleRenderer.swift
/Users/admin/builder/spi-builder-workspace/Source/Charts/Renderers/BarChartRenderer.swift:767:34: error: cannot find 'NSUIAccessibilityElement' in scope
765 | let maxEntryCount = chart.data?.maxEntryCountSet?.entryCount ?? 0
766 |
767 | return Array(repeating: [NSUIAccessibilityElement](),
| `- error: cannot find 'NSUIAccessibilityElement' in scope
768 | count: maxEntryCount)
769 | }
/Users/admin/builder/spi-builder-workspace/Source/Charts/Renderers/BarChartRenderer.swift:767:33: error: cannot call value of non-function type '[Element]'
765 | let maxEntryCount = chart.data?.maxEntryCountSet?.entryCount ?? 0
766 |
767 | return Array(repeating: [NSUIAccessibilityElement](),
| `- error: cannot call value of non-function type '[Element]'
768 | count: maxEntryCount)
769 | }
/Users/admin/builder/spi-builder-workspace/Source/Charts/Renderers/BarChartRenderer.swift:781:23: error: cannot find 'NSUIAccessibilityElement' in scope
779 | modifier: (NSUIAccessibilityElement) -> ()) -> NSUIAccessibilityElement
780 | {
781 | let element = NSUIAccessibilityElement(accessibilityContainer: container)
| `- error: cannot find 'NSUIAccessibilityElement' in scope
782 | let xAxis = container.xAxis
783 |
SwiftEmitModule normal arm64 Emitting\ module\ for\ DGCharts (in target 'DGCharts' from project 'DGCharts')
/Users/admin/builder/spi-builder-workspace/Source/Charts/Animation/Animator.swift:41:31: error: cannot find type 'NSUIDisplayLink' in scope
39 | private var _startTimeX: TimeInterval = 0.0
40 | private var _startTimeY: TimeInterval = 0.0
41 | private var _displayLink: NSUIDisplayLink?
| `- error: cannot find type 'NSUIDisplayLink' in scope
42 |
43 | private var _durationX: TimeInterval = 0.0
/Users/admin/builder/spi-builder-workspace/Source/Charts/Charts/ChartViewBase.swift:50:27: error: cannot find type 'NSUIView' in scope
48 | }
49 |
50 | open class ChartViewBase: NSUIView, ChartDataProvider, AnimatorDelegate
| `- error: cannot find type 'NSUIView' in scope
51 | {
52 | // MARK: - Properties
/Users/admin/builder/spi-builder-workspace/Source/Charts/Charts/ChartViewBase.swift:116:80: error: cannot find 'bounds' in scope
114 | /// The ViewPortHandler of the chart that is responsible for the
115 | /// content area of the chart and its offsets and dimensions.
116 | @objc open internal(set) lazy var viewPortHandler = ViewPortHandler(width: bounds.size.width, height: bounds.size.height)
| `- error: cannot find 'bounds' in scope
117 |
118 | /// The animator responsible for animating chart values.
/Users/admin/builder/spi-builder-workspace/Source/Charts/Charts/ChartViewBase.swift:116:107: error: cannot find 'bounds' in scope
114 | /// The ViewPortHandler of the chart that is responsible for the
115 | /// content area of the chart and its offsets and dimensions.
116 | @objc open internal(set) lazy var viewPortHandler = ViewPortHandler(width: bounds.size.width, height: bounds.size.height)
| `- error: cannot find 'bounds' in scope
117 |
118 | /// The animator responsible for animating chart values.
/Users/admin/builder/spi-builder-workspace/Source/Charts/Charts/ChartViewBase.swift:98:33: error: cannot find 'NSUIFont' in scope
96 |
97 | /// Font to be used for the no data text.
98 | @objc open var noDataFont = NSUIFont.systemFont(ofSize: 12)
| `- error: cannot find 'NSUIFont' in scope
99 |
100 | /// color of the no data text
/Users/admin/builder/spi-builder-workspace/Source/Charts/Charts/ChartViewBase.swift:104:41: error: cannot find type 'TextAlignment' in scope
102 |
103 | /// alignment of the no data text
104 | @objc open var noDataTextAlignment: TextAlignment = .left
| `- error: cannot find type 'TextAlignment' in scope
105 |
106 | /// The renderer object responsible for rendering / drawing the Legend.
/Users/admin/builder/spi-builder-workspace/Source/Charts/Charts/ChartViewBase.swift:705:57: error: cannot find type 'NSUIImage' in scope
703 |
704 | /// - Returns: The bitmap that represents the chart.
705 | @objc open func getChartImage(transparent: Bool) -> NSUIImage?
| `- error: cannot find type 'NSUIImage' in scope
706 | {
707 | NSUIGraphicsBeginImageContextWithOptions(bounds.size, isOpaque || !transparent, NSUIMainScreen()?.nsuiScale ?? 1.0)
/Users/admin/builder/spi-builder-workspace/Source/Charts/Charts/BarLineChartViewBase.swift:524:40: error: cannot find type 'NSUIScrollView' in scope
522 | private var _closestDataSetToTouch: ChartDataSetProtocol!
523 | private var _panGestureReachedEdge: Bool = false
524 | private weak var _outerScrollView: NSUIScrollView?
| `- error: cannot find type 'NSUIScrollView' in scope
525 |
526 | private var _lastPanPoint = CGPoint() /// This is to prevent using setTranslation which resets velocity
/Users/admin/builder/spi-builder-workspace/Source/Charts/Charts/BarLineChartViewBase.swift:529:43: error: cannot find type 'NSUIDisplayLink' in scope
527 |
528 | private var _decelerationLastTime: TimeInterval = 0.0
529 | private var _decelerationDisplayLink: NSUIDisplayLink!
| `- error: cannot find type 'NSUIDisplayLink' in scope
530 | private var _decelerationVelocity = CGPoint()
531 |
/Users/admin/builder/spi-builder-workspace/Source/Charts/Charts/BarLineChartViewBase.swift:914:24: error: method does not override any method from its superclass
912 |
913 | #if !os(OSX)
914 | open override func gestureRecognizerShouldBegin(_ gestureRecognizer: NSUIGestureRecognizer) -> Bool
| `- error: method does not override any method from its superclass
915 | {
916 | if !super.gestureRecognizerShouldBegin(gestureRecognizer)
/Users/admin/builder/spi-builder-workspace/Source/Charts/Charts/BarLineChartViewBase.swift:22:12: error: cannot declare conformance to 'NSObjectProtocol' in Swift; 'BarLineChartViewBase' should inherit 'NSObject' instead
20 |
21 | /// Base-class of LineChart, BarChart, ScatterChart and CandleStickChart.
22 | open class BarLineChartViewBase: ChartViewBase, BarLineScatterCandleBubbleChartDataProvider, NSUIGestureRecognizerDelegate
| |- error: cannot declare conformance to 'NSObjectProtocol' in Swift; 'BarLineChartViewBase' should inherit 'NSObject' instead
| `- note: add stubs for conformance
23 | {
24 | /// the maximum number of entries to which values will be drawn
/Users/admin/builder/spi-builder-workspace/Source/Charts/Charts/ChartViewBase.swift:32:25: error: instance method cannot be marked '@objc' because the type of the parameter 1 cannot be represented in Objective-C
30 | /// - entry: The selected Entry.
31 | /// - highlight: The corresponding highlight object that contains information about the highlighted position such as dataSetIndex etc.
32 | @objc optional func chartValueSelected(_ chartView: ChartViewBase, entry: ChartDataEntry, highlight: Highlight)
| | `- note: classes not annotated with '@objc' cannot be represented in Objective-C
| `- error: instance method cannot be marked '@objc' because the type of the parameter 1 cannot be represented in Objective-C
33 |
34 | /// Called when a user stops panning between values on the chart
/Users/admin/builder/spi-builder-workspace/Source/Charts/Charts/ChartViewBase.swift:35:25: error: instance method cannot be marked '@objc' because the type of the parameter cannot be represented in Objective-C
33 |
34 | /// Called when a user stops panning between values on the chart
35 | @objc optional func chartViewDidEndPanning(_ chartView: ChartViewBase)
| | `- note: classes not annotated with '@objc' cannot be represented in Objective-C
| `- error: instance method cannot be marked '@objc' because the type of the parameter cannot be represented in Objective-C
36 |
37 | // Called when nothing has been selected or an "un-select" has been made.
/Users/admin/builder/spi-builder-workspace/Source/Charts/Charts/ChartViewBase.swift:38:25: error: instance method cannot be marked '@objc' because the type of the parameter cannot be represented in Objective-C
36 |
37 | // Called when nothing has been selected or an "un-select" has been made.
38 | @objc optional func chartValueNothingSelected(_ chartView: ChartViewBase)
| | `- note: classes not annotated with '@objc' cannot be represented in Objective-C
| `- error: instance method cannot be marked '@objc' because the type of the parameter cannot be represented in Objective-C
39 |
40 | // Callbacks when the chart is scaled / zoomed via pinch zoom gesture.
/Users/admin/builder/spi-builder-workspace/Source/Charts/Charts/ChartViewBase.swift:41:25: error: instance method cannot be marked '@objc' because the type of the parameter 1 cannot be represented in Objective-C
39 |
40 | // Callbacks when the chart is scaled / zoomed via pinch zoom gesture.
41 | @objc optional func chartScaled(_ chartView: ChartViewBase, scaleX: CGFloat, scaleY: CGFloat)
| | `- note: classes not annotated with '@objc' cannot be represented in Objective-C
| `- error: instance method cannot be marked '@objc' because the type of the parameter 1 cannot be represented in Objective-C
42 |
43 | // Callbacks when the chart is moved / translated via drag gesture.
/Users/admin/builder/spi-builder-workspace/Source/Charts/Charts/ChartViewBase.swift:44:25: error: instance method cannot be marked '@objc' because the type of the parameter 1 cannot be represented in Objective-C
42 |
43 | // Callbacks when the chart is moved / translated via drag gesture.
44 | @objc optional func chartTranslated(_ chartView: ChartViewBase, dX: CGFloat, dY: CGFloat)
| | `- note: classes not annotated with '@objc' cannot be represented in Objective-C
| `- error: instance method cannot be marked '@objc' because the type of the parameter 1 cannot be represented in Objective-C
45 |
46 | // Callbacks when Animator stops animating
/Users/admin/builder/spi-builder-workspace/Source/Charts/Charts/ChartViewBase.swift:47:25: error: instance method cannot be marked '@objc' because the type of the parameter 1 cannot be represented in Objective-C
45 |
46 | // Callbacks when Animator stops animating
47 | @objc optional func chartView(_ chartView: ChartViewBase, animatorDidStop animator: Animator)
| | `- note: classes not annotated with '@objc' cannot be represented in Objective-C
| `- error: instance method cannot be marked '@objc' because the type of the parameter 1 cannot be represented in Objective-C
48 | }
49 |
/Users/admin/builder/spi-builder-workspace/Source/Charts/Charts/ChartViewBase.swift:164:21: error: initializer does not override a designated initializer from its superclass
162 | // MARK: - Initializers
163 |
164 | public override init(frame: CGRect)
| `- error: initializer does not override a designated initializer from its superclass
165 | {
166 | super.init(frame: frame)
/Users/admin/builder/spi-builder-workspace/Source/Charts/Charts/ChartViewBase.swift:261:24: error: method does not override any method from its superclass
259 | }
260 |
261 | open override func draw(_ rect: CGRect)
| `- error: method does not override any method from its superclass
262 | {
263 | guard let context = NSUIGraphicsGetCurrentContext() else { return }
/Users/admin/builder/spi-builder-workspace/Source/Charts/Charts/ChartViewBase.swift:322:24: error: method does not override any method from its superclass
320 | // MARK: - Accessibility
321 |
322 | open override func accessibilityChildren() -> [Any]? {
| `- error: method does not override any method from its superclass
323 | return renderer?.accessibleChartElements
324 | }
/Users/admin/builder/spi-builder-workspace/Source/Charts/Charts/ChartViewBase.swift:779:24: error: method does not override any method from its superclass
777 | internal var _viewportJobs = [ViewPortJob]()
778 |
779 | open override func observeValue(forKeyPath keyPath: String?, of object: Any?, change: [NSKeyValueChangeKey : Any]?, context: UnsafeMutableRawPointer?)
| `- error: method does not override any method from its superclass
780 | {
781 | if keyPath == "bounds" || keyPath == "frame"
/Users/admin/builder/spi-builder-workspace/Source/Charts/Charts/ChartViewBase.swift:875:24: error: method does not override any method from its superclass
873 | // MARK: - Touches
874 |
875 | open override func nsuiTouchesBegan(_ touches: Set<NSUITouch>, withEvent event: NSUIEvent?)
| `- error: method does not override any method from its superclass
876 | {
877 | super.nsuiTouchesBegan(touches, withEvent: event)
/Users/admin/builder/spi-builder-workspace/Source/Charts/Charts/ChartViewBase.swift:880:24: error: method does not override any method from its superclass
878 | }
879 |
880 | open override func nsuiTouchesMoved(_ touches: Set<NSUITouch>, withEvent event: NSUIEvent?)
| `- error: method does not override any method from its superclass
881 | {
882 | super.nsuiTouchesMoved(touches, withEvent: event)
/Users/admin/builder/spi-builder-workspace/Source/Charts/Charts/ChartViewBase.swift:885:24: error: method does not override any method from its superclass
883 | }
884 |
885 | open override func nsuiTouchesEnded(_ touches: Set<NSUITouch>, withEvent event: NSUIEvent?)
| `- error: method does not override any method from its superclass
886 | {
887 | super.nsuiTouchesEnded(touches, withEvent: event)
/Users/admin/builder/spi-builder-workspace/Source/Charts/Charts/ChartViewBase.swift:890:24: error: method does not override any method from its superclass
888 | }
889 |
890 | open override func nsuiTouchesCancelled(_ touches: Set<NSUITouch>?, withEvent event: NSUIEvent?)
| `- error: method does not override any method from its superclass
891 | {
892 | super.nsuiTouchesCancelled(touches, withEvent: event)
/Users/admin/builder/spi-builder-workspace/Source/Charts/Charts/PieChartView.swift:43:34: error: cannot find type 'NSUIFont' in scope
41 |
42 | /// Sets the font the entry labels are drawn with.
43 | private var _entryLabelFont: NSUIFont? = NSUIFont(name: "HelveticaNeue", size: 13.0)
| `- error: cannot find type 'NSUIFont' in scope
44 |
45 | /// if true, the hole will see-through to the inner tips of the slices
/Users/admin/builder/spi-builder-workspace/Source/Charts/Charts/PieChartView.swift:43:46: error: cannot find 'NSUIFont' in scope
41 |
42 | /// Sets the font the entry labels are drawn with.
43 | private var _entryLabelFont: NSUIFont? = NSUIFont(name: "HelveticaNeue", size: 13.0)
| `- error: cannot find 'NSUIFont' in scope
44 |
45 | /// if true, the hole will see-through to the inner tips of the slices
/Users/admin/builder/spi-builder-workspace/Source/Charts/Charts/PieChartView.swift:573:36: error: cannot find type 'NSUIFont' in scope
571 |
572 | /// The font the entry labels are drawn with.
573 | @objc open var entryLabelFont: NSUIFont?
| `- error: cannot find type 'NSUIFont' in scope
574 | {
575 | get { return _entryLabelFont }
/Users/admin/builder/spi-builder-workspace/Source/Charts/Charts/PieChartView.swift:672:13: error: cannot find 'setNeedsDisplay' in scope
670 | {
671 | didSet {
672 | setNeedsDisplay()
| `- error: cannot find 'setNeedsDisplay' in scope
673 | }
674 | }
/Users/admin/builder/spi-builder-workspace/Source/Charts/Charts/PieRadarChartViewBase.swift:483:43: error: cannot find type 'NSUIDisplayLink' in scope
481 |
482 | private var _decelerationLastTime: TimeInterval = 0.0
483 | private var _decelerationDisplayLink: NSUIDisplayLink!
| `- error: cannot find type 'NSUIDisplayLink' in scope
484 | private var _decelerationAngularVelocity: CGFloat = 0.0
485 |
/Users/admin/builder/spi-builder-workspace/Source/Charts/Components/AxisBase.swift:35:32: error: cannot find 'NSUIFont' in scope
33 | private lazy var _axisValueFormatter: AxisValueFormatter = DefaultAxisValueFormatter(decimals: decimals)
34 |
35 | @objc open var labelFont = NSUIFont.systemFont(ofSize: 10.0)
| `- error: cannot find 'NSUIFont' in scope
36 | @objc open var labelTextColor = NSUIColor.labelOrBlack
37 |
/Users/admin/builder/spi-builder-workspace/Source/Charts/Components/ChartLimitLine.swift:45:32: error: cannot find 'NSUIFont' in scope
43 |
44 | @objc open var valueTextColor = NSUIColor.labelOrBlack
45 | @objc open var valueFont = NSUIFont.systemFont(ofSize: 13.0)
| `- error: cannot find 'NSUIFont' in scope
46 |
47 | @objc open var drawLabelEnabled = true
/Users/admin/builder/spi-builder-workspace/Source/Charts/Components/Description.swift:47:31: error: cannot find type 'TextAlignment' in scope
45 |
46 | /// The text alignment of the description text. Default RIGHT.
47 | @objc open var textAlign: TextAlignment = TextAlignment.right
| `- error: cannot find type 'TextAlignment' in scope
48 |
49 | /// Font object used for drawing the description text.
/Users/admin/builder/spi-builder-workspace/Source/Charts/Components/Description.swift:47:47: error: cannot find 'TextAlignment' in scope
45 |
46 | /// The text alignment of the description text. Default RIGHT.
47 | @objc open var textAlign: TextAlignment = TextAlignment.right
| `- error: cannot find 'TextAlignment' in scope
48 |
49 | /// Font object used for drawing the description text.
/Users/admin/builder/spi-builder-workspace/Source/Charts/Components/Description.swift:50:26: error: cannot find type 'NSUIFont' in scope
48 |
49 | /// Font object used for drawing the description text.
50 | @objc open var font: NSUIFont
| `- error: cannot find type 'NSUIFont' in scope
51 |
52 | /// Text color used for drawing the description text
/Users/admin/builder/spi-builder-workspace/Source/Charts/Components/Legend.swift:108:26: error: cannot find type 'NSUIFont' in scope
106 | @objc open var direction: Direction = Direction.leftToRight
107 |
108 | @objc open var font: NSUIFont = NSUIFont.systemFont(ofSize: 10.0)
| `- error: cannot find type 'NSUIFont' in scope
109 | @objc open var textColor = NSUIColor.labelOrBlack
110 |
/Users/admin/builder/spi-builder-workspace/Source/Charts/Components/Legend.swift:108:37: error: cannot find 'NSUIFont' in scope
106 | @objc open var direction: Direction = Direction.leftToRight
107 |
108 | @objc open var font: NSUIFont = NSUIFont.systemFont(ofSize: 10.0)
| `- error: cannot find 'NSUIFont' in scope
109 | @objc open var textColor = NSUIColor.labelOrBlack
110 |
/Users/admin/builder/spi-builder-workspace/Source/Charts/Components/Legend.swift:156:56: error: cannot find type 'NSUIFont' in scope
154 | }
155 |
156 | @objc open func getMaximumEntrySize(withFont font: NSUIFont) -> CGSize
| `- error: cannot find type 'NSUIFont' in scope
157 | {
158 | var maxW = CGFloat(0.0)
/Users/admin/builder/spi-builder-workspace/Source/Charts/Components/Legend.swift:214:52: error: cannot find type 'NSUIFont' in scope
212 | @objc open var maxSizePercent: CGFloat = 0.95
213 |
214 | @objc open func calculateDimensions(labelFont: NSUIFont, viewPortHandler: ViewPortHandler)
| `- error: cannot find type 'NSUIFont' in scope
215 | {
216 | let maxEntrySize = getMaximumEntrySize(withFont: labelFont)
/Users/admin/builder/spi-builder-workspace/Source/Charts/Components/MarkerImage.swift:19:27: error: cannot find type 'NSUIImage' in scope
17 | {
18 | /// The marker image to render
19 | @objc open var image: NSUIImage?
| `- error: cannot find type 'NSUIImage' in scope
20 |
21 | open var offset: CGPoint = CGPoint()
/Users/admin/builder/spi-builder-workspace/Source/Charts/Components/MarkerImage.swift:23:25: error: property cannot be marked '@objc' because its type cannot be represented in Objective-C
21 | open var offset: CGPoint = CGPoint()
22 |
23 | @objc open weak var chartView: ChartViewBase?
| `- error: property cannot be marked '@objc' because its type cannot be represented in Objective-C
24 |
25 | /// As long as size is 0.0/0.0 - it will default to the image's size
/Users/admin/builder/spi-builder-workspace/Source/Charts/Components/MarkerView.swift:20:24: error: cannot find type 'NSUIView' in scope
18 |
19 | @objc(ChartMarkerView)
20 | open class MarkerView: NSUIView, Marker
| `- error: cannot find type 'NSUIView' in scope
21 | {
22 | open var offset: CGPoint = CGPoint()
/Users/admin/builder/spi-builder-workspace/Source/Charts/Components/MarkerView.swift:24:25: error: property cannot be marked '@objc' because its type cannot be represented in Objective-C
22 | open var offset: CGPoint = CGPoint()
23 |
24 | @objc open weak var chartView: ChartViewBase?
| `- error: property cannot be marked '@objc' because its type cannot be represented in Objective-C
25 |
26 | open func offsetForDrawing(atPoint point: CGPoint) -> CGPoint
/Users/admin/builder/spi-builder-workspace/Source/Charts/Components/MarkerView.swift:19:2: error: only classes that inherit from NSObject can be declared '@objc'
17 | #endif
18 |
19 | @objc(ChartMarkerView)
| `- error: only classes that inherit from NSObject can be declared '@objc'
20 | open class MarkerView: NSUIView, Marker
| `- note: inherit from 'NSObject' to silence this error
21 | {
22 | open var offset: CGPoint = CGPoint()
/Users/admin/builder/spi-builder-workspace/Source/Charts/Components/YAxis.swift:81:36: error: cannot find type 'TextAlignment' in scope
79 |
80 | /// the alignment of the text in the y-label
81 | @objc open var labelAlignment: TextAlignment = .left
| `- error: cannot find type 'TextAlignment' in scope
82 |
83 | /// the horizontal offset of the y-label
/Users/admin/builder/spi-builder-workspace/Source/Charts/Data/Implementations/ChartBaseDataSet.swift:306:25: error: cannot find type 'NSUIFont' in scope
304 |
305 | /// the font for the value-text labels
306 | open var valueFont: NSUIFont = NSUIFont.systemFont(ofSize: 7.0)
| `- error: cannot find type 'NSUIFont' in scope
307 |
308 | /// The rotation angle (in degrees) for value-text labels
/Users/admin/builder/spi-builder-workspace/Source/Charts/Data/Interfaces/ChartDataSetProtocol.swift:210:20: error: cannot find type 'NSUIFont' in scope
208 |
209 | /// the font for the value-text labels
210 | var valueFont: NSUIFont { get set }
| `- error: cannot find type 'NSUIFont' in scope
211 |
212 | /// The rotation angle (in degrees) for value-text labels
/Users/admin/builder/spi-builder-workspace/Source/Charts/Data/Implementations/ChartBaseDataSet.swift:306:36: error: cannot find 'NSUIFont' in scope
304 |
305 | /// the font for the value-text labels
306 | open var valueFont: NSUIFont = NSUIFont.systemFont(ofSize: 7.0)
| `- error: cannot find 'NSUIFont' in scope
307 |
308 | /// The rotation angle (in degrees) for value-text labels
/Users/admin/builder/spi-builder-workspace/Source/Charts/Data/Implementations/Standard/ChartData.swift:382:42: error: cannot find type 'NSUIFont' in scope
380 |
381 | /// Sets the font for all value-labels for all DataSets this data object contains.
382 | @objc open func setValueFont(_ font: NSUIFont)
| `- error: cannot find type 'NSUIFont' in scope
383 | {
384 | forEach { $0.valueFont = font }
/Users/admin/builder/spi-builder-workspace/Source/Charts/Data/Implementations/Standard/ChartDataEntryBase.swift:56:52: error: cannot find type 'NSUIImage' in scope
54 | /// - icon: icon image
55 |
56 | @objc public convenience init(y: Double, icon: NSUIImage?)
| `- error: cannot find type 'NSUIImage' in scope
57 | {
58 | self.init(y: y)
/Users/admin/builder/spi-builder-workspace/Source/Charts/Data/Implementations/Standard/ChartDataEntryBase.swift:68:52: error: cannot find type 'NSUIImage' in scope
66 | /// - data: Space for additional data this Entry represents.
67 |
68 | @objc public convenience init(y: Double, icon: NSUIImage?, data: Any?)
| `- error: cannot find type 'NSUIImage' in scope
69 | {
70 | self.init(y: y)
/Users/admin/builder/spi-builder-workspace/Source/Charts/Data/Implementations/Standard/ChartDataEntry.swift:55:63: error: cannot find type 'NSUIImage' in scope
53 | /// - icon: icon image
54 |
55 | @objc public convenience init(x: Double, y: Double, icon: NSUIImage?)
| `- error: cannot find type 'NSUIImage' in scope
56 | {
57 | self.init(x: x, y: y)
/Users/admin/builder/spi-builder-workspace/Source/Charts/Data/Implementations/Standard/ChartDataEntry.swift:69:63: error: cannot find type 'NSUIImage' in scope
67 | /// - data: Space for additional data this Entry represents.
68 |
69 | @objc public convenience init(x: Double, y: Double, icon: NSUIImage?, data: Any?)
| `- error: cannot find type 'NSUIImage' in scope
70 | {
71 | self.init(x: x, y: y)
/Users/admin/builder/spi-builder-workspace/Source/Charts/Data/Implementations/Standard/BarChartDataEntry.swift:47:57: error: cannot find type 'NSUIImage' in scope
45 |
46 | /// Constructor for normal bars (not stacked).
47 | public convenience init(x: Double, y: Double, icon: NSUIImage?)
| `- error: cannot find type 'NSUIImage' in scope
48 | {
49 | self.init(x: x, y: y)
/Users/admin/builder/spi-builder-workspace/Source/Charts/Data/Implementations/Standard/BarChartDataEntry.swift:54:57: error: cannot find type 'NSUIImage' in scope
52 |
53 | /// Constructor for normal bars (not stacked).
54 | public convenience init(x: Double, y: Double, icon: NSUIImage?, data: Any?)
| `- error: cannot find type 'NSUIImage' in scope
55 | {
56 | self.init(x: x, y: y)
/Users/admin/builder/spi-builder-workspace/Source/Charts/Data/Implementations/Standard/BarChartDataEntry.swift:71:71: error: cannot find type 'NSUIImage' in scope
69 |
70 | /// Constructor for stacked bar entries. One data object for whole stack
71 | @objc public convenience init(x: Double, yValues: [Double], icon: NSUIImage?)
| `- error: cannot find type 'NSUIImage' in scope
72 | {
73 | self.init(x: x, yValues: yValues)
/Users/admin/builder/spi-builder-workspace/Source/Charts/Data/Implementations/Standard/BarChartDataEntry.swift:85:71: error: cannot find type 'NSUIImage' in scope
83 |
84 | /// Constructor for stacked bar entries. One data object for whole stack
85 | @objc public convenience init(x: Double, yValues: [Double], icon: NSUIImage?, data: Any?)
| `- error: cannot find type 'NSUIImage' in scope
86 | {
87 | self.init(x: x, yValues: yValues)
/Users/admin/builder/spi-builder-workspace/Source/Charts/Data/Implementations/Standard/ChartDataEntryBase.swift:23:26: error: cannot find type 'NSUIImage' in scope
21 |
22 | /// optional icon image
23 | @objc open var icon: NSUIImage?
| `- error: cannot find type 'NSUIImage' in scope
24 |
25 | public override required init()
/Users/admin/builder/spi-builder-workspace/Source/Charts/Data/Implementations/Standard/BubbleChartDataEntry.swift:52:78: error: cannot find type 'NSUIImage' in scope
50 | /// - size: The size of the bubble.
51 | /// - icon: icon image
52 | @objc public convenience init(x: Double, y: Double, size: CGFloat, icon: NSUIImage?)
| `- error: cannot find type 'NSUIImage' in scope
53 | {
54 | self.init(x: x, y: y, size: size)
/Users/admin/builder/spi-builder-workspace/Source/Charts/Data/Implementations/Standard/BubbleChartDataEntry.swift:64:78: error: cannot find type 'NSUIImage' in scope
62 | /// - icon: icon image
63 | /// - data: Spot for additional data this Entry represents.
64 | @objc public convenience init(x: Double, y: Double, size: CGFloat, icon: NSUIImage?, data: Any?)
| `- error: cannot find type 'NSUIImage' in scope
65 | {
66 | self.init(x: x, y: y, size: size)
/Users/admin/builder/spi-builder-workspace/Source/Charts/Data/Implementations/Standard/CandleChartDataEntry.swift:43:115: error: cannot find type 'NSUIImage' in scope
41 | }
42 |
43 | @objc public convenience init(x: Double, shadowH: Double, shadowL: Double, open: Double, close: Double, icon: NSUIImage?)
| `- error: cannot find type 'NSUIImage' in scope
44 | {
45 | self.init(x: x, shadowH: shadowH, shadowL: shadowL, open: open, close: close)
/Users/admin/builder/spi-builder-workspace/Source/Charts/Data/Implementations/Standard/CandleChartDataEntry.swift:55:115: error: cannot find type 'NSUIImage' in scope
53 | }
54 |
55 | @objc public convenience init(x: Double, shadowH: Double, shadowL: Double, open: Double, close: Double, icon: NSUIImage?, data: Any?)
| `- error: cannot find type 'NSUIImage' in scope
56 | {
57 | self.init(x: x, shadowH: shadowH, shadowL: shadowL, open: open, close: close)
/Users/admin/builder/spi-builder-workspace/Source/Charts/Data/Implementations/Standard/PieChartDataEntry.swift:52:72: error: cannot find type 'NSUIImage' in scope
50 | /// - label: The label for the x-axis
51 | /// - icon: icon image
52 | @objc public convenience init(value: Double, label: String?, icon: NSUIImage?)
| `- error: cannot find type 'NSUIImage' in scope
53 | {
54 | self.init(value: value)
/Users/admin/builder/spi-builder-workspace/Source/Charts/Data/Implementations/Standard/PieChartDataEntry.swift:64:72: error: cannot find type 'NSUIImage' in scope
62 | /// - icon: icon image
63 | /// - data: Spot for additional data this Entry represents
64 | @objc public convenience init(value: Double, label: String?, icon: NSUIImage?, data: Any?)
| `- error: cannot find type 'NSUIImage' in scope
65 | {
66 | self.init(value: value)
/Users/admin/builder/spi-builder-workspace/Source/Charts/Data/Implementations/Standard/PieChartDataEntry.swift:84:56: error: cannot find type 'NSUIImage' in scope
82 | /// - value: The value on the y-axis
83 | /// - icon: icon image
84 | @objc public convenience init(value: Double, icon: NSUIImage?)
| `- error: cannot find type 'NSUIImage' in scope
85 | {
86 | self.init(value: value)
/Users/admin/builder/spi-builder-workspace/Source/Charts/Data/Implementations/Standard/PieChartDataEntry.swift:94:56: error: cannot find type 'NSUIImage' in scope
92 | /// - icon: icon image
93 | /// - data: Spot for additional data this Entry represents
94 | @objc public convenience init(value: Double, icon: NSUIImage?, data: Any?)
| `- error: cannot find type 'NSUIImage' in scope
95 | {
96 | self.init(value: value)
/Users/admin/builder/spi-builder-workspace/Source/Charts/Data/Implementations/Standard/PieChartDataSet.swift:101:30: error: cannot find type 'NSUIFont' in scope
99 |
100 | /// the font for the slice-text labels
101 | open var entryLabelFont: NSUIFont? = nil
| `- error: cannot find type 'NSUIFont' in scope
102 |
103 | /// the color for the slice-text labels
/Users/admin/builder/spi-builder-workspace/Source/Charts/Data/Interfaces/PieChartDataSetProtocol.swift:56:25: error: cannot find type 'NSUIFont' in scope
54 |
55 | /// the font for the slice-text labels
56 | var entryLabelFont: NSUIFont? { get set }
| `- error: cannot find type 'NSUIFont' in scope
57 |
58 | /// the color for the slice-text labels
/Users/admin/builder/spi-builder-workspace/Source/Charts/Jobs/ViewPortJob.swift:26:18: error: initializer cannot be marked '@objc' because the type of the parameter 5 cannot be represented in Objective-C
24 | internal unowned var view: ChartViewBase
25 |
26 | @objc public init(
| `- error: initializer cannot be marked '@objc' because the type of the parameter 5 cannot be represented in Objective-C
27 | viewPortHandler: ViewPortHandler,
28 | xValue: Double,
29 | yValue: Double,
30 | transformer: Transformer,
31 | view: ChartViewBase)
| `- note: classes not annotated with '@objc' cannot be represented in Objective-C
32 | {
33 | self.viewPortHandler = viewPortHandler
/Users/admin/builder/spi-builder-workspace/Source/Charts/Jobs/AnimatedViewPortJob.swift:29:18: error: initializer cannot be marked '@objc' because the type of the parameter 5 cannot be represented in Objective-C
27 | private var _easing: ChartEasingFunctionBlock?
28 |
29 | @objc public init(
| `- error: initializer cannot be marked '@objc' because the type of the parameter 5 cannot be represented in Objective-C
30 | viewPortHandler: ViewPortHandler,
31 | xValue: Double,
32 | yValue: Double,
33 | transformer: Transformer,
34 | view: ChartViewBase,
| `- note: classes not annotated with '@objc' cannot be represented in Objective-C
35 | xOrigin: CGFloat,
36 | yOrigin: CGFloat,
/Users/admin/builder/spi-builder-workspace/Source/Charts/Jobs/AnimatedViewPortJob.swift:23:31: error: cannot find type 'NSUIDisplayLink' in scope
21 |
22 | private var _startTime: TimeInterval = 0.0
23 | private var _displayLink: NSUIDisplayLink!
| `- error: cannot find type 'NSUIDisplayLink' in scope
24 | private var _duration: TimeInterval = 0.0
25 | private var _endTime: TimeInterval = 0.0
/Users/admin/builder/spi-builder-workspace/Source/Charts/Jobs/AnimatedZoomViewJob.swift:26:18: error: initializer cannot be marked '@objc' because the type of the parameter 3 cannot be represented in Objective-C
24 | internal var zoomCenterY: CGFloat = 0.0
25 |
26 | @objc public init(
| `- error: initializer cannot be marked '@objc' because the type of the parameter 3 cannot be represented in Objective-C
27 | viewPortHandler: ViewPortHandler,
28 | transformer: Transformer,
29 | view: ChartViewBase,
| `- note: classes not annotated with '@objc' cannot be represented in Objective-C
30 | yAxis: YAxis,
31 | xAxisRange: Double,
/Users/admin/builder/spi-builder-workspace/Source/Charts/Jobs/ZoomViewJob.swift:22:18: error: initializer cannot be marked '@objc' because the type of the parameter 8 cannot be represented in Objective-C
20 | internal var axisDependency: YAxis.AxisDependency = .left
21 |
22 | @objc public init(
| `- error: initializer cannot be marked '@objc' because the type of the parameter 8 cannot be represented in Objective-C
23 | viewPortHandler: ViewPortHandler,
24 | scaleX: CGFloat,
:
28 | transformer: Transformer,
29 | axis: YAxis.AxisDependency,
30 | view: ChartViewBase)
| `- note: classes not annotated with '@objc' cannot be represented in Objective-C
31 | {
32 | self.scaleX = scaleX
/Users/admin/builder/spi-builder-workspace/Source/Charts/Renderers/BarChartRenderer.swift:41:55: error: cannot find type 'NSUIAccessibilityElement' in scope
39 | ///
40 | /// The ````internal```` specifier is to allow subclasses (HorizontalBar) to populate the same array
41 | internal lazy var accessibilityOrderedElements: [[NSUIAccessibilityElement]] = accessibilityCreateEmptyOrderedElements()
| `- error: cannot find type 'NSUIAccessibilityElement' in scope
42 |
43 | private typealias Buffer = [CGRect]
/Users/admin/builder/spi-builder-workspace/Source/Charts/Renderers/BarChartRenderer.swift:760:66: error: cannot find type 'NSUIAccessibilityElement' in scope
758 | /// Creates a nested array of empty subarrays each of which will be populated with NSUIAccessibilityElements.
759 | /// This is marked internal to support HorizontalBarChartRenderer as well.
760 | internal func accessibilityCreateEmptyOrderedElements() -> [[NSUIAccessibilityElement]]
| `- error: cannot find type 'NSUIAccessibilityElement' in scope
761 | {
762 | guard let chart = dataProvider as? BarChartView else { return [] }
/Users/admin/builder/spi-builder-workspace/Source/Charts/Renderers/BarChartRenderer.swift:671:102: error: cannot find type 'NSUIFont' in scope
669 |
670 | /// Draws a value at the specified x and y position.
671 | @objc open func drawValue(context: CGContext, value: String, xPos: CGFloat, yPos: CGFloat, font: NSUIFont, align: TextAlignment, color: NSUIColor, anchor: CGPoint, angleRadians: CGFloat)
| `- error: cannot find type 'NSUIFont' in scope
672 | {
673 | if (angleRadians == 0.0)
/Users/admin/builder/spi-builder-workspace/Source/Charts/Renderers/BarChartRenderer.swift:671:119: error: cannot find type 'TextAlignment' in scope
669 |
670 | /// Draws a value at the specified x and y position.
671 | @objc open func drawValue(context: CGContext, value: String, xPos: CGFloat, yPos: CGFloat, font: NSUIFont, align: TextAlignment, color: NSUIColor, anchor: CGPoint, angleRadians: CGFloat)
| `- error: cannot find type 'TextAlignment' in scope
672 | {
673 | if (angleRadians == 0.0)
/Users/admin/builder/spi-builder-workspace/Source/Charts/Renderers/BarChartRenderer.swift:779:90: error: cannot find type 'NSUIAccessibilityElement' in scope
777 | dataSetIndex: Int,
778 | stackSize: Int,
779 | modifier: (NSUIAccessibilityElement) -> ()) -> NSUIAccessibilityElement
| `- error: cannot find type 'NSUIAccessibilityElement' in scope
780 | {
781 | let element = NSUIAccessibilityElement(accessibilityContainer: container)
/Users/admin/builder/spi-builder-workspace/Source/Charts/Renderers/BarChartRenderer.swift:779:54: error: cannot find type 'NSUIAccessibilityElement' in scope
777 | dataSetIndex: Int,
778 | stackSize: Int,
779 | modifier: (NSUIAccessibilityElement) -> ()) -> NSUIAccessibilityElement
| `- error: cannot find type 'NSUIAccessibilityElement' in scope
780 | {
781 | let element = NSUIAccessibilityElement(accessibilityContainer: container)
/Users/admin/builder/spi-builder-workspace/Source/Charts/Renderers/DataRenderer.swift:56:95: error: cannot find type 'NSUIAccessibilityElement' in scope
54 | func createAccessibleHeader(usingChart chart: ChartViewBase,
55 | andData data: ChartData,
56 | withDefaultDescription defaultDescription: String) -> NSUIAccessibilityElement
| `- error: cannot find type 'NSUIAccessibilityElement' in scope
57 | }
58 |
/Users/admin/builder/spi-builder-workspace/Source/Charts/Renderers/BarLineScatterCandleBubbleRenderer.swift:20:48: error: cannot find type 'NSUIAccessibilityElement' in scope
18 | public let viewPortHandler: ViewPortHandler
19 |
20 | public final var accessibleChartElements: [NSUIAccessibilityElement] = []
| `- error: cannot find type 'NSUIAccessibilityElement' in scope
21 |
22 | public let animator: Animator
/Users/admin/builder/spi-builder-workspace/Source/Charts/Renderers/DataRenderer.swift:25:35: error: cannot find type 'NSUIAccessibilityElement' in scope
23 | /// Renderers should ensure that the order of elements makes sense to a client presenting an audio-only interface to a user.
24 | /// Subclasses should populate this array in drawData() or drawDataSet() to make the chart accessible.
25 | var accessibleChartElements: [NSUIAccessibilityElement] { get }
| `- error: cannot find type 'NSUIAccessibilityElement' in scope
26 |
27 | var animator: Animator { get }
/Users/admin/builder/spi-builder-workspace/Source/Charts/Renderers/BarLineScatterCandleBubbleRenderer.swift:115:152: error: cannot find type 'NSUIAccessibilityElement' in scope
113 | }
114 |
115 | public func createAccessibleHeader(usingChart chart: ChartViewBase, andData data: ChartData, withDefaultDescription defaultDescription: String) -> NSUIAccessibilityElement {
| `- error: cannot find type 'NSUIAccessibilityElement' in scope
116 | return AccessibleHeader.create(usingChart: chart, andData: data, withDefaultDescription: defaultDescription)
117 | }
/Users/admin/builder/spi-builder-workspace/Source/Charts/Renderers/BubbleChartRenderer.swift:18:54: error: cannot find type 'NSUIAccessibilityElement' in scope
16 | {
17 | /// A nested array of elements ordered logically (i.e not in visual/drawing order) for use with VoiceOver.
18 | private lazy var accessibilityOrderedElements: [[NSUIAccessibilityElement]] = accessibilityCreateEmptyOrderedElements()
| `- error: cannot find type 'NSUIAccessibilityElement' in scope
19 |
20 | @objc open weak var dataProvider: BubbleChartDataProvider?
/Users/admin/builder/spi-builder-workspace/Source/Charts/Renderers/BubbleChartRenderer.swift:317:65: error: cannot find type 'NSUIAccessibilityElement' in scope
315 |
316 | /// Creates a nested array of empty subarrays each of which will be populated with NSUIAccessibilityElements.
317 | private func accessibilityCreateEmptyOrderedElements() -> [[NSUIAccessibilityElement]]
| `- error: cannot find type 'NSUIAccessibilityElement' in scope
318 | {
319 | guard let chart = dataProvider as? BubbleChartView else { return [] }
/Users/admin/builder/spi-builder-workspace/Source/Charts/Renderers/BubbleChartRenderer.swift:333:89: error: cannot find type 'NSUIAccessibilityElement' in scope
331 | dataSetIndex: Int,
332 | shapeSize: CGFloat,
333 | modifier: (NSUIAccessibilityElement) -> ()) -> NSUIAccessibilityElement
| `- error: cannot find type 'NSUIAccessibilityElement' in scope
334 | {
335 | let element = NSUIAccessibilityElement(accessibilityContainer: container)
/Users/admin/builder/spi-builder-workspace/Source/Charts/Renderers/BubbleChartRenderer.swift:333:53: error: cannot find type 'NSUIAccessibilityElement' in scope
331 | dataSetIndex: Int,
332 | shapeSize: CGFloat,
333 | modifier: (NSUIAccessibilityElement) -> ()) -> NSUIAccessibilityElement
| `- error: cannot find type 'NSUIAccessibilityElement' in scope
334 | {
335 | let element = NSUIAccessibilityElement(accessibilityContainer: container)
/Users/admin/builder/spi-builder-workspace/Source/Charts/Renderers/CandleStickChartRenderer.swift:408:89: error: cannot find type 'NSUIAccessibilityElement' in scope
406 | container: CandleChartDataProvider,
407 | dataSet: CandleChartDataSetProtocol,
408 | modifier: (NSUIAccessibilityElement) -> ()) -> NSUIAccessibilityElement {
| `- error: cannot find type 'NSUIAccessibilityElement' in scope
409 |
410 | let element = NSUIAccessibilityElement(accessibilityContainer: container)
/Users/admin/builder/spi-builder-workspace/Source/Charts/Renderers/CandleStickChartRenderer.swift:408:53: error: cannot find type 'NSUIAccessibilityElement' in scope
406 | container: CandleChartDataProvider,
407 | dataSet: CandleChartDataSetProtocol,
408 | modifier: (NSUIAccessibilityElement) -> ()) -> NSUIAccessibilityElement {
| `- error: cannot find type 'NSUIAccessibilityElement' in scope
409 |
410 | let element = NSUIAccessibilityElement(accessibilityContainer: container)
/Users/admin/builder/spi-builder-workspace/Source/Charts/Renderers/CombinedChartRenderer.swift:19:48: error: cannot find type 'NSUIAccessibilityElement' in scope
17 | public let viewPortHandler: ViewPortHandler
18 |
19 | public final var accessibleChartElements: [NSUIAccessibilityElement] = []
| `- error: cannot find type 'NSUIAccessibilityElement' in scope
20 |
21 | public let animator: Animator
/Users/admin/builder/spi-builder-workspace/Source/Charts/Renderers/CombinedChartRenderer.swift:23:25: error: property cannot be marked '@objc' because its type cannot be represented in Objective-C
21 | public let animator: Animator
22 |
23 | @objc open weak var chart: CombinedChartView?
| `- error: property cannot be marked '@objc' because its type cannot be represented in Objective-C
24 |
25 | /// if set to true, all values are drawn above their bars, instead of below their top
/Users/admin/builder/spi-builder-workspace/Source/Charts/Renderers/CombinedChartRenderer.swift:35:18: error: initializer cannot be marked '@objc' because the type of the parameter 1 cannot be represented in Objective-C
33 | internal var _drawOrder: [CombinedChartView.DrawOrder] = [.bar, .bubble, .line, .candle, .scatter]
34 |
35 | @objc public init(chart: CombinedChartView, animator: Animator, viewPortHandler: ViewPortHandler)
| | `- note: classes not annotated with '@objc' cannot be represented in Objective-C
| `- error: initializer cannot be marked '@objc' because the type of the parameter 1 cannot be represented in Objective-C
36 | {
37 | self.chart = chart
/Users/admin/builder/spi-builder-workspace/Source/Charts/Renderers/CombinedChartRenderer.swift:198:152: error: cannot find type 'NSUIAccessibilityElement' in scope
196 | }
197 |
198 | public func createAccessibleHeader(usingChart chart: ChartViewBase, andData data: ChartData, withDefaultDescription defaultDescription: String) -> NSUIAccessibilityElement {
| `- error: cannot find type 'NSUIAccessibilityElement' in scope
199 | return AccessibleHeader.create(usingChart: chart, andData: data, withDefaultDescription: defaultDescription)
200 | }
/Users/admin/builder/spi-builder-workspace/Source/Charts/Renderers/DataRenderer.swift:54:10: error: instance method cannot be a member of an '@objc' protocol because the type of the parameter 1 cannot be represented in Objective-C
52 | /// - defaultDescription: A simple string describing the type/design of Chart.
53 | /// - Returns: A header ```NSUIAccessibilityElement``` that can be added to accessibleChartElements.
54 | func createAccessibleHeader(usingChart chart: ChartViewBase,
| | `- note: classes not annotated with '@objc' cannot be represented in Objective-C
| |- error: instance method cannot be a member of an '@objc' protocol because the type of the parameter 1 cannot be represented in Objective-C
| `- note: inferring '@objc' because the declaration is a member of an '@objc' protocol
55 | andData data: ChartData,
56 | withDefaultDescription defaultDescription: String) -> NSUIAccessibilityElement
/Users/admin/builder/spi-builder-workspace/Source/Charts/Renderers/DataRenderer.swift:62:97: error: cannot find type 'NSUIAccessibilityElement' in scope
60 | static func create(usingChart chart: ChartViewBase,
61 | andData data: ChartData,
62 | withDefaultDescription defaultDescription: String = "Chart") -> NSUIAccessibilityElement
| `- error: cannot find type 'NSUIAccessibilityElement' in scope
63 | {
64 | let chartDescriptionText = chart.chartDescription.text ?? defaultDescription
/Users/admin/builder/spi-builder-workspace/Source/Charts/Renderers/LegendRenderer.swift:549:96: error: cannot find type 'NSUIFont' in scope
547 |
548 | /// Draws the provided label at the given position.
549 | @objc open func drawLabel(context: CGContext, x: CGFloat, y: CGFloat, label: String, font: NSUIFont, textColor: NSUIColor)
| `- error: cannot find type 'NSUIFont' in scope
550 | {
551 | context.drawText(label, at: CGPoint(x: x, y: y), align: .left, attributes: [.font: font, .foregroundColor: textColor])
/Users/admin/builder/spi-builder-workspace/Source/Charts/Renderers/LineChartRenderer.swift:21:54: error: cannot find type 'NSUIAccessibilityElement' in scope
19 | // NOTE: Unlike the other renderers, LineChartRenderer populates accessibleChartElements in drawCircles due to the nature of its drawing options.
20 | /// A nested array of elements ordered logically (i.e not in visual/drawing order) for use with VoiceOver.
21 | private lazy var accessibilityOrderedElements: [[NSUIAccessibilityElement]] = accessibilityCreateEmptyOrderedElements()
| `- error: cannot find type 'NSUIAccessibilityElement' in scope
22 |
23 | @objc open weak var dataProvider: LineChartDataProvider?
/Users/admin/builder/spi-builder-workspace/Source/Charts/Renderers/LineChartRenderer.swift:865:65: error: cannot find type 'NSUIAccessibilityElement' in scope
863 | /// Creates a nested array of empty subarrays each of which will be populated with NSUIAccessibilityElements.
864 | /// This is marked internal to support HorizontalBarChartRenderer as well.
865 | private func accessibilityCreateEmptyOrderedElements() -> [[NSUIAccessibilityElement]]
| `- error: cannot find type 'NSUIAccessibilityElement' in scope
866 | {
867 | guard let chart = dataProvider as? LineChartView else { return [] }
/Users/admin/builder/spi-builder-workspace/Source/Charts/Renderers/LineChartRenderer.swift:882:89: error: cannot find type 'NSUIAccessibilityElement' in scope
880 | dataSet: LineChartDataSetProtocol,
881 | dataSetIndex: Int,
882 | modifier: (NSUIAccessibilityElement) -> ()) -> NSUIAccessibilityElement
| `- error: cannot find type 'NSUIAccessibilityElement' in scope
883 | {
884 | let element = NSUIAccessibilityElement(accessibilityContainer: container)
/Users/admin/builder/spi-builder-workspace/Source/Charts/Renderers/LineChartRenderer.swift:882:53: error: cannot find type 'NSUIAccessibilityElement' in scope
880 | dataSet: LineChartDataSetProtocol,
881 | dataSetIndex: Int,
882 | modifier: (NSUIAccessibilityElement) -> ()) -> NSUIAccessibilityElement
| `- error: cannot find type 'NSUIAccessibilityElement' in scope
883 | {
884 | let element = NSUIAccessibilityElement(accessibilityContainer: container)
/Users/admin/builder/spi-builder-workspace/Source/Charts/Renderers/PieChartRenderer.swift:24:48: error: cannot find type 'NSUIAccessibilityElement' in scope
22 | public let viewPortHandler: ViewPortHandler
23 |
24 | public final var accessibleChartElements: [NSUIAccessibilityElement] = []
| `- error: cannot find type 'NSUIAccessibilityElement' in scope
25 |
26 | public let animator: Animator
/Users/admin/builder/spi-builder-workspace/Source/Charts/Renderers/PieChartRenderer.swift:28:25: error: property cannot be marked '@objc' because its type cannot be represented in Objective-C
26 | public let animator: Animator
27 |
28 | @objc open weak var chart: PieChartView?
| `- error: property cannot be marked '@objc' because its type cannot be represented in Objective-C
29 |
30 | @objc public init(chart: PieChartView, animator: Animator, viewPortHandler: ViewPortHandler)
/Users/admin/builder/spi-builder-workspace/Source/Charts/Renderers/PieChartRenderer.swift:30:18: error: initializer cannot be marked '@objc' because the type of the parameter 1 cannot be represented in Objective-C
28 | @objc open weak var chart: PieChartView?
29 |
30 | @objc public init(chart: PieChartView, animator: Animator, viewPortHandler: ViewPortHandler)
| | `- note: classes not annotated with '@objc' cannot be represented in Objective-C
| `- error: initializer cannot be marked '@objc' because the type of the parameter 1 cannot be represented in Objective-C
31 | {
32 | self.viewPortHandler = viewPortHandler
/Users/admin/builder/spi-builder-workspace/Source/Charts/Renderers/PieChartRenderer.swift:896:89: error: cannot find type 'NSUIAccessibilityElement' in scope
894 | container: PieChartView,
895 | dataSet: PieChartDataSetProtocol,
896 | modifier: (NSUIAccessibilityElement) -> ()) -> NSUIAccessibilityElement {
| `- error: cannot find type 'NSUIAccessibilityElement' in scope
897 |
898 | let element = NSUIAccessibilityElement(accessibilityContainer: container)
/Users/admin/builder/spi-builder-workspace/Source/Charts/Renderers/PieChartRenderer.swift:896:53: error: cannot find type 'NSUIAccessibilityElement' in scope
894 | container: PieChartView,
895 | dataSet: PieChartDataSetProtocol,
896 | modifier: (NSUIAccessibilityElement) -> ()) -> NSUIAccessibilityElement {
| `- error: cannot find type 'NSUIAccessibilityElement' in scope
897 |
898 | let element = NSUIAccessibilityElement(accessibilityContainer: container)
/Users/admin/builder/spi-builder-workspace/Source/Charts/Renderers/PieChartRenderer.swift:934:152: error: cannot find type 'NSUIAccessibilityElement' in scope
932 | }
933 |
934 | public func createAccessibleHeader(usingChart chart: ChartViewBase, andData data: ChartData, withDefaultDescription defaultDescription: String) -> NSUIAccessibilityElement {
| `- error: cannot find type 'NSUIAccessibilityElement' in scope
935 | return AccessibleHeader.create(usingChart: chart, andData: data, withDefaultDescription: defaultDescription)
936 | }
/Users/admin/builder/spi-builder-workspace/Source/Charts/Renderers/RadarChartRenderer.swift:27:25: error: property cannot be marked '@objc' because its type cannot be represented in Objective-C
25 | }()
26 |
27 | @objc open weak var chart: RadarChartView?
| `- error: property cannot be marked '@objc' because its type cannot be represented in Objective-C
28 |
29 | @objc public init(chart: RadarChartView, animator: Animator, viewPortHandler: ViewPortHandler)
/Users/admin/builder/spi-builder-workspace/Source/Charts/Renderers/RadarChartRenderer.swift:29:18: error: initializer cannot be marked '@objc' because the type of the parameter 1 cannot be represented in Objective-C
27 | @objc open weak var chart: RadarChartView?
28 |
29 | @objc public init(chart: RadarChartView, animator: Animator, viewPortHandler: ViewPortHandler)
| | `- note: classes not annotated with '@objc' cannot be represented in Objective-C
| `- error: initializer cannot be marked '@objc' because the type of the parameter 1 cannot be represented in Objective-C
30 | {
31 | super.init(animator: animator, viewPortHandler: viewPortHandler)
/Users/admin/builder/spi-builder-workspace/Source/Charts/Renderers/RadarChartRenderer.swift:459:89: error: cannot find type 'NSUIAccessibilityElement' in scope
457 | container: RadarChartView,
458 | dataSet: RadarChartDataSetProtocol,
459 | modifier: (NSUIAccessibilityElement) -> ()) -> NSUIAccessibilityElement {
| `- error: cannot find type 'NSUIAccessibilityElement' in scope
460 |
461 | let element = NSUIAccessibilityElement(accessibilityContainer: container)
/Users/admin/builder/spi-builder-workspace/Source/Charts/Renderers/RadarChartRenderer.swift:459:53: error: cannot find type 'NSUIAccessibilityElement' in scope
457 | container: RadarChartView,
458 | dataSet: RadarChartDataSetProtocol,
459 | modifier: (NSUIAccessibilityElement) -> ()) -> NSUIAccessibilityElement {
| `- error: cannot find type 'NSUIAccessibilityElement' in scope
460 |
461 | let element = NSUIAccessibilityElement(accessibilityContainer: container)
/Users/admin/builder/spi-builder-workspace/Source/Charts/Renderers/XAxisRendererHorizontalBarChart.swift:19:18: error: initializer cannot be marked '@objc' because the type of the parameter 4 cannot be represented in Objective-C
17 | internal weak var chart: BarChartView?
18 |
19 | @objc public init(viewPortHandler: ViewPortHandler, axis: XAxis, transformer: Transformer?, chart: BarChartView)
| | `- note: classes not annotated with '@objc' cannot be represented in Objective-C
| `- error: initializer cannot be marked '@objc' because the type of the parameter 4 cannot be represented in Objective-C
20 | {
21 | super.init(viewPortHandler: viewPortHandler, axis: axis, transformer: transformer)
/Users/admin/builder/spi-builder-workspace/Source/Charts/Renderers/XAxisRendererRadarChart.swift:17:25: error: property cannot be marked '@objc' because its type cannot be represented in Objective-C
15 | open class XAxisRendererRadarChart: XAxisRenderer
16 | {
17 | @objc open weak var chart: RadarChartView?
| `- error: property cannot be marked '@objc' because its type cannot be represented in Objective-C
18 |
19 | @objc public init(viewPortHandler: ViewPortHandler, axis: XAxis, chart: RadarChartView)
/Users/admin/builder/spi-builder-workspace/Source/Charts/Renderers/XAxisRendererRadarChart.swift:19:18: error: initializer cannot be marked '@objc' because the type of the parameter 3 cannot be represented in Objective-C
17 | @objc open weak var chart: RadarChartView?
18 |
19 | @objc public init(viewPortHandler: ViewPortHandler, axis: XAxis, chart: RadarChartView)
| | `- note: classes not annotated with '@objc' cannot be represented in Objective-C
| `- error: initializer cannot be marked '@objc' because the type of the parameter 3 cannot be represented in Objective-C
20 | {
21 | super.init(viewPortHandler: viewPortHandler, axis: axis, transformer: nil)
/Users/admin/builder/spi-builder-workspace/Source/Charts/Renderers/YAxisRenderer.swift:126:20: error: cannot find type 'TextAlignment' in scope
124 | positions: [CGPoint],
125 | offset: CGFloat,
126 | textAlign: TextAlignment)
| `- error: cannot find type 'TextAlignment' in scope
127 | {
128 | let labelFont = axis.labelFont
/Users/admin/builder/spi-builder-workspace/Source/Charts/Renderers/YAxisRendererRadarChart.swift:20:18: error: initializer cannot be marked '@objc' because the type of the parameter 3 cannot be represented in Objective-C
18 | private weak var chart: RadarChartView?
19 |
20 | @objc public init(viewPortHandler: ViewPortHandler, axis: YAxis, chart: RadarChartView)
| | `- note: classes not annotated with '@objc' cannot be represented in Objective-C
| `- error: initializer cannot be marked '@objc' because the type of the parameter 3 cannot be represented in Objective-C
21 | {
22 | self.chart = chart
/Users/admin/builder/spi-builder-workspace/Source/Charts/Utils/ChartUtils.swift:122:36: error: cannot find type 'NSUIImage' in scope
120 | {
121 |
122 | public func drawImage(_ image: NSUIImage, atCenter center: CGPoint, size: CGSize)
| `- error: cannot find type 'NSUIImage' in scope
123 | {
124 | var drawOffset = CGPoint()
/Users/admin/builder/spi-builder-workspace/Source/Charts/Utils/ChartUtils.swift:160:68: error: cannot find type 'TextAlignment' in scope
158 | }
159 |
160 | public func drawText(_ text: String, at point: CGPoint, align: TextAlignment, anchor: CGPoint = CGPoint(x: 0.5, y: 0.5), angleRadians: CGFloat = 0.0, attributes: [NSAttributedString.Key : Any]?)
| `- error: cannot find type 'TextAlignment' in scope
161 | {
162 | let drawPoint = getDrawPoint(text: text, point: point, align: align, attributes: attributes)
/Users/admin/builder/spi-builder-workspace/Source/Charts/Utils/ChartUtils.swift:230:68: error: cannot find type 'TextAlignment' in scope
228 | }
229 |
230 | private func getDrawPoint(text: String, point: CGPoint, align: TextAlignment, attributes: [NSAttributedString.Key : Any]?) -> CGPoint
| `- error: cannot find type 'TextAlignment' in scope
231 | {
232 | var point = point
/Users/admin/builder/spi-builder-workspace/Source/Charts/Utils/Fill.swift:71:42: error: cannot find type 'NSUIImage' in scope
69 | }
70 |
71 | @objc public convenience init(image: NSUIImage, isTiled: Bool = false)
| `- error: cannot find type 'NSUIImage' in scope
72 | {
73 | self.init(cgImage: image.cgImage!, isTiled: isTiled)
/Users/admin/builder/spi-builder-workspace/Source/Charts/Utils/Platform+Gestures.swift:16:42: error: 'UIGestureRecognizer' is unavailable in watchOS
14 | import UIKit
15 |
16 | public typealias NSUIGestureRecognizer = UIGestureRecognizer
| `- error: 'UIGestureRecognizer' is unavailable in watchOS
17 | public typealias NSUIGestureRecognizerState = UIGestureRecognizer.State
18 | public typealias NSUIGestureRecognizerDelegate = UIGestureRecognizerDelegate
/Applications/Xcode-27.0.0-Release.Candidate.app/Contents/Developer/Platforms/WatchOS.platform/Developer/SDKs/WatchOS27.0.sdk/System/Library/Frameworks/UIKit.framework/Headers/UIGestureRecognizer.h:35:12: note: 'UIGestureRecognizer' has been explicitly marked unavailable here
33 |
34 | UIKIT_EXTERN API_AVAILABLE(ios(3.2)) API_UNAVAILABLE(watchos) NS_SWIFT_UI_ACTOR
35 | @interface UIGestureRecognizer : NSObject
| `- note: 'UIGestureRecognizer' has been explicitly marked unavailable here
36 |
37 | // Valid action method signatures:
/Users/admin/builder/spi-builder-workspace/Source/Charts/Utils/Platform+Gestures.swift:17:47: error: 'UIGestureRecognizer' is unavailable in watchOS
15 |
16 | public typealias NSUIGestureRecognizer = UIGestureRecognizer
17 | public typealias NSUIGestureRecognizerState = UIGestureRecognizer.State
| `- error: 'UIGestureRecognizer' is unavailable in watchOS
18 | public typealias NSUIGestureRecognizerDelegate = UIGestureRecognizerDelegate
19 | public typealias NSUITapGestureRecognizer = UITapGestureRecognizer
/Applications/Xcode-27.0.0-Release.Candidate.app/Contents/Developer/Platforms/WatchOS.platform/Developer/SDKs/WatchOS27.0.sdk/System/Library/Frameworks/UIKit.framework/Headers/UIGestureRecognizer.h:35:12: note: 'UIGestureRecognizer' has been explicitly marked unavailable here
33 |
34 | UIKIT_EXTERN API_AVAILABLE(ios(3.2)) API_UNAVAILABLE(watchos) NS_SWIFT_UI_ACTOR
35 | @interface UIGestureRecognizer : NSObject
| `- note: 'UIGestureRecognizer' has been explicitly marked unavailable here
36 |
37 | // Valid action method signatures:
/Users/admin/builder/spi-builder-workspace/Source/Charts/Utils/Platform+Gestures.swift:18:50: error: 'UIGestureRecognizerDelegate' is unavailable in watchOS
16 | public typealias NSUIGestureRecognizer = UIGestureRecognizer
17 | public typealias NSUIGestureRecognizerState = UIGestureRecognizer.State
18 | public typealias NSUIGestureRecognizerDelegate = UIGestureRecognizerDelegate
| `- error: 'UIGestureRecognizerDelegate' is unavailable in watchOS
19 | public typealias NSUITapGestureRecognizer = UITapGestureRecognizer
20 | public typealias NSUIPanGestureRecognizer = UIPanGestureRecognizer
/Applications/Xcode-27.0.0-Release.Candidate.app/Contents/Developer/Platforms/WatchOS.platform/Developer/SDKs/WatchOS27.0.sdk/System/Library/Frameworks/UIKit.framework/Headers/UIGestureRecognizer.h:91:11: note: 'UIGestureRecognizerDelegate' has been explicitly marked unavailable here
89 |
90 | API_UNAVAILABLE(watchos) NS_SWIFT_UI_ACTOR
91 | @protocol UIGestureRecognizerDelegate <NSObject>
| `- note: 'UIGestureRecognizerDelegate' has been explicitly marked unavailable here
92 | @optional
93 | // called when a gesture recognizer attempts to transition out of UIGestureRecognizerStatePossible. returning NO causes it to transition to UIGestureRecognizerStateFailed
/Users/admin/builder/spi-builder-workspace/Source/Charts/Utils/Platform+Gestures.swift:19:45: error: 'UITapGestureRecognizer' is unavailable in watchOS
17 | public typealias NSUIGestureRecognizerState = UIGestureRecognizer.State
18 | public typealias NSUIGestureRecognizerDelegate = UIGestureRecognizerDelegate
19 | public typealias NSUITapGestureRecognizer = UITapGestureRecognizer
| `- error: 'UITapGestureRecognizer' is unavailable in watchOS
20 | public typealias NSUIPanGestureRecognizer = UIPanGestureRecognizer
21 |
/Applications/Xcode-27.0.0-Release.Candidate.app/Contents/Developer/Platforms/WatchOS.platform/Developer/SDKs/WatchOS27.0.sdk/System/Library/Frameworks/UIKit.framework/Headers/UITapGestureRecognizer.h:23:12: note: 'UITapGestureRecognizer' has been explicitly marked unavailable here
21 |
22 | UIKIT_EXTERN API_AVAILABLE(ios(3.2)) API_UNAVAILABLE(watchos) NS_SWIFT_UI_ACTOR
23 | @interface UITapGestureRecognizer : UIGestureRecognizer
| `- note: 'UITapGestureRecognizer' has been explicitly marked unavailable here
24 |
25 | @property (nonatomic) NSUInteger numberOfTapsRequired; // Default is 1. The number of taps required to match
/Users/admin/builder/spi-builder-workspace/Source/Charts/Utils/Platform+Gestures.swift:20:45: error: 'UIPanGestureRecognizer' is unavailable in watchOS
18 | public typealias NSUIGestureRecognizerDelegate = UIGestureRecognizerDelegate
19 | public typealias NSUITapGestureRecognizer = UITapGestureRecognizer
20 | public typealias NSUIPanGestureRecognizer = UIPanGestureRecognizer
| `- error: 'UIPanGestureRecognizer' is unavailable in watchOS
21 |
22 | extension NSUITapGestureRecognizer
/Applications/Xcode-27.0.0-Release.Candidate.app/Contents/Developer/Platforms/WatchOS.platform/Developer/SDKs/WatchOS27.0.sdk/System/Library/Frameworks/UIKit.framework/Headers/UIPanGestureRecognizer.h:31:12: note: 'UIPanGestureRecognizer' has been explicitly marked unavailable here
29 |
30 | UIKIT_EXTERN API_AVAILABLE(ios(3.2)) API_UNAVAILABLE(watchos) NS_SWIFT_UI_ACTOR
31 | @interface UIPanGestureRecognizer : UIGestureRecognizer
| `- note: 'UIPanGestureRecognizer' has been explicitly marked unavailable here
32 |
33 | @property (nonatomic) NSUInteger minimumNumberOfTouches API_UNAVAILABLE(tvos); // default is 1. the minimum number of touches required to match
/Users/admin/builder/spi-builder-workspace/Source/Charts/Utils/Platform+Gestures.swift:49:64: error: 'UIView' is unavailable in watchOS
47 | }
48 |
49 | @objc final func nsuiLocationOfTouch(_ touch: Int, inView: UIView?) -> CGPoint
| `- error: 'UIView' is unavailable in watchOS
50 | {
51 | return super.location(ofTouch: touch, in: inView)
/Applications/Xcode-27.0.0-Release.Candidate.app/Contents/Developer/Platforms/WatchOS.platform/Developer/SDKs/WatchOS27.0.sdk/System/Library/Frameworks/UIKit.framework/Headers/UIView.h:152:12: note: 'UIView' has been explicitly marked unavailable here
150 |
151 | UIKIT_EXTERN API_AVAILABLE(ios(2.0)) API_UNAVAILABLE(watchos) NS_SWIFT_UI_ACTOR
152 | @interface UIView : UIResponder <NSCoding, UIAppearance, UIAppearanceContainer, UIDynamicItem, UITraitEnvironment, UICoordinateSpace, UIFocusItem, UIFocusItemContainer, CALayerDelegate>
| `- note: 'UIView' has been explicitly marked unavailable here
153 |
154 | @property(class, nonatomic, readonly) Class layerClass; // default is [CALayer class]. Used when creating the underlying layer for the view.
/Users/admin/builder/spi-builder-workspace/Source/Charts/Utils/Platform+Gestures.swift:56:47: error: 'UIPinchGestureRecognizer' is unavailable in watchOS
54 |
55 | #if !os(tvOS)
56 | public typealias NSUIPinchGestureRecognizer = UIPinchGestureRecognizer
| `- error: 'UIPinchGestureRecognizer' is unavailable in watchOS
57 | public typealias NSUIRotationGestureRecognizer = UIRotationGestureRecognizer
58 |
/Applications/Xcode-27.0.0-Release.Candidate.app/Contents/Developer/Platforms/WatchOS.platform/Developer/SDKs/WatchOS27.0.sdk/System/Library/Frameworks/UIKit.framework/Headers/UIPinchGestureRecognizer.h:20:12: note: 'UIPinchGestureRecognizer' has been explicitly marked unavailable here
18 |
19 | UIKIT_EXTERN API_AVAILABLE(ios(3.2)) API_UNAVAILABLE(tvos, watchos) NS_SWIFT_UI_ACTOR
20 | @interface UIPinchGestureRecognizer : UIGestureRecognizer
| `- note: 'UIPinchGestureRecognizer' has been explicitly marked unavailable here
21 |
22 | @property (nonatomic) CGFloat scale; // scale relative to the touch points in screen coordinates
/Users/admin/builder/spi-builder-workspace/Source/Charts/Utils/Platform+Gestures.swift:57:50: error: 'UIRotationGestureRecognizer' is unavailable in watchOS
55 | #if !os(tvOS)
56 | public typealias NSUIPinchGestureRecognizer = UIPinchGestureRecognizer
57 | public typealias NSUIRotationGestureRecognizer = UIRotationGestureRecognizer
| `- error: 'UIRotationGestureRecognizer' is unavailable in watchOS
58 |
59 | extension NSUIRotationGestureRecognizer
/Applications/Xcode-27.0.0-Release.Candidate.app/Contents/Developer/Platforms/WatchOS.platform/Developer/SDKs/WatchOS27.0.sdk/System/Library/Frameworks/UIKit.framework/Headers/UIRotationGestureRecognizer.h:20:12: note: 'UIRotationGestureRecognizer' has been explicitly marked unavailable here
18 |
19 | UIKIT_EXTERN API_AVAILABLE(ios(3.2)) API_UNAVAILABLE(tvos, watchos) NS_SWIFT_UI_ACTOR
20 | @interface UIRotationGestureRecognizer : UIGestureRecognizer
| `- note: 'UIRotationGestureRecognizer' has been explicitly marked unavailable here
21 |
22 | @property (nonatomic) CGFloat rotation; // rotation in radians
/Users/admin/builder/spi-builder-workspace/Source/Charts/Utils/Platform+Gestures.swift:82:64: error: 'UIView' is unavailable in watchOS
80 | }
81 |
82 | @objc final func nsuiLocationOfTouch(_ touch: Int, inView: UIView?) -> CGPoint
| `- error: 'UIView' is unavailable in watchOS
83 | {
84 | return super.location(ofTouch: touch, in: inView)
/Applications/Xcode-27.0.0-Release.Candidate.app/Contents/Developer/Platforms/WatchOS.platform/Developer/SDKs/WatchOS27.0.sdk/System/Library/Frameworks/UIKit.framework/Headers/UIView.h:152:12: note: 'UIView' has been explicitly marked unavailable here
150 |
151 | UIKIT_EXTERN API_AVAILABLE(ios(2.0)) API_UNAVAILABLE(watchos) NS_SWIFT_UI_ACTOR
152 | @interface UIView : UIResponder <NSCoding, UIAppearance, UIAppearanceContainer, UIDynamicItem, UITraitEnvironment, UICoordinateSpace, UIFocusItem, UIFocusItemContainer, CALayerDelegate>
| `- note: 'UIView' has been explicitly marked unavailable here
153 |
154 | @property(class, nonatomic, readonly) Class layerClass; // default is [CALayer class]. Used when creating the underlying layer for the view.
/Users/admin/builder/spi-builder-workspace/Source/Charts/Utils/Platform+Graphics.swift:36:55: error: cannot find type 'NSUIImage' in scope
34 | }
35 |
36 | func NSUIGraphicsGetImageFromCurrentImageContext() -> NSUIImage!
| `- error: cannot find type 'NSUIImage' in scope
37 | {
38 | return UIGraphicsGetImageFromCurrentImageContext()
/Users/admin/builder/spi-builder-workspace/Source/Charts/Utils/Platform+Graphics.swift:56:42: error: cannot find type 'NSUIImage' in scope
54 | }
55 |
56 | func NSUIImagePNGRepresentation(_ image: NSUIImage) -> Data?
| `- error: cannot find type 'NSUIImage' in scope
57 | {
58 | return image.pngData()
/Users/admin/builder/spi-builder-workspace/Source/Charts/Utils/Platform+Graphics.swift:61:43: error: cannot find type 'NSUIImage' in scope
59 | }
60 |
61 | func NSUIImageJPEGRepresentation(_ image: NSUIImage, _ quality: CGFloat = 0.8) -> Data?
| `- error: cannot find type 'NSUIImage' in scope
62 | {
63 | return image.jpegData(compressionQuality: quality)
/Users/admin/builder/spi-builder-workspace/Source/Charts/Utils/Platform+Touch Handling.swift:15:30: error: 'UIEvent' is unavailable in watchOS
13 | import UIKit
14 |
15 | public typealias NSUIEvent = UIEvent
| `- error: 'UIEvent' is unavailable in watchOS
16 | public typealias NSUITouch = UITouch
17 |
/Applications/Xcode-27.0.0-Release.Candidate.app/Contents/Developer/Platforms/WatchOS.platform/Developer/SDKs/WatchOS27.0.sdk/System/Library/Frameworks/UIKit.framework/Headers/UIEvent.h:62:12: note: 'UIEvent' has been explicitly marked unavailable here
60 |
61 | UIKIT_EXTERN API_AVAILABLE(ios(2.0)) API_UNAVAILABLE(watchos) NS_SWIFT_UI_ACTOR
62 | @interface UIEvent : NSObject
| `- note: 'UIEvent' has been explicitly marked unavailable here
63 |
64 | @property(nonatomic,readonly) UIEventType type API_AVAILABLE(ios(3.0));
/Users/admin/builder/spi-builder-workspace/Source/Charts/Utils/Platform+Touch Handling.swift:16:30: error: 'UITouch' is unavailable in watchOS
14 |
15 | public typealias NSUIEvent = UIEvent
16 | public typealias NSUITouch = UITouch
| `- error: 'UITouch' is unavailable in watchOS
17 |
18 | @objc
/Applications/Xcode-27.0.0-Release.Candidate.app/Contents/Developer/Platforms/WatchOS.platform/Developer/SDKs/WatchOS27.0.sdk/System/Library/Frameworks/UIKit.framework/Headers/UITouch.h:51:12: note: 'UITouch' has been explicitly marked unavailable here
49 |
50 | UIKIT_EXTERN API_AVAILABLE(ios(2.0)) API_UNAVAILABLE(watchos) NS_SWIFT_UI_ACTOR
51 | @interface UITouch : NSObject
| `- note: 'UITouch' has been explicitly marked unavailable here
52 |
53 | @property(nonatomic,readonly) NSTimeInterval timestamp;
/Users/admin/builder/spi-builder-workspace/Source/Charts/Utils/Platform+Touch Handling.swift:19:11: error: cannot find type 'NSUIView' in scope
17 |
18 | @objc
19 | extension NSUIView {
| `- error: cannot find type 'NSUIView' in scope
20 | public final override func touchesBegan(_ touches: Set<NSUITouch>, with event: NSUIEvent?)
21 | {
SwiftCompile normal arm64 (in target 'DGCharts' from project 'DGCharts')
cd /Users/admin/builder/spi-builder-workspace/.swiftpm/xcode
SwiftCompile normal arm64 Compiling\ BarLineScatterCandleBubbleChartData.swift,\ BarLineScatterCandleBubbleChartDataSet.swift,\ BubbleChartData.swift,\ BubbleChartDataEntry.swift,\ BubbleChartDataSet.swift,\ CandleChartData.swift,\ CandleChartDataEntry.swift,\ CandleChartDataSet.swift,\ ChartData.swift,\ ChartDataEntry.swift,\ ChartDataEntryBase.swift,\ ChartDataSet.swift,\ CombinedChartData.swift,\ LineChartData.swift,\ LineChartDataSet.swift /Users/admin/builder/spi-builder-workspace/Source/Charts/Data/Implementations/Standard/BarLineScatterCandleBubbleChartData.swift /Users/admin/builder/spi-builder-workspace/Source/Charts/Data/Implementations/Standard/BarLineScatterCandleBubbleChartDataSet.swift /Users/admin/builder/spi-builder-workspace/Source/Charts/Data/Implementations/Standard/BubbleChartData.swift /Users/admin/builder/spi-builder-workspace/Source/Charts/Data/Implementations/Standard/BubbleChartDataEntry.swift /Users/admin/builder/spi-builder-workspace/Source/Charts/Data/Implementations/Standard/BubbleChartDataSet.swift /Users/admin/builder/spi-builder-workspace/Source/Charts/Data/Implementations/Standard/CandleChartData.swift /Users/admin/builder/spi-builder-workspace/Source/Charts/Data/Implementations/Standard/CandleChartDataEntry.swift /Users/admin/builder/spi-builder-workspace/Source/Charts/Data/Implementations/Standard/CandleChartDataSet.swift /Users/admin/builder/spi-builder-workspace/Source/Charts/Data/Implementations/Standard/ChartData.swift /Users/admin/builder/spi-builder-workspace/Source/Charts/Data/Implementations/Standard/ChartDataEntry.swift /Users/admin/builder/spi-builder-workspace/Source/Charts/Data/Implementations/Standard/ChartDataEntryBase.swift /Users/admin/builder/spi-builder-workspace/Source/Charts/Data/Implementations/Standard/ChartDataSet.swift /Users/admin/builder/spi-builder-workspace/Source/Charts/Data/Implementations/Standard/CombinedChartData.swift /Users/admin/builder/spi-builder-workspace/Source/Charts/Data/Implementations/Standard/LineChartData.swift /Users/admin/builder/spi-builder-workspace/Source/Charts/Data/Implementations/Standard/LineChartDataSet.swift (in target 'DGCharts' from project 'DGCharts')
/Users/admin/builder/spi-builder-workspace/Source/Charts/Data/Implementations/Standard/ChartData.swift:382:42: error: cannot find type 'NSUIFont' in scope
380 |
381 | /// Sets the font for all value-labels for all DataSets this data object contains.
382 | @objc open func setValueFont(_ font: NSUIFont)
| `- error: cannot find type 'NSUIFont' in scope
383 | {
384 | forEach { $0.valueFont = font }
/Users/admin/builder/spi-builder-workspace/Source/Charts/Data/Interfaces/ChartDataSetProtocol.swift:210:20: error: cannot find type 'NSUIFont' in scope
208 |
209 | /// the font for the value-text labels
210 | var valueFont: NSUIFont { get set }
| `- error: cannot find type 'NSUIFont' in scope
211 |
212 | /// The rotation angle (in degrees) for value-text labels
/Users/admin/builder/spi-builder-workspace/Source/Charts/Data/Implementations/Standard/ChartDataEntryBase.swift:56:52: error: cannot find type 'NSUIImage' in scope
54 | /// - icon: icon image
55 |
56 | @objc public convenience init(y: Double, icon: NSUIImage?)
| `- error: cannot find type 'NSUIImage' in scope
57 | {
58 | self.init(y: y)
/Users/admin/builder/spi-builder-workspace/Source/Charts/Data/Implementations/Standard/ChartDataEntryBase.swift:68:52: error: cannot find type 'NSUIImage' in scope
66 | /// - data: Space for additional data this Entry represents.
67 |
68 | @objc public convenience init(y: Double, icon: NSUIImage?, data: Any?)
| `- error: cannot find type 'NSUIImage' in scope
69 | {
70 | self.init(y: y)
/Users/admin/builder/spi-builder-workspace/Source/Charts/Data/Implementations/Standard/ChartDataEntry.swift:55:63: error: cannot find type 'NSUIImage' in scope
53 | /// - icon: icon image
54 |
55 | @objc public convenience init(x: Double, y: Double, icon: NSUIImage?)
| `- error: cannot find type 'NSUIImage' in scope
56 | {
57 | self.init(x: x, y: y)
/Users/admin/builder/spi-builder-workspace/Source/Charts/Data/Implementations/Standard/ChartDataEntry.swift:69:63: error: cannot find type 'NSUIImage' in scope
67 | /// - data: Space for additional data this Entry represents.
68 |
69 | @objc public convenience init(x: Double, y: Double, icon: NSUIImage?, data: Any?)
| `- error: cannot find type 'NSUIImage' in scope
70 | {
71 | self.init(x: x, y: y)
/Users/admin/builder/spi-builder-workspace/Source/Charts/Data/Implementations/Standard/BubbleChartDataEntry.swift:52:78: error: cannot find type 'NSUIImage' in scope
50 | /// - size: The size of the bubble.
51 | /// - icon: icon image
52 | @objc public convenience init(x: Double, y: Double, size: CGFloat, icon: NSUIImage?)
| `- error: cannot find type 'NSUIImage' in scope
53 | {
54 | self.init(x: x, y: y, size: size)
/Users/admin/builder/spi-builder-workspace/Source/Charts/Data/Implementations/Standard/BubbleChartDataEntry.swift:64:78: error: cannot find type 'NSUIImage' in scope
62 | /// - icon: icon image
63 | /// - data: Spot for additional data this Entry represents.
64 | @objc public convenience init(x: Double, y: Double, size: CGFloat, icon: NSUIImage?, data: Any?)
| `- error: cannot find type 'NSUIImage' in scope
65 | {
66 | self.init(x: x, y: y, size: size)
/Users/admin/builder/spi-builder-workspace/Source/Charts/Data/Implementations/Standard/ChartDataEntryBase.swift:23:26: error: cannot find type 'NSUIImage' in scope
21 |
22 | /// optional icon image
23 | @objc open var icon: NSUIImage?
| `- error: cannot find type 'NSUIImage' in scope
24 |
25 | public override required init()
/Users/admin/builder/spi-builder-workspace/Source/Charts/Data/Implementations/Standard/CandleChartDataEntry.swift:43:115: error: cannot find type 'NSUIImage' in scope
41 | }
42 |
43 | @objc public convenience init(x: Double, shadowH: Double, shadowL: Double, open: Double, close: Double, icon: NSUIImage?)
| `- error: cannot find type 'NSUIImage' in scope
44 | {
45 | self.init(x: x, shadowH: shadowH, shadowL: shadowL, open: open, close: close)
SwiftCompile normal arm64 /Users/admin/builder/spi-builder-workspace/Source/Charts/Data/Implementations/Standard/BarLineScatterCandleBubbleChartData.swift (in target 'DGCharts' from project 'DGCharts')
cd /Users/admin/builder/spi-builder-workspace/.swiftpm/xcode
builtin-SwiftPerFileCompile BarLineScatterCandleBubbleChartData.swift
SwiftCompile normal arm64 /Users/admin/builder/spi-builder-workspace/Source/Charts/Data/Implementations/Standard/BarLineScatterCandleBubbleChartDataSet.swift (in target 'DGCharts' from project 'DGCharts')
cd /Users/admin/builder/spi-builder-workspace/.swiftpm/xcode
builtin-SwiftPerFileCompile BarLineScatterCandleBubbleChartDataSet.swift
SwiftCompile normal arm64 /Users/admin/builder/spi-builder-workspace/Source/Charts/Data/Implementations/Standard/BubbleChartData.swift (in target 'DGCharts' from project 'DGCharts')
cd /Users/admin/builder/spi-builder-workspace/.swiftpm/xcode
builtin-SwiftPerFileCompile BubbleChartData.swift
SwiftCompile normal arm64 /Users/admin/builder/spi-builder-workspace/Source/Charts/Data/Implementations/Standard/BubbleChartDataEntry.swift (in target 'DGCharts' from project 'DGCharts')
cd /Users/admin/builder/spi-builder-workspace/.swiftpm/xcode
builtin-SwiftPerFileCompile BubbleChartDataEntry.swift
SwiftCompile normal arm64 /Users/admin/builder/spi-builder-workspace/Source/Charts/Data/Implementations/Standard/BubbleChartDataSet.swift (in target 'DGCharts' from project 'DGCharts')
cd /Users/admin/builder/spi-builder-workspace/.swiftpm/xcode
builtin-SwiftPerFileCompile BubbleChartDataSet.swift
SwiftCompile normal arm64 /Users/admin/builder/spi-builder-workspace/Source/Charts/Data/Implementations/Standard/CandleChartData.swift (in target 'DGCharts' from project 'DGCharts')
cd /Users/admin/builder/spi-builder-workspace/.swiftpm/xcode
builtin-SwiftPerFileCompile CandleChartData.swift
SwiftCompile normal arm64 /Users/admin/builder/spi-builder-workspace/Source/Charts/Data/Implementations/Standard/CandleChartDataEntry.swift (in target 'DGCharts' from project 'DGCharts')
cd /Users/admin/builder/spi-builder-workspace/.swiftpm/xcode
builtin-SwiftPerFileCompile CandleChartDataEntry.swift
SwiftCompile normal arm64 /Users/admin/builder/spi-builder-workspace/Source/Charts/Data/Implementations/Standard/CandleChartDataSet.swift (in target 'DGCharts' from project 'DGCharts')
cd /Users/admin/builder/spi-builder-workspace/.swiftpm/xcode
builtin-SwiftPerFileCompile CandleChartDataSet.swift
SwiftCompile normal arm64 /Users/admin/builder/spi-builder-workspace/Source/Charts/Data/Implementations/Standard/ChartData.swift (in target 'DGCharts' from project 'DGCharts')
cd /Users/admin/builder/spi-builder-workspace/.swiftpm/xcode
builtin-SwiftPerFileCompile ChartData.swift
SwiftCompile normal arm64 /Users/admin/builder/spi-builder-workspace/Source/Charts/Data/Implementations/Standard/ChartDataEntry.swift (in target 'DGCharts' from project 'DGCharts')
cd /Users/admin/builder/spi-builder-workspace/.swiftpm/xcode
builtin-SwiftPerFileCompile ChartDataEntry.swift
SwiftCompile normal arm64 /Users/admin/builder/spi-builder-workspace/Source/Charts/Data/Implementations/Standard/ChartDataEntryBase.swift (in target 'DGCharts' from project 'DGCharts')
cd /Users/admin/builder/spi-builder-workspace/.swiftpm/xcode
builtin-SwiftPerFileCompile ChartDataEntryBase.swift
SwiftCompile normal arm64 /Users/admin/builder/spi-builder-workspace/Source/Charts/Data/Implementations/Standard/ChartDataSet.swift (in target 'DGCharts' from project 'DGCharts')
cd /Users/admin/builder/spi-builder-workspace/.swiftpm/xcode
builtin-SwiftPerFileCompile ChartDataSet.swift
SwiftCompile normal arm64 /Users/admin/builder/spi-builder-workspace/Source/Charts/Data/Implementations/Standard/CombinedChartData.swift (in target 'DGCharts' from project 'DGCharts')
cd /Users/admin/builder/spi-builder-workspace/.swiftpm/xcode
builtin-SwiftPerFileCompile CombinedChartData.swift
SwiftCompile normal arm64 /Users/admin/builder/spi-builder-workspace/Source/Charts/Data/Implementations/Standard/LineChartData.swift (in target 'DGCharts' from project 'DGCharts')
cd /Users/admin/builder/spi-builder-workspace/.swiftpm/xcode
builtin-SwiftPerFileCompile LineChartData.swift
SwiftCompile normal arm64 /Users/admin/builder/spi-builder-workspace/Source/Charts/Data/Implementations/Standard/LineChartDataSet.swift (in target 'DGCharts' from project 'DGCharts')
cd /Users/admin/builder/spi-builder-workspace/.swiftpm/xcode
builtin-SwiftPerFileCompile LineChartDataSet.swift
SwiftCompile normal arm64 Compiling\ ValueFormatter.swift,\ BarHighlighter.swift,\ ChartHighlighter.swift,\ CombinedHighlighter.swift,\ Highlight.swift,\ Highlighter.swift,\ HorizontalBarHighlighter.swift,\ PieHighlighter.swift,\ PieRadarHighlighter.swift,\ RadarHighlighter.swift,\ Range.swift,\ BarChartDataProvider.swift,\ BarLineScatterCandleBubbleChartDataProvider.swift,\ BubbleChartDataProvider.swift /Users/admin/builder/spi-builder-workspace/Source/Charts/Formatters/ValueFormatter.swift /Users/admin/builder/spi-builder-workspace/Source/Charts/Highlight/BarHighlighter.swift /Users/admin/builder/spi-builder-workspace/Source/Charts/Highlight/ChartHighlighter.swift /Users/admin/builder/spi-builder-workspace/Source/Charts/Highlight/CombinedHighlighter.swift /Users/admin/builder/spi-builder-workspace/Source/Charts/Highlight/Highlight.swift /Users/admin/builder/spi-builder-workspace/Source/Charts/Highlight/Highlighter.swift /Users/admin/builder/spi-builder-workspace/Source/Charts/Highlight/HorizontalBarHighlighter.swift /Users/admin/builder/spi-builder-workspace/Source/Charts/Highlight/PieHighlighter.swift /Users/admin/builder/spi-builder-workspace/Source/Charts/Highlight/PieRadarHighlighter.swift /Users/admin/builder/spi-builder-workspace/Source/Charts/Highlight/RadarHighlighter.swift /Users/admin/builder/spi-builder-workspace/Source/Charts/Highlight/Range.swift /Users/admin/builder/spi-builder-workspace/Source/Charts/Interfaces/BarChartDataProvider.swift /Users/admin/builder/spi-builder-workspace/Source/Charts/Interfaces/BarLineScatterCandleBubbleChartDataProvider.swift /Users/admin/builder/spi-builder-workspace/Source/Charts/Interfaces/BubbleChartDataProvider.swift (in target 'DGCharts' from project 'DGCharts')
/Users/admin/builder/spi-builder-workspace/Source/Charts/Data/Implementations/Standard/ChartDataEntryBase.swift:23:26: error: cannot find type 'NSUIImage' in scope
21 |
22 | /// optional icon image
23 | @objc open var icon: NSUIImage?
| `- error: cannot find type 'NSUIImage' in scope
24 |
25 | public override required init()
/Users/admin/builder/spi-builder-workspace/Source/Charts/Data/Implementations/Standard/ChartDataEntryBase.swift:56:52: error: cannot find type 'NSUIImage' in scope
54 | /// - icon: icon image
55 |
56 | @objc public convenience init(y: Double, icon: NSUIImage?)
| `- error: cannot find type 'NSUIImage' in scope
57 | {
58 | self.init(y: y)
/Users/admin/builder/spi-builder-workspace/Source/Charts/Data/Implementations/Standard/ChartDataEntryBase.swift:68:52: error: cannot find type 'NSUIImage' in scope
66 | /// - data: Space for additional data this Entry represents.
67 |
68 | @objc public convenience init(y: Double, icon: NSUIImage?, data: Any?)
| `- error: cannot find type 'NSUIImage' in scope
69 | {
70 | self.init(y: y)
/Users/admin/builder/spi-builder-workspace/Source/Charts/Data/Implementations/Standard/ChartDataEntry.swift:55:63: error: cannot find type 'NSUIImage' in scope
53 | /// - icon: icon image
54 |
55 | @objc public convenience init(x: Double, y: Double, icon: NSUIImage?)
| `- error: cannot find type 'NSUIImage' in scope
56 | {
57 | self.init(x: x, y: y)
/Users/admin/builder/spi-builder-workspace/Source/Charts/Data/Implementations/Standard/ChartDataEntry.swift:69:63: error: cannot find type 'NSUIImage' in scope
67 | /// - data: Space for additional data this Entry represents.
68 |
69 | @objc public convenience init(x: Double, y: Double, icon: NSUIImage?, data: Any?)
| `- error: cannot find type 'NSUIImage' in scope
70 | {
71 | self.init(x: x, y: y)
/Users/admin/builder/spi-builder-workspace/Source/Charts/Data/Implementations/Standard/BarChartDataEntry.swift:71:71: error: cannot find type 'NSUIImage' in scope
69 |
70 | /// Constructor for stacked bar entries. One data object for whole stack
71 | @objc public convenience init(x: Double, yValues: [Double], icon: NSUIImage?)
| `- error: cannot find type 'NSUIImage' in scope
72 | {
73 | self.init(x: x, yValues: yValues)
/Users/admin/builder/spi-builder-workspace/Source/Charts/Data/Implementations/Standard/BarChartDataEntry.swift:85:71: error: cannot find type 'NSUIImage' in scope
83 |
84 | /// Constructor for stacked bar entries. One data object for whole stack
85 | @objc public convenience init(x: Double, yValues: [Double], icon: NSUIImage?, data: Any?)
| `- error: cannot find type 'NSUIImage' in scope
86 | {
87 | self.init(x: x, yValues: yValues)
SwiftCompile normal arm64 /Users/admin/builder/spi-builder-workspace/Source/Charts/Formatters/ValueFormatter.swift (in target 'DGCharts' from project 'DGCharts')
cd /Users/admin/builder/spi-builder-workspace/.swiftpm/xcode
builtin-SwiftPerFileCompile ValueFormatter.swift
SwiftCompile normal arm64 /Users/admin/builder/spi-builder-workspace/Source/Charts/Highlight/BarHighlighter.swift (in target 'DGCharts' from project 'DGCharts')
cd /Users/admin/builder/spi-builder-workspace/.swiftpm/xcode
builtin-SwiftPerFileCompile BarHighlighter.swift
SwiftCompile normal arm64 /Users/admin/builder/spi-builder-workspace/Source/Charts/Highlight/ChartHighlighter.swift (in target 'DGCharts' from project 'DGCharts')
cd /Users/admin/builder/spi-builder-workspace/.swiftpm/xcode
builtin-SwiftPerFileCompile ChartHighlighter.swift
SwiftCompile normal arm64 /Users/admin/builder/spi-builder-workspace/Source/Charts/Highlight/CombinedHighlighter.swift (in target 'DGCharts' from project 'DGCharts')
cd /Users/admin/builder/spi-builder-workspace/.swiftpm/xcode
builtin-SwiftPerFileCompile CombinedHighlighter.swift
SwiftCompile normal arm64 /Users/admin/builder/spi-builder-workspace/Source/Charts/Highlight/Highlight.swift (in target 'DGCharts' from project 'DGCharts')
cd /Users/admin/builder/spi-builder-workspace/.swiftpm/xcode
builtin-SwiftPerFileCompile Highlight.swift
SwiftCompile normal arm64 /Users/admin/builder/spi-builder-workspace/Source/Charts/Highlight/Highlighter.swift (in target 'DGCharts' from project 'DGCharts')
cd /Users/admin/builder/spi-builder-workspace/.swiftpm/xcode
builtin-SwiftPerFileCompile Highlighter.swift
SwiftCompile normal arm64 /Users/admin/builder/spi-builder-workspace/Source/Charts/Highlight/HorizontalBarHighlighter.swift (in target 'DGCharts' from project 'DGCharts')
cd /Users/admin/builder/spi-builder-workspace/.swiftpm/xcode
builtin-SwiftPerFileCompile HorizontalBarHighlighter.swift
SwiftCompile normal arm64 /Users/admin/builder/spi-builder-workspace/Source/Charts/Highlight/PieHighlighter.swift (in target 'DGCharts' from project 'DGCharts')
cd /Users/admin/builder/spi-builder-workspace/.swiftpm/xcode
builtin-SwiftPerFileCompile PieHighlighter.swift
SwiftCompile normal arm64 /Users/admin/builder/spi-builder-workspace/Source/Charts/Highlight/PieRadarHighlighter.swift (in target 'DGCharts' from project 'DGCharts')
cd /Users/admin/builder/spi-builder-workspace/.swiftpm/xcode
builtin-SwiftPerFileCompile PieRadarHighlighter.swift
SwiftCompile normal arm64 /Users/admin/builder/spi-builder-workspace/Source/Charts/Highlight/RadarHighlighter.swift (in target 'DGCharts' from project 'DGCharts')
cd /Users/admin/builder/spi-builder-workspace/.swiftpm/xcode
builtin-SwiftPerFileCompile RadarHighlighter.swift
SwiftCompile normal arm64 /Users/admin/builder/spi-builder-workspace/Source/Charts/Highlight/Range.swift (in target 'DGCharts' from project 'DGCharts')
cd /Users/admin/builder/spi-builder-workspace/.swiftpm/xcode
builtin-SwiftPerFileCompile Range.swift
SwiftCompile normal arm64 /Users/admin/builder/spi-builder-workspace/Source/Charts/Interfaces/BarChartDataProvider.swift (in target 'DGCharts' from project 'DGCharts')
cd /Users/admin/builder/spi-builder-workspace/.swiftpm/xcode
builtin-SwiftPerFileCompile BarChartDataProvider.swift
SwiftCompile normal arm64 /Users/admin/builder/spi-builder-workspace/Source/Charts/Interfaces/BarLineScatterCandleBubbleChartDataProvider.swift (in target 'DGCharts' from project 'DGCharts')
cd /Users/admin/builder/spi-builder-workspace/.swiftpm/xcode
builtin-SwiftPerFileCompile BarLineScatterCandleBubbleChartDataProvider.swift
SwiftCompile normal arm64 /Users/admin/builder/spi-builder-workspace/Source/Charts/Interfaces/BubbleChartDataProvider.swift (in target 'DGCharts' from project 'DGCharts')
cd /Users/admin/builder/spi-builder-workspace/.swiftpm/xcode
builtin-SwiftPerFileCompile BubbleChartDataProvider.swift
SwiftCompile normal arm64 Compiling\ resource_bundle_accessor.swift,\ Animator.swift,\ ChartAnimationEasing.swift,\ BarChartView.swift,\ BarLineChartViewBase.swift,\ BubbleChartView.swift,\ CandleStickChartView.swift,\ ChartViewBase.swift,\ CombinedChartView.swift,\ HorizontalBarChartView.swift,\ LineChartView.swift,\ PieChartView.swift,\ PieRadarChartViewBase.swift,\ RadarChartView.swift,\ ScatterChartView.swift /Users/admin/builder/spi-builder-workspace/.derivedData/Build/Intermediates.noindex/DGCharts.build/Debug-watchos/DGCharts-t.build/DerivedSources/resource_bundle_accessor.swift /Users/admin/builder/spi-builder-workspace/Source/Charts/Animation/Animator.swift /Users/admin/builder/spi-builder-workspace/Source/Charts/Animation/ChartAnimationEasing.swift /Users/admin/builder/spi-builder-workspace/Source/Charts/Charts/BarChartView.swift /Users/admin/builder/spi-builder-workspace/Source/Charts/Charts/BarLineChartViewBase.swift /Users/admin/builder/spi-builder-workspace/Source/Charts/Charts/BubbleChartView.swift /Users/admin/builder/spi-builder-workspace/Source/Charts/Charts/CandleStickChartView.swift /Users/admin/builder/spi-builder-workspace/Source/Charts/Charts/ChartViewBase.swift /Users/admin/builder/spi-builder-workspace/Source/Charts/Charts/CombinedChartView.swift /Users/admin/builder/spi-builder-workspace/Source/Charts/Charts/HorizontalBarChartView.swift /Users/admin/builder/spi-builder-workspace/Source/Charts/Charts/LineChartView.swift /Users/admin/builder/spi-builder-workspace/Source/Charts/Charts/PieChartView.swift /Users/admin/builder/spi-builder-workspace/Source/Charts/Charts/PieRadarChartViewBase.swift /Users/admin/builder/spi-builder-workspace/Source/Charts/Charts/RadarChartView.swift /Users/admin/builder/spi-builder-workspace/Source/Charts/Charts/ScatterChartView.swift (in target 'DGCharts' from project 'DGCharts')
SwiftCompile normal arm64 /Users/admin/builder/spi-builder-workspace/.derivedData/Build/Intermediates.noindex/DGCharts.build/Debug-watchos/DGCharts-t.build/DerivedSources/resource_bundle_accessor.swift (in target 'DGCharts' from project 'DGCharts')
cd /Users/admin/builder/spi-builder-workspace/.swiftpm/xcode
builtin-SwiftPerFileCompile resource_bundle_accessor.swift
SwiftCompile normal arm64 /Users/admin/builder/spi-builder-workspace/Source/Charts/Animation/Animator.swift (in target 'DGCharts' from project 'DGCharts')
cd /Users/admin/builder/spi-builder-workspace/.swiftpm/xcode
builtin-SwiftPerFileCompile Animator.swift
SwiftCompile normal arm64 /Users/admin/builder/spi-builder-workspace/Source/Charts/Animation/ChartAnimationEasing.swift (in target 'DGCharts' from project 'DGCharts')
cd /Users/admin/builder/spi-builder-workspace/.swiftpm/xcode
builtin-SwiftPerFileCompile ChartAnimationEasing.swift
SwiftCompile normal arm64 /Users/admin/builder/spi-builder-workspace/Source/Charts/Charts/BarChartView.swift (in target 'DGCharts' from project 'DGCharts')
cd /Users/admin/builder/spi-builder-workspace/.swiftpm/xcode
builtin-SwiftPerFileCompile BarChartView.swift
SwiftCompile normal arm64 /Users/admin/builder/spi-builder-workspace/Source/Charts/Charts/BarLineChartViewBase.swift (in target 'DGCharts' from project 'DGCharts')
cd /Users/admin/builder/spi-builder-workspace/.swiftpm/xcode
builtin-SwiftPerFileCompile BarLineChartViewBase.swift
SwiftCompile normal arm64 /Users/admin/builder/spi-builder-workspace/Source/Charts/Charts/BubbleChartView.swift (in target 'DGCharts' from project 'DGCharts')
cd /Users/admin/builder/spi-builder-workspace/.swiftpm/xcode
builtin-SwiftPerFileCompile BubbleChartView.swift
SwiftCompile normal arm64 /Users/admin/builder/spi-builder-workspace/Source/Charts/Charts/CandleStickChartView.swift (in target 'DGCharts' from project 'DGCharts')
cd /Users/admin/builder/spi-builder-workspace/.swiftpm/xcode
builtin-SwiftPerFileCompile CandleStickChartView.swift
SwiftCompile normal arm64 /Users/admin/builder/spi-builder-workspace/Source/Charts/Charts/ChartViewBase.swift (in target 'DGCharts' from project 'DGCharts')
cd /Users/admin/builder/spi-builder-workspace/.swiftpm/xcode
builtin-SwiftPerFileCompile ChartViewBase.swift
SwiftCompile normal arm64 /Users/admin/builder/spi-builder-workspace/Source/Charts/Charts/CombinedChartView.swift (in target 'DGCharts' from project 'DGCharts')
cd /Users/admin/builder/spi-builder-workspace/.swiftpm/xcode
builtin-SwiftPerFileCompile CombinedChartView.swift
SwiftCompile normal arm64 /Users/admin/builder/spi-builder-workspace/Source/Charts/Charts/HorizontalBarChartView.swift (in target 'DGCharts' from project 'DGCharts')
cd /Users/admin/builder/spi-builder-workspace/.swiftpm/xcode
builtin-SwiftPerFileCompile HorizontalBarChartView.swift
SwiftCompile normal arm64 /Users/admin/builder/spi-builder-workspace/Source/Charts/Charts/LineChartView.swift (in target 'DGCharts' from project 'DGCharts')
cd /Users/admin/builder/spi-builder-workspace/.swiftpm/xcode
builtin-SwiftPerFileCompile LineChartView.swift
SwiftCompile normal arm64 /Users/admin/builder/spi-builder-workspace/Source/Charts/Charts/PieChartView.swift (in target 'DGCharts' from project 'DGCharts')
cd /Users/admin/builder/spi-builder-workspace/.swiftpm/xcode
builtin-SwiftPerFileCompile PieChartView.swift
SwiftCompile normal arm64 /Users/admin/builder/spi-builder-workspace/Source/Charts/Charts/PieRadarChartViewBase.swift (in target 'DGCharts' from project 'DGCharts')
cd /Users/admin/builder/spi-builder-workspace/.swiftpm/xcode
builtin-SwiftPerFileCompile PieRadarChartViewBase.swift
SwiftCompile normal arm64 /Users/admin/builder/spi-builder-workspace/Source/Charts/Charts/RadarChartView.swift (in target 'DGCharts' from project 'DGCharts')
cd /Users/admin/builder/spi-builder-workspace/.swiftpm/xcode
builtin-SwiftPerFileCompile RadarChartView.swift
SwiftCompile normal arm64 /Users/admin/builder/spi-builder-workspace/Source/Charts/Charts/ScatterChartView.swift (in target 'DGCharts' from project 'DGCharts')
cd /Users/admin/builder/spi-builder-workspace/.swiftpm/xcode
builtin-SwiftPerFileCompile ScatterChartView.swift
PruneExplicitPrecompiledModules /Users/admin/builder/spi-builder-workspace/.derivedData/SDKExplicitPrecompiledModules
PruneExplicitPrecompiledModules /Users/admin/builder/spi-builder-workspace/.derivedData/Build/Intermediates.noindex/SwiftExplicitPrecompiledModules
PruneExplicitPrecompiledModules /Users/admin/builder/spi-builder-workspace/.derivedData/Build/Intermediates.noindex/ExplicitPrecompiledModules
2026-09-20 08:01:19.318 xcodebuild[970:5765] [MT] IDERunDestination: Supported platforms for the buildables in the current scheme is empty.
** BUILD FAILED **
The following build commands failed:
SwiftCompile normal arm64_32 (in target 'DGCharts' from project 'DGCharts')
SwiftEmitModule normal arm64_32 Emitting\ module\ for\ DGCharts (in target 'DGCharts' from project 'DGCharts')
Building workspace DGCharts with scheme DGCharts-Package
(3 failures)
BUILD FAILURE 6.4 watchOS