Build Information
Failed to build iQRDNI, reference main (ec3ac3), with Swift 6.4 for tvOS using Xcode 27.0 on 1 Oct 2026 06:20:04 UTC.
Build Command
env DEVELOPER_DIR=/Applications/Xcode-27.0.0-Release.Candidate.app xcrun xcodebuild -IDEClonedSourcePackagesDirPathOverride=$PWD/.dependencies -skipMacroValidation -skipPackagePluginValidation -derivedDataPath $PWD/.derivedData build -scheme iQRDNI -destination generic/platform=tvOSBuild Log
========================================
RunAll
========================================
Builder version: 5.1.1
Interrupt handler set up.
========================================
Checkout
========================================
Clone URL: https://github.com/diegocidm4/iQRDNI.git
Reference: main
Initialized empty Git repository in /Users/admin/builder/spi-builder-workspace/.git/
From https://github.com/diegocidm4/iQRDNI
* branch main -> FETCH_HEAD
* [new branch] main -> origin/main
HEAD is now at ec3ac38 1.0.11
Cloned https://github.com/diegocidm4/iQRDNI.git
Revision (git rev-parse @):
ec3ac38b35f8c01fa646db722eeba9a8d41273e8
SUCCESS checkout https://github.com/diegocidm4/iQRDNI.git at main
========================================
Build
========================================
Selected platform: tvOS
Swift version: 6.4
Building package at path: $PWD
https://github.com/diegocidm4/iQRDNI.git
Command line invocation:
/Applications/Xcode-27.0.0-Release.Candidate.app/Contents/Developer/usr/bin/xcodebuild -IDEClonedSourcePackagesDirPathOverride=/Users/admin/builder/spi-builder-workspace/.dependencies -resolvePackageDependencies
Resolve Package Graph
Resolve Package Graph
Resolved source packages:
iQRDNI: /Users/admin/builder/spi-builder-workspace
resolved source packages: iQRDNI
2026-10-01 02:19:18.273 xcodebuild[529:3043] [MT] IDERunDestination: Supported platforms for the buildables in the current scheme is empty.
{
"dependencies" : [
],
"manifest_display_name" : "iQRDNI",
"name" : "iQRDNI",
"path" : "/Users/admin/builder/spi-builder-workspace",
"platforms" : [
{
"name" : "ios",
"version" : "13.0"
}
],
"products" : [
{
"name" : "iQRDNI",
"targets" : [
"iQRDNI"
],
"type" : {
"library" : [
"automatic"
]
}
}
],
"targets" : [
{
"c99name" : "iQRDNI",
"module_type" : "BinaryTarget",
"name" : "iQRDNI",
"path" : "Sources/iQRDNI.xcframework",
"product_memberships" : [
"iQRDNI"
],
"sources" : [
],
"type" : "binary"
}
],
"tools_version" : "5.7"
}
{
"workspace" : {
"name" : "iQRDNI",
"schemes" : [
"iQRDNI"
]
}
}
2026-10-01 02:19:59.079 xcodebuild[660:4243] [MT] IDERunDestination: Supported platforms for the buildables in the current scheme is empty.
Running build ...
env DEVELOPER_DIR=/Applications/Xcode-27.0.0-Release.Candidate.app xcrun xcodebuild -IDEClonedSourcePackagesDirPathOverride=$PWD/.dependencies -skipMacroValidation -skipPackagePluginValidation -derivedDataPath $PWD/.derivedData build -scheme iQRDNI -destination generic/platform=tvOS
Command line invocation:
/Applications/Xcode-27.0.0-Release.Candidate.app/Contents/Developer/usr/bin/xcodebuild -IDEClonedSourcePackagesDirPathOverride=/Users/admin/builder/spi-builder-workspace/.dependencies -skipMacroValidation -skipPackagePluginValidation -derivedDataPath /Users/admin/builder/spi-builder-workspace/.derivedData build -scheme iQRDNI -destination generic/platform=tvOS
Resolve Package Graph
Resolved source packages:
iQRDNI: /Users/admin/builder/spi-builder-workspace
ComputePackagePrebuildTargetDependencyGraph
Prepare packages
CreateBuildRequest
SendProjectDescription
CreateBuildOperation
ComputeTargetDependencyGraph
note: Building targets in dependency order
note: Target dependency graph (1 target)
Target 'iQRDNI-product' in project 'iQRDNI' (no dependencies)
GatherProvisioningInputs
CreateBuildDescription
ExecuteExternalTool /Applications/Xcode-27.0.0-Release.Candidate.app/Contents/Developer/Toolchains/XcodeDefault.xctoolchain/usr/bin/clang -v -E -dM -isysroot /Applications/Xcode-27.0.0-Release.Candidate.app/Contents/Developer/Platforms/AppleTVOS.platform/Developer/SDKs/AppleTVOS27.0.sdk -x c -c /dev/null
Build description signature: feb37c9fe2f20c82cc1039cbe21a0363
Build description path: /Users/admin/builder/spi-builder-workspace/.derivedData/Build/Intermediates.noindex/XCBuildData/feb37c9fe2f20c82cc1039cbe21a0363.xcbuilddata
/Users/admin/builder/spi-builder-workspace/Sources/iQRDNI.xcframework:1:1: error: While building for tvOS, no library for this platform was found in '/Users/admin/builder/spi-builder-workspace/Sources/iQRDNI.xcframework'. (in target 'iQRDNI-product' from project 'iQRDNI')
2026-10-01 02:20:00.659 xcodebuild[661:4289] [MT] IDERunDestination: Supported platforms for the buildables in the current scheme is empty.
** BUILD FAILED **
The following build commands failed:
Building workspace iQRDNI with scheme iQRDNI
(1 failure)
Command line invocation:
/Applications/Xcode-27.0.0-Release.Candidate.app/Contents/Developer/usr/bin/xcodebuild -IDEClonedSourcePackagesDirPathOverride=/Users/admin/builder/spi-builder-workspace/.dependencies -resolvePackageDependencies
Resolve Package Graph
Resolved source packages:
iQRDNI: /Users/admin/builder/spi-builder-workspace
resolved source packages: iQRDNI
2026-10-01 02:20:02.267 xcodebuild[673:4382] [MT] IDERunDestination: Supported platforms for the buildables in the current scheme is empty.
{
"dependencies" : [
],
"manifest_display_name" : "iQRDNI",
"name" : "iQRDNI",
"path" : "/Users/admin/builder/spi-builder-workspace",
"platforms" : [
{
"name" : "ios",
"version" : "13.0"
}
],
"products" : [
{
"name" : "iQRDNI",
"targets" : [
"iQRDNI"
],
"type" : {
"library" : [
"automatic"
]
}
}
],
"targets" : [
{
"c99name" : "iQRDNI",
"module_type" : "BinaryTarget",
"name" : "iQRDNI",
"path" : "Sources/iQRDNI.xcframework",
"product_memberships" : [
"iQRDNI"
],
"sources" : [
],
"type" : "binary"
}
],
"tools_version" : "5.7"
}
{
"workspace" : {
"name" : "iQRDNI",
"schemes" : [
"iQRDNI"
]
}
}
2026-10-01 02:20:03.465 xcodebuild[681:4438] [MT] IDERunDestination: Supported platforms for the buildables in the current scheme is empty.
Running build ...
env DEVELOPER_DIR=/Applications/Xcode-27.0.0-Release.Candidate.app xcrun xcodebuild -IDEClonedSourcePackagesDirPathOverride=$PWD/.dependencies -skipMacroValidation -skipPackagePluginValidation -derivedDataPath $PWD/.derivedData build -scheme iQRDNI -destination generic/platform=tvOS
Command line invocation:
/Applications/Xcode-27.0.0-Release.Candidate.app/Contents/Developer/usr/bin/xcodebuild -IDEClonedSourcePackagesDirPathOverride=/Users/admin/builder/spi-builder-workspace/.dependencies -skipMacroValidation -skipPackagePluginValidation -derivedDataPath /Users/admin/builder/spi-builder-workspace/.derivedData build -scheme iQRDNI -destination generic/platform=tvOS
Resolve Package Graph
Resolved source packages:
iQRDNI: /Users/admin/builder/spi-builder-workspace
ComputePackagePrebuildTargetDependencyGraph
Prepare packages
CreateBuildRequest
SendProjectDescription
CreateBuildOperation
ComputeTargetDependencyGraph
note: Building targets in dependency order
note: Target dependency graph (1 target)
Target 'iQRDNI-product' in project 'iQRDNI' (no dependencies)
GatherProvisioningInputs
CreateBuildDescription
/Users/admin/builder/spi-builder-workspace/Sources/iQRDNI.xcframework:1:1: error: While building for tvOS, no library for this platform was found in '/Users/admin/builder/spi-builder-workspace/Sources/iQRDNI.xcframework'. (in target 'iQRDNI-product' from project 'iQRDNI')
2026-10-01 02:20:04.395 xcodebuild[682:4469] [MT] IDERunDestination: Supported platforms for the buildables in the current scheme is empty.
** BUILD FAILED **
The following build commands failed:
Building workspace iQRDNI with scheme iQRDNI
(1 failure)
BUILD FAILURE 6.4 tvOS