The Swift Package Index logo.Swift Package Index

Build Information

Failed to build DrawerKit, reference 1.0.0 (d311ac), with Swift 6.1 for macOS (SPM) on 4 Sep 2026 09:55:19 UTC.

Build Command

env DEVELOPER_DIR=/Applications/Xcode-16.3.0.app xcrun swift build --arch arm64

Build Log

========================================
RunAll
========================================
Builder version: 5.0.2
Interrupt handler set up.
========================================
Checkout
========================================
Clone URL: https://github.com/jakub-kalamarz/DrawerKit.git
Reference: 1.0.0
Initialized empty Git repository in /Users/admin/builder/spi-builder-workspace/.git/
From https://github.com/jakub-kalamarz/DrawerKit
 * tag               1.0.0      -> FETCH_HEAD
HEAD is now at d311ac0 Prepare DrawerKit 1.0.0 release
Cloned https://github.com/jakub-kalamarz/DrawerKit.git
Revision (git rev-parse @):
d311ac0b90e092031eced0382aa1a6921fe0b7f9
SPI manifest file found: $PWD/.spi.yml
SUCCESS checkout https://github.com/jakub-kalamarz/DrawerKit.git at 1.0.0
========================================
Build
========================================
Selected platform:         macosSpm
Swift version:             6.1
Building package at path:  $PWD
https://github.com/jakub-kalamarz/DrawerKit.git
https://github.com/jakub-kalamarz/DrawerKit.git
{
  "dependencies" : [
  ],
  "manifest_display_name" : "DrawerKit",
  "name" : "DrawerKit",
  "path" : "/Users/admin/builder/spi-builder-workspace",
  "platforms" : [
    {
      "name" : "ios",
      "version" : "18.0"
    }
  ],
  "products" : [
    {
      "name" : "DrawerKit",
      "targets" : [
        "DrawerKit"
      ],
      "type" : {
        "library" : [
          "automatic"
        ]
      }
    }
  ],
  "targets" : [
    {
      "c99name" : "DrawerKitTests",
      "module_type" : "SwiftTarget",
      "name" : "DrawerKitTests",
      "path" : "Tests/DrawerKitTests",
      "sources" : [
        "DrawerEdgeTests.swift",
        "DrawerMotionTests.swift"
      ],
      "target_dependencies" : [
        "DrawerKit"
      ],
      "type" : "test"
    },
    {
      "c99name" : "DrawerKit",
      "module_type" : "SwiftTarget",
      "name" : "DrawerKit",
      "path" : "Sources/DrawerKit",
      "product_memberships" : [
        "DrawerKit"
      ],
      "sources" : [
        "DisplayCornerRadius.swift",
        "Drawer.swift",
        "DrawerConfiguration.swift",
        "DrawerEdge.swift",
        "DrawerMotion.swift"
      ],
      "type" : "library"
    }
  ],
  "tools_version" : "6.0"
}
Running build ...
env DEVELOPER_DIR=/Applications/Xcode-16.3.0.app xcrun swift build --arch arm64 -Xswiftc -Xfrontend -Xswiftc -stats-output-dir -Xswiftc -Xfrontend -Xswiftc .stats
Building for debugging...
[0/2] Write sources
[1/2] Write swift-version-2F0A5646E1D333AE.txt
[3/8] Compiling DrawerKit DrawerConfiguration.swift
[4/8] Compiling DrawerKit DisplayCornerRadius.swift
[5/8] Compiling DrawerKit DrawerEdge.swift
[6/8] Emitting module DrawerKit
[7/8] Compiling DrawerKit DrawerMotion.swift
[8/8] Compiling DrawerKit Drawer.swift
/Users/admin/builder/spi-builder-workspace/Sources/DrawerKit/Drawer.swift:153:29: error: cannot find 'ConcentricRectangle' in scope
151 |
152 |         if #available(iOS 26, macOS 26, *) {
153 |             return AnyShape(ConcentricRectangle())
    |                             `- error: cannot find 'ConcentricRectangle' in scope
154 |         }
155 |
Running build ...
env DEVELOPER_DIR=/Applications/Xcode-16.3.0.app xcrun swift build --arch arm64
[0/1] Planning build
Building for debugging...
[0/1] Write swift-version-2F0A5646E1D333AE.txt
[2/7] Compiling DrawerKit DrawerMotion.swift
[3/7] Compiling DrawerKit DrawerEdge.swift
[4/7] Compiling DrawerKit DrawerConfiguration.swift
[5/7] Compiling DrawerKit DisplayCornerRadius.swift
[6/7] Emitting module DrawerKit
[7/7] Compiling DrawerKit Drawer.swift
/Users/admin/builder/spi-builder-workspace/Sources/DrawerKit/Drawer.swift:153:29: error: cannot find 'ConcentricRectangle' in scope
151 |
152 |         if #available(iOS 26, macOS 26, *) {
153 |             return AnyShape(ConcentricRectangle())
    |                             `- error: cannot find 'ConcentricRectangle' in scope
154 |         }
155 |
BUILD FAILURE 6.1 macosSpm