The Swift Package Index logo.Swift Package Index

Build Information

Failed to build OpenID4VP, reference v0.43.2 (bce777), with Swift 6.3 for Android on 4 Oct 2026 02:44:27 UTC.

Build Command

bash -c docker run --pull=always --rm -v "checkouts-54344843-1":/host -w "$PWD" -e JAVA_HOME="/root/.sdkman/candidates/java/current" -e SPI_BUILD="1" -e SPI_PROCESSING="1" registry.gitlab.com/saguaro1/spi-images:android-6.3-latest swift build --swift-sdk aarch64-unknown-linux-android28 2>&1

Build Log

========================================
RunAll
========================================
Builder version: 5.1.1
Interrupt handler set up.
========================================
Checkout
========================================
Clone URL: https://github.com/eu-digital-identity-wallet/eudi-lib-ios-openid4vp-swift.git
Reference: v0.43.2
Initialized empty Git repository in /host/spi-builder-workspace/.git/
hint: Using 'master' as the name for the initial branch. This default branch name
hint: is subject to change. To configure the initial branch name to use in all
hint: of your new repositories, which will suppress this warning, call:
hint:
hint: 	git config --global init.defaultBranch <name>
hint:
hint: Names commonly chosen instead of 'master' are 'main', 'trunk' and
hint: 'development'. The just-created branch can be renamed via this command:
hint:
hint: 	git branch -m <name>
From https://github.com/eu-digital-identity-wallet/eudi-lib-ios-openid4vp-swift
 * tag               v0.43.2    -> FETCH_HEAD
HEAD is now at bce7772 Fix: Intersect VP formats to match shared algorithms and proof types)
Cloned https://github.com/eu-digital-identity-wallet/eudi-lib-ios-openid4vp-swift.git
Revision (git rev-parse @):
bce7772e6c4f61699729c4f3368d0c996f180c54
SUCCESS checkout https://github.com/eu-digital-identity-wallet/eudi-lib-ios-openid4vp-swift.git at v0.43.2
========================================
Build
========================================
Selected platform:         android
Swift version:             6.3
Building package at path:  $PWD
https://github.com/eu-digital-identity-wallet/eudi-lib-ios-openid4vp-swift.git
Running build ...
bash -c docker run --pull=always --rm -v "checkouts-54344843-1":/host -w "$PWD" -e JAVA_HOME="/root/.sdkman/candidates/java/current" -e SPI_BUILD="1" -e SPI_PROCESSING="1" registry.gitlab.com/saguaro1/spi-images:android-6.3-latest swift build --swift-sdk aarch64-unknown-linux-android28 2>&1
android-6.3-latest: Pulling from saguaro1/spi-images
Digest: sha256:8ca9e1e6d70fd53f5b05e4f64d92569d697563f7f457a1485802bc9eb2cd1382
Status: Image is up to date for registry.gitlab.com/saguaro1/spi-images:android-6.3-latest
Fetching https://github.com/apple/swift-asn1.git
Fetching https://github.com/apple/swift-certificates.git
Fetching https://github.com/krzyzanowskim/CryptoSwift.git
Fetching https://github.com/airsidemobile/JOSESwift.git
Fetching https://github.com/SwiftyJSON/SwiftyJSON.git
[20/1986] Fetching swift-asn1
[41/14595] Fetching swift-asn1, joseswift
[8292/20898] Fetching swift-asn1, joseswift, swiftyjson
[9365/34337] Fetching swift-asn1, joseswift, swiftyjson, cryptoswift
[22592/41944] Fetching swift-asn1, joseswift, swiftyjson, cryptoswift, swift-certificates
Fetched https://github.com/apple/swift-asn1.git from cache (0.63s)
Fetched https://github.com/SwiftyJSON/SwiftyJSON.git from cache (0.62s)
[14644/33655] Fetching joseswift, cryptoswift, swift-certificates
Fetched https://github.com/apple/swift-certificates.git from cache (1.00s)
Fetched https://github.com/airsidemobile/JOSESwift.git from cache (1.28s)
Fetched https://github.com/krzyzanowskim/CryptoSwift.git from cache (1.29s)
Computing version for https://github.com/airsidemobile/JOSESwift.git
Computed https://github.com/airsidemobile/JOSESwift.git at 3.0.0 (1.47s)
Computing version for https://github.com/SwiftyJSON/SwiftyJSON.git
Computed https://github.com/SwiftyJSON/SwiftyJSON.git at 5.0.2 (1.10s)
Computing version for https://github.com/krzyzanowskim/CryptoSwift.git
Computed https://github.com/krzyzanowskim/CryptoSwift.git at 1.10.0 (0.23s)
Computing version for https://github.com/apple/swift-asn1.git
Computed https://github.com/apple/swift-asn1.git at 1.7.3 (1.17s)
Computing version for https://github.com/apple/swift-certificates.git
Computed https://github.com/apple/swift-certificates.git at 1.21.0 (0.27s)
Fetching https://github.com/apple/swift-crypto.git
[1/18572] Fetching swift-crypto
Fetched https://github.com/apple/swift-crypto.git from cache (1.28s)
Computing version for https://github.com/apple/swift-crypto.git
Computed https://github.com/apple/swift-crypto.git at 5.0.0 (1.64s)
Creating working copy for https://github.com/apple/swift-certificates.git
Working copy of https://github.com/apple/swift-certificates.git resolved at 1.21.0
Creating working copy for https://github.com/apple/swift-asn1.git
Working copy of https://github.com/apple/swift-asn1.git resolved at 1.7.3
Creating working copy for https://github.com/apple/swift-crypto.git
Working copy of https://github.com/apple/swift-crypto.git resolved at 5.0.0
Creating working copy for https://github.com/krzyzanowskim/CryptoSwift.git
Working copy of https://github.com/krzyzanowskim/CryptoSwift.git resolved at 1.10.0
Creating working copy for https://github.com/SwiftyJSON/SwiftyJSON.git
Working copy of https://github.com/SwiftyJSON/SwiftyJSON.git resolved at 5.0.2
Creating working copy for https://github.com/airsidemobile/JOSESwift.git
Working copy of https://github.com/airsidemobile/JOSESwift.git resolved at 3.0.0
warning: 'joseswift': found 1 file(s) which are unhandled; explicitly declare them as resources or exclude from the target
    /host/spi-builder-workspace/.build/checkouts/JOSESwift/JOSESwift/Support/Info.plist
Building for debugging...
[0/416] Write sources
[0/416] Copying valid_authorizaton_data_by_reference_example.json
[0/416] Write sources
[0/416] Copying invalid_authorizaton_data_example.json
[0/416] Copying basic_example.json
[0/416] Copying valid_authorizaton_data_example.json
[6/416] Copying VC_revocation_example.json
[6/416] Copying submission-requirement.json
[8/416] Copying submission-requirements.json
[8/416] Write sources
[8/416] Copying presentation-submission.json
[8/416] Copying presentation-definition.json
[8/416] Copying presentation-definition-envelope.json
[8/416] Copying pidissuerca02_ut.der
[8/416] Copying pidissuerca02_pt.der
[16/416] Copying presentation_submission_example.json
[16/416] Copying single_group_example.json
[16/416] Copying PrivacyInfo.xcprivacy
[19/416] Write sources
[20/416] Copying pidissuerca02_nl.der
[21/416] Copying pd_filter.json
[22/416] Copying nested_submission_example.json
[22/416] Copying multi_group_example.json
[22/416] Copying minimal_example.json
[22/416] Copying input_descriptors_example.json
[22/416] Copying input_descriptor_id_tokens_example.json
[22/416] Copying input-descriptor.json
[22/416] Copying pd_filter2.json
[22/416] Copying pidissuerca02_ee.der
[22/416] Copying pidissuerca02_eu.der
[22/416] Copying pidissuerca02_lu.der
[23/416] Copying appendix_VP_example.json
[25/416] Copying appendix_CHAPI_example.json
[25/416] Copying VC_expiration_example.json
[35/416] Copying mdl_example.json
[35/416] Copying appendix_DIDComm_example.json
[35/416] Copying pidissuerca02_cz.der
[35/416] Copying format_example.json
[40/416] Write sources
[44/416] Compiling CXKCPShims shims.c
[45/416] Compiling SimpleFIPS202.c
[46/416] Compiling KeccakSponge.c
[46/416] Compiling KeccakHash.c
[46/416] Write swift-version-272D24FF697CF451.txt
[49/416] Compiling fiat_p256_adx_mul.S
[50/416] Compiling fiat_p256_adx_sqr.S
[51/416] Compiling md5-x86_64-apple.S
[52/416] Compiling fiat_curve25519_adx_square.S
[53/418] Compiling md5-586-linux.S
[54/418] Compiling fiat_curve25519_adx_mul.S
[55/419] Compiling md5-x86_64-linux.S
[56/419] Compiling md5-586-apple.S
[57/420] Compiling chacha20_poly1305_x86_64-linux.S
[58/430] Compiling chacha20_poly1305_x86_64-apple.S
[59/495] Compiling chacha20_poly1305_armv8-win.S
[60/495] Compiling chacha20_poly1305_armv8-linux.S
[61/495] Compiling chacha20_poly1305_armv8-apple.S
[62/495] Compiling KeccakP-1600-opt64.c
[63/495] Compiling chacha-x86_64-linux.S
[64/495] Compiling chacha-x86_64-apple.S
[65/495] Compiling chacha-x86-apple.S
[66/495] Compiling chacha-x86-linux.S
[67/495] Compiling chacha-armv8-win.S
[68/495] Compiling chacha-armv8-apple.S
[69/495] Compiling chacha-armv8-linux.S
[70/495] Compiling chacha-armv4-linux.S
[71/495] Compiling aes128gcmsiv-x86_64-linux.S
[72/495] Compiling aes128gcmsiv-x86_64-apple.S
[73/495] Compiling x86_64-mont5-linux.S
[74/495] Compiling x86_64-mont-linux.S
[75/495] Compiling x86_64-mont-apple.S
[76/495] Compiling x86_64-mont5-apple.S
[77/495] Compiling x86-mont-linux.S
[78/495] Compiling x86-mont-apple.S
[79/495] Compiling vpaes-x86_64-linux.S
[80/495] Compiling vpaes-x86_64-apple.S
[81/495] Compiling vpaes-x86-apple.S
[82/495] Compiling vpaes-x86-linux.S
[83/495] Compiling vpaes-armv8-win.S
[84/495] Compiling vpaes-armv8-linux.S
[85/495] Compiling vpaes-armv8-apple.S
[86/495] Compiling sha512-x86_64-linux.S
[87/495] Compiling vpaes-armv7-linux.S
[88/495] Compiling sha512-x86_64-apple.S
[89/495] Compiling sha512-armv8-win.S
[90/495] Compiling sha512-armv8-apple.S
[91/495] Compiling sha512-armv8-linux.S
[92/495] Compiling sha512-586-linux.S
[93/495] Compiling sha512-armv4-linux.S
[94/495] Compiling sha512-586-apple.S
[95/495] Compiling sha256-armv8-win.S
[96/495] Compiling sha256-x86_64-linux.S
[97/495] Compiling sha256-x86_64-apple.S
[98/495] Compiling sha256-armv8-apple.S
[99/495] Compiling sha256-armv4-linux.S
[100/495] Compiling sha256-armv8-linux.S
[101/495] Compiling sha256-586-linux.S
[102/495] Compiling sha256-586-apple.S
[103/495] Compiling sha1-x86_64-linux.S
[104/495] Compiling sha1-x86_64-apple.S
[105/495] Compiling sha1-armv8-linux.S
[106/495] Compiling sha1-armv8-win.S
[107/495] Compiling err_data.cc
[108/495] Compiling sha1-armv8-apple.S
[109/495] Compiling sha1-586-linux.S
[110/495] Compiling sha1-armv4-large-linux.S
[111/495] Compiling rsaz-avx2-linux.S
[112/495] Compiling sha1-586-apple.S
[113/495] Compiling p256_beeu-x86_64-asm-linux.S
[114/495] Compiling rsaz-avx2-apple.S
[115/495] Compiling rdrand-x86_64-apple.S
[116/495] Compiling rdrand-x86_64-linux.S
[117/495] Compiling p256_beeu-armv8-asm-win.S
[118/495] Compiling p256_beeu-x86_64-asm-apple.S
[119/495] Compiling p256-x86_64-asm-linux.S
[120/495] Compiling p256_beeu-armv8-asm-apple.S
[121/495] Compiling p256_beeu-armv8-asm-linux.S
[122/495] Compiling p256-x86_64-asm-apple.S
[123/495] Compiling p256-armv8-asm-apple.S
[124/495] Compiling p256-armv8-asm-win.S
[125/495] Compiling p256-armv8-asm-linux.S
[126/495] Compiling ghashv8-armv8-win.S
[127/495] Compiling ghashv8-armv8-apple.S
[128/495] Compiling ghashv8-armv8-linux.S
[129/495] Compiling ghashv8-armv7-linux.S
[130/495] Compiling ghash-x86_64-linux.S
[131/495] Compiling ghash-x86-linux.S
[132/495] Compiling ghash-x86_64-apple.S
[133/495] Compiling ghash-ssse3-x86_64-linux.S
[134/495] Compiling ghash-x86-apple.S
[135/495] Compiling ghash-ssse3-x86-linux.S
[136/495] Compiling ghash-ssse3-x86_64-apple.S
[137/495] Compiling ghash-neon-armv8-win.S
[138/495] Compiling ghash-ssse3-x86-apple.S
[139/495] Compiling co-586-linux.S
[140/495] Compiling ghash-neon-armv8-linux.S
[141/495] Compiling ghash-neon-armv8-apple.S
[142/495] Compiling ghash-armv4-linux.S
[143/495] Compiling bsaes-armv7-linux.S
[144/495] Compiling bn-armv8-win.S
[145/495] Compiling bn-armv8-linux.S
[146/495] Compiling co-586-apple.S
[147/495] Compiling bn-armv8-apple.S
[148/495] Compiling armv8-mont-linux.S
[149/495] Compiling bn-586-apple.S
[150/495] Compiling armv8-mont-win.S
[151/495] Compiling bn-586-linux.S
[152/495] Compiling armv8-mont-apple.S
[153/495] Compiling armv4-mont-linux.S
[154/495] Compiling aesv8-gcm-armv8-apple.S
[155/495] Compiling aesv8-gcm-armv8-win.S
[156/495] Compiling aesv8-armv8-apple.S
[157/495] Compiling aesv8-armv8-linux.S
[158/495] Compiling aesv8-armv8-win.S
[159/495] Compiling aesv8-gcm-armv8-linux.S
[160/495] Compiling aesv8-armv7-linux.S
[161/495] Compiling aesni-x86_64-linux.S
[162/495] Compiling aesni-x86-linux.S
[163/495] Compiling aesni-gcm-x86_64-linux.S
[164/495] Compiling aes-gcm-avx512-x86_64-linux.S
[165/495] Compiling aesni-x86_64-apple.S
[166/495] Compiling aesni-x86-apple.S
[167/495] Compiling aesni-gcm-x86_64-apple.S
[168/495] Compiling aes-gcm-avx2-x86_64-linux.S
[169/495] Compiling aes-gcm-avx512-x86_64-apple.S
[170/495] Compiling aes-gcm-avx2-x86_64-apple.S
[172/495] Emitting module SwiftyJSON
error: emit-module command failed with exit code 1 (use -v to see invocation)
[173/495] Emitting module JOSESwift
/host/spi-builder-workspace/.build/checkouts/JOSESwift/JOSESwift/Sources/CryptoPrimitives/AESCBC/AES.swift:25:8: error: no such module 'CommonCrypto'
 23 |
 24 | import Foundation
 25 | import CommonCrypto
    |        `- error: no such module 'CommonCrypto'
 26 |
 27 | internal enum AESError: Error {
[173/503] Compiling xwing.cc
[175/503] Compiling _CertificateInternals _TinyArray.swift
[176/503] Emitting module _CertificateInternals
[176/504] Compiling x_spki.cc
[178/504] Compiling x_x509a.cc
[179/504] Compiling x_x509.cc
[180/504] Compiling x_req.cc
[181/504] Compiling x_exten.cc
[183/504] Compiling SwiftASN1 TimeUtilities.swift
[184/504] Compiling SwiftASN1 UTCTime.swift
[184/506] Compiling x_crl.cc
[185/506] Compiling x_sig.cc
[187/506] Compiling SwiftASN1 ASN1.swift
[188/506] Compiling SwiftASN1 BER.swift
[189/506] Compiling SwiftASN1 ASN1Any.swift
[189/506] Compiling x_pubkey.cc
[190/506] Compiling x_name.cc
[192/506] Emitting module SwiftASN1
[192/506] Compiling x_all.cc
[194/506] Compiling SwiftASN1 DER.swift
[195/506] Compiling SwiftASN1 Errors.swift
[195/506] Compiling x_attrib.cc
[196/506] Compiling x509cset.cc
[197/506] Compiling x509name.cc
[198/506] Compiling x509spki.cc
[198/506] Compiling x_algor.cc
[200/506] Compiling x509rset.cc
[202/506] Compiling SwiftASN1 ArraySliceBigint.swift
[203/506] Compiling SwiftASN1 GeneralizedTime.swift
[204/506] Compiling SwiftASN1 ASN1Integer.swift
[205/506] Compiling SwiftASN1 ASN1Null.swift
[206/506] Compiling SwiftASN1 ASN1OctetString.swift
[207/506] Compiling SwiftASN1 ASN1Strings.swift
[208/506] Compiling SwiftASN1 ASN1BitString.swift
[209/506] Compiling SwiftASN1 ASN1Boolean.swift
[210/506] Compiling SwiftASN1 ASN1Identifier.swift
[211/506] Compiling SwiftASN1 ObjectIdentifier.swift
[212/506] Compiling SwiftASN1 PEMDocument.swift
[214/507] Compiling SwiftyJSON resource_bundle_accessor.swift
[215/507] Compiling JOSESwift SecKeyECPrivateKey.swift
/host/spi-builder-workspace/.build/checkouts/JOSESwift/JOSESwift/Sources/CryptoPrimitives/AESCBC/AES.swift:25:8: error: no such module 'CommonCrypto'
 23 |
 24 | import Foundation
 25 | import CommonCrypto
    |        `- error: no such module 'CommonCrypto'
 26 |
 27 | internal enum AESError: Error {
[216/507] Compiling JOSESwift SecKeyECPublicKey.swift
/host/spi-builder-workspace/.build/checkouts/JOSESwift/JOSESwift/Sources/CryptoPrimitives/AESCBC/AES.swift:25:8: error: no such module 'CommonCrypto'
 23 |
 24 | import Foundation
 25 | import CommonCrypto
    |        `- error: no such module 'CommonCrypto'
 26 |
 27 | internal enum AESError: Error {
[217/507] Compiling JOSESwift JWK.swift
/host/spi-builder-workspace/.build/checkouts/JOSESwift/JOSESwift/Sources/CryptoPrimitives/AESCBC/AES.swift:25:8: error: no such module 'CommonCrypto'
 23 |
 24 | import Foundation
 25 | import CommonCrypto
    |        `- error: no such module 'CommonCrypto'
 26 |
 27 | internal enum AESError: Error {
[218/507] Compiling JOSESwift JWKExtensions.swift
/host/spi-builder-workspace/.build/checkouts/JOSESwift/JOSESwift/Sources/CryptoPrimitives/AESCBC/AES.swift:25:8: error: no such module 'CommonCrypto'
 23 |
 24 | import Foundation
 25 | import CommonCrypto
    |        `- error: no such module 'CommonCrypto'
 26 |
 27 | internal enum AESError: Error {
[219/507] Compiling JOSESwift JWKParameters.swift
/host/spi-builder-workspace/.build/checkouts/JOSESwift/JOSESwift/Sources/CryptoPrimitives/AESCBC/AES.swift:25:8: error: no such module 'CommonCrypto'
 23 |
 24 | import Foundation
 25 | import CommonCrypto
    |        `- error: no such module 'CommonCrypto'
 26 |
 27 | internal enum AESError: Error {
[220/507] Compiling JOSESwift JWKSet.swift
/host/spi-builder-workspace/.build/checkouts/JOSESwift/JOSESwift/Sources/CryptoPrimitives/AESCBC/AES.swift:25:8: error: no such module 'CommonCrypto'
 23 |
 24 | import Foundation
 25 | import CommonCrypto
    |        `- error: no such module 'CommonCrypto'
 26 |
 27 | internal enum AESError: Error {
[221/507] Compiling JOSESwift JWKSetCodable.swift
/host/spi-builder-workspace/.build/checkouts/JOSESwift/JOSESwift/Sources/CryptoPrimitives/AESCBC/AES.swift:25:8: error: no such module 'CommonCrypto'
 23 |
 24 | import Foundation
 25 | import CommonCrypto
    |        `- error: no such module 'CommonCrypto'
 26 |
 27 | internal enum AESError: Error {
[222/507] Compiling JOSESwift DataRSAPublicKey.swift
/host/spi-builder-workspace/.build/checkouts/JOSESwift/JOSESwift/Sources/CryptoPrimitives/AESCBC/AES.swift:25:8: error: no such module 'CommonCrypto'
 23 |
 24 | import Foundation
 25 | import CommonCrypto
    |        `- error: no such module 'CommonCrypto'
 26 |
 27 | internal enum AESError: Error {
/host/spi-builder-workspace/.build/checkouts/JOSESwift/JOSESwift/Sources/CryptoPrimitives/AESCBC/AES.swift:25:8: error: no such module 'CommonCrypto'
 23 |
 24 | import Foundation
 25 | import CommonCrypto
    |        `- error: no such module 'CommonCrypto'
 26 |
 27 | internal enum AESError: Error {
/host/spi-builder-workspace/.build/checkouts/JOSESwift/JOSESwift/Sources/CryptoPrimitives/AESCBC/AES.swift:25:8: error: no such module 'CommonCrypto'
 23 |
 24 | import Foundation
 25 | import CommonCrypto
    |        `- error: no such module 'CommonCrypto'
 26 |
 27 | internal enum AESError: Error {
[225/507] Compiling JOSESwift SecureRandom.swift
/host/spi-builder-workspace/.build/checkouts/JOSESwift/JOSESwift/Sources/CryptoPrimitives/AESCBC/AES.swift:25:8: error: no such module 'CommonCrypto'
 23 |
 24 | import Foundation
 25 | import CommonCrypto
    |        `- error: no such module 'CommonCrypto'
 26 |
 27 | internal enum AESError: Error {
[226/507] Compiling JOSESwift Thumbprint.swift
/host/spi-builder-workspace/.build/checkouts/JOSESwift/JOSESwift/Sources/CryptoPrimitives/AESCBC/AES.swift:25:8: error: no such module 'CommonCrypto'
 23 |
 24 | import Foundation
 25 | import CommonCrypto
    |        `- error: no such module 'CommonCrypto'
 26 |
 27 | internal enum AESError: Error {
[227/507] Compiling JOSESwift Compressor.swift
/host/spi-builder-workspace/.build/checkouts/JOSESwift/JOSESwift/Sources/CryptoPrimitives/AESCBC/AES.swift:25:8: error: no such module 'CommonCrypto'
 23 |
 24 | import Foundation
 25 | import CommonCrypto
    |        `- error: no such module 'CommonCrypto'
 26 |
 27 | internal enum AESError: Error {
[228/507] Compiling JOSESwift DeflateWrapper.swift
/host/spi-builder-workspace/.build/checkouts/JOSESwift/JOSESwift/Sources/CryptoPrimitives/AESCBC/AES.swift:25:8: error: no such module 'CommonCrypto'
 23 |
 24 | import Foundation
 25 | import CommonCrypto
    |        `- error: no such module 'CommonCrypto'
 26 |
 27 | internal enum AESError: Error {
[229/507] Compiling JOSESwift ContentEncryption.swift
/host/spi-builder-workspace/.build/checkouts/JOSESwift/JOSESwift/Sources/CryptoPrimitives/AESCBC/AES.swift:25:8: error: no such module 'CommonCrypto'
 23 |
 24 | import Foundation
 25 | import CommonCrypto
    |        `- error: no such module 'CommonCrypto'
 26 |
 27 | internal enum AESError: Error {
[230/507] Compiling JOSESwift AESCBCEncryption.swift
/host/spi-builder-workspace/.build/checkouts/JOSESwift/JOSESwift/Sources/CryptoPrimitives/AESCBC/AES.swift:25:8: error: no such module 'CommonCrypto'
 23 |
 24 | import Foundation
 25 | import CommonCrypto
    |        `- error: no such module 'CommonCrypto'
 26 |
 27 | internal enum AESError: Error {
[231/507] Compiling JOSESwift PBES2KeyEncryptionMode.swift
/host/spi-builder-workspace/.build/checkouts/JOSESwift/JOSESwift/Sources/CryptoPrimitives/AESCBC/AES.swift:25:8: error: no such module 'CommonCrypto'
 23 |
 24 | import Foundation
 25 | import CommonCrypto
    |        `- error: no such module 'CommonCrypto'
 26 |
 27 | internal enum AESError: Error {
[232/507] Compiling JOSESwift RSAKeyEncryptionMode.swift
/host/spi-builder-workspace/.build/checkouts/JOSESwift/JOSESwift/Sources/CryptoPrimitives/AESCBC/AES.swift:25:8: error: no such module 'CommonCrypto'
 23 |
 24 | import Foundation
 25 | import CommonCrypto
    |        `- error: no such module 'CommonCrypto'
 26 |
 27 | internal enum AESError: Error {
[233/507] Compiling JOSESwift KeyManagementMode.swift
/host/spi-builder-workspace/.build/checkouts/JOSESwift/JOSESwift/Sources/CryptoPrimitives/AESCBC/AES.swift:25:8: error: no such module 'CommonCrypto'
 23 |
 24 | import Foundation
 25 | import CommonCrypto
    |        `- error: no such module 'CommonCrypto'
 26 |
 27 | internal enum AESError: Error {
[234/507] Compiling JOSESwift DataECPrivateKey.swift
/host/spi-builder-workspace/.build/checkouts/JOSESwift/JOSESwift/Sources/CryptoPrimitives/AESCBC/AES.swift:25:8: error: no such module 'CommonCrypto'
 23 |
 24 | import Foundation
 25 | import CommonCrypto
    |        `- error: no such module 'CommonCrypto'
 26 |
 27 | internal enum AESError: Error {
[235/507] Compiling JOSESwift DataECPublicKey.swift
/host/spi-builder-workspace/.build/checkouts/JOSESwift/JOSESwift/Sources/CryptoPrimitives/AESCBC/AES.swift:25:8: error: no such module 'CommonCrypto'
 23 |
 24 | import Foundation
 25 | import CommonCrypto
    |        `- error: no such module 'CommonCrypto'
 26 |
 27 | internal enum AESError: Error {
[236/507] Compiling JOSESwift ECKeyCodable.swift
/host/spi-builder-workspace/.build/checkouts/JOSESwift/JOSESwift/Sources/CryptoPrimitives/AESCBC/AES.swift:25:8: error: no such module 'CommonCrypto'
 23 |
 24 | import Foundation
 25 | import CommonCrypto
    |        `- error: no such module 'CommonCrypto'
 26 |
 27 | internal enum AESError: Error {
[237/507] Compiling JOSESwift ECKeyPair.swift
/host/spi-builder-workspace/.build/checkouts/JOSESwift/JOSESwift/Sources/CryptoPrimitives/AESCBC/AES.swift:25:8: error: no such module 'CommonCrypto'
 23 |
 24 | import Foundation
 25 | import CommonCrypto
    |        `- error: no such module 'CommonCrypto'
 26 |
 27 | internal enum AESError: Error {
[238/507] Compiling JOSESwift ECKeys.swift
/host/spi-builder-workspace/.build/checkouts/JOSESwift/JOSESwift/Sources/CryptoPrimitives/AESCBC/AES.swift:25:8: error: no such module 'CommonCrypto'
 23 |
 24 | import Foundation
 25 | import CommonCrypto
    |        `- error: no such module 'CommonCrypto'
 26 |
 27 | internal enum AESError: Error {
/host/spi-builder-workspace/.build/checkouts/JOSESwift/JOSESwift/Sources/CryptoPrimitives/AESCBC/AES.swift:25:8: error: no such module 'CommonCrypto'
 23 |
 24 | import Foundation
 25 | import CommonCrypto
    |        `- error: no such module 'CommonCrypto'
 26 |
 27 | internal enum AESError: Error {
/host/spi-builder-workspace/.build/checkouts/JOSESwift/JOSESwift/Sources/CryptoPrimitives/AESCBC/AES.swift:25:8: error: no such module 'CommonCrypto'
 23 |
 24 | import Foundation
 25 | import CommonCrypto
    |        `- error: no such module 'CommonCrypto'
 26 |
 27 | internal enum AESError: Error {
/host/spi-builder-workspace/.build/checkouts/JOSESwift/JOSESwift/Sources/CryptoPrimitives/AESCBC/AES.swift:25:8: error: no such module 'CommonCrypto'
 23 |
 24 | import Foundation
 25 | import CommonCrypto
    |        `- error: no such module 'CommonCrypto'
 26 |
 27 | internal enum AESError: Error {
/host/spi-builder-workspace/.build/checkouts/JOSESwift/JOSESwift/Sources/CryptoPrimitives/AESCBC/AES.swift:25:8: error: no such module 'CommonCrypto'
 23 |
 24 | import Foundation
 25 | import CommonCrypto
    |        `- error: no such module 'CommonCrypto'
 26 |
 27 | internal enum AESError: Error {
/host/spi-builder-workspace/.build/checkouts/JOSESwift/JOSESwift/Sources/CryptoPrimitives/AESCBC/AES.swift:25:8: error: no such module 'CommonCrypto'
 23 |
 24 | import Foundation
 25 | import CommonCrypto
    |        `- error: no such module 'CommonCrypto'
 26 |
 27 | internal enum AESError: Error {
/host/spi-builder-workspace/.build/checkouts/JOSESwift/JOSESwift/Sources/CryptoPrimitives/AESCBC/AES.swift:25:8: error: no such module 'CommonCrypto'
 23 |
 24 | import Foundation
 25 | import CommonCrypto
    |        `- error: no such module 'CommonCrypto'
 26 |
 27 | internal enum AESError: Error {
/host/spi-builder-workspace/.build/checkouts/JOSESwift/JOSESwift/Sources/CryptoPrimitives/AESCBC/AES.swift:25:8: error: no such module 'CommonCrypto'
 23 |
 24 | import Foundation
 25 | import CommonCrypto
    |        `- error: no such module 'CommonCrypto'
 26 |
 27 | internal enum AESError: Error {
/host/spi-builder-workspace/.build/checkouts/JOSESwift/JOSESwift/Sources/CryptoPrimitives/AESCBC/AES.swift:25:8: error: no such module 'CommonCrypto'
 23 |
 24 | import Foundation
 25 | import CommonCrypto
    |        `- error: no such module 'CommonCrypto'
 26 |
 27 | internal enum AESError: Error {
[247/507] Compiling SwiftyJSON SwiftyJSON.swift
/host/spi-builder-workspace/.build/checkouts/SwiftyJSON/Source/SwiftyJSON/SwiftyJSON.swift:1215:51: error: ambiguous use of operator '<'
1213 |
1214 |     switch (lhs.type, rhs.type) {
1215 |     case (.number, .number): return lhs.rawNumber < rhs.rawNumber
     |                                                   `- error: ambiguous use of operator '<'
1216 |     case (.string, .string): return lhs.rawString < rhs.rawString
1217 |     default:                 return false
     :
1249 | }
1250 |
1251 | func < (lhs: NSNumber, rhs: NSNumber) -> Bool {
     |      `- note: found this candidate
1252 |
1253 |     switch (lhs.isBool, rhs.isBool) {
Foundation.NSNumber.<:2:20: note: found this candidate in module 'Foundation'
1 | class NSNumber {
2 | public static func < (lhs: NSNumber, rhs: NSNumber) -> Bool}
  |                    `- note: found this candidate in module 'Foundation'
3 |
[248/507] Compiling JOSESwift HMACSigner.swift
/host/spi-builder-workspace/.build/checkouts/JOSESwift/JOSESwift/Sources/CryptoPrimitives/AESCBC/AES.swift:25:8: error: no such module 'CommonCrypto'
 23 |
 24 | import Foundation
 25 | import CommonCrypto
    |        `- error: no such module 'CommonCrypto'
 26 |
 27 | internal enum AESError: Error {
[249/507] Compiling JOSESwift HMACVerifier.swift
/host/spi-builder-workspace/.build/checkouts/JOSESwift/JOSESwift/Sources/CryptoPrimitives/AESCBC/AES.swift:25:8: error: no such module 'CommonCrypto'
 23 |
 24 | import Foundation
 25 | import CommonCrypto
    |        `- error: no such module 'CommonCrypto'
 26 |
 27 | internal enum AESError: Error {
[250/507] Compiling JOSESwift RSASigner.swift
/host/spi-builder-workspace/.build/checkouts/JOSESwift/JOSESwift/Sources/CryptoPrimitives/AESCBC/AES.swift:25:8: error: no such module 'CommonCrypto'
 23 |
 24 | import Foundation
 25 | import CommonCrypto
    |        `- error: no such module 'CommonCrypto'
 26 |
 27 | internal enum AESError: Error {
[251/507] Compiling JOSESwift RSAVerifier.swift
/host/spi-builder-workspace/.build/checkouts/JOSESwift/JOSESwift/Sources/CryptoPrimitives/AESCBC/AES.swift:25:8: error: no such module 'CommonCrypto'
 23 |
 24 | import Foundation
 25 | import CommonCrypto
    |        `- error: no such module 'CommonCrypto'
 26 |
 27 | internal enum AESError: Error {
[252/507] Compiling JOSESwift JWS.swift
/host/spi-builder-workspace/.build/checkouts/JOSESwift/JOSESwift/Sources/CryptoPrimitives/AESCBC/AES.swift:25:8: error: no such module 'CommonCrypto'
 23 |
 24 | import Foundation
 25 | import CommonCrypto
    |        `- error: no such module 'CommonCrypto'
 26 |
 27 | internal enum AESError: Error {
[253/507] Compiling JOSESwift JWSHeader.swift
/host/spi-builder-workspace/.build/checkouts/JOSESwift/JOSESwift/Sources/CryptoPrimitives/AESCBC/AES.swift:25:8: error: no such module 'CommonCrypto'
 23 |
 24 | import Foundation
 25 | import CommonCrypto
    |        `- error: no such module 'CommonCrypto'
 26 |
 27 | internal enum AESError: Error {
[254/507] Compiling JOSESwift Signer.swift
/host/spi-builder-workspace/.build/checkouts/JOSESwift/JOSESwift/Sources/CryptoPrimitives/AESCBC/AES.swift:25:8: error: no such module 'CommonCrypto'
 23 |
 24 | import Foundation
 25 | import CommonCrypto
    |        `- error: no such module 'CommonCrypto'
 26 |
 27 | internal enum AESError: Error {
[255/507] Compiling JOSESwift Verifier.swift
/host/spi-builder-workspace/.build/checkouts/JOSESwift/JOSESwift/Sources/CryptoPrimitives/AESCBC/AES.swift:25:8: error: no such module 'CommonCrypto'
 23 |
 24 | import Foundation
 25 | import CommonCrypto
    |        `- error: no such module 'CommonCrypto'
 26 |
 27 | internal enum AESError: Error {
/host/spi-builder-workspace/.build/checkouts/JOSESwift/JOSESwift/Sources/CryptoPrimitives/AESCBC/AES.swift:25:8: error: no such module 'CommonCrypto'
 23 |
 24 | import Foundation
 25 | import CommonCrypto
    |        `- error: no such module 'CommonCrypto'
 26 |
 27 | internal enum AESError: Error {
/host/spi-builder-workspace/.build/checkouts/JOSESwift/JOSESwift/Sources/CryptoPrimitives/AESCBC/AES.swift:25:8: error: no such module 'CommonCrypto'
 23 |
 24 | import Foundation
 25 | import CommonCrypto
    |        `- error: no such module 'CommonCrypto'
 26 |
 27 | internal enum AESError: Error {
/host/spi-builder-workspace/.build/checkouts/JOSESwift/JOSESwift/Sources/CryptoPrimitives/AESCBC/AES.swift:25:8: error: no such module 'CommonCrypto'
 23 |
 24 | import Foundation
 25 | import CommonCrypto
    |        `- error: no such module 'CommonCrypto'
 26 |
 27 | internal enum AESError: Error {
/host/spi-builder-workspace/.build/checkouts/JOSESwift/JOSESwift/Sources/CryptoPrimitives/AESCBC/AES.swift:25:8: error: no such module 'CommonCrypto'
 23 |
 24 | import Foundation
 25 | import CommonCrypto
    |        `- error: no such module 'CommonCrypto'
 26 |
 27 | internal enum AESError: Error {
/host/spi-builder-workspace/.build/checkouts/JOSESwift/JOSESwift/Sources/CryptoPrimitives/AESCBC/AES.swift:25:8: error: no such module 'CommonCrypto'
 23 |
 24 | import Foundation
 25 | import CommonCrypto
    |        `- error: no such module 'CommonCrypto'
 26 |
 27 | internal enum AESError: Error {
/host/spi-builder-workspace/.build/checkouts/JOSESwift/JOSESwift/Sources/CryptoPrimitives/AESCBC/AES.swift:25:8: error: no such module 'CommonCrypto'
 23 |
 24 | import Foundation
 25 | import CommonCrypto
    |        `- error: no such module 'CommonCrypto'
 26 |
 27 | internal enum AESError: Error {
/host/spi-builder-workspace/.build/checkouts/JOSESwift/JOSESwift/Sources/CryptoPrimitives/AESCBC/AES.swift:25:8: error: no such module 'CommonCrypto'
 23 |
 24 | import Foundation
 25 | import CommonCrypto
    |        `- error: no such module 'CommonCrypto'
 26 |
 27 | internal enum AESError: Error {
/host/spi-builder-workspace/.build/checkouts/JOSESwift/JOSESwift/Sources/CryptoPrimitives/AESCBC/AES.swift:25:8: error: no such module 'CommonCrypto'
 23 |
 24 | import Foundation
 25 | import CommonCrypto
    |        `- error: no such module 'CommonCrypto'
 26 |
 27 | internal enum AESError: Error {
[263/507] Compiling x509_set.cc
[263/507] Compiling x509_vpm.cc
[263/507] Compiling x509_vfy.cc
[263/507] Compiling x509_txt.cc
[263/507] Compiling x509_v3.cc
[263/507] Compiling x509_trs.cc
BUILD FAILURE 6.3 android