Build Information
Failed to build xcprojectlint, reference 0.0.6 (d9dad8), with Swift 6.4 for visionOS using Xcode 27.0 on 18 Sep 2026 23:04:20 UTC.
Build Command
No build command. This typically means the build failed at an early stage where we determine the build command.Build Log
========================================
RunAll
========================================
Builder version: 5.1.0
Interrupt handler set up.
========================================
Checkout
========================================
Clone URL: https://github.com/americanexpress/xcprojectlint.git
Reference: 0.0.6
Initialized empty Git repository in /Users/admin/builder/spi-builder-workspace/.git/
From https://github.com/americanexpress/xcprojectlint
* tag 0.0.6 -> FETCH_HEAD
HEAD is now at d9dad85 Update Version.swift
Cloned https://github.com/americanexpress/xcprojectlint.git
Revision (git rev-parse @):
d9dad85847f5ee9b2143565a17d9066bb44b4b29
SUCCESS checkout https://github.com/americanexpress/xcprojectlint.git at 0.0.6
========================================
Build
========================================
Selected platform: visionOS
Swift version: 6.4
Building package at path: $PWD
https://github.com/americanexpress/xcprojectlint.git
Command line invocation:
/Applications/Xcode-27.0.0-Release.Candidate.app/Contents/Developer/usr/bin/xcodebuild -IDEClonedSourcePackagesDirPathOverride=/Users/admin/builder/spi-builder-workspace/.dependencies -resolvePackageDependencies
Resolve Package Graph
Fetching from https://github.com/apple/swift-package-manager.git
Fetching from https://github.com/apple/swift-llbuild.git
Fetching from https://github.com/apple/swift-tools-support-core.git
Creating working copy of package ‘swift-llbuild’
Checking out 0.3.0 of package ‘swift-llbuild’
Creating working copy of package ‘swift-tools-support-core’
Checking out 0.1.0 of package ‘swift-tools-support-core’
Creating working copy of package ‘swift-package-manager’
Checking out 0.6.0 of package ‘swift-package-manager’
ignoring broken symlink /Users/admin/builder/spi-builder-workspace/.dependencies/checkouts/swift-llbuild/lib/llvm/Demangle/include/llvm/Demangle/include/llvm/Demangle/include/llvm/Demangle/include/llvm/Demangle/include/llvm/Demangle/include/llvm/Demangle/include/llvm/Demangle/include/llvm/Demangle/include/llvm/Demangle/include/llvm/Demangle/include/llvm/Demangle/include/llvm/Demangle/include/llvm/Demangle/include/llvm/Demangle/include/llvm/Demangle/include/llvm/Demangle/include/llvm/Demangle/include/llvm/Demangle/include/llvm/Demangle/include/llvm/Demangle/include/llvm/Demangle/include/llvm/Demangle/include/llvm/Demangle/include/llvm/Demangle/include/llvm/Demangle/include/llvm/Demangle/include/llvm/Demangle/include/llvm/Demangle/include/llvm/Demangle/include/llvm/Demangle/include/llvm/Demangle/include/llvm/Demangle/include/llvmproduct 'SPMUtility' required by package 'spi-builder-workspace' target 'xcprojectlint-package' not found.Resolve Package Graph
ignoring broken symlink /Users/admin/builder/spi-builder-workspace/.dependencies/checkouts/swift-llbuild/lib/llvm/Demangle/include/llvm/Demangle/include/llvm/Demangle/include/llvm/Demangle/include/llvm/Demangle/include/llvm/Demangle/include/llvm/Demangle/include/llvm/Demangle/include/llvm/Demangle/include/llvm/Demangle/include/llvm/Demangle/include/llvm/Demangle/include/llvm/Demangle/include/llvm/Demangle/include/llvm/Demangle/include/llvm/Demangle/include/llvm/Demangle/include/llvm/Demangle/include/llvm/Demangle/include/llvm/Demangle/include/llvm/Demangle/include/llvm/Demangle/include/llvm/Demangle/include/llvm/Demangle/include/llvm/Demangle/include/llvm/Demangle/include/llvm/Demangle/include/llvm/Demangle/include/llvm/Demangle/include/llvm/Demangle/include/llvm/Demangle/include/llvm/Demangle/include/llvm/Demangle/include/llvmproduct 'SPMUtility' required by package 'spi-builder-workspace' target 'xcprojectlint-package' not found.
Resolved source packages:
spi-builder-workspace: (null)
2026-09-18 19:04:19.235 xcodebuild[529:3024] Writing error result bundle to /var/folders/xq/y_g06wb113726d38xsyx71_h0000gn/T/ResultBundle_2026-18-09_19-04-0019.xcresult
xcodebuild: error: Could not resolve package dependencies:
product 'SPMUtility' required by package 'spi-builder-workspace' target 'xcprojectlint-package' not found.
Command line invocation:
/Applications/Xcode-27.0.0-Release.Candidate.app/Contents/Developer/usr/bin/xcodebuild -IDEClonedSourcePackagesDirPathOverride=/Users/admin/builder/spi-builder-workspace/.dependencies -resolvePackageDependencies
Resolve Package Graph
ignoring broken symlink /Users/admin/builder/spi-builder-workspace/.dependencies/checkouts/swift-llbuild/lib/llvm/Demangle/include/llvm/Demangle/include/llvm/Demangle/include/llvm/Demangle/include/llvm/Demangle/include/llvm/Demangle/include/llvm/Demangle/include/llvm/Demangle/include/llvm/Demangle/include/llvm/Demangle/include/llvm/Demangle/include/llvm/Demangle/include/llvm/Demangle/include/llvm/Demangle/include/llvm/Demangle/include/llvm/Demangle/include/llvm/Demangle/include/llvm/Demangle/include/llvm/Demangle/include/llvm/Demangle/include/llvm/Demangle/include/llvm/Demangle/include/llvm/Demangle/include/llvm/Demangle/include/llvm/Demangle/include/llvm/Demangle/include/llvm/Demangle/include/llvm/Demangle/include/llvm/Demangle/include/llvm/Demangle/include/llvm/Demangle/include/llvm/Demangle/include/llvm/Demangle/include/llvmproduct 'SPMUtility' required by package 'spi-builder-workspace' target 'xcprojectlint-package' not found.
Resolved source packages:
spi-builder-workspace: (null)
2026-09-18 19:04:20.635 xcodebuild[735:4444] Writing error result bundle to /var/folders/xq/y_g06wb113726d38xsyx71_h0000gn/T/ResultBundle_2026-18-09_19-04-0020.xcresult
xcodebuild: error: Could not resolve package dependencies:
product 'SPMUtility' required by package 'spi-builder-workspace' target 'xcprojectlint-package' not found.
BUILD FAILURE 6.4 visionOS