The Swift Package Index logo.Swift Package Index

Track the adoption of Swift 6 strict concurrency checks for data race safety. How many packages are Ready for Swift 6?

Build Information

Failed to build Threading with Swift 5.9 for watchOS using Xcode 15.2 at 1.3.5.

Build Command

env DEVELOPER_DIR=/Applications/Xcode-15.2.0.app xcrun xcodebuild -IDEClonedSourcePackagesDirPathOverride=$workDir/.dependencies -skipMacroValidation -skipPackagePluginValidation -derivedDataPath $workDir/.derivedData build -scheme Threading-Package -destination generic/platform=watchos

Build Log

SwiftCompile normal arm64_32 /Users/builder/builds/UKfvDsi8u/3/finestructure/swiftpackageindex-builder/spi-builder-workspace/Tests/DelayedQueueTests.swift (in target 'ThreadingTests' from project 'Threading')
    cd /Users/builder/builds/UKfvDsi8u/3/finestructure/swiftpackageindex-builder/spi-builder-workspace
    /Applications/Xcode-15.2.0.app/Contents/Developer/Toolchains/XcodeDefault.xctoolchain/usr/bin/swift-frontend -c -primary-file /Users/builder/builds/UKfvDsi8u/3/finestructure/swiftpackageindex-builder/spi-builder-workspace/Tests/DelayedQueueTests.swift /Users/builder/builds/UKfvDsi8u/3/finestructure/swiftpackageindex-builder/spi-builder-workspace/Tests/DispatchTime_QueueTests.swift /Users/builder/builds/UKfvDsi8u/3/finestructure/swiftpackageindex-builder/spi-builder-workspace/Tests/QueueTests.swift -emit-dependencies-path /Users/builder/builds/UKfvDsi8u/3/finestructure/swiftpackageindex-builder/spi-builder-workspace/.derivedData/Build/Intermediates.noindex/Threading.build/Debug-watchos/ThreadingTests.build/Objects-normal/arm64_32/DelayedQueueTests.d -emit-const-values-path /Users/builder/builds/UKfvDsi8u/3/finestructure/swiftpackageindex-builder/spi-builder-workspace/.derivedData/Build/Intermediates.noindex/Threading.build/Debug-watchos/ThreadingTests.build/Objects-normal/arm64_32/DelayedQueueTests.swiftconstvalues -emit-reference-dependencies-path /Users/builder/builds/UKfvDsi8u/3/finestructure/swiftpackageindex-builder/spi-builder-workspace/.derivedData/Build/Intermediates.noindex/Threading.build/Debug-watchos/ThreadingTests.build/Objects-normal/arm64_32/DelayedQueueTests.swiftdeps -serialize-diagnostics-path /Users/builder/builds/UKfvDsi8u/3/finestructure/swiftpackageindex-builder/spi-builder-workspace/.derivedData/Build/Intermediates.noindex/Threading.build/Debug-watchos/ThreadingTests.build/Objects-normal/arm64_32/DelayedQueueTests.dia -target arm64_32-apple-watchos7.0 -enable-objc-interop -sdk /Applications/Xcode-15.2.0.app/Contents/Developer/Platforms/WatchOS.platform/Developer/SDKs/WatchOS10.2.sdk -I /Users/builder/builds/UKfvDsi8u/3/finestructure/swiftpackageindex-builder/spi-builder-workspace/.derivedData/Build/Products/Debug-watchos -I /Applications/Xcode-15.2.0.app/Contents/Developer/Platforms/WatchOS.platform/Developer/usr/lib -F /Users/builder/builds/UKfvDsi8u/3/finestructure/swiftpackageindex-builder/spi-builder-workspace/.derivedData/Build/Products/Debug-watchos/PackageFrameworks -F /Users/builder/builds/UKfvDsi8u/3/finestructure/swiftpackageindex-builder/spi-builder-workspace/.derivedData/Build/Products/Debug-watchos/PackageFrameworks -F /Users/builder/builds/UKfvDsi8u/3/finestructure/swiftpackageindex-builder/spi-builder-workspace/.derivedData/Build/Products/Debug-watchos/PackageFrameworks -F /Users/builder/builds/UKfvDsi8u/3/finestructure/swiftpackageindex-builder/spi-builder-workspace/.derivedData/Build/Products/Debug-watchos/PackageFrameworks -F /Users/builder/builds/UKfvDsi8u/3/finestructure/swiftpackageindex-builder/spi-builder-workspace/.derivedData/Build/Products/Debug-watchos/PackageFrameworks -F /Users/builder/builds/UKfvDsi8u/3/finestructure/swiftpackageindex-builder/spi-builder-workspace/.derivedData/Build/Products/Debug-watchos/PackageFrameworks -F /Users/builder/builds/UKfvDsi8u/3/finestructure/swiftpackageindex-builder/spi-builder-workspace/.derivedData/Build/Products/Debug-watchos/PackageFrameworks -F /Users/builder/builds/UKfvDsi8u/3/finestructure/swiftpackageindex-builder/spi-builder-workspace/.derivedData/Build/Products/Debug-watchos -F /Applications/Xcode-15.2.0.app/Contents/Developer/Platforms/WatchOS.platform/Developer/Library/Frameworks -F /Applications/Xcode-15.2.0.app/Contents/Developer/Platforms/WatchOS.platform/Developer/SDKs/WatchOS10.2.sdk/Developer/Library/Frameworks -no-color-diagnostics -enable-testing -g -module-cache-path /Users/builder/builds/UKfvDsi8u/3/finestructure/swiftpackageindex-builder/spi-builder-workspace/.derivedData/ModuleCache.noindex -profile-generate -profile-coverage-mapping -swift-version 5 -enforce-exclusivity\=checked -Onone -D SWIFT_PACKAGE -D DEBUG -D Xcode -serialize-debugging-options -package-name spi_builder_workspace -const-gather-protocols-file /Users/builder/builds/UKfvDsi8u/3/finestructure/swiftpackageindex-builder/spi-builder-workspace/.derivedData/Build/Intermediates.noindex/Threading.build/Debug-watchos/ThreadingTests.build/Objects-normal/arm64_32/ThreadingTests_const_extract_protocols.json -empty-abi-descriptor -validate-clang-modules-once -clang-build-session-file /Users/builder/builds/UKfvDsi8u/3/finestructure/swiftpackageindex-builder/spi-builder-workspace/.derivedData/ModuleCache.noindex/Session.modulevalidation -Xcc -working-directory -Xcc /Users/builder/builds/UKfvDsi8u/3/finestructure/swiftpackageindex-builder/spi-builder-workspace -resource-dir /Applications/Xcode-15.2.0.app/Contents/Developer/Toolchains/XcodeDefault.xctoolchain/usr/lib/swift -enable-anonymous-context-mangled-names -Xcc -fmodule-map-file\=/Users/builder/builds/UKfvDsi8u/3/finestructure/swiftpackageindex-builder/spi-builder-workspace/.derivedData/Build/Intermediates.noindex/GeneratedModuleMaps-watchos/CwlCatchExceptionSupport.modulemap -Xcc -fmodule-map-file\=/Users/builder/builds/UKfvDsi8u/3/finestructure/swiftpackageindex-builder/spi-builder-workspace/.derivedData/Build/Intermediates.noindex/GeneratedModuleMaps-watchos/CwlMachBadInstructionHandler.modulemap -Xcc -ivfsstatcache -Xcc /Users/builder/builds/UKfvDsi8u/3/finestructure/swiftpackageindex-builder/spi-builder-workspace/.derivedData/SDKStatCaches.noindex/watchos10.2-21S355-1a03c8d25fc3596eb74c01d649b42752.sdkstatcache -Xcc -I/Users/builder/builds/UKfvDsi8u/3/finestructure/swiftpackageindex-builder/spi-builder-workspace/.dependencies/checkouts/CwlCatchException/Sources/CwlCatchExceptionSupport/include -Xcc -I/Users/builder/builds/UKfvDsi8u/3/finestructure/swiftpackageindex-builder/spi-builder-workspace/.dependencies/checkouts/CwlPreconditionTesting/Sources/CwlMachBadInstructionHandler/include -Xcc -I/Users/builder/builds/UKfvDsi8u/3/finestructure/swiftpackageindex-builder/spi-builder-workspace/.derivedData/Build/Products/Debug-watchos/include -Xcc -I/Users/builder/builds/UKfvDsi8u/3/finestructure/swiftpackageindex-builder/spi-builder-workspace/.derivedData/Build/Intermediates.noindex/Threading.build/Debug-watchos/ThreadingTests.build/DerivedSources-normal/arm64_32 -Xcc -I/Users/builder/builds/UKfvDsi8u/3/finestructure/swiftpackageindex-builder/spi-builder-workspace/.derivedData/Build/Intermediates.noindex/Threading.build/Debug-watchos/ThreadingTests.build/DerivedSources/arm64_32 -Xcc -I/Users/builder/builds/UKfvDsi8u/3/finestructure/swiftpackageindex-builder/spi-builder-workspace/.derivedData/Build/Intermediates.noindex/Threading.build/Debug-watchos/ThreadingTests.build/DerivedSources -Xcc -DSWIFT_PACKAGE -Xcc -DDEBUG\=1 -module-name ThreadingTests -frontend-parseable-output -disable-clang-spi -target-sdk-version 10.2 -target-sdk-name watchos10.2 -external-plugin-path /Applications/Xcode-15.2.0.app/Contents/Developer/Platforms/WatchOS.platform/Developer/SDKs/WatchOS10.2.sdk/usr/lib/swift/host/plugins\#/Applications/Xcode-15.2.0.app/Contents/Developer/Platforms/WatchOS.platform/Developer/SDKs/WatchOS10.2.sdk/usr/bin/swift-plugin-server -external-plugin-path /Applications/Xcode-15.2.0.app/Contents/Developer/Platforms/WatchOS.platform/Developer/SDKs/WatchOS10.2.sdk/usr/local/lib/swift/host/plugins\#/Applications/Xcode-15.2.0.app/Contents/Developer/Platforms/WatchOS.platform/Developer/SDKs/WatchOS10.2.sdk/usr/bin/swift-plugin-server -external-plugin-path /Applications/Xcode-15.2.0.app/Contents/Developer/Platforms/WatchOS.platform/Developer/usr/lib/swift/host/plugins\#/Applications/Xcode-15.2.0.app/Contents/Developer/Platforms/WatchOS.platform/Developer/usr/bin/swift-plugin-server -external-plugin-path /Applications/Xcode-15.2.0.app/Contents/Developer/Platforms/WatchOS.platform/Developer/usr/local/lib/swift/host/plugins\#/Applications/Xcode-15.2.0.app/Contents/Developer/Platforms/WatchOS.platform/Developer/usr/bin/swift-plugin-server -plugin-path /Applications/Xcode-15.2.0.app/Contents/Developer/Toolchains/XcodeDefault.xctoolchain/usr/lib/swift/host/plugins -plugin-path /Applications/Xcode-15.2.0.app/Contents/Developer/Toolchains/XcodeDefault.xctoolchain/usr/local/lib/swift/host/plugins -o /Users/builder/builds/UKfvDsi8u/3/finestructure/swiftpackageindex-builder/spi-builder-workspace/.derivedData/Build/Intermediates.noindex/Threading.build/Debug-watchos/ThreadingTests.build/Objects-normal/arm64_32/DelayedQueueTests.o -index-unit-output-path /Threading.build/Debug-watchos/ThreadingTests.build/Objects-normal/arm64_32/DelayedQueueTests.o -index-store-path /Users/builder/builds/UKfvDsi8u/3/finestructure/swiftpackageindex-builder/spi-builder-workspace/.derivedData/Index.noindex/DataStore -index-system-modules
SwiftCompile normal arm64_32 Compiling\ DispatchTime_QueueTests.swift /Users/builder/builds/UKfvDsi8u/3/finestructure/swiftpackageindex-builder/spi-builder-workspace/Tests/DispatchTime_QueueTests.swift (in target 'ThreadingTests' from project 'Threading')
    cd /Users/builder/builds/UKfvDsi8u/3/finestructure/swiftpackageindex-builder/spi-builder-workspace
    builtin-swiftTaskExecution -- /Applications/Xcode-15.2.0.app/Contents/Developer/Toolchains/XcodeDefault.xctoolchain/usr/bin/swift-frontend -frontend -c /Users/builder/builds/UKfvDsi8u/3/finestructure/swiftpackageindex-builder/spi-builder-workspace/Tests/DelayedQueueTests.swift -primary-file /Users/builder/builds/UKfvDsi8u/3/finestructure/swiftpackageindex-builder/spi-builder-workspace/Tests/DispatchTime_QueueTests.swift /Users/builder/builds/UKfvDsi8u/3/finestructure/swiftpackageindex-builder/spi-builder-workspace/Tests/QueueTests.swift -emit-dependencies-path /Users/builder/builds/UKfvDsi8u/3/finestructure/swiftpackageindex-builder/spi-builder-workspace/.derivedData/Build/Intermediates.noindex/Threading.build/Debug-watchos/ThreadingTests.build/Objects-normal/arm64_32/DispatchTime_QueueTests.d -emit-const-values-path /Users/builder/builds/UKfvDsi8u/3/finestructure/swiftpackageindex-builder/spi-builder-workspace/.derivedData/Build/Intermediates.noindex/Threading.build/Debug-watchos/ThreadingTests.build/Objects-normal/arm64_32/DispatchTime_QueueTests.swiftconstvalues -emit-reference-dependencies-path /Users/builder/builds/UKfvDsi8u/3/finestructure/swiftpackageindex-builder/spi-builder-workspace/.derivedData/Build/Intermediates.noindex/Threading.build/Debug-watchos/ThreadingTests.build/Objects-normal/arm64_32/DispatchTime_QueueTests.swiftdeps -serialize-diagnostics-path /Users/builder/builds/UKfvDsi8u/3/finestructure/swiftpackageindex-builder/spi-builder-workspace/.derivedData/Build/Intermediates.noindex/Threading.build/Debug-watchos/ThreadingTests.build/Objects-normal/arm64_32/DispatchTime_QueueTests.dia -target arm64_32-apple-watchos7.0 -enable-objc-interop -sdk /Applications/Xcode-15.2.0.app/Contents/Developer/Platforms/WatchOS.platform/Developer/SDKs/WatchOS10.2.sdk -I /Users/builder/builds/UKfvDsi8u/3/finestructure/swiftpackageindex-builder/spi-builder-workspace/.derivedData/Build/Products/Debug-watchos -I /Applications/Xcode-15.2.0.app/Contents/Developer/Platforms/WatchOS.platform/Developer/usr/lib -F /Users/builder/builds/UKfvDsi8u/3/finestructure/swiftpackageindex-builder/spi-builder-workspace/.derivedData/Build/Products/Debug-watchos/PackageFrameworks -F /Users/builder/builds/UKfvDsi8u/3/finestructure/swiftpackageindex-builder/spi-builder-workspace/.derivedData/Build/Products/Debug-watchos/PackageFrameworks -F /Users/builder/builds/UKfvDsi8u/3/finestructure/swiftpackageindex-builder/spi-builder-workspace/.derivedData/Build/Products/Debug-watchos/PackageFrameworks -F /Users/builder/builds/UKfvDsi8u/3/finestructure/swiftpackageindex-builder/spi-builder-workspace/.derivedData/Build/Products/Debug-watchos/PackageFrameworks -F /Users/builder/builds/UKfvDsi8u/3/finestructure/swiftpackageindex-builder/spi-builder-workspace/.derivedData/Build/Products/Debug-watchos/PackageFrameworks -F /Users/builder/builds/UKfvDsi8u/3/finestructure/swiftpackageindex-builder/spi-builder-workspace/.derivedData/Build/Products/Debug-watchos/PackageFrameworks -F /Users/builder/builds/UKfvDsi8u/3/finestructure/swiftpackageindex-builder/spi-builder-workspace/.derivedData/Build/Products/Debug-watchos/PackageFrameworks -F /Users/builder/builds/UKfvDsi8u/3/finestructure/swiftpackageindex-builder/spi-builder-workspace/.derivedData/Build/Products/Debug-watchos -F /Applications/Xcode-15.2.0.app/Contents/Developer/Platforms/WatchOS.platform/Developer/Library/Frameworks -F /Applications/Xcode-15.2.0.app/Contents/Developer/Platforms/WatchOS.platform/Developer/SDKs/WatchOS10.2.sdk/Developer/Library/Frameworks -no-color-diagnostics -enable-testing -g -module-cache-path /Users/builder/builds/UKfvDsi8u/3/finestructure/swiftpackageindex-builder/spi-builder-workspace/.derivedData/ModuleCache.noindex -profile-generate -profile-coverage-mapping -swift-version 5 -enforce-exclusivity\=checked -Onone -D SWIFT_PACKAGE -D DEBUG -D Xcode -serialize-debugging-options -package-name spi_builder_workspace -const-gather-protocols-file /Users/builder/builds/UKfvDsi8u/3/finestructure/swiftpackageindex-builder/spi-builder-workspace/.derivedData/Build/Intermediates.noindex/Threading.build/Debug-watchos/ThreadingTests.build/Objects-normal/arm64_32/ThreadingTests_const_extract_protocols.json -empty-abi-descriptor -validate-clang-modules-once -clang-build-session-file /Users/builder/builds/UKfvDsi8u/3/finestructure/swiftpackageindex-builder/spi-builder-workspace/.derivedData/ModuleCache.noindex/Session.modulevalidation -Xcc -working-directory -Xcc /Users/builder/builds/UKfvDsi8u/3/finestructure/swiftpackageindex-builder/spi-builder-workspace -resource-dir /Applications/Xcode-15.2.0.app/Contents/Developer/Toolchains/XcodeDefault.xctoolchain/usr/lib/swift -enable-anonymous-context-mangled-names -Xcc -fmodule-map-file\=/Users/builder/builds/UKfvDsi8u/3/finestructure/swiftpackageindex-builder/spi-builder-workspace/.derivedData/Build/Intermediates.noindex/GeneratedModuleMaps-watchos/CwlCatchExceptionSupport.modulemap -Xcc -fmodule-map-file\=/Users/builder/builds/UKfvDsi8u/3/finestructure/swiftpackageindex-builder/spi-builder-workspace/.derivedData/Build/Intermediates.noindex/GeneratedModuleMaps-watchos/CwlMachBadInstructionHandler.modulemap -Xcc -ivfsstatcache -Xcc /Users/builder/builds/UKfvDsi8u/3/finestructure/swiftpackageindex-builder/spi-builder-workspace/.derivedData/SDKStatCaches.noindex/watchos10.2-21S355-1a03c8d25fc3596eb74c01d649b42752.sdkstatcache -Xcc -I/Users/builder/builds/UKfvDsi8u/3/finestructure/swiftpackageindex-builder/spi-builder-workspace/.dependencies/checkouts/CwlCatchException/Sources/CwlCatchExceptionSupport/include -Xcc -I/Users/builder/builds/UKfvDsi8u/3/finestructure/swiftpackageindex-builder/spi-builder-workspace/.dependencies/checkouts/CwlPreconditionTesting/Sources/CwlMachBadInstructionHandler/include -Xcc -I/Users/builder/builds/UKfvDsi8u/3/finestructure/swiftpackageindex-builder/spi-builder-workspace/.derivedData/Build/Products/Debug-watchos/include -Xcc -I/Users/builder/builds/UKfvDsi8u/3/finestructure/swiftpackageindex-builder/spi-builder-workspace/.derivedData/Build/Intermediates.noindex/Threading.build/Debug-watchos/ThreadingTests.build/DerivedSources-normal/arm64_32 -Xcc -I/Users/builder/builds/UKfvDsi8u/3/finestructure/swiftpackageindex-builder/spi-builder-workspace/.derivedData/Build/Intermediates.noindex/Threading.build/Debug-watchos/ThreadingTests.build/DerivedSources/arm64_32 -Xcc -I/Users/builder/builds/UKfvDsi8u/3/finestructure/swiftpackageindex-builder/spi-builder-workspace/.derivedData/Build/Intermediates.noindex/Threading.build/Debug-watchos/ThreadingTests.build/DerivedSources -Xcc -DSWIFT_PACKAGE -Xcc -DDEBUG\=1 -module-name ThreadingTests -frontend-parseable-output -disable-clang-spi -target-sdk-version 10.2 -target-sdk-name watchos10.2 -external-plugin-path /Applications/Xcode-15.2.0.app/Contents/Developer/Platforms/WatchOS.platform/Developer/SDKs/WatchOS10.2.sdk/usr/lib/swift/host/plugins\#/Applications/Xcode-15.2.0.app/Contents/Developer/Platforms/WatchOS.platform/Developer/SDKs/WatchOS10.2.sdk/usr/bin/swift-plugin-server -external-plugin-path /Applications/Xcode-15.2.0.app/Contents/Developer/Platforms/WatchOS.platform/Developer/SDKs/WatchOS10.2.sdk/usr/local/lib/swift/host/plugins\#/Applications/Xcode-15.2.0.app/Contents/Developer/Platforms/WatchOS.platform/Developer/SDKs/WatchOS10.2.sdk/usr/bin/swift-plugin-server -external-plugin-path /Applications/Xcode-15.2.0.app/Contents/Developer/Platforms/WatchOS.platform/Developer/usr/lib/swift/host/plugins\#/Applications/Xcode-15.2.0.app/Contents/Developer/Platforms/WatchOS.platform/Developer/usr/bin/swift-plugin-server -external-plugin-path /Applications/Xcode-15.2.0.app/Contents/Developer/Platforms/WatchOS.platform/Developer/usr/local/lib/swift/host/plugins\#/Applications/Xcode-15.2.0.app/Contents/Developer/Platforms/WatchOS.platform/Developer/usr/bin/swift-plugin-server -plugin-path /Applications/Xcode-15.2.0.app/Contents/Developer/Toolchains/XcodeDefault.xctoolchain/usr/lib/swift/host/plugins -plugin-path /Applications/Xcode-15.2.0.app/Contents/Developer/Toolchains/XcodeDefault.xctoolchain/usr/local/lib/swift/host/plugins -o /Users/builder/builds/UKfvDsi8u/3/finestructure/swiftpackageindex-builder/spi-builder-workspace/.derivedData/Build/Intermediates.noindex/Threading.build/Debug-watchos/ThreadingTests.build/Objects-normal/arm64_32/DispatchTime_QueueTests.o -index-unit-output-path /Threading.build/Debug-watchos/ThreadingTests.build/Objects-normal/arm64_32/DispatchTime_QueueTests.o -index-store-path /Users/builder/builds/UKfvDsi8u/3/finestructure/swiftpackageindex-builder/spi-builder-workspace/.derivedData/Index.noindex/DataStore -index-system-modules
SwiftCompile normal arm64_32 /Users/builder/builds/UKfvDsi8u/3/finestructure/swiftpackageindex-builder/spi-builder-workspace/Tests/DispatchTime_QueueTests.swift (in target 'ThreadingTests' from project 'Threading')
    cd /Users/builder/builds/UKfvDsi8u/3/finestructure/swiftpackageindex-builder/spi-builder-workspace
    /Applications/Xcode-15.2.0.app/Contents/Developer/Toolchains/XcodeDefault.xctoolchain/usr/bin/swift-frontend -c /Users/builder/builds/UKfvDsi8u/3/finestructure/swiftpackageindex-builder/spi-builder-workspace/Tests/DelayedQueueTests.swift -primary-file /Users/builder/builds/UKfvDsi8u/3/finestructure/swiftpackageindex-builder/spi-builder-workspace/Tests/DispatchTime_QueueTests.swift /Users/builder/builds/UKfvDsi8u/3/finestructure/swiftpackageindex-builder/spi-builder-workspace/Tests/QueueTests.swift -emit-dependencies-path /Users/builder/builds/UKfvDsi8u/3/finestructure/swiftpackageindex-builder/spi-builder-workspace/.derivedData/Build/Intermediates.noindex/Threading.build/Debug-watchos/ThreadingTests.build/Objects-normal/arm64_32/DispatchTime_QueueTests.d -emit-const-values-path /Users/builder/builds/UKfvDsi8u/3/finestructure/swiftpackageindex-builder/spi-builder-workspace/.derivedData/Build/Intermediates.noindex/Threading.build/Debug-watchos/ThreadingTests.build/Objects-normal/arm64_32/DispatchTime_QueueTests.swiftconstvalues -emit-reference-dependencies-path /Users/builder/builds/UKfvDsi8u/3/finestructure/swiftpackageindex-builder/spi-builder-workspace/.derivedData/Build/Intermediates.noindex/Threading.build/Debug-watchos/ThreadingTests.build/Objects-normal/arm64_32/DispatchTime_QueueTests.swiftdeps -serialize-diagnostics-path /Users/builder/builds/UKfvDsi8u/3/finestructure/swiftpackageindex-builder/spi-builder-workspace/.derivedData/Build/Intermediates.noindex/Threading.build/Debug-watchos/ThreadingTests.build/Objects-normal/arm64_32/DispatchTime_QueueTests.dia -target arm64_32-apple-watchos7.0 -enable-objc-interop -sdk /Applications/Xcode-15.2.0.app/Contents/Developer/Platforms/WatchOS.platform/Developer/SDKs/WatchOS10.2.sdk -I /Users/builder/builds/UKfvDsi8u/3/finestructure/swiftpackageindex-builder/spi-builder-workspace/.derivedData/Build/Products/Debug-watchos -I /Applications/Xcode-15.2.0.app/Contents/Developer/Platforms/WatchOS.platform/Developer/usr/lib -F /Users/builder/builds/UKfvDsi8u/3/finestructure/swiftpackageindex-builder/spi-builder-workspace/.derivedData/Build/Products/Debug-watchos/PackageFrameworks -F /Users/builder/builds/UKfvDsi8u/3/finestructure/swiftpackageindex-builder/spi-builder-workspace/.derivedData/Build/Products/Debug-watchos/PackageFrameworks -F /Users/builder/builds/UKfvDsi8u/3/finestructure/swiftpackageindex-builder/spi-builder-workspace/.derivedData/Build/Products/Debug-watchos/PackageFrameworks -F /Users/builder/builds/UKfvDsi8u/3/finestructure/swiftpackageindex-builder/spi-builder-workspace/.derivedData/Build/Products/Debug-watchos/PackageFrameworks -F /Users/builder/builds/UKfvDsi8u/3/finestructure/swiftpackageindex-builder/spi-builder-workspace/.derivedData/Build/Products/Debug-watchos/PackageFrameworks -F /Users/builder/builds/UKfvDsi8u/3/finestructure/swiftpackageindex-builder/spi-builder-workspace/.derivedData/Build/Products/Debug-watchos/PackageFrameworks -F /Users/builder/builds/UKfvDsi8u/3/finestructure/swiftpackageindex-builder/spi-builder-workspace/.derivedData/Build/Products/Debug-watchos/PackageFrameworks -F /Users/builder/builds/UKfvDsi8u/3/finestructure/swiftpackageindex-builder/spi-builder-workspace/.derivedData/Build/Products/Debug-watchos -F /Applications/Xcode-15.2.0.app/Contents/Developer/Platforms/WatchOS.platform/Developer/Library/Frameworks -F /Applications/Xcode-15.2.0.app/Contents/Developer/Platforms/WatchOS.platform/Developer/SDKs/WatchOS10.2.sdk/Developer/Library/Frameworks -no-color-diagnostics -enable-testing -g -module-cache-path /Users/builder/builds/UKfvDsi8u/3/finestructure/swiftpackageindex-builder/spi-builder-workspace/.derivedData/ModuleCache.noindex -profile-generate -profile-coverage-mapping -swift-version 5 -enforce-exclusivity\=checked -Onone -D SWIFT_PACKAGE -D DEBUG -D Xcode -serialize-debugging-options -package-name spi_builder_workspace -const-gather-protocols-file /Users/builder/builds/UKfvDsi8u/3/finestructure/swiftpackageindex-builder/spi-builder-workspace/.derivedData/Build/Intermediates.noindex/Threading.build/Debug-watchos/ThreadingTests.build/Objects-normal/arm64_32/ThreadingTests_const_extract_protocols.json -empty-abi-descriptor -validate-clang-modules-once -clang-build-session-file /Users/builder/builds/UKfvDsi8u/3/finestructure/swiftpackageindex-builder/spi-builder-workspace/.derivedData/ModuleCache.noindex/Session.modulevalidation -Xcc -working-directory -Xcc /Users/builder/builds/UKfvDsi8u/3/finestructure/swiftpackageindex-builder/spi-builder-workspace -resource-dir /Applications/Xcode-15.2.0.app/Contents/Developer/Toolchains/XcodeDefault.xctoolchain/usr/lib/swift -enable-anonymous-context-mangled-names -Xcc -fmodule-map-file\=/Users/builder/builds/UKfvDsi8u/3/finestructure/swiftpackageindex-builder/spi-builder-workspace/.derivedData/Build/Intermediates.noindex/GeneratedModuleMaps-watchos/CwlCatchExceptionSupport.modulemap -Xcc -fmodule-map-file\=/Users/builder/builds/UKfvDsi8u/3/finestructure/swiftpackageindex-builder/spi-builder-workspace/.derivedData/Build/Intermediates.noindex/GeneratedModuleMaps-watchos/CwlMachBadInstructionHandler.modulemap -Xcc -ivfsstatcache -Xcc /Users/builder/builds/UKfvDsi8u/3/finestructure/swiftpackageindex-builder/spi-builder-workspace/.derivedData/SDKStatCaches.noindex/watchos10.2-21S355-1a03c8d25fc3596eb74c01d649b42752.sdkstatcache -Xcc -I/Users/builder/builds/UKfvDsi8u/3/finestructure/swiftpackageindex-builder/spi-builder-workspace/.dependencies/checkouts/CwlCatchException/Sources/CwlCatchExceptionSupport/include -Xcc -I/Users/builder/builds/UKfvDsi8u/3/finestructure/swiftpackageindex-builder/spi-builder-workspace/.dependencies/checkouts/CwlPreconditionTesting/Sources/CwlMachBadInstructionHandler/include -Xcc -I/Users/builder/builds/UKfvDsi8u/3/finestructure/swiftpackageindex-builder/spi-builder-workspace/.derivedData/Build/Products/Debug-watchos/include -Xcc -I/Users/builder/builds/UKfvDsi8u/3/finestructure/swiftpackageindex-builder/spi-builder-workspace/.derivedData/Build/Intermediates.noindex/Threading.build/Debug-watchos/ThreadingTests.build/DerivedSources-normal/arm64_32 -Xcc -I/Users/builder/builds/UKfvDsi8u/3/finestructure/swiftpackageindex-builder/spi-builder-workspace/.derivedData/Build/Intermediates.noindex/Threading.build/Debug-watchos/ThreadingTests.build/DerivedSources/arm64_32 -Xcc -I/Users/builder/builds/UKfvDsi8u/3/finestructure/swiftpackageindex-builder/spi-builder-workspace/.derivedData/Build/Intermediates.noindex/Threading.build/Debug-watchos/ThreadingTests.build/DerivedSources -Xcc -DSWIFT_PACKAGE -Xcc -DDEBUG\=1 -module-name ThreadingTests -frontend-parseable-output -disable-clang-spi -target-sdk-version 10.2 -target-sdk-name watchos10.2 -external-plugin-path /Applications/Xcode-15.2.0.app/Contents/Developer/Platforms/WatchOS.platform/Developer/SDKs/WatchOS10.2.sdk/usr/lib/swift/host/plugins\#/Applications/Xcode-15.2.0.app/Contents/Developer/Platforms/WatchOS.platform/Developer/SDKs/WatchOS10.2.sdk/usr/bin/swift-plugin-server -external-plugin-path /Applications/Xcode-15.2.0.app/Contents/Developer/Platforms/WatchOS.platform/Developer/SDKs/WatchOS10.2.sdk/usr/local/lib/swift/host/plugins\#/Applications/Xcode-15.2.0.app/Contents/Developer/Platforms/WatchOS.platform/Developer/SDKs/WatchOS10.2.sdk/usr/bin/swift-plugin-server -external-plugin-path /Applications/Xcode-15.2.0.app/Contents/Developer/Platforms/WatchOS.platform/Developer/usr/lib/swift/host/plugins\#/Applications/Xcode-15.2.0.app/Contents/Developer/Platforms/WatchOS.platform/Developer/usr/bin/swift-plugin-server -external-plugin-path /Applications/Xcode-15.2.0.app/Contents/Developer/Platforms/WatchOS.platform/Developer/usr/local/lib/swift/host/plugins\#/Applications/Xcode-15.2.0.app/Contents/Developer/Platforms/WatchOS.platform/Developer/usr/bin/swift-plugin-server -plugin-path /Applications/Xcode-15.2.0.app/Contents/Developer/Toolchains/XcodeDefault.xctoolchain/usr/lib/swift/host/plugins -plugin-path /Applications/Xcode-15.2.0.app/Contents/Developer/Toolchains/XcodeDefault.xctoolchain/usr/local/lib/swift/host/plugins -o /Users/builder/builds/UKfvDsi8u/3/finestructure/swiftpackageindex-builder/spi-builder-workspace/.derivedData/Build/Intermediates.noindex/Threading.build/Debug-watchos/ThreadingTests.build/Objects-normal/arm64_32/DispatchTime_QueueTests.o -index-unit-output-path /Threading.build/Debug-watchos/ThreadingTests.build/Objects-normal/arm64_32/DispatchTime_QueueTests.o -index-store-path /Users/builder/builds/UKfvDsi8u/3/finestructure/swiftpackageindex-builder/spi-builder-workspace/.derivedData/Index.noindex/DataStore -index-system-modules
CreateUniversalBinary /Users/builder/builds/UKfvDsi8u/3/finestructure/swiftpackageindex-builder/spi-builder-workspace/.derivedData/Build/Products/Debug-watchos/SpryKit.o normal arm64\ armv7k\ arm64_32 (in target 'SpryKit' from project 'SpryKit')
    cd /Users/builder/builds/UKfvDsi8u/3/finestructure/swiftpackageindex-builder/spi-builder-workspace/.dependencies/checkouts/SpryKit
    /Applications/Xcode-15.2.0.app/Contents/Developer/Toolchains/XcodeDefault.xctoolchain/usr/bin/lipo -create /Users/builder/builds/UKfvDsi8u/3/finestructure/swiftpackageindex-builder/spi-builder-workspace/.derivedData/Build/Intermediates.noindex/SpryKit.build/Debug-watchos/SpryKit.build/Objects-normal/arm64/Binary/SpryKit.o /Users/builder/builds/UKfvDsi8u/3/finestructure/swiftpackageindex-builder/spi-builder-workspace/.derivedData/Build/Intermediates.noindex/SpryKit.build/Debug-watchos/SpryKit.build/Objects-normal/armv7k/Binary/SpryKit.o /Users/builder/builds/UKfvDsi8u/3/finestructure/swiftpackageindex-builder/spi-builder-workspace/.derivedData/Build/Intermediates.noindex/SpryKit.build/Debug-watchos/SpryKit.build/Objects-normal/arm64_32/Binary/SpryKit.o -output /Users/builder/builds/UKfvDsi8u/3/finestructure/swiftpackageindex-builder/spi-builder-workspace/.derivedData/Build/Products/Debug-watchos/SpryKit.o
SwiftCompile normal arm64_32 Compiling\ QueueTests.swift /Users/builder/builds/UKfvDsi8u/3/finestructure/swiftpackageindex-builder/spi-builder-workspace/Tests/QueueTests.swift (in target 'ThreadingTests' from project 'Threading')
    cd /Users/builder/builds/UKfvDsi8u/3/finestructure/swiftpackageindex-builder/spi-builder-workspace
    builtin-swiftTaskExecution -- /Applications/Xcode-15.2.0.app/Contents/Developer/Toolchains/XcodeDefault.xctoolchain/usr/bin/swift-frontend -frontend -c /Users/builder/builds/UKfvDsi8u/3/finestructure/swiftpackageindex-builder/spi-builder-workspace/Tests/DelayedQueueTests.swift /Users/builder/builds/UKfvDsi8u/3/finestructure/swiftpackageindex-builder/spi-builder-workspace/Tests/DispatchTime_QueueTests.swift -primary-file /Users/builder/builds/UKfvDsi8u/3/finestructure/swiftpackageindex-builder/spi-builder-workspace/Tests/QueueTests.swift -emit-dependencies-path /Users/builder/builds/UKfvDsi8u/3/finestructure/swiftpackageindex-builder/spi-builder-workspace/.derivedData/Build/Intermediates.noindex/Threading.build/Debug-watchos/ThreadingTests.build/Objects-normal/arm64_32/QueueTests.d -emit-const-values-path /Users/builder/builds/UKfvDsi8u/3/finestructure/swiftpackageindex-builder/spi-builder-workspace/.derivedData/Build/Intermediates.noindex/Threading.build/Debug-watchos/ThreadingTests.build/Objects-normal/arm64_32/QueueTests.swiftconstvalues -emit-reference-dependencies-path /Users/builder/builds/UKfvDsi8u/3/finestructure/swiftpackageindex-builder/spi-builder-workspace/.derivedData/Build/Intermediates.noindex/Threading.build/Debug-watchos/ThreadingTests.build/Objects-normal/arm64_32/QueueTests.swiftdeps -serialize-diagnostics-path /Users/builder/builds/UKfvDsi8u/3/finestructure/swiftpackageindex-builder/spi-builder-workspace/.derivedData/Build/Intermediates.noindex/Threading.build/Debug-watchos/ThreadingTests.build/Objects-normal/arm64_32/QueueTests.dia -target arm64_32-apple-watchos7.0 -enable-objc-interop -sdk /Applications/Xcode-15.2.0.app/Contents/Developer/Platforms/WatchOS.platform/Developer/SDKs/WatchOS10.2.sdk -I /Users/builder/builds/UKfvDsi8u/3/finestructure/swiftpackageindex-builder/spi-builder-workspace/.derivedData/Build/Products/Debug-watchos -I /Applications/Xcode-15.2.0.app/Contents/Developer/Platforms/WatchOS.platform/Developer/usr/lib -F /Users/builder/builds/UKfvDsi8u/3/finestructure/swiftpackageindex-builder/spi-builder-workspace/.derivedData/Build/Products/Debug-watchos/PackageFrameworks -F /Users/builder/builds/UKfvDsi8u/3/finestructure/swiftpackageindex-builder/spi-builder-workspace/.derivedData/Build/Products/Debug-watchos/PackageFrameworks -F /Users/builder/builds/UKfvDsi8u/3/finestructure/swiftpackageindex-builder/spi-builder-workspace/.derivedData/Build/Products/Debug-watchos/PackageFrameworks -F /Users/builder/builds/UKfvDsi8u/3/finestructure/swiftpackageindex-builder/spi-builder-workspace/.derivedData/Build/Products/Debug-watchos/PackageFrameworks -F /Users/builder/builds/UKfvDsi8u/3/finestructure/swiftpackageindex-builder/spi-builder-workspace/.derivedData/Build/Products/Debug-watchos/PackageFrameworks -F /Users/builder/builds/UKfvDsi8u/3/finestructure/swiftpackageindex-builder/spi-builder-workspace/.derivedData/Build/Products/Debug-watchos/PackageFrameworks -F /Users/builder/builds/UKfvDsi8u/3/finestructure/swiftpackageindex-builder/spi-builder-workspace/.derivedData/Build/Products/Debug-watchos/PackageFrameworks -F /Users/builder/builds/UKfvDsi8u/3/finestructure/swiftpackageindex-builder/spi-builder-workspace/.derivedData/Build/Products/Debug-watchos -F /Applications/Xcode-15.2.0.app/Contents/Developer/Platforms/WatchOS.platform/Developer/Library/Frameworks -F /Applications/Xcode-15.2.0.app/Contents/Developer/Platforms/WatchOS.platform/Developer/SDKs/WatchOS10.2.sdk/Developer/Library/Frameworks -no-color-diagnostics -enable-testing -g -module-cache-path /Users/builder/builds/UKfvDsi8u/3/finestructure/swiftpackageindex-builder/spi-builder-workspace/.derivedData/ModuleCache.noindex -profile-generate -profile-coverage-mapping -swift-version 5 -enforce-exclusivity\=checked -Onone -D SWIFT_PACKAGE -D DEBUG -D Xcode -serialize-debugging-options -package-name spi_builder_workspace -const-gather-protocols-file /Users/builder/builds/UKfvDsi8u/3/finestructure/swiftpackageindex-builder/spi-builder-workspace/.derivedData/Build/Intermediates.noindex/Threading.build/Debug-watchos/ThreadingTests.build/Objects-normal/arm64_32/ThreadingTests_const_extract_protocols.json -empty-abi-descriptor -validate-clang-modules-once -clang-build-session-file /Users/builder/builds/UKfvDsi8u/3/finestructure/swiftpackageindex-builder/spi-builder-workspace/.derivedData/ModuleCache.noindex/Session.modulevalidation -Xcc -working-directory -Xcc /Users/builder/builds/UKfvDsi8u/3/finestructure/swiftpackageindex-builder/spi-builder-workspace -resource-dir /Applications/Xcode-15.2.0.app/Contents/Developer/Toolchains/XcodeDefault.xctoolchain/usr/lib/swift -enable-anonymous-context-mangled-names -Xcc -fmodule-map-file\=/Users/builder/builds/UKfvDsi8u/3/finestructure/swiftpackageindex-builder/spi-builder-workspace/.derivedData/Build/Intermediates.noindex/GeneratedModuleMaps-watchos/CwlCatchExceptionSupport.modulemap -Xcc -fmodule-map-file\=/Users/builder/builds/UKfvDsi8u/3/finestructure/swiftpackageindex-builder/spi-builder-workspace/.derivedData/Build/Intermediates.noindex/GeneratedModuleMaps-watchos/CwlMachBadInstructionHandler.modulemap -Xcc -ivfsstatcache -Xcc /Users/builder/builds/UKfvDsi8u/3/finestructure/swiftpackageindex-builder/spi-builder-workspace/.derivedData/SDKStatCaches.noindex/watchos10.2-21S355-1a03c8d25fc3596eb74c01d649b42752.sdkstatcache -Xcc -I/Users/builder/builds/UKfvDsi8u/3/finestructure/swiftpackageindex-builder/spi-builder-workspace/.dependencies/checkouts/CwlCatchException/Sources/CwlCatchExceptionSupport/include -Xcc -I/Users/builder/builds/UKfvDsi8u/3/finestructure/swiftpackageindex-builder/spi-builder-workspace/.dependencies/checkouts/CwlPreconditionTesting/Sources/CwlMachBadInstructionHandler/include -Xcc -I/Users/builder/builds/UKfvDsi8u/3/finestructure/swiftpackageindex-builder/spi-builder-workspace/.derivedData/Build/Products/Debug-watchos/include -Xcc -I/Users/builder/builds/UKfvDsi8u/3/finestructure/swiftpackageindex-builder/spi-builder-workspace/.derivedData/Build/Intermediates.noindex/Threading.build/Debug-watchos/ThreadingTests.build/DerivedSources-normal/arm64_32 -Xcc -I/Users/builder/builds/UKfvDsi8u/3/finestructure/swiftpackageindex-builder/spi-builder-workspace/.derivedData/Build/Intermediates.noindex/Threading.build/Debug-watchos/ThreadingTests.build/DerivedSources/arm64_32 -Xcc -I/Users/builder/builds/UKfvDsi8u/3/finestructure/swiftpackageindex-builder/spi-builder-workspace/.derivedData/Build/Intermediates.noindex/Threading.build/Debug-watchos/ThreadingTests.build/DerivedSources -Xcc -DSWIFT_PACKAGE -Xcc -DDEBUG\=1 -module-name ThreadingTests -frontend-parseable-output -disable-clang-spi -target-sdk-version 10.2 -target-sdk-name watchos10.2 -external-plugin-path /Applications/Xcode-15.2.0.app/Contents/Developer/Platforms/WatchOS.platform/Developer/SDKs/WatchOS10.2.sdk/usr/lib/swift/host/plugins\#/Applications/Xcode-15.2.0.app/Contents/Developer/Platforms/WatchOS.platform/Developer/SDKs/WatchOS10.2.sdk/usr/bin/swift-plugin-server -external-plugin-path /Applications/Xcode-15.2.0.app/Contents/Developer/Platforms/WatchOS.platform/Developer/SDKs/WatchOS10.2.sdk/usr/local/lib/swift/host/plugins\#/Applications/Xcode-15.2.0.app/Contents/Developer/Platforms/WatchOS.platform/Developer/SDKs/WatchOS10.2.sdk/usr/bin/swift-plugin-server -external-plugin-path /Applications/Xcode-15.2.0.app/Contents/Developer/Platforms/WatchOS.platform/Developer/usr/lib/swift/host/plugins\#/Applications/Xcode-15.2.0.app/Contents/Developer/Platforms/WatchOS.platform/Developer/usr/bin/swift-plugin-server -external-plugin-path /Applications/Xcode-15.2.0.app/Contents/Developer/Platforms/WatchOS.platform/Developer/usr/local/lib/swift/host/plugins\#/Applications/Xcode-15.2.0.app/Contents/Developer/Platforms/WatchOS.platform/Developer/usr/bin/swift-plugin-server -plugin-path /Applications/Xcode-15.2.0.app/Contents/Developer/Toolchains/XcodeDefault.xctoolchain/usr/lib/swift/host/plugins -plugin-path /Applications/Xcode-15.2.0.app/Contents/Developer/Toolchains/XcodeDefault.xctoolchain/usr/local/lib/swift/host/plugins -o /Users/builder/builds/UKfvDsi8u/3/finestructure/swiftpackageindex-builder/spi-builder-workspace/.derivedData/Build/Intermediates.noindex/Threading.build/Debug-watchos/ThreadingTests.build/Objects-normal/arm64_32/QueueTests.o -index-unit-output-path /Threading.build/Debug-watchos/ThreadingTests.build/Objects-normal/arm64_32/QueueTests.o -index-store-path /Users/builder/builds/UKfvDsi8u/3/finestructure/swiftpackageindex-builder/spi-builder-workspace/.derivedData/Index.noindex/DataStore -index-system-modules
SwiftCompile normal arm64_32 /Users/builder/builds/UKfvDsi8u/3/finestructure/swiftpackageindex-builder/spi-builder-workspace/Tests/QueueTests.swift (in target 'ThreadingTests' from project 'Threading')
    cd /Users/builder/builds/UKfvDsi8u/3/finestructure/swiftpackageindex-builder/spi-builder-workspace
    /Applications/Xcode-15.2.0.app/Contents/Developer/Toolchains/XcodeDefault.xctoolchain/usr/bin/swift-frontend -c /Users/builder/builds/UKfvDsi8u/3/finestructure/swiftpackageindex-builder/spi-builder-workspace/Tests/DelayedQueueTests.swift /Users/builder/builds/UKfvDsi8u/3/finestructure/swiftpackageindex-builder/spi-builder-workspace/Tests/DispatchTime_QueueTests.swift -primary-file /Users/builder/builds/UKfvDsi8u/3/finestructure/swiftpackageindex-builder/spi-builder-workspace/Tests/QueueTests.swift -emit-dependencies-path /Users/builder/builds/UKfvDsi8u/3/finestructure/swiftpackageindex-builder/spi-builder-workspace/.derivedData/Build/Intermediates.noindex/Threading.build/Debug-watchos/ThreadingTests.build/Objects-normal/arm64_32/QueueTests.d -emit-const-values-path /Users/builder/builds/UKfvDsi8u/3/finestructure/swiftpackageindex-builder/spi-builder-workspace/.derivedData/Build/Intermediates.noindex/Threading.build/Debug-watchos/ThreadingTests.build/Objects-normal/arm64_32/QueueTests.swiftconstvalues -emit-reference-dependencies-path /Users/builder/builds/UKfvDsi8u/3/finestructure/swiftpackageindex-builder/spi-builder-workspace/.derivedData/Build/Intermediates.noindex/Threading.build/Debug-watchos/ThreadingTests.build/Objects-normal/arm64_32/QueueTests.swiftdeps -serialize-diagnostics-path /Users/builder/builds/UKfvDsi8u/3/finestructure/swiftpackageindex-builder/spi-builder-workspace/.derivedData/Build/Intermediates.noindex/Threading.build/Debug-watchos/ThreadingTests.build/Objects-normal/arm64_32/QueueTests.dia -target arm64_32-apple-watchos7.0 -enable-objc-interop -sdk /Applications/Xcode-15.2.0.app/Contents/Developer/Platforms/WatchOS.platform/Developer/SDKs/WatchOS10.2.sdk -I /Users/builder/builds/UKfvDsi8u/3/finestructure/swiftpackageindex-builder/spi-builder-workspace/.derivedData/Build/Products/Debug-watchos -I /Applications/Xcode-15.2.0.app/Contents/Developer/Platforms/WatchOS.platform/Developer/usr/lib -F /Users/builder/builds/UKfvDsi8u/3/finestructure/swiftpackageindex-builder/spi-builder-workspace/.derivedData/Build/Products/Debug-watchos/PackageFrameworks -F /Users/builder/builds/UKfvDsi8u/3/finestructure/swiftpackageindex-builder/spi-builder-workspace/.derivedData/Build/Products/Debug-watchos/PackageFrameworks -F /Users/builder/builds/UKfvDsi8u/3/finestructure/swiftpackageindex-builder/spi-builder-workspace/.derivedData/Build/Products/Debug-watchos/PackageFrameworks -F /Users/builder/builds/UKfvDsi8u/3/finestructure/swiftpackageindex-builder/spi-builder-workspace/.derivedData/Build/Products/Debug-watchos/PackageFrameworks -F /Users/builder/builds/UKfvDsi8u/3/finestructure/swiftpackageindex-builder/spi-builder-workspace/.derivedData/Build/Products/Debug-watchos/PackageFrameworks -F /Users/builder/builds/UKfvDsi8u/3/finestructure/swiftpackageindex-builder/spi-builder-workspace/.derivedData/Build/Products/Debug-watchos/PackageFrameworks -F /Users/builder/builds/UKfvDsi8u/3/finestructure/swiftpackageindex-builder/spi-builder-workspace/.derivedData/Build/Products/Debug-watchos/PackageFrameworks -F /Users/builder/builds/UKfvDsi8u/3/finestructure/swiftpackageindex-builder/spi-builder-workspace/.derivedData/Build/Products/Debug-watchos -F /Applications/Xcode-15.2.0.app/Contents/Developer/Platforms/WatchOS.platform/Developer/Library/Frameworks -F /Applications/Xcode-15.2.0.app/Contents/Developer/Platforms/WatchOS.platform/Developer/SDKs/WatchOS10.2.sdk/Developer/Library/Frameworks -no-color-diagnostics -enable-testing -g -module-cache-path /Users/builder/builds/UKfvDsi8u/3/finestructure/swiftpackageindex-builder/spi-builder-workspace/.derivedData/ModuleCache.noindex -profile-generate -profile-coverage-mapping -swift-version 5 -enforce-exclusivity\=checked -Onone -D SWIFT_PACKAGE -D DEBUG -D Xcode -serialize-debugging-options -package-name spi_builder_workspace -const-gather-protocols-file /Users/builder/builds/UKfvDsi8u/3/finestructure/swiftpackageindex-builder/spi-builder-workspace/.derivedData/Build/Intermediates.noindex/Threading.build/Debug-watchos/ThreadingTests.build/Objects-normal/arm64_32/ThreadingTests_const_extract_protocols.json -empty-abi-descriptor -validate-clang-modules-once -clang-build-session-file /Users/builder/builds/UKfvDsi8u/3/finestructure/swiftpackageindex-builder/spi-builder-workspace/.derivedData/ModuleCache.noindex/Session.modulevalidation -Xcc -working-directory -Xcc /Users/builder/builds/UKfvDsi8u/3/finestructure/swiftpackageindex-builder/spi-builder-workspace -resource-dir /Applications/Xcode-15.2.0.app/Contents/Developer/Toolchains/XcodeDefault.xctoolchain/usr/lib/swift -enable-anonymous-context-mangled-names -Xcc -fmodule-map-file\=/Users/builder/builds/UKfvDsi8u/3/finestructure/swiftpackageindex-builder/spi-builder-workspace/.derivedData/Build/Intermediates.noindex/GeneratedModuleMaps-watchos/CwlCatchExceptionSupport.modulemap -Xcc -fmodule-map-file\=/Users/builder/builds/UKfvDsi8u/3/finestructure/swiftpackageindex-builder/spi-builder-workspace/.derivedData/Build/Intermediates.noindex/GeneratedModuleMaps-watchos/CwlMachBadInstructionHandler.modulemap -Xcc -ivfsstatcache -Xcc /Users/builder/builds/UKfvDsi8u/3/finestructure/swiftpackageindex-builder/spi-builder-workspace/.derivedData/SDKStatCaches.noindex/watchos10.2-21S355-1a03c8d25fc3596eb74c01d649b42752.sdkstatcache -Xcc -I/Users/builder/builds/UKfvDsi8u/3/finestructure/swiftpackageindex-builder/spi-builder-workspace/.dependencies/checkouts/CwlCatchException/Sources/CwlCatchExceptionSupport/include -Xcc -I/Users/builder/builds/UKfvDsi8u/3/finestructure/swiftpackageindex-builder/spi-builder-workspace/.dependencies/checkouts/CwlPreconditionTesting/Sources/CwlMachBadInstructionHandler/include -Xcc -I/Users/builder/builds/UKfvDsi8u/3/finestructure/swiftpackageindex-builder/spi-builder-workspace/.derivedData/Build/Products/Debug-watchos/include -Xcc -I/Users/builder/builds/UKfvDsi8u/3/finestructure/swiftpackageindex-builder/spi-builder-workspace/.derivedData/Build/Intermediates.noindex/Threading.build/Debug-watchos/ThreadingTests.build/DerivedSources-normal/arm64_32 -Xcc -I/Users/builder/builds/UKfvDsi8u/3/finestructure/swiftpackageindex-builder/spi-builder-workspace/.derivedData/Build/Intermediates.noindex/Threading.build/Debug-watchos/ThreadingTests.build/DerivedSources/arm64_32 -Xcc -I/Users/builder/builds/UKfvDsi8u/3/finestructure/swiftpackageindex-builder/spi-builder-workspace/.derivedData/Build/Intermediates.noindex/Threading.build/Debug-watchos/ThreadingTests.build/DerivedSources -Xcc -DSWIFT_PACKAGE -Xcc -DDEBUG\=1 -module-name ThreadingTests -frontend-parseable-output -disable-clang-spi -target-sdk-version 10.2 -target-sdk-name watchos10.2 -external-plugin-path /Applications/Xcode-15.2.0.app/Contents/Developer/Platforms/WatchOS.platform/Developer/SDKs/WatchOS10.2.sdk/usr/lib/swift/host/plugins\#/Applications/Xcode-15.2.0.app/Contents/Developer/Platforms/WatchOS.platform/Developer/SDKs/WatchOS10.2.sdk/usr/bin/swift-plugin-server -external-plugin-path /Applications/Xcode-15.2.0.app/Contents/Developer/Platforms/WatchOS.platform/Developer/SDKs/WatchOS10.2.sdk/usr/local/lib/swift/host/plugins\#/Applications/Xcode-15.2.0.app/Contents/Developer/Platforms/WatchOS.platform/Developer/SDKs/WatchOS10.2.sdk/usr/bin/swift-plugin-server -external-plugin-path /Applications/Xcode-15.2.0.app/Contents/Developer/Platforms/WatchOS.platform/Developer/usr/lib/swift/host/plugins\#/Applications/Xcode-15.2.0.app/Contents/Developer/Platforms/WatchOS.platform/Developer/usr/bin/swift-plugin-server -external-plugin-path /Applications/Xcode-15.2.0.app/Contents/Developer/Platforms/WatchOS.platform/Developer/usr/local/lib/swift/host/plugins\#/Applications/Xcode-15.2.0.app/Contents/Developer/Platforms/WatchOS.platform/Developer/usr/bin/swift-plugin-server -plugin-path /Applications/Xcode-15.2.0.app/Contents/Developer/Toolchains/XcodeDefault.xctoolchain/usr/lib/swift/host/plugins -plugin-path /Applications/Xcode-15.2.0.app/Contents/Developer/Toolchains/XcodeDefault.xctoolchain/usr/local/lib/swift/host/plugins -o /Users/builder/builds/UKfvDsi8u/3/finestructure/swiftpackageindex-builder/spi-builder-workspace/.derivedData/Build/Intermediates.noindex/Threading.build/Debug-watchos/ThreadingTests.build/Objects-normal/arm64_32/QueueTests.o -index-unit-output-path /Threading.build/Debug-watchos/ThreadingTests.build/Objects-normal/arm64_32/QueueTests.o -index-store-path /Users/builder/builds/UKfvDsi8u/3/finestructure/swiftpackageindex-builder/spi-builder-workspace/.derivedData/Index.noindex/DataStore -index-system-modules
SwiftCompile normal arm64 Compiling\ DispatchTime_QueueTests.swift /Users/builder/builds/UKfvDsi8u/3/finestructure/swiftpackageindex-builder/spi-builder-workspace/Tests/DispatchTime_QueueTests.swift (in target 'ThreadingTests' from project 'Threading')
    cd /Users/builder/builds/UKfvDsi8u/3/finestructure/swiftpackageindex-builder/spi-builder-workspace
    builtin-swiftTaskExecution -- /Applications/Xcode-15.2.0.app/Contents/Developer/Toolchains/XcodeDefault.xctoolchain/usr/bin/swift-frontend -frontend -c /Users/builder/builds/UKfvDsi8u/3/finestructure/swiftpackageindex-builder/spi-builder-workspace/Tests/DelayedQueueTests.swift -primary-file /Users/builder/builds/UKfvDsi8u/3/finestructure/swiftpackageindex-builder/spi-builder-workspace/Tests/DispatchTime_QueueTests.swift /Users/builder/builds/UKfvDsi8u/3/finestructure/swiftpackageindex-builder/spi-builder-workspace/Tests/QueueTests.swift -emit-dependencies-path /Users/builder/builds/UKfvDsi8u/3/finestructure/swiftpackageindex-builder/spi-builder-workspace/.derivedData/Build/Intermediates.noindex/Threading.build/Debug-watchos/ThreadingTests.build/Objects-normal/arm64/DispatchTime_QueueTests.d -emit-const-values-path /Users/builder/builds/UKfvDsi8u/3/finestructure/swiftpackageindex-builder/spi-builder-workspace/.derivedData/Build/Intermediates.noindex/Threading.build/Debug-watchos/ThreadingTests.build/Objects-normal/arm64/DispatchTime_QueueTests.swiftconstvalues -emit-reference-dependencies-path /Users/builder/builds/UKfvDsi8u/3/finestructure/swiftpackageindex-builder/spi-builder-workspace/.derivedData/Build/Intermediates.noindex/Threading.build/Debug-watchos/ThreadingTests.build/Objects-normal/arm64/DispatchTime_QueueTests.swiftdeps -serialize-diagnostics-path /Users/builder/builds/UKfvDsi8u/3/finestructure/swiftpackageindex-builder/spi-builder-workspace/.derivedData/Build/Intermediates.noindex/Threading.build/Debug-watchos/ThreadingTests.build/Objects-normal/arm64/DispatchTime_QueueTests.dia -target arm64-apple-watchos7.0 -Xllvm -aarch64-use-tbi -enable-objc-interop -stack-check -sdk /Applications/Xcode-15.2.0.app/Contents/Developer/Platforms/WatchOS.platform/Developer/SDKs/WatchOS10.2.sdk -I /Users/builder/builds/UKfvDsi8u/3/finestructure/swiftpackageindex-builder/spi-builder-workspace/.derivedData/Build/Products/Debug-watchos -I /Applications/Xcode-15.2.0.app/Contents/Developer/Platforms/WatchOS.platform/Developer/usr/lib -F /Users/builder/builds/UKfvDsi8u/3/finestructure/swiftpackageindex-builder/spi-builder-workspace/.derivedData/Build/Products/Debug-watchos/PackageFrameworks -F /Users/builder/builds/UKfvDsi8u/3/finestructure/swiftpackageindex-builder/spi-builder-workspace/.derivedData/Build/Products/Debug-watchos/PackageFrameworks -F /Users/builder/builds/UKfvDsi8u/3/finestructure/swiftpackageindex-builder/spi-builder-workspace/.derivedData/Build/Products/Debug-watchos/PackageFrameworks -F /Users/builder/builds/UKfvDsi8u/3/finestructure/swiftpackageindex-builder/spi-builder-workspace/.derivedData/Build/Products/Debug-watchos/PackageFrameworks -F /Users/builder/builds/UKfvDsi8u/3/finestructure/swiftpackageindex-builder/spi-builder-workspace/.derivedData/Build/Products/Debug-watchos/PackageFrameworks -F /Users/builder/builds/UKfvDsi8u/3/finestructure/swiftpackageindex-builder/spi-builder-workspace/.derivedData/Build/Products/Debug-watchos/PackageFrameworks -F /Users/builder/builds/UKfvDsi8u/3/finestructure/swiftpackageindex-builder/spi-builder-workspace/.derivedData/Build/Products/Debug-watchos/PackageFrameworks -F /Users/builder/builds/UKfvDsi8u/3/finestructure/swiftpackageindex-builder/spi-builder-workspace/.derivedData/Build/Products/Debug-watchos -F /Applications/Xcode-15.2.0.app/Contents/Developer/Platforms/WatchOS.platform/Developer/Library/Frameworks -F /Applications/Xcode-15.2.0.app/Contents/Developer/Platforms/WatchOS.platform/Developer/SDKs/WatchOS10.2.sdk/Developer/Library/Frameworks -no-color-diagnostics -enable-testing -g -module-cache-path /Users/builder/builds/UKfvDsi8u/3/finestructure/swiftpackageindex-builder/spi-builder-workspace/.derivedData/ModuleCache.noindex -profile-generate -profile-coverage-mapping -swift-version 5 -enforce-exclusivity\=checked -Onone -D SWIFT_PACKAGE -D DEBUG -D Xcode -serialize-debugging-options -package-name spi_builder_workspace -const-gather-protocols-file /Users/builder/builds/UKfvDsi8u/3/finestructure/swiftpackageindex-builder/spi-builder-workspace/.derivedData/Build/Intermediates.noindex/Threading.build/Debug-watchos/ThreadingTests.build/Objects-normal/arm64/ThreadingTests_const_extract_protocols.json -empty-abi-descriptor -validate-clang-modules-once -clang-build-session-file /Users/builder/builds/UKfvDsi8u/3/finestructure/swiftpackageindex-builder/spi-builder-workspace/.derivedData/ModuleCache.noindex/Session.modulevalidation -Xcc -working-directory -Xcc /Users/builder/builds/UKfvDsi8u/3/finestructure/swiftpackageindex-builder/spi-builder-workspace -resource-dir /Applications/Xcode-15.2.0.app/Contents/Developer/Toolchains/XcodeDefault.xctoolchain/usr/lib/swift -enable-anonymous-context-mangled-names -Xcc -fmodule-map-file\=/Users/builder/builds/UKfvDsi8u/3/finestructure/swiftpackageindex-builder/spi-builder-workspace/.derivedData/Build/Intermediates.noindex/GeneratedModuleMaps-watchos/CwlCatchExceptionSupport.modulemap -Xcc -fmodule-map-file\=/Users/builder/builds/UKfvDsi8u/3/finestructure/swiftpackageindex-builder/spi-builder-workspace/.derivedData/Build/Intermediates.noindex/GeneratedModuleMaps-watchos/CwlMachBadInstructionHandler.modulemap -Xcc -ivfsstatcache -Xcc /Users/builder/builds/UKfvDsi8u/3/finestructure/swiftpackageindex-builder/spi-builder-workspace/.derivedData/SDKStatCaches.noindex/watchos10.2-21S355-1a03c8d25fc3596eb74c01d649b42752.sdkstatcache -Xcc -I/Users/builder/builds/UKfvDsi8u/3/finestructure/swiftpackageindex-builder/spi-builder-workspace/.dependencies/checkouts/CwlCatchException/Sources/CwlCatchExceptionSupport/include -Xcc -I/Users/builder/builds/UKfvDsi8u/3/finestructure/swiftpackageindex-builder/spi-builder-workspace/.dependencies/checkouts/CwlPreconditionTesting/Sources/CwlMachBadInstructionHandler/include -Xcc -I/Users/builder/builds/UKfvDsi8u/3/finestructure/swiftpackageindex-builder/spi-builder-workspace/.derivedData/Build/Products/Debug-watchos/include -Xcc -I/Users/builder/builds/UKfvDsi8u/3/finestructure/swiftpackageindex-builder/spi-builder-workspace/.derivedData/Build/Intermediates.noindex/Threading.build/Debug-watchos/ThreadingTests.build/DerivedSources-normal/arm64 -Xcc -I/Users/builder/builds/UKfvDsi8u/3/finestructure/swiftpackageindex-builder/spi-builder-workspace/.derivedData/Build/Intermediates.noindex/Threading.build/Debug-watchos/ThreadingTests.build/DerivedSources/arm64 -Xcc -I/Users/builder/builds/UKfvDsi8u/3/finestructure/swiftpackageindex-builder/spi-builder-workspace/.derivedData/Build/Intermediates.noindex/Threading.build/Debug-watchos/ThreadingTests.build/DerivedSources -Xcc -DSWIFT_PACKAGE -Xcc -DDEBUG\=1 -module-name ThreadingTests -frontend-parseable-output -disable-clang-spi -target-sdk-version 10.2 -target-sdk-name watchos10.2 -external-plugin-path /Applications/Xcode-15.2.0.app/Contents/Developer/Platforms/WatchOS.platform/Developer/SDKs/WatchOS10.2.sdk/usr/lib/swift/host/plugins\#/Applications/Xcode-15.2.0.app/Contents/Developer/Platforms/WatchOS.platform/Developer/SDKs/WatchOS10.2.sdk/usr/bin/swift-plugin-server -external-plugin-path /Applications/Xcode-15.2.0.app/Contents/Developer/Platforms/WatchOS.platform/Developer/SDKs/WatchOS10.2.sdk/usr/local/lib/swift/host/plugins\#/Applications/Xcode-15.2.0.app/Contents/Developer/Platforms/WatchOS.platform/Developer/SDKs/WatchOS10.2.sdk/usr/bin/swift-plugin-server -external-plugin-path /Applications/Xcode-15.2.0.app/Contents/Developer/Platforms/WatchOS.platform/Developer/usr/lib/swift/host/plugins\#/Applications/Xcode-15.2.0.app/Contents/Developer/Platforms/WatchOS.platform/Developer/usr/bin/swift-plugin-server -external-plugin-path /Applications/Xcode-15.2.0.app/Contents/Developer/Platforms/WatchOS.platform/Developer/usr/local/lib/swift/host/plugins\#/Applications/Xcode-15.2.0.app/Contents/Developer/Platforms/WatchOS.platform/Developer/usr/bin/swift-plugin-server -plugin-path /Applications/Xcode-15.2.0.app/Contents/Developer/Toolchains/XcodeDefault.xctoolchain/usr/lib/swift/host/plugins -plugin-path /Applications/Xcode-15.2.0.app/Contents/Developer/Toolchains/XcodeDefault.xctoolchain/usr/local/lib/swift/host/plugins -o /Users/builder/builds/UKfvDsi8u/3/finestructure/swiftpackageindex-builder/spi-builder-workspace/.derivedData/Build/Intermediates.noindex/Threading.build/Debug-watchos/ThreadingTests.build/Objects-normal/arm64/DispatchTime_QueueTests.o -index-unit-output-path /Threading.build/Debug-watchos/ThreadingTests.build/Objects-normal/arm64/DispatchTime_QueueTests.o -index-store-path /Users/builder/builds/UKfvDsi8u/3/finestructure/swiftpackageindex-builder/spi-builder-workspace/.derivedData/Index.noindex/DataStore -index-system-modules
SwiftCompile normal arm64 /Users/builder/builds/UKfvDsi8u/3/finestructure/swiftpackageindex-builder/spi-builder-workspace/Tests/DispatchTime_QueueTests.swift (in target 'ThreadingTests' from project 'Threading')
    cd /Users/builder/builds/UKfvDsi8u/3/finestructure/swiftpackageindex-builder/spi-builder-workspace
    /Applications/Xcode-15.2.0.app/Contents/Developer/Toolchains/XcodeDefault.xctoolchain/usr/bin/swift-frontend -c /Users/builder/builds/UKfvDsi8u/3/finestructure/swiftpackageindex-builder/spi-builder-workspace/Tests/DelayedQueueTests.swift -primary-file /Users/builder/builds/UKfvDsi8u/3/finestructure/swiftpackageindex-builder/spi-builder-workspace/Tests/DispatchTime_QueueTests.swift /Users/builder/builds/UKfvDsi8u/3/finestructure/swiftpackageindex-builder/spi-builder-workspace/Tests/QueueTests.swift -emit-dependencies-path /Users/builder/builds/UKfvDsi8u/3/finestructure/swiftpackageindex-builder/spi-builder-workspace/.derivedData/Build/Intermediates.noindex/Threading.build/Debug-watchos/ThreadingTests.build/Objects-normal/arm64/DispatchTime_QueueTests.d -emit-const-values-path /Users/builder/builds/UKfvDsi8u/3/finestructure/swiftpackageindex-builder/spi-builder-workspace/.derivedData/Build/Intermediates.noindex/Threading.build/Debug-watchos/ThreadingTests.build/Objects-normal/arm64/DispatchTime_QueueTests.swiftconstvalues -emit-reference-dependencies-path /Users/builder/builds/UKfvDsi8u/3/finestructure/swiftpackageindex-builder/spi-builder-workspace/.derivedData/Build/Intermediates.noindex/Threading.build/Debug-watchos/ThreadingTests.build/Objects-normal/arm64/DispatchTime_QueueTests.swiftdeps -serialize-diagnostics-path /Users/builder/builds/UKfvDsi8u/3/finestructure/swiftpackageindex-builder/spi-builder-workspace/.derivedData/Build/Intermediates.noindex/Threading.build/Debug-watchos/ThreadingTests.build/Objects-normal/arm64/DispatchTime_QueueTests.dia -target arm64-apple-watchos7.0 -Xllvm -aarch64-use-tbi -enable-objc-interop -stack-check -sdk /Applications/Xcode-15.2.0.app/Contents/Developer/Platforms/WatchOS.platform/Developer/SDKs/WatchOS10.2.sdk -I /Users/builder/builds/UKfvDsi8u/3/finestructure/swiftpackageindex-builder/spi-builder-workspace/.derivedData/Build/Products/Debug-watchos -I /Applications/Xcode-15.2.0.app/Contents/Developer/Platforms/WatchOS.platform/Developer/usr/lib -F /Users/builder/builds/UKfvDsi8u/3/finestructure/swiftpackageindex-builder/spi-builder-workspace/.derivedData/Build/Products/Debug-watchos/PackageFrameworks -F /Users/builder/builds/UKfvDsi8u/3/finestructure/swiftpackageindex-builder/spi-builder-workspace/.derivedData/Build/Products/Debug-watchos/PackageFrameworks -F /Users/builder/builds/UKfvDsi8u/3/finestructure/swiftpackageindex-builder/spi-builder-workspace/.derivedData/Build/Products/Debug-watchos/PackageFrameworks -F /Users/builder/builds/UKfvDsi8u/3/finestructure/swiftpackageindex-builder/spi-builder-workspace/.derivedData/Build/Products/Debug-watchos/PackageFrameworks -F /Users/builder/builds/UKfvDsi8u/3/finestructure/swiftpackageindex-builder/spi-builder-workspace/.derivedData/Build/Products/Debug-watchos/PackageFrameworks -F /Users/builder/builds/UKfvDsi8u/3/finestructure/swiftpackageindex-builder/spi-builder-workspace/.derivedData/Build/Products/Debug-watchos/PackageFrameworks -F /Users/builder/builds/UKfvDsi8u/3/finestructure/swiftpackageindex-builder/spi-builder-workspace/.derivedData/Build/Products/Debug-watchos/PackageFrameworks -F /Users/builder/builds/UKfvDsi8u/3/finestructure/swiftpackageindex-builder/spi-builder-workspace/.derivedData/Build/Products/Debug-watchos -F /Applications/Xcode-15.2.0.app/Contents/Developer/Platforms/WatchOS.platform/Developer/Library/Frameworks -F /Applications/Xcode-15.2.0.app/Contents/Developer/Platforms/WatchOS.platform/Developer/SDKs/WatchOS10.2.sdk/Developer/Library/Frameworks -no-color-diagnostics -enable-testing -g -module-cache-path /Users/builder/builds/UKfvDsi8u/3/finestructure/swiftpackageindex-builder/spi-builder-workspace/.derivedData/ModuleCache.noindex -profile-generate -profile-coverage-mapping -swift-version 5 -enforce-exclusivity\=checked -Onone -D SWIFT_PACKAGE -D DEBUG -D Xcode -serialize-debugging-options -package-name spi_builder_workspace -const-gather-protocols-file /Users/builder/builds/UKfvDsi8u/3/finestructure/swiftpackageindex-builder/spi-builder-workspace/.derivedData/Build/Intermediates.noindex/Threading.build/Debug-watchos/ThreadingTests.build/Objects-normal/arm64/ThreadingTests_const_extract_protocols.json -empty-abi-descriptor -validate-clang-modules-once -clang-build-session-file /Users/builder/builds/UKfvDsi8u/3/finestructure/swiftpackageindex-builder/spi-builder-workspace/.derivedData/ModuleCache.noindex/Session.modulevalidation -Xcc -working-directory -Xcc /Users/builder/builds/UKfvDsi8u/3/finestructure/swiftpackageindex-builder/spi-builder-workspace -resource-dir /Applications/Xcode-15.2.0.app/Contents/Developer/Toolchains/XcodeDefault.xctoolchain/usr/lib/swift -enable-anonymous-context-mangled-names -Xcc -fmodule-map-file\=/Users/builder/builds/UKfvDsi8u/3/finestructure/swiftpackageindex-builder/spi-builder-workspace/.derivedData/Build/Intermediates.noindex/GeneratedModuleMaps-watchos/CwlCatchExceptionSupport.modulemap -Xcc -fmodule-map-file\=/Users/builder/builds/UKfvDsi8u/3/finestructure/swiftpackageindex-builder/spi-builder-workspace/.derivedData/Build/Intermediates.noindex/GeneratedModuleMaps-watchos/CwlMachBadInstructionHandler.modulemap -Xcc -ivfsstatcache -Xcc /Users/builder/builds/UKfvDsi8u/3/finestructure/swiftpackageindex-builder/spi-builder-workspace/.derivedData/SDKStatCaches.noindex/watchos10.2-21S355-1a03c8d25fc3596eb74c01d649b42752.sdkstatcache -Xcc -I/Users/builder/builds/UKfvDsi8u/3/finestructure/swiftpackageindex-builder/spi-builder-workspace/.dependencies/checkouts/CwlCatchException/Sources/CwlCatchExceptionSupport/include -Xcc -I/Users/builder/builds/UKfvDsi8u/3/finestructure/swiftpackageindex-builder/spi-builder-workspace/.dependencies/checkouts/CwlPreconditionTesting/Sources/CwlMachBadInstructionHandler/include -Xcc -I/Users/builder/builds/UKfvDsi8u/3/finestructure/swiftpackageindex-builder/spi-builder-workspace/.derivedData/Build/Products/Debug-watchos/include -Xcc -I/Users/builder/builds/UKfvDsi8u/3/finestructure/swiftpackageindex-builder/spi-builder-workspace/.derivedData/Build/Intermediates.noindex/Threading.build/Debug-watchos/ThreadingTests.build/DerivedSources-normal/arm64 -Xcc -I/Users/builder/builds/UKfvDsi8u/3/finestructure/swiftpackageindex-builder/spi-builder-workspace/.derivedData/Build/Intermediates.noindex/Threading.build/Debug-watchos/ThreadingTests.build/DerivedSources/arm64 -Xcc -I/Users/builder/builds/UKfvDsi8u/3/finestructure/swiftpackageindex-builder/spi-builder-workspace/.derivedData/Build/Intermediates.noindex/Threading.build/Debug-watchos/ThreadingTests.build/DerivedSources -Xcc -DSWIFT_PACKAGE -Xcc -DDEBUG\=1 -module-name ThreadingTests -frontend-parseable-output -disable-clang-spi -target-sdk-version 10.2 -target-sdk-name watchos10.2 -external-plugin-path /Applications/Xcode-15.2.0.app/Contents/Developer/Platforms/WatchOS.platform/Developer/SDKs/WatchOS10.2.sdk/usr/lib/swift/host/plugins\#/Applications/Xcode-15.2.0.app/Contents/Developer/Platforms/WatchOS.platform/Developer/SDKs/WatchOS10.2.sdk/usr/bin/swift-plugin-server -external-plugin-path /Applications/Xcode-15.2.0.app/Contents/Developer/Platforms/WatchOS.platform/Developer/SDKs/WatchOS10.2.sdk/usr/local/lib/swift/host/plugins\#/Applications/Xcode-15.2.0.app/Contents/Developer/Platforms/WatchOS.platform/Developer/SDKs/WatchOS10.2.sdk/usr/bin/swift-plugin-server -external-plugin-path /Applications/Xcode-15.2.0.app/Contents/Developer/Platforms/WatchOS.platform/Developer/usr/lib/swift/host/plugins\#/Applications/Xcode-15.2.0.app/Contents/Developer/Platforms/WatchOS.platform/Developer/usr/bin/swift-plugin-server -external-plugin-path /Applications/Xcode-15.2.0.app/Contents/Developer/Platforms/WatchOS.platform/Developer/usr/local/lib/swift/host/plugins\#/Applications/Xcode-15.2.0.app/Contents/Developer/Platforms/WatchOS.platform/Developer/usr/bin/swift-plugin-server -plugin-path /Applications/Xcode-15.2.0.app/Contents/Developer/Toolchains/XcodeDefault.xctoolchain/usr/lib/swift/host/plugins -plugin-path /Applications/Xcode-15.2.0.app/Contents/Developer/Toolchains/XcodeDefault.xctoolchain/usr/local/lib/swift/host/plugins -o /Users/builder/builds/UKfvDsi8u/3/finestructure/swiftpackageindex-builder/spi-builder-workspace/.derivedData/Build/Intermediates.noindex/Threading.build/Debug-watchos/ThreadingTests.build/Objects-normal/arm64/DispatchTime_QueueTests.o -index-unit-output-path /Threading.build/Debug-watchos/ThreadingTests.build/Objects-normal/arm64/DispatchTime_QueueTests.o -index-store-path /Users/builder/builds/UKfvDsi8u/3/finestructure/swiftpackageindex-builder/spi-builder-workspace/.derivedData/Index.noindex/DataStore -index-system-modules
SwiftCompile normal arm64 Compiling\ DelayedQueueTests.swift /Users/builder/builds/UKfvDsi8u/3/finestructure/swiftpackageindex-builder/spi-builder-workspace/Tests/DelayedQueueTests.swift (in target 'ThreadingTests' from project 'Threading')
    cd /Users/builder/builds/UKfvDsi8u/3/finestructure/swiftpackageindex-builder/spi-builder-workspace
    builtin-swiftTaskExecution -- /Applications/Xcode-15.2.0.app/Contents/Developer/Toolchains/XcodeDefault.xctoolchain/usr/bin/swift-frontend -frontend -c -primary-file /Users/builder/builds/UKfvDsi8u/3/finestructure/swiftpackageindex-builder/spi-builder-workspace/Tests/DelayedQueueTests.swift /Users/builder/builds/UKfvDsi8u/3/finestructure/swiftpackageindex-builder/spi-builder-workspace/Tests/DispatchTime_QueueTests.swift /Users/builder/builds/UKfvDsi8u/3/finestructure/swiftpackageindex-builder/spi-builder-workspace/Tests/QueueTests.swift -emit-dependencies-path /Users/builder/builds/UKfvDsi8u/3/finestructure/swiftpackageindex-builder/spi-builder-workspace/.derivedData/Build/Intermediates.noindex/Threading.build/Debug-watchos/ThreadingTests.build/Objects-normal/arm64/DelayedQueueTests.d -emit-const-values-path /Users/builder/builds/UKfvDsi8u/3/finestructure/swiftpackageindex-builder/spi-builder-workspace/.derivedData/Build/Intermediates.noindex/Threading.build/Debug-watchos/ThreadingTests.build/Objects-normal/arm64/DelayedQueueTests.swiftconstvalues -emit-reference-dependencies-path /Users/builder/builds/UKfvDsi8u/3/finestructure/swiftpackageindex-builder/spi-builder-workspace/.derivedData/Build/Intermediates.noindex/Threading.build/Debug-watchos/ThreadingTests.build/Objects-normal/arm64/DelayedQueueTests.swiftdeps -serialize-diagnostics-path /Users/builder/builds/UKfvDsi8u/3/finestructure/swiftpackageindex-builder/spi-builder-workspace/.derivedData/Build/Intermediates.noindex/Threading.build/Debug-watchos/ThreadingTests.build/Objects-normal/arm64/DelayedQueueTests.dia -target arm64-apple-watchos7.0 -Xllvm -aarch64-use-tbi -enable-objc-interop -stack-check -sdk /Applications/Xcode-15.2.0.app/Contents/Developer/Platforms/WatchOS.platform/Developer/SDKs/WatchOS10.2.sdk -I /Users/builder/builds/UKfvDsi8u/3/finestructure/swiftpackageindex-builder/spi-builder-workspace/.derivedData/Build/Products/Debug-watchos -I /Applications/Xcode-15.2.0.app/Contents/Developer/Platforms/WatchOS.platform/Developer/usr/lib -F /Users/builder/builds/UKfvDsi8u/3/finestructure/swiftpackageindex-builder/spi-builder-workspace/.derivedData/Build/Products/Debug-watchos/PackageFrameworks -F /Users/builder/builds/UKfvDsi8u/3/finestructure/swiftpackageindex-builder/spi-builder-workspace/.derivedData/Build/Products/Debug-watchos/PackageFrameworks -F /Users/builder/builds/UKfvDsi8u/3/finestructure/swiftpackageindex-builder/spi-builder-workspace/.derivedData/Build/Products/Debug-watchos/PackageFrameworks -F /Users/builder/builds/UKfvDsi8u/3/finestructure/swiftpackageindex-builder/spi-builder-workspace/.derivedData/Build/Products/Debug-watchos/PackageFrameworks -F /Users/builder/builds/UKfvDsi8u/3/finestructure/swiftpackageindex-builder/spi-builder-workspace/.derivedData/Build/Products/Debug-watchos/PackageFrameworks -F /Users/builder/builds/UKfvDsi8u/3/finestructure/swiftpackageindex-builder/spi-builder-workspace/.derivedData/Build/Products/Debug-watchos/PackageFrameworks -F /Users/builder/builds/UKfvDsi8u/3/finestructure/swiftpackageindex-builder/spi-builder-workspace/.derivedData/Build/Products/Debug-watchos/PackageFrameworks -F /Users/builder/builds/UKfvDsi8u/3/finestructure/swiftpackageindex-builder/spi-builder-workspace/.derivedData/Build/Products/Debug-watchos -F /Applications/Xcode-15.2.0.app/Contents/Developer/Platforms/WatchOS.platform/Developer/Library/Frameworks -F /Applications/Xcode-15.2.0.app/Contents/Developer/Platforms/WatchOS.platform/Developer/SDKs/WatchOS10.2.sdk/Developer/Library/Frameworks -no-color-diagnostics -enable-testing -g -module-cache-path /Users/builder/builds/UKfvDsi8u/3/finestructure/swiftpackageindex-builder/spi-builder-workspace/.derivedData/ModuleCache.noindex -profile-generate -profile-coverage-mapping -swift-version 5 -enforce-exclusivity\=checked -Onone -D SWIFT_PACKAGE -D DEBUG -D Xcode -serialize-debugging-options -package-name spi_builder_workspace -const-gather-protocols-file /Users/builder/builds/UKfvDsi8u/3/finestructure/swiftpackageindex-builder/spi-builder-workspace/.derivedData/Build/Intermediates.noindex/Threading.build/Debug-watchos/ThreadingTests.build/Objects-normal/arm64/ThreadingTests_const_extract_protocols.json -empty-abi-descriptor -validate-clang-modules-once -clang-build-session-file /Users/builder/builds/UKfvDsi8u/3/finestructure/swiftpackageindex-builder/spi-builder-workspace/.derivedData/ModuleCache.noindex/Session.modulevalidation -Xcc -working-directory -Xcc /Users/builder/builds/UKfvDsi8u/3/finestructure/swiftpackageindex-builder/spi-builder-workspace -resource-dir /Applications/Xcode-15.2.0.app/Contents/Developer/Toolchains/XcodeDefault.xctoolchain/usr/lib/swift -enable-anonymous-context-mangled-names -Xcc -fmodule-map-file\=/Users/builder/builds/UKfvDsi8u/3/finestructure/swiftpackageindex-builder/spi-builder-workspace/.derivedData/Build/Intermediates.noindex/GeneratedModuleMaps-watchos/CwlCatchExceptionSupport.modulemap -Xcc -fmodule-map-file\=/Users/builder/builds/UKfvDsi8u/3/finestructure/swiftpackageindex-builder/spi-builder-workspace/.derivedData/Build/Intermediates.noindex/GeneratedModuleMaps-watchos/CwlMachBadInstructionHandler.modulemap -Xcc -ivfsstatcache -Xcc /Users/builder/builds/UKfvDsi8u/3/finestructure/swiftpackageindex-builder/spi-builder-workspace/.derivedData/SDKStatCaches.noindex/watchos10.2-21S355-1a03c8d25fc3596eb74c01d649b42752.sdkstatcache -Xcc -I/Users/builder/builds/UKfvDsi8u/3/finestructure/swiftpackageindex-builder/spi-builder-workspace/.dependencies/checkouts/CwlCatchException/Sources/CwlCatchExceptionSupport/include -Xcc -I/Users/builder/builds/UKfvDsi8u/3/finestructure/swiftpackageindex-builder/spi-builder-workspace/.dependencies/checkouts/CwlPreconditionTesting/Sources/CwlMachBadInstructionHandler/include -Xcc -I/Users/builder/builds/UKfvDsi8u/3/finestructure/swiftpackageindex-builder/spi-builder-workspace/.derivedData/Build/Products/Debug-watchos/include -Xcc -I/Users/builder/builds/UKfvDsi8u/3/finestructure/swiftpackageindex-builder/spi-builder-workspace/.derivedData/Build/Intermediates.noindex/Threading.build/Debug-watchos/ThreadingTests.build/DerivedSources-normal/arm64 -Xcc -I/Users/builder/builds/UKfvDsi8u/3/finestructure/swiftpackageindex-builder/spi-builder-workspace/.derivedData/Build/Intermediates.noindex/Threading.build/Debug-watchos/ThreadingTests.build/DerivedSources/arm64 -Xcc -I/Users/builder/builds/UKfvDsi8u/3/finestructure/swiftpackageindex-builder/spi-builder-workspace/.derivedData/Build/Intermediates.noindex/Threading.build/Debug-watchos/ThreadingTests.build/DerivedSources -Xcc -DSWIFT_PACKAGE -Xcc -DDEBUG\=1 -module-name ThreadingTests -frontend-parseable-output -disable-clang-spi -target-sdk-version 10.2 -target-sdk-name watchos10.2 -external-plugin-path /Applications/Xcode-15.2.0.app/Contents/Developer/Platforms/WatchOS.platform/Developer/SDKs/WatchOS10.2.sdk/usr/lib/swift/host/plugins\#/Applications/Xcode-15.2.0.app/Contents/Developer/Platforms/WatchOS.platform/Developer/SDKs/WatchOS10.2.sdk/usr/bin/swift-plugin-server -external-plugin-path /Applications/Xcode-15.2.0.app/Contents/Developer/Platforms/WatchOS.platform/Developer/SDKs/WatchOS10.2.sdk/usr/local/lib/swift/host/plugins\#/Applications/Xcode-15.2.0.app/Contents/Developer/Platforms/WatchOS.platform/Developer/SDKs/WatchOS10.2.sdk/usr/bin/swift-plugin-server -external-plugin-path /Applications/Xcode-15.2.0.app/Contents/Developer/Platforms/WatchOS.platform/Developer/usr/lib/swift/host/plugins\#/Applications/Xcode-15.2.0.app/Contents/Developer/Platforms/WatchOS.platform/Developer/usr/bin/swift-plugin-server -external-plugin-path /Applications/Xcode-15.2.0.app/Contents/Developer/Platforms/WatchOS.platform/Developer/usr/local/lib/swift/host/plugins\#/Applications/Xcode-15.2.0.app/Contents/Developer/Platforms/WatchOS.platform/Developer/usr/bin/swift-plugin-server -plugin-path /Applications/Xcode-15.2.0.app/Contents/Developer/Toolchains/XcodeDefault.xctoolchain/usr/lib/swift/host/plugins -plugin-path /Applications/Xcode-15.2.0.app/Contents/Developer/Toolchains/XcodeDefault.xctoolchain/usr/local/lib/swift/host/plugins -o /Users/builder/builds/UKfvDsi8u/3/finestructure/swiftpackageindex-builder/spi-builder-workspace/.derivedData/Build/Intermediates.noindex/Threading.build/Debug-watchos/ThreadingTests.build/Objects-normal/arm64/DelayedQueueTests.o -index-unit-output-path /Threading.build/Debug-watchos/ThreadingTests.build/Objects-normal/arm64/DelayedQueueTests.o -index-store-path /Users/builder/builds/UKfvDsi8u/3/finestructure/swiftpackageindex-builder/spi-builder-workspace/.derivedData/Index.noindex/DataStore -index-system-modules
SwiftCompile normal arm64 /Users/builder/builds/UKfvDsi8u/3/finestructure/swiftpackageindex-builder/spi-builder-workspace/Tests/DelayedQueueTests.swift (in target 'ThreadingTests' from project 'Threading')
    cd /Users/builder/builds/UKfvDsi8u/3/finestructure/swiftpackageindex-builder/spi-builder-workspace
    /Applications/Xcode-15.2.0.app/Contents/Developer/Toolchains/XcodeDefault.xctoolchain/usr/bin/swift-frontend -c -primary-file /Users/builder/builds/UKfvDsi8u/3/finestructure/swiftpackageindex-builder/spi-builder-workspace/Tests/DelayedQueueTests.swift /Users/builder/builds/UKfvDsi8u/3/finestructure/swiftpackageindex-builder/spi-builder-workspace/Tests/DispatchTime_QueueTests.swift /Users/builder/builds/UKfvDsi8u/3/finestructure/swiftpackageindex-builder/spi-builder-workspace/Tests/QueueTests.swift -emit-dependencies-path /Users/builder/builds/UKfvDsi8u/3/finestructure/swiftpackageindex-builder/spi-builder-workspace/.derivedData/Build/Intermediates.noindex/Threading.build/Debug-watchos/ThreadingTests.build/Objects-normal/arm64/DelayedQueueTests.d -emit-const-values-path /Users/builder/builds/UKfvDsi8u/3/finestructure/swiftpackageindex-builder/spi-builder-workspace/.derivedData/Build/Intermediates.noindex/Threading.build/Debug-watchos/ThreadingTests.build/Objects-normal/arm64/DelayedQueueTests.swiftconstvalues -emit-reference-dependencies-path /Users/builder/builds/UKfvDsi8u/3/finestructure/swiftpackageindex-builder/spi-builder-workspace/.derivedData/Build/Intermediates.noindex/Threading.build/Debug-watchos/ThreadingTests.build/Objects-normal/arm64/DelayedQueueTests.swiftdeps -serialize-diagnostics-path /Users/builder/builds/UKfvDsi8u/3/finestructure/swiftpackageindex-builder/spi-builder-workspace/.derivedData/Build/Intermediates.noindex/Threading.build/Debug-watchos/ThreadingTests.build/Objects-normal/arm64/DelayedQueueTests.dia -target arm64-apple-watchos7.0 -Xllvm -aarch64-use-tbi -enable-objc-interop -stack-check -sdk /Applications/Xcode-15.2.0.app/Contents/Developer/Platforms/WatchOS.platform/Developer/SDKs/WatchOS10.2.sdk -I /Users/builder/builds/UKfvDsi8u/3/finestructure/swiftpackageindex-builder/spi-builder-workspace/.derivedData/Build/Products/Debug-watchos -I /Applications/Xcode-15.2.0.app/Contents/Developer/Platforms/WatchOS.platform/Developer/usr/lib -F /Users/builder/builds/UKfvDsi8u/3/finestructure/swiftpackageindex-builder/spi-builder-workspace/.derivedData/Build/Products/Debug-watchos/PackageFrameworks -F /Users/builder/builds/UKfvDsi8u/3/finestructure/swiftpackageindex-builder/spi-builder-workspace/.derivedData/Build/Products/Debug-watchos/PackageFrameworks -F /Users/builder/builds/UKfvDsi8u/3/finestructure/swiftpackageindex-builder/spi-builder-workspace/.derivedData/Build/Products/Debug-watchos/PackageFrameworks -F /Users/builder/builds/UKfvDsi8u/3/finestructure/swiftpackageindex-builder/spi-builder-workspace/.derivedData/Build/Products/Debug-watchos/PackageFrameworks -F /Users/builder/builds/UKfvDsi8u/3/finestructure/swiftpackageindex-builder/spi-builder-workspace/.derivedData/Build/Products/Debug-watchos/PackageFrameworks -F /Users/builder/builds/UKfvDsi8u/3/finestructure/swiftpackageindex-builder/spi-builder-workspace/.derivedData/Build/Products/Debug-watchos/PackageFrameworks -F /Users/builder/builds/UKfvDsi8u/3/finestructure/swiftpackageindex-builder/spi-builder-workspace/.derivedData/Build/Products/Debug-watchos/PackageFrameworks -F /Users/builder/builds/UKfvDsi8u/3/finestructure/swiftpackageindex-builder/spi-builder-workspace/.derivedData/Build/Products/Debug-watchos -F /Applications/Xcode-15.2.0.app/Contents/Developer/Platforms/WatchOS.platform/Developer/Library/Frameworks -F /Applications/Xcode-15.2.0.app/Contents/Developer/Platforms/WatchOS.platform/Developer/SDKs/WatchOS10.2.sdk/Developer/Library/Frameworks -no-color-diagnostics -enable-testing -g -module-cache-path /Users/builder/builds/UKfvDsi8u/3/finestructure/swiftpackageindex-builder/spi-builder-workspace/.derivedData/ModuleCache.noindex -profile-generate -profile-coverage-mapping -swift-version 5 -enforce-exclusivity\=checked -Onone -D SWIFT_PACKAGE -D DEBUG -D Xcode -serialize-debugging-options -package-name spi_builder_workspace -const-gather-protocols-file /Users/builder/builds/UKfvDsi8u/3/finestructure/swiftpackageindex-builder/spi-builder-workspace/.derivedData/Build/Intermediates.noindex/Threading.build/Debug-watchos/ThreadingTests.build/Objects-normal/arm64/ThreadingTests_const_extract_protocols.json -empty-abi-descriptor -validate-clang-modules-once -clang-build-session-file /Users/builder/builds/UKfvDsi8u/3/finestructure/swiftpackageindex-builder/spi-builder-workspace/.derivedData/ModuleCache.noindex/Session.modulevalidation -Xcc -working-directory -Xcc /Users/builder/builds/UKfvDsi8u/3/finestructure/swiftpackageindex-builder/spi-builder-workspace -resource-dir /Applications/Xcode-15.2.0.app/Contents/Developer/Toolchains/XcodeDefault.xctoolchain/usr/lib/swift -enable-anonymous-context-mangled-names -Xcc -fmodule-map-file\=/Users/builder/builds/UKfvDsi8u/3/finestructure/swiftpackageindex-builder/spi-builder-workspace/.derivedData/Build/Intermediates.noindex/GeneratedModuleMaps-watchos/CwlCatchExceptionSupport.modulemap -Xcc -fmodule-map-file\=/Users/builder/builds/UKfvDsi8u/3/finestructure/swiftpackageindex-builder/spi-builder-workspace/.derivedData/Build/Intermediates.noindex/GeneratedModuleMaps-watchos/CwlMachBadInstructionHandler.modulemap -Xcc -ivfsstatcache -Xcc /Users/builder/builds/UKfvDsi8u/3/finestructure/swiftpackageindex-builder/spi-builder-workspace/.derivedData/SDKStatCaches.noindex/watchos10.2-21S355-1a03c8d25fc3596eb74c01d649b42752.sdkstatcache -Xcc -I/Users/builder/builds/UKfvDsi8u/3/finestructure/swiftpackageindex-builder/spi-builder-workspace/.dependencies/checkouts/CwlCatchException/Sources/CwlCatchExceptionSupport/include -Xcc -I/Users/builder/builds/UKfvDsi8u/3/finestructure/swiftpackageindex-builder/spi-builder-workspace/.dependencies/checkouts/CwlPreconditionTesting/Sources/CwlMachBadInstructionHandler/include -Xcc -I/Users/builder/builds/UKfvDsi8u/3/finestructure/swiftpackageindex-builder/spi-builder-workspace/.derivedData/Build/Products/Debug-watchos/include -Xcc -I/Users/builder/builds/UKfvDsi8u/3/finestructure/swiftpackageindex-builder/spi-builder-workspace/.derivedData/Build/Intermediates.noindex/Threading.build/Debug-watchos/ThreadingTests.build/DerivedSources-normal/arm64 -Xcc -I/Users/builder/builds/UKfvDsi8u/3/finestructure/swiftpackageindex-builder/spi-builder-workspace/.derivedData/Build/Intermediates.noindex/Threading.build/Debug-watchos/ThreadingTests.build/DerivedSources/arm64 -Xcc -I/Users/builder/builds/UKfvDsi8u/3/finestructure/swiftpackageindex-builder/spi-builder-workspace/.derivedData/Build/Intermediates.noindex/Threading.build/Debug-watchos/ThreadingTests.build/DerivedSources -Xcc -DSWIFT_PACKAGE -Xcc -DDEBUG\=1 -module-name ThreadingTests -frontend-parseable-output -disable-clang-spi -target-sdk-version 10.2 -target-sdk-name watchos10.2 -external-plugin-path /Applications/Xcode-15.2.0.app/Contents/Developer/Platforms/WatchOS.platform/Developer/SDKs/WatchOS10.2.sdk/usr/lib/swift/host/plugins\#/Applications/Xcode-15.2.0.app/Contents/Developer/Platforms/WatchOS.platform/Developer/SDKs/WatchOS10.2.sdk/usr/bin/swift-plugin-server -external-plugin-path /Applications/Xcode-15.2.0.app/Contents/Developer/Platforms/WatchOS.platform/Developer/SDKs/WatchOS10.2.sdk/usr/local/lib/swift/host/plugins\#/Applications/Xcode-15.2.0.app/Contents/Developer/Platforms/WatchOS.platform/Developer/SDKs/WatchOS10.2.sdk/usr/bin/swift-plugin-server -external-plugin-path /Applications/Xcode-15.2.0.app/Contents/Developer/Platforms/WatchOS.platform/Developer/usr/lib/swift/host/plugins\#/Applications/Xcode-15.2.0.app/Contents/Developer/Platforms/WatchOS.platform/Developer/usr/bin/swift-plugin-server -external-plugin-path /Applications/Xcode-15.2.0.app/Contents/Developer/Platforms/WatchOS.platform/Developer/usr/local/lib/swift/host/plugins\#/Applications/Xcode-15.2.0.app/Contents/Developer/Platforms/WatchOS.platform/Developer/usr/bin/swift-plugin-server -plugin-path /Applications/Xcode-15.2.0.app/Contents/Developer/Toolchains/XcodeDefault.xctoolchain/usr/lib/swift/host/plugins -plugin-path /Applications/Xcode-15.2.0.app/Contents/Developer/Toolchains/XcodeDefault.xctoolchain/usr/local/lib/swift/host/plugins -o /Users/builder/builds/UKfvDsi8u/3/finestructure/swiftpackageindex-builder/spi-builder-workspace/.derivedData/Build/Intermediates.noindex/Threading.build/Debug-watchos/ThreadingTests.build/Objects-normal/arm64/DelayedQueueTests.o -index-unit-output-path /Threading.build/Debug-watchos/ThreadingTests.build/Objects-normal/arm64/DelayedQueueTests.o -index-store-path /Users/builder/builds/UKfvDsi8u/3/finestructure/swiftpackageindex-builder/spi-builder-workspace/.derivedData/Index.noindex/DataStore -index-system-modules
SwiftDriverJobDiscovery normal arm64 Emitting module for ThreadingTests (in target 'ThreadingTests' from project 'Threading')
SwiftEmitModule normal armv7k Emitting\ module\ for\ ThreadingTests (in target 'ThreadingTests' from project 'Threading')
    cd /Users/builder/builds/UKfvDsi8u/3/finestructure/swiftpackageindex-builder/spi-builder-workspace
    builtin-swiftTaskExecution -- /Applications/Xcode-15.2.0.app/Contents/Developer/Toolchains/XcodeDefault.xctoolchain/usr/bin/swift-frontend -frontend -emit-module -experimental-skip-non-inlinable-function-bodies-without-types /Users/builder/builds/UKfvDsi8u/3/finestructure/swiftpackageindex-builder/spi-builder-workspace/Tests/DelayedQueueTests.swift /Users/builder/builds/UKfvDsi8u/3/finestructure/swiftpackageindex-builder/spi-builder-workspace/Tests/DispatchTime_QueueTests.swift /Users/builder/builds/UKfvDsi8u/3/finestructure/swiftpackageindex-builder/spi-builder-workspace/Tests/QueueTests.swift -target armv7k-apple-watchos7.0 -enable-objc-interop -stack-check -sdk /Applications/Xcode-15.2.0.app/Contents/Developer/Platforms/WatchOS.platform/Developer/SDKs/WatchOS10.2.sdk -I /Users/builder/builds/UKfvDsi8u/3/finestructure/swiftpackageindex-builder/spi-builder-workspace/.derivedData/Build/Products/Debug-watchos -I /Applications/Xcode-15.2.0.app/Contents/Developer/Platforms/WatchOS.platform/Developer/usr/lib -F /Users/builder/builds/UKfvDsi8u/3/finestructure/swiftpackageindex-builder/spi-builder-workspace/.derivedData/Build/Products/Debug-watchos/PackageFrameworks -F /Users/builder/builds/UKfvDsi8u/3/finestructure/swiftpackageindex-builder/spi-builder-workspace/.derivedData/Build/Products/Debug-watchos/PackageFrameworks -F /Users/builder/builds/UKfvDsi8u/3/finestructure/swiftpackageindex-builder/spi-builder-workspace/.derivedData/Build/Products/Debug-watchos/PackageFrameworks -F /Users/builder/builds/UKfvDsi8u/3/finestructure/swiftpackageindex-builder/spi-builder-workspace/.derivedData/Build/Products/Debug-watchos/PackageFrameworks -F /Users/builder/builds/UKfvDsi8u/3/finestructure/swiftpackageindex-builder/spi-builder-workspace/.derivedData/Build/Products/Debug-watchos/PackageFrameworks -F /Users/builder/builds/UKfvDsi8u/3/finestructure/swiftpackageindex-builder/spi-builder-workspace/.derivedData/Build/Products/Debug-watchos/PackageFrameworks -F /Users/builder/builds/UKfvDsi8u/3/finestructure/swiftpackageindex-builder/spi-builder-workspace/.derivedData/Build/Products/Debug-watchos/PackageFrameworks -F /Users/builder/builds/UKfvDsi8u/3/finestructure/swiftpackageindex-builder/spi-builder-workspace/.derivedData/Build/Products/Debug-watchos -F /Applications/Xcode-15.2.0.app/Contents/Developer/Platforms/WatchOS.platform/Developer/Library/Frameworks -F /Applications/Xcode-15.2.0.app/Contents/Developer/Platforms/WatchOS.platform/Developer/SDKs/WatchOS10.2.sdk/Developer/Library/Frameworks -no-color-diagnostics -enable-testing -g -module-cache-path /Users/builder/builds/UKfvDsi8u/3/finestructure/swiftpackageindex-builder/spi-builder-workspace/.derivedData/ModuleCache.noindex -profile-generate -profile-coverage-mapping -swift-version 5 -enforce-exclusivity\=checked -Onone -D SWIFT_PACKAGE -D DEBUG -D Xcode -serialize-debugging-options -package-name spi_builder_workspace -const-gather-protocols-file /Users/builder/builds/UKfvDsi8u/3/finestructure/swiftpackageindex-builder/spi-builder-workspace/.derivedData/Build/Intermediates.noindex/Threading.build/Debug-watchos/ThreadingTests.build/Objects-normal/armv7k/ThreadingTests_const_extract_protocols.json -empty-abi-descriptor -validate-clang-modules-once -clang-build-session-file /Users/builder/builds/UKfvDsi8u/3/finestructure/swiftpackageindex-builder/spi-builder-workspace/.derivedData/ModuleCache.noindex/Session.modulevalidation -Xcc -working-directory -Xcc /Users/builder/builds/UKfvDsi8u/3/finestructure/swiftpackageindex-builder/spi-builder-workspace -resource-dir /Applications/Xcode-15.2.0.app/Contents/Developer/Toolchains/XcodeDefault.xctoolchain/usr/lib/swift -enable-anonymous-context-mangled-names -Xcc -fmodule-map-file\=/Users/builder/builds/UKfvDsi8u/3/finestructure/swiftpackageindex-builder/spi-builder-workspace/.derivedData/Build/Intermediates.noindex/GeneratedModuleMaps-watchos/CwlCatchExceptionSupport.modulemap -Xcc -fmodule-map-file\=/Users/builder/builds/UKfvDsi8u/3/finestructure/swiftpackageindex-builder/spi-builder-workspace/.derivedData/Build/Intermediates.noindex/GeneratedModuleMaps-watchos/CwlMachBadInstructionHandler.modulemap -Xcc -ivfsstatcache -Xcc /Users/builder/builds/UKfvDsi8u/3/finestructure/swiftpackageindex-builder/spi-builder-workspace/.derivedData/SDKStatCaches.noindex/watchos10.2-21S355-1a03c8d25fc3596eb74c01d649b42752.sdkstatcache -Xcc -I/Users/builder/builds/UKfvDsi8u/3/finestructure/swiftpackageindex-builder/spi-builder-workspace/.dependencies/checkouts/CwlCatchException/Sources/CwlCatchExceptionSupport/include -Xcc -I/Users/builder/builds/UKfvDsi8u/3/finestructure/swiftpackageindex-builder/spi-builder-workspace/.dependencies/checkouts/CwlPreconditionTesting/Sources/CwlMachBadInstructionHandler/include -Xcc -I/Users/builder/builds/UKfvDsi8u/3/finestructure/swiftpackageindex-builder/spi-builder-workspace/.derivedData/Build/Products/Debug-watchos/include -Xcc -I/Users/builder/builds/UKfvDsi8u/3/finestructure/swiftpackageindex-builder/spi-builder-workspace/.derivedData/Build/Intermediates.noindex/Threading.build/Debug-watchos/ThreadingTests.build/DerivedSources-normal/armv7k -Xcc -I/Users/builder/builds/UKfvDsi8u/3/finestructure/swiftpackageindex-builder/spi-builder-workspace/.derivedData/Build/Intermediates.noindex/Threading.build/Debug-watchos/ThreadingTests.build/DerivedSources/armv7k -Xcc -I/Users/builder/builds/UKfvDsi8u/3/finestructure/swiftpackageindex-builder/spi-builder-workspace/.derivedData/Build/Intermediates.noindex/Threading.build/Debug-watchos/ThreadingTests.build/DerivedSources -Xcc -DSWIFT_PACKAGE -Xcc -DDEBUG\=1 -module-name ThreadingTests -disable-clang-spi -target-sdk-version 10.2 -target-sdk-name watchos10.2 -external-plugin-path /Applications/Xcode-15.2.0.app/Contents/Developer/Platforms/WatchOS.platform/Developer/SDKs/WatchOS10.2.sdk/usr/lib/swift/host/plugins\#/Applications/Xcode-15.2.0.app/Contents/Developer/Platforms/WatchOS.platform/Developer/SDKs/WatchOS10.2.sdk/usr/bin/swift-plugin-server -external-plugin-path /Applications/Xcode-15.2.0.app/Contents/Developer/Platforms/WatchOS.platform/Developer/SDKs/WatchOS10.2.sdk/usr/local/lib/swift/host/plugins\#/Applications/Xcode-15.2.0.app/Contents/Developer/Platforms/WatchOS.platform/Developer/SDKs/WatchOS10.2.sdk/usr/bin/swift-plugin-server -external-plugin-path /Applications/Xcode-15.2.0.app/Contents/Developer/Platforms/WatchOS.platform/Developer/usr/lib/swift/host/plugins\#/Applications/Xcode-15.2.0.app/Contents/Developer/Platforms/WatchOS.platform/Developer/usr/bin/swift-plugin-server -external-plugin-path /Applications/Xcode-15.2.0.app/Contents/Developer/Platforms/WatchOS.platform/Developer/usr/local/lib/swift/host/plugins\#/Applications/Xcode-15.2.0.app/Contents/Developer/Platforms/WatchOS.platform/Developer/usr/bin/swift-plugin-server -plugin-path /Applications/Xcode-15.2.0.app/Contents/Developer/Toolchains/XcodeDefault.xctoolchain/usr/lib/swift/host/plugins -plugin-path /Applications/Xcode-15.2.0.app/Contents/Developer/Toolchains/XcodeDefault.xctoolchain/usr/local/lib/swift/host/plugins -emit-module-doc-path /Users/builder/builds/UKfvDsi8u/3/finestructure/swiftpackageindex-builder/spi-builder-workspace/.derivedData/Build/Intermediates.noindex/Threading.build/Debug-watchos/ThreadingTests.build/Objects-normal/armv7k/ThreadingTests.swiftdoc -emit-module-source-info-path /Users/builder/builds/UKfvDsi8u/3/finestructure/swiftpackageindex-builder/spi-builder-workspace/.derivedData/Build/Intermediates.noindex/Threading.build/Debug-watchos/ThreadingTests.build/Objects-normal/armv7k/ThreadingTests.swiftsourceinfo -serialize-diagnostics-path /Users/builder/builds/UKfvDsi8u/3/finestructure/swiftpackageindex-builder/spi-builder-workspace/.derivedData/Build/Intermediates.noindex/Threading.build/Debug-watchos/ThreadingTests.build/Objects-normal/armv7k/ThreadingTests-master-emit-module.dia -emit-dependencies-path /Users/builder/builds/UKfvDsi8u/3/finestructure/swiftpackageindex-builder/spi-builder-workspace/.derivedData/Build/Intermediates.noindex/Threading.build/Debug-watchos/ThreadingTests.build/Objects-normal/armv7k/ThreadingTests-master-emit-module.d -o /Users/builder/builds/UKfvDsi8u/3/finestructure/swiftpackageindex-builder/spi-builder-workspace/.derivedData/Build/Intermediates.noindex/Threading.build/Debug-watchos/ThreadingTests.build/Objects-normal/armv7k/ThreadingTests.swiftmodule -emit-abi-descriptor-path /Users/builder/builds/UKfvDsi8u/3/finestructure/swiftpackageindex-builder/spi-builder-workspace/.derivedData/Build/Intermediates.noindex/Threading.build/Debug-watchos/ThreadingTests.build/Objects-normal/armv7k/ThreadingTests.abi.json
SwiftDriverJobDiscovery normal arm64 Compiling QueueTests.swift (in target 'ThreadingTests' from project 'Threading')
SwiftDriver\ Compilation\ Requirements ThreadingTests normal arm64 com.apple.xcode.tools.swift.compiler (in target 'ThreadingTests' from project 'Threading')
    cd /Users/builder/builds/UKfvDsi8u/3/finestructure/swiftpackageindex-builder/spi-builder-workspace
    builtin-Swift-Compilation-Requirements -- /Applications/Xcode-15.2.0.app/Contents/Developer/Toolchains/XcodeDefault.xctoolchain/usr/bin/swiftc -module-name ThreadingTests -Onone -enforce-exclusivity\=checked @/Users/builder/builds/UKfvDsi8u/3/finestructure/swiftpackageindex-builder/spi-builder-workspace/.derivedData/Build/Intermediates.noindex/Threading.build/Debug-watchos/ThreadingTests.build/Objects-normal/arm64/ThreadingTests.SwiftFileList -DSWIFT_PACKAGE -DDEBUG -Xcc -fmodule-map-file\=/Users/builder/builds/UKfvDsi8u/3/finestructure/swiftpackageindex-builder/spi-builder-workspace/.derivedData/Build/Intermediates.noindex/GeneratedModuleMaps-watchos/CwlCatchExceptionSupport.modulemap -Xcc -fmodule-map-file\=/Users/builder/builds/UKfvDsi8u/3/finestructure/swiftpackageindex-builder/spi-builder-workspace/.derivedData/Build/Intermediates.noindex/GeneratedModuleMaps-watchos/CwlMachBadInstructionHandler.modulemap -DXcode -sdk /Applications/Xcode-15.2.0.app/Contents/Developer/Platforms/WatchOS.platform/Developer/SDKs/WatchOS10.2.sdk -target arm64-apple-watchos7.0 -g -module-cache-path /Users/builder/builds/UKfvDsi8u/3/finestructure/swiftpackageindex-builder/spi-builder-workspace/.derivedData/ModuleCache.noindex -Xfrontend -serialize-debugging-options -profile-coverage-mapping -profile-generate -enable-testing -index-store-path /Users/builder/builds/UKfvDsi8u/3/finestructure/swiftpackageindex-builder/spi-builder-workspace/.derivedData/Index.noindex/DataStore -swift-version 5 -I /Users/builder/builds/UKfvDsi8u/3/finestructure/swiftpackageindex-builder/spi-builder-workspace/.derivedData/Build/Products/Debug-watchos -I /Applications/Xcode-15.2.0.app/Contents/Developer/Platforms/WatchOS.platform/Developer/usr/lib -F /Users/builder/builds/UKfvDsi8u/3/finestructure/swiftpackageindex-builder/spi-builder-workspace/.derivedData/Build/Products/Debug-watchos/PackageFrameworks -F /Users/builder/builds/UKfvDsi8u/3/finestructure/swiftpackageindex-builder/spi-builder-workspace/.derivedData/Build/Products/Debug-watchos/PackageFrameworks -F /Users/builder/builds/UKfvDsi8u/3/finestructure/swiftpackageindex-builder/spi-builder-workspace/.derivedData/Build/Products/Debug-watchos/PackageFrameworks -F /Users/builder/builds/UKfvDsi8u/3/finestructure/swiftpackageindex-builder/spi-builder-workspace/.derivedData/Build/Products/Debug-watchos/PackageFrameworks -F /Users/builder/builds/UKfvDsi8u/3/finestructure/swiftpackageindex-builder/spi-builder-workspace/.derivedData/Build/Products/Debug-watchos/PackageFrameworks -F /Users/builder/builds/UKfvDsi8u/3/finestructure/swiftpackageindex-builder/spi-builder-workspace/.derivedData/Build/Products/Debug-watchos/PackageFrameworks -F /Users/builder/builds/UKfvDsi8u/3/finestructure/swiftpackageindex-builder/spi-builder-workspace/.derivedData/Build/Products/Debug-watchos/PackageFrameworks -F /Users/builder/builds/UKfvDsi8u/3/finestructure/swiftpackageindex-builder/spi-builder-workspace/.derivedData/Build/Products/Debug-watchos -F /Applications/Xcode-15.2.0.app/Contents/Developer/Platforms/WatchOS.platform/Developer/Library/Frameworks -F /Applications/Xcode-15.2.0.app/Contents/Developer/Platforms/WatchOS.platform/Developer/SDKs/WatchOS10.2.sdk/Developer/Library/Frameworks -c -j8 -enable-batch-mode -incremental -Xcc -ivfsstatcache -Xcc /Users/builder/builds/UKfvDsi8u/3/finestructure/swiftpackageindex-builder/spi-builder-workspace/.derivedData/SDKStatCaches.noindex/watchos10.2-21S355-1a03c8d25fc3596eb74c01d649b42752.sdkstatcache -output-file-map /Users/builder/builds/UKfvDsi8u/3/finestructure/swiftpackageindex-builder/spi-builder-workspace/.derivedData/Build/Intermediates.noindex/Threading.build/Debug-watchos/ThreadingTests.build/Objects-normal/arm64/ThreadingTests-OutputFileMap.json -use-frontend-parseable-output -save-temps -no-color-diagnostics -serialize-diagnostics -emit-dependencies -emit-module -emit-module-path /Users/builder/builds/UKfvDsi8u/3/finestructure/swiftpackageindex-builder/spi-builder-workspace/.derivedData/Build/Intermediates.noindex/Threading.build/Debug-watchos/ThreadingTests.build/Objects-normal/arm64/ThreadingTests.swiftmodule -validate-clang-modules-once -clang-build-session-file /Users/builder/builds/UKfvDsi8u/3/finestructure/swiftpackageindex-builder/spi-builder-workspace/.derivedData/ModuleCache.noindex/Session.modulevalidation -Xfrontend -package-name -Xfrontend spi_builder_workspace -emit-const-values -Xfrontend -const-gather-protocols-file -Xfrontend /Users/builder/builds/UKfvDsi8u/3/finestructure/swiftpackageindex-builder/spi-builder-workspace/.derivedData/Build/Intermediates.noindex/Threading.build/Debug-watchos/ThreadingTests.build/Objects-normal/arm64/ThreadingTests_const_extract_protocols.json -Xcc -I/Users/builder/builds/UKfvDsi8u/3/finestructure/swiftpackageindex-builder/spi-builder-workspace/.dependencies/checkouts/CwlCatchException/Sources/CwlCatchExceptionSupport/include -Xcc -I/Users/builder/builds/UKfvDsi8u/3/finestructure/swiftpackageindex-builder/spi-builder-workspace/.dependencies/checkouts/CwlPreconditionTesting/Sources/CwlMachBadInstructionHandler/include -Xcc -I/Users/builder/builds/UKfvDsi8u/3/finestructure/swiftpackageindex-builder/spi-builder-workspace/.derivedData/Build/Products/Debug-watchos/include -Xcc -I/Users/builder/builds/UKfvDsi8u/3/finestructure/swiftpackageindex-builder/spi-builder-workspace/.derivedData/Build/Intermediates.noindex/Threading.build/Debug-watchos/ThreadingTests.build/DerivedSources-normal/arm64 -Xcc -I/Users/builder/builds/UKfvDsi8u/3/finestructure/swiftpackageindex-builder/spi-builder-workspace/.derivedData/Build/Intermediates.noindex/Threading.build/Debug-watchos/ThreadingTests.build/DerivedSources/arm64 -Xcc -I/Users/builder/builds/UKfvDsi8u/3/finestructure/swiftpackageindex-builder/spi-builder-workspace/.derivedData/Build/Intermediates.noindex/Threading.build/Debug-watchos/ThreadingTests.build/DerivedSources -Xcc -DSWIFT_PACKAGE -Xcc -DDEBUG\=1 -working-directory /Users/builder/builds/UKfvDsi8u/3/finestructure/swiftpackageindex-builder/spi-builder-workspace -experimental-emit-module-separately -disable-cmo
SwiftCompile normal armv7k Compiling\ DelayedQueueTests.swift /Users/builder/builds/UKfvDsi8u/3/finestructure/swiftpackageindex-builder/spi-builder-workspace/Tests/DelayedQueueTests.swift (in target 'ThreadingTests' from project 'Threading')
    cd /Users/builder/builds/UKfvDsi8u/3/finestructure/swiftpackageindex-builder/spi-builder-workspace
    builtin-swiftTaskExecution -- /Applications/Xcode-15.2.0.app/Contents/Developer/Toolchains/XcodeDefault.xctoolchain/usr/bin/swift-frontend -frontend -c -primary-file /Users/builder/builds/UKfvDsi8u/3/finestructure/swiftpackageindex-builder/spi-builder-workspace/Tests/DelayedQueueTests.swift /Users/builder/builds/UKfvDsi8u/3/finestructure/swiftpackageindex-builder/spi-builder-workspace/Tests/DispatchTime_QueueTests.swift /Users/builder/builds/UKfvDsi8u/3/finestructure/swiftpackageindex-builder/spi-builder-workspace/Tests/QueueTests.swift -emit-dependencies-path /Users/builder/builds/UKfvDsi8u/3/finestructure/swiftpackageindex-builder/spi-builder-workspace/.derivedData/Build/Intermediates.noindex/Threading.build/Debug-watchos/ThreadingTests.build/Objects-normal/armv7k/DelayedQueueTests.d -emit-const-values-path /Users/builder/builds/UKfvDsi8u/3/finestructure/swiftpackageindex-builder/spi-builder-workspace/.derivedData/Build/Intermediates.noindex/Threading.build/Debug-watchos/ThreadingTests.build/Objects-normal/armv7k/DelayedQueueTests.swiftconstvalues -emit-reference-dependencies-path /Users/builder/builds/UKfvDsi8u/3/finestructure/swiftpackageindex-builder/spi-builder-workspace/.derivedData/Build/Intermediates.noindex/Threading.build/Debug-watchos/ThreadingTests.build/Objects-normal/armv7k/DelayedQueueTests.swiftdeps -serialize-diagnostics-path /Users/builder/builds/UKfvDsi8u/3/finestructure/swiftpackageindex-builder/spi-builder-workspace/.derivedData/Build/Intermediates.noindex/Threading.build/Debug-watchos/ThreadingTests.build/Objects-normal/armv7k/DelayedQueueTests.dia -target armv7k-apple-watchos7.0 -enable-objc-interop -stack-check -sdk /Applications/Xcode-15.2.0.app/Contents/Developer/Platforms/WatchOS.platform/Developer/SDKs/WatchOS10.2.sdk -I /Users/builder/builds/UKfvDsi8u/3/finestructure/swiftpackageindex-builder/spi-builder-workspace/.derivedData/Build/Products/Debug-watchos -I /Applications/Xcode-15.2.0.app/Contents/Developer/Platforms/WatchOS.platform/Developer/usr/lib -F /Users/builder/builds/UKfvDsi8u/3/finestructure/swiftpackageindex-builder/spi-builder-workspace/.derivedData/Build/Products/Debug-watchos/PackageFrameworks -F /Users/builder/builds/UKfvDsi8u/3/finestructure/swiftpackageindex-builder/spi-builder-workspace/.derivedData/Build/Products/Debug-watchos/PackageFrameworks -F /Users/builder/builds/UKfvDsi8u/3/finestructure/swiftpackageindex-builder/spi-builder-workspace/.derivedData/Build/Products/Debug-watchos/PackageFrameworks -F /Users/builder/builds/UKfvDsi8u/3/finestructure/swiftpackageindex-builder/spi-builder-workspace/.derivedData/Build/Products/Debug-watchos/PackageFrameworks -F /Users/builder/builds/UKfvDsi8u/3/finestructure/swiftpackageindex-builder/spi-builder-workspace/.derivedData/Build/Products/Debug-watchos/PackageFrameworks -F /Users/builder/builds/UKfvDsi8u/3/finestructure/swiftpackageindex-builder/spi-builder-workspace/.derivedData/Build/Products/Debug-watchos/PackageFrameworks -F /Users/builder/builds/UKfvDsi8u/3/finestructure/swiftpackageindex-builder/spi-builder-workspace/.derivedData/Build/Products/Debug-watchos/PackageFrameworks -F /Users/builder/builds/UKfvDsi8u/3/finestructure/swiftpackageindex-builder/spi-builder-workspace/.derivedData/Build/Products/Debug-watchos -F /Applications/Xcode-15.2.0.app/Contents/Developer/Platforms/WatchOS.platform/Developer/Library/Frameworks -F /Applications/Xcode-15.2.0.app/Contents/Developer/Platforms/WatchOS.platform/Developer/SDKs/WatchOS10.2.sdk/Developer/Library/Frameworks -no-color-diagnostics -enable-testing -g -module-cache-path /Users/builder/builds/UKfvDsi8u/3/finestructure/swiftpackageindex-builder/spi-builder-workspace/.derivedData/ModuleCache.noindex -profile-generate -profile-coverage-mapping -swift-version 5 -enforce-exclusivity\=checked -Onone -D SWIFT_PACKAGE -D DEBUG -D Xcode -serialize-debugging-options -package-name spi_builder_workspace -const-gather-protocols-file /Users/builder/builds/UKfvDsi8u/3/finestructure/swiftpackageindex-builder/spi-builder-workspace/.derivedData/Build/Intermediates.noindex/Threading.build/Debug-watchos/ThreadingTests.build/Objects-normal/armv7k/ThreadingTests_const_extract_protocols.json -empty-abi-descriptor -validate-clang-modules-once -clang-build-session-file /Users/builder/builds/UKfvDsi8u/3/finestructure/swiftpackageindex-builder/spi-builder-workspace/.derivedData/ModuleCache.noindex/Session.modulevalidation -Xcc -working-directory -Xcc /Users/builder/builds/UKfvDsi8u/3/finestructure/swiftpackageindex-builder/spi-builder-workspace -resource-dir /Applications/Xcode-15.2.0.app/Contents/Developer/Toolchains/XcodeDefault.xctoolchain/usr/lib/swift -enable-anonymous-context-mangled-names -Xcc -fmodule-map-file\=/Users/builder/builds/UKfvDsi8u/3/finestructure/swiftpackageindex-builder/spi-builder-workspace/.derivedData/Build/Intermediates.noindex/GeneratedModuleMaps-watchos/CwlCatchExceptionSupport.modulemap -Xcc -fmodule-map-file\=/Users/builder/builds/UKfvDsi8u/3/finestructure/swiftpackageindex-builder/spi-builder-workspace/.derivedData/Build/Intermediates.noindex/GeneratedModuleMaps-watchos/CwlMachBadInstructionHandler.modulemap -Xcc -ivfsstatcache -Xcc /Users/builder/builds/UKfvDsi8u/3/finestructure/swiftpackageindex-builder/spi-builder-workspace/.derivedData/SDKStatCaches.noindex/watchos10.2-21S355-1a03c8d25fc3596eb74c01d649b42752.sdkstatcache -Xcc -I/Users/builder/builds/UKfvDsi8u/3/finestructure/swiftpackageindex-builder/spi-builder-workspace/.dependencies/checkouts/CwlCatchException/Sources/CwlCatchExceptionSupport/include -Xcc -I/Users/builder/builds/UKfvDsi8u/3/finestructure/swiftpackageindex-builder/spi-builder-workspace/.dependencies/checkouts/CwlPreconditionTesting/Sources/CwlMachBadInstructionHandler/include -Xcc -I/Users/builder/builds/UKfvDsi8u/3/finestructure/swiftpackageindex-builder/spi-builder-workspace/.derivedData/Build/Products/Debug-watchos/include -Xcc -I/Users/builder/builds/UKfvDsi8u/3/finestructure/swiftpackageindex-builder/spi-builder-workspace/.derivedData/Build/Intermediates.noindex/Threading.build/Debug-watchos/ThreadingTests.build/DerivedSources-normal/armv7k -Xcc -I/Users/builder/builds/UKfvDsi8u/3/finestructure/swiftpackageindex-builder/spi-builder-workspace/.derivedData/Build/Intermediates.noindex/Threading.build/Debug-watchos/ThreadingTests.build/DerivedSources/armv7k -Xcc -I/Users/builder/builds/UKfvDsi8u/3/finestructure/swiftpackageindex-builder/spi-builder-workspace/.derivedData/Build/Intermediates.noindex/Threading.build/Debug-watchos/ThreadingTests.build/DerivedSources -Xcc -DSWIFT_PACKAGE -Xcc -DDEBUG\=1 -module-name ThreadingTests -frontend-parseable-output -disable-clang-spi -target-sdk-version 10.2 -target-sdk-name watchos10.2 -external-plugin-path /Applications/Xcode-15.2.0.app/Contents/Developer/Platforms/WatchOS.platform/Developer/SDKs/WatchOS10.2.sdk/usr/lib/swift/host/plugins\#/Applications/Xcode-15.2.0.app/Contents/Developer/Platforms/WatchOS.platform/Developer/SDKs/WatchOS10.2.sdk/usr/bin/swift-plugin-server -external-plugin-path /Applications/Xcode-15.2.0.app/Contents/Developer/Platforms/WatchOS.platform/Developer/SDKs/WatchOS10.2.sdk/usr/local/lib/swift/host/plugins\#/Applications/Xcode-15.2.0.app/Contents/Developer/Platforms/WatchOS.platform/Developer/SDKs/WatchOS10.2.sdk/usr/bin/swift-plugin-server -external-plugin-path /Applications/Xcode-15.2.0.app/Contents/Developer/Platforms/WatchOS.platform/Developer/usr/lib/swift/host/plugins\#/Applications/Xcode-15.2.0.app/Contents/Developer/Platforms/WatchOS.platform/Developer/usr/bin/swift-plugin-server -external-plugin-path /Applications/Xcode-15.2.0.app/Contents/Developer/Platforms/WatchOS.platform/Developer/usr/local/lib/swift/host/plugins\#/Applications/Xcode-15.2.0.app/Contents/Developer/Platforms/WatchOS.platform/Developer/usr/bin/swift-plugin-server -plugin-path /Applications/Xcode-15.2.0.app/Contents/Developer/Toolchains/XcodeDefault.xctoolchain/usr/lib/swift/host/plugins -plugin-path /Applications/Xcode-15.2.0.app/Contents/Developer/Toolchains/XcodeDefault.xctoolchain/usr/local/lib/swift/host/plugins -o /Users/builder/builds/UKfvDsi8u/3/finestructure/swiftpackageindex-builder/spi-builder-workspace/.derivedData/Build/Intermediates.noindex/Threading.build/Debug-watchos/ThreadingTests.build/Objects-normal/armv7k/DelayedQueueTests.o -index-unit-output-path /Threading.build/Debug-watchos/ThreadingTests.build/Objects-normal/armv7k/DelayedQueueTests.o -index-store-path /Users/builder/builds/UKfvDsi8u/3/finestructure/swiftpackageindex-builder/spi-builder-workspace/.derivedData/Index.noindex/DataStore -index-system-modules
SwiftCompile normal armv7k /Users/builder/builds/UKfvDsi8u/3/finestructure/swiftpackageindex-builder/spi-builder-workspace/Tests/DelayedQueueTests.swift (in target 'ThreadingTests' from project 'Threading')
    cd /Users/builder/builds/UKfvDsi8u/3/finestructure/swiftpackageindex-builder/spi-builder-workspace
    /Applications/Xcode-15.2.0.app/Contents/Developer/Toolchains/XcodeDefault.xctoolchain/usr/bin/swift-frontend -c -primary-file /Users/builder/builds/UKfvDsi8u/3/finestructure/swiftpackageindex-builder/spi-builder-workspace/Tests/DelayedQueueTests.swift /Users/builder/builds/UKfvDsi8u/3/finestructure/swiftpackageindex-builder/spi-builder-workspace/Tests/DispatchTime_QueueTests.swift /Users/builder/builds/UKfvDsi8u/3/finestructure/swiftpackageindex-builder/spi-builder-workspace/Tests/QueueTests.swift -emit-dependencies-path /Users/builder/builds/UKfvDsi8u/3/finestructure/swiftpackageindex-builder/spi-builder-workspace/.derivedData/Build/Intermediates.noindex/Threading.build/Debug-watchos/ThreadingTests.build/Objects-normal/armv7k/DelayedQueueTests.d -emit-const-values-path /Users/builder/builds/UKfvDsi8u/3/finestructure/swiftpackageindex-builder/spi-builder-workspace/.derivedData/Build/Intermediates.noindex/Threading.build/Debug-watchos/ThreadingTests.build/Objects-normal/armv7k/DelayedQueueTests.swiftconstvalues -emit-reference-dependencies-path /Users/builder/builds/UKfvDsi8u/3/finestructure/swiftpackageindex-builder/spi-builder-workspace/.derivedData/Build/Intermediates.noindex/Threading.build/Debug-watchos/ThreadingTests.build/Objects-normal/armv7k/DelayedQueueTests.swiftdeps -serialize-diagnostics-path /Users/builder/builds/UKfvDsi8u/3/finestructure/swiftpackageindex-builder/spi-builder-workspace/.derivedData/Build/Intermediates.noindex/Threading.build/Debug-watchos/ThreadingTests.build/Objects-normal/armv7k/DelayedQueueTests.dia -target armv7k-apple-watchos7.0 -enable-objc-interop -stack-check -sdk /Applications/Xcode-15.2.0.app/Contents/Developer/Platforms/WatchOS.platform/Developer/SDKs/WatchOS10.2.sdk -I /Users/builder/builds/UKfvDsi8u/3/finestructure/swiftpackageindex-builder/spi-builder-workspace/.derivedData/Build/Products/Debug-watchos -I /Applications/Xcode-15.2.0.app/Contents/Developer/Platforms/WatchOS.platform/Developer/usr/lib -F /Users/builder/builds/UKfvDsi8u/3/finestructure/swiftpackageindex-builder/spi-builder-workspace/.derivedData/Build/Products/Debug-watchos/PackageFrameworks -F /Users/builder/builds/UKfvDsi8u/3/finestructure/swiftpackageindex-builder/spi-builder-workspace/.derivedData/Build/Products/Debug-watchos/PackageFrameworks -F /Users/builder/builds/UKfvDsi8u/3/finestructure/swiftpackageindex-builder/spi-builder-workspace/.derivedData/Build/Products/Debug-watchos/PackageFrameworks -F /Users/builder/builds/UKfvDsi8u/3/finestructure/swiftpackageindex-builder/spi-builder-workspace/.derivedData/Build/Products/Debug-watchos/PackageFrameworks -F /Users/builder/builds/UKfvDsi8u/3/finestructure/swiftpackageindex-builder/spi-builder-workspace/.derivedData/Build/Products/Debug-watchos/PackageFrameworks -F /Users/builder/builds/UKfvDsi8u/3/finestructure/swiftpackageindex-builder/spi-builder-workspace/.derivedData/Build/Products/Debug-watchos/PackageFrameworks -F /Users/builder/builds/UKfvDsi8u/3/finestructure/swiftpackageindex-builder/spi-builder-workspace/.derivedData/Build/Products/Debug-watchos/PackageFrameworks -F /Users/builder/builds/UKfvDsi8u/3/finestructure/swiftpackageindex-builder/spi-builder-workspace/.derivedData/Build/Products/Debug-watchos -F /Applications/Xcode-15.2.0.app/Contents/Developer/Platforms/WatchOS.platform/Developer/Library/Frameworks -F /Applications/Xcode-15.2.0.app/Contents/Developer/Platforms/WatchOS.platform/Developer/SDKs/WatchOS10.2.sdk/Developer/Library/Frameworks -no-color-diagnostics -enable-testing -g -module-cache-path /Users/builder/builds/UKfvDsi8u/3/finestructure/swiftpackageindex-builder/spi-builder-workspace/.derivedData/ModuleCache.noindex -profile-generate -profile-coverage-mapping -swift-version 5 -enforce-exclusivity\=checked -Onone -D SWIFT_PACKAGE -D DEBUG -D Xcode -serialize-debugging-options -package-name spi_builder_workspace -const-gather-protocols-file /Users/builder/builds/UKfvDsi8u/3/finestructure/swiftpackageindex-builder/spi-builder-workspace/.derivedData/Build/Intermediates.noindex/Threading.build/Debug-watchos/ThreadingTests.build/Objects-normal/armv7k/ThreadingTests_const_extract_protocols.json -empty-abi-descriptor -validate-clang-modules-once -clang-build-session-file /Users/builder/builds/UKfvDsi8u/3/finestructure/swiftpackageindex-builder/spi-builder-workspace/.derivedData/ModuleCache.noindex/Session.modulevalidation -Xcc -working-directory -Xcc /Users/builder/builds/UKfvDsi8u/3/finestructure/swiftpackageindex-builder/spi-builder-workspace -resource-dir /Applications/Xcode-15.2.0.app/Contents/Developer/Toolchains/XcodeDefault.xctoolchain/usr/lib/swift -enable-anonymous-context-mangled-names -Xcc -fmodule-map-file\=/Users/builder/builds/UKfvDsi8u/3/finestructure/swiftpackageindex-builder/spi-builder-workspace/.derivedData/Build/Intermediates.noindex/GeneratedModuleMaps-watchos/CwlCatchExceptionSupport.modulemap -Xcc -fmodule-map-file\=/Users/builder/builds/UKfvDsi8u/3/finestructure/swiftpackageindex-builder/spi-builder-workspace/.derivedData/Build/Intermediates.noindex/GeneratedModuleMaps-watchos/CwlMachBadInstructionHandler.modulemap -Xcc -ivfsstatcache -Xcc /Users/builder/builds/UKfvDsi8u/3/finestructure/swiftpackageindex-builder/spi-builder-workspace/.derivedData/SDKStatCaches.noindex/watchos10.2-21S355-1a03c8d25fc3596eb74c01d649b42752.sdkstatcache -Xcc -I/Users/builder/builds/UKfvDsi8u/3/finestructure/swiftpackageindex-builder/spi-builder-workspace/.dependencies/checkouts/CwlCatchException/Sources/CwlCatchExceptionSupport/include -Xcc -I/Users/builder/builds/UKfvDsi8u/3/finestructure/swiftpackageindex-builder/spi-builder-workspace/.dependencies/checkouts/CwlPreconditionTesting/Sources/CwlMachBadInstructionHandler/include -Xcc -I/Users/builder/builds/UKfvDsi8u/3/finestructure/swiftpackageindex-builder/spi-builder-workspace/.derivedData/Build/Products/Debug-watchos/include -Xcc -I/Users/builder/builds/UKfvDsi8u/3/finestructure/swiftpackageindex-builder/spi-builder-workspace/.derivedData/Build/Intermediates.noindex/Threading.build/Debug-watchos/ThreadingTests.build/DerivedSources-normal/armv7k -Xcc -I/Users/builder/builds/UKfvDsi8u/3/finestructure/swiftpackageindex-builder/spi-builder-workspace/.derivedData/Build/Intermediates.noindex/Threading.build/Debug-watchos/ThreadingTests.build/DerivedSources/armv7k -Xcc -I/Users/builder/builds/UKfvDsi8u/3/finestructure/swiftpackageindex-builder/spi-builder-workspace/.derivedData/Build/Intermediates.noindex/Threading.build/Debug-watchos/ThreadingTests.build/DerivedSources -Xcc -DSWIFT_PACKAGE -Xcc -DDEBUG\=1 -module-name ThreadingTests -frontend-parseable-output -disable-clang-spi -target-sdk-version 10.2 -target-sdk-name watchos10.2 -external-plugin-path /Applications/Xcode-15.2.0.app/Contents/Developer/Platforms/WatchOS.platform/Developer/SDKs/WatchOS10.2.sdk/usr/lib/swift/host/plugins\#/Applications/Xcode-15.2.0.app/Contents/Developer/Platforms/WatchOS.platform/Developer/SDKs/WatchOS10.2.sdk/usr/bin/swift-plugin-server -external-plugin-path /Applications/Xcode-15.2.0.app/Contents/Developer/Platforms/WatchOS.platform/Developer/SDKs/WatchOS10.2.sdk/usr/local/lib/swift/host/plugins\#/Applications/Xcode-15.2.0.app/Contents/Developer/Platforms/WatchOS.platform/Developer/SDKs/WatchOS10.2.sdk/usr/bin/swift-plugin-server -external-plugin-path /Applications/Xcode-15.2.0.app/Contents/Developer/Platforms/WatchOS.platform/Developer/usr/lib/swift/host/plugins\#/Applications/Xcode-15.2.0.app/Contents/Developer/Platforms/WatchOS.platform/Developer/usr/bin/swift-plugin-server -external-plugin-path /Applications/Xcode-15.2.0.app/Contents/Developer/Platforms/WatchOS.platform/Developer/usr/local/lib/swift/host/plugins\#/Applications/Xcode-15.2.0.app/Contents/Developer/Platforms/WatchOS.platform/Developer/usr/bin/swift-plugin-server -plugin-path /Applications/Xcode-15.2.0.app/Contents/Developer/Toolchains/XcodeDefault.xctoolchain/usr/lib/swift/host/plugins -plugin-path /Applications/Xcode-15.2.0.app/Contents/Developer/Toolchains/XcodeDefault.xctoolchain/usr/local/lib/swift/host/plugins -o /Users/builder/builds/UKfvDsi8u/3/finestructure/swiftpackageindex-builder/spi-builder-workspace/.derivedData/Build/Intermediates.noindex/Threading.build/Debug-watchos/ThreadingTests.build/Objects-normal/armv7k/DelayedQueueTests.o -index-unit-output-path /Threading.build/Debug-watchos/ThreadingTests.build/Objects-normal/armv7k/DelayedQueueTests.o -index-store-path /Users/builder/builds/UKfvDsi8u/3/finestructure/swiftpackageindex-builder/spi-builder-workspace/.derivedData/Index.noindex/DataStore -index-system-modules
Copy /Users/builder/builds/UKfvDsi8u/3/finestructure/swiftpackageindex-builder/spi-builder-workspace/.derivedData/Build/Products/Debug-watchos/ThreadingTests.swiftmodule/arm64-apple-watchos.swiftmodule /Users/builder/builds/UKfvDsi8u/3/finestructure/swiftpackageindex-builder/spi-builder-workspace/.derivedData/Build/Intermediates.noindex/Threading.build/Debug-watchos/ThreadingTests.build/Objects-normal/arm64/ThreadingTests.swiftmodule (in target 'ThreadingTests' from project 'Threading')
    cd /Users/builder/builds/UKfvDsi8u/3/finestructure/swiftpackageindex-builder/spi-builder-workspace
    builtin-copy -exclude .DS_Store -exclude CVS -exclude .svn -exclude .git -exclude .hg -resolve-src-symlinks -rename /Users/builder/builds/UKfvDsi8u/3/finestructure/swiftpackageindex-builder/spi-builder-workspace/.derivedData/Build/Intermediates.noindex/Threading.build/Debug-watchos/ThreadingTests.build/Objects-normal/arm64/ThreadingTests.swiftmodule /Users/builder/builds/UKfvDsi8u/3/finestructure/swiftpackageindex-builder/spi-builder-workspace/.derivedData/Build/Products/Debug-watchos/ThreadingTests.swiftmodule/arm64-apple-watchos.swiftmodule
SwiftDriverJobDiscovery normal arm64 Compiling DispatchTime_QueueTests.swift (in target 'ThreadingTests' from project 'Threading')
Copy /Users/builder/builds/UKfvDsi8u/3/finestructure/swiftpackageindex-builder/spi-builder-workspace/.derivedData/Build/Products/Debug-watchos/ThreadingTests.swiftmodule/arm64-apple-watchos.swiftdoc /Users/builder/builds/UKfvDsi8u/3/finestructure/swiftpackageindex-builder/spi-builder-workspace/.derivedData/Build/Intermediates.noindex/Threading.build/Debug-watchos/ThreadingTests.build/Objects-normal/arm64/ThreadingTests.swiftdoc (in target 'ThreadingTests' from project 'Threading')
    cd /Users/builder/builds/UKfvDsi8u/3/finestructure/swiftpackageindex-builder/spi-builder-workspace
    builtin-copy -exclude .DS_Store -exclude CVS -exclude .svn -exclude .git -exclude .hg -resolve-src-symlinks -rename /Users/builder/builds/UKfvDsi8u/3/finestructure/swiftpackageindex-builder/spi-builder-workspace/.derivedData/Build/Intermediates.noindex/Threading.build/Debug-watchos/ThreadingTests.build/Objects-normal/arm64/ThreadingTests.swiftdoc /Users/builder/builds/UKfvDsi8u/3/finestructure/swiftpackageindex-builder/spi-builder-workspace/.derivedData/Build/Products/Debug-watchos/ThreadingTests.swiftmodule/arm64-apple-watchos.swiftdoc
SwiftDriverJobDiscovery normal arm64 Compiling DelayedQueueTests.swift (in target 'ThreadingTests' from project 'Threading')
Copy /Users/builder/builds/UKfvDsi8u/3/finestructure/swiftpackageindex-builder/spi-builder-workspace/.derivedData/Build/Products/Debug-watchos/ThreadingTests.swiftmodule/arm64-apple-watchos.abi.json /Users/builder/builds/UKfvDsi8u/3/finestructure/swiftpackageindex-builder/spi-builder-workspace/.derivedData/Build/Intermediates.noindex/Threading.build/Debug-watchos/ThreadingTests.build/Objects-normal/arm64/ThreadingTests.abi.json (in target 'ThreadingTests' from project 'Threading')
    cd /Users/builder/builds/UKfvDsi8u/3/finestructure/swiftpackageindex-builder/spi-builder-workspace
    builtin-copy -exclude .DS_Store -exclude CVS -exclude .svn -exclude .git -exclude .hg -resolve-src-symlinks -rename /Users/builder/builds/UKfvDsi8u/3/finestructure/swiftpackageindex-builder/spi-builder-workspace/.derivedData/Build/Intermediates.noindex/Threading.build/Debug-watchos/ThreadingTests.build/Objects-normal/arm64/ThreadingTests.abi.json /Users/builder/builds/UKfvDsi8u/3/finestructure/swiftpackageindex-builder/spi-builder-workspace/.derivedData/Build/Products/Debug-watchos/ThreadingTests.swiftmodule/arm64-apple-watchos.abi.json
Copy /Users/builder/builds/UKfvDsi8u/3/finestructure/swiftpackageindex-builder/spi-builder-workspace/.derivedData/Build/Products/Debug-watchos/ThreadingTests.swiftmodule/Project/arm64-apple-watchos.swiftsourceinfo /Users/builder/builds/UKfvDsi8u/3/finestructure/swiftpackageindex-builder/spi-builder-workspace/.derivedData/Build/Intermediates.noindex/Threading.build/Debug-watchos/ThreadingTests.build/Objects-normal/arm64/ThreadingTests.swiftsourceinfo (in target 'ThreadingTests' from project 'Threading')
    cd /Users/builder/builds/UKfvDsi8u/3/finestructure/swiftpackageindex-builder/spi-builder-workspace
    builtin-copy -exclude .DS_Store -exclude CVS -exclude .svn -exclude .git -exclude .hg -resolve-src-symlinks -rename /Users/builder/builds/UKfvDsi8u/3/finestructure/swiftpackageindex-builder/spi-builder-workspace/.derivedData/Build/Intermediates.noindex/Threading.build/Debug-watchos/ThreadingTests.build/Objects-normal/arm64/ThreadingTests.swiftsourceinfo /Users/builder/builds/UKfvDsi8u/3/finestructure/swiftpackageindex-builder/spi-builder-workspace/.derivedData/Build/Products/Debug-watchos/ThreadingTests.swiftmodule/Project/arm64-apple-watchos.swiftsourceinfo
SwiftDriver\ Compilation ThreadingTests normal arm64 com.apple.xcode.tools.swift.compiler (in target 'ThreadingTests' from project 'Threading')
    cd /Users/builder/builds/UKfvDsi8u/3/finestructure/swiftpackageindex-builder/spi-builder-workspace
    builtin-Swift-Compilation -- /Applications/Xcode-15.2.0.app/Contents/Developer/Toolchains/XcodeDefault.xctoolchain/usr/bin/swiftc -module-name ThreadingTests -Onone -enforce-exclusivity\=checked @/Users/builder/builds/UKfvDsi8u/3/finestructure/swiftpackageindex-builder/spi-builder-workspace/.derivedData/Build/Intermediates.noindex/Threading.build/Debug-watchos/ThreadingTests.build/Objects-normal/arm64/ThreadingTests.SwiftFileList -DSWIFT_PACKAGE -DDEBUG -Xcc -fmodule-map-file\=/Users/builder/builds/UKfvDsi8u/3/finestructure/swiftpackageindex-builder/spi-builder-workspace/.derivedData/Build/Intermediates.noindex/GeneratedModuleMaps-watchos/CwlCatchExceptionSupport.modulemap -Xcc -fmodule-map-file\=/Users/builder/builds/UKfvDsi8u/3/finestructure/swiftpackageindex-builder/spi-builder-workspace/.derivedData/Build/Intermediates.noindex/GeneratedModuleMaps-watchos/CwlMachBadInstructionHandler.modulemap -DXcode -sdk /Applications/Xcode-15.2.0.app/Contents/Developer/Platforms/WatchOS.platform/Developer/SDKs/WatchOS10.2.sdk -target arm64-apple-watchos7.0 -g -module-cache-path /Users/builder/builds/UKfvDsi8u/3/finestructure/swiftpackageindex-builder/spi-builder-workspace/.derivedData/ModuleCache.noindex -Xfrontend -serialize-debugging-options -profile-coverage-mapping -profile-generate -enable-testing -index-store-path /Users/builder/builds/UKfvDsi8u/3/finestructure/swiftpackageindex-builder/spi-builder-workspace/.derivedData/Index.noindex/DataStore -swift-version 5 -I /Users/builder/builds/UKfvDsi8u/3/finestructure/swiftpackageindex-builder/spi-builder-workspace/.derivedData/Build/Products/Debug-watchos -I /Applications/Xcode-15.2.0.app/Contents/Developer/Platforms/WatchOS.platform/Developer/usr/lib -F /Users/builder/builds/UKfvDsi8u/3/finestructure/swiftpackageindex-builder/spi-builder-workspace/.derivedData/Build/Products/Debug-watchos/PackageFrameworks -F /Users/builder/builds/UKfvDsi8u/3/finestructure/swiftpackageindex-builder/spi-builder-workspace/.derivedData/Build/Products/Debug-watchos/PackageFrameworks -F /Users/builder/builds/UKfvDsi8u/3/finestructure/swiftpackageindex-builder/spi-builder-workspace/.derivedData/Build/Products/Debug-watchos/PackageFrameworks -F /Users/builder/builds/UKfvDsi8u/3/finestructure/swiftpackageindex-builder/spi-builder-workspace/.derivedData/Build/Products/Debug-watchos/PackageFrameworks -F /Users/builder/builds/UKfvDsi8u/3/finestructure/swiftpackageindex-builder/spi-builder-workspace/.derivedData/Build/Products/Debug-watchos/PackageFrameworks -F /Users/builder/builds/UKfvDsi8u/3/finestructure/swiftpackageindex-builder/spi-builder-workspace/.derivedData/Build/Products/Debug-watchos/PackageFrameworks -F /Users/builder/builds/UKfvDsi8u/3/finestructure/swiftpackageindex-builder/spi-builder-workspace/.derivedData/Build/Products/Debug-watchos/PackageFrameworks -F /Users/builder/builds/UKfvDsi8u/3/finestructure/swiftpackageindex-builder/spi-builder-workspace/.derivedData/Build/Products/Debug-watchos -F /Applications/Xcode-15.2.0.app/Contents/Developer/Platforms/WatchOS.platform/Developer/Library/Frameworks -F /Applications/Xcode-15.2.0.app/Contents/Developer/Platforms/WatchOS.platform/Developer/SDKs/WatchOS10.2.sdk/Developer/Library/Frameworks -c -j8 -enable-batch-mode -incremental -Xcc -ivfsstatcache -Xcc /Users/builder/builds/UKfvDsi8u/3/finestructure/swiftpackageindex-builder/spi-builder-workspace/.derivedData/SDKStatCaches.noindex/watchos10.2-21S355-1a03c8d25fc3596eb74c01d649b42752.sdkstatcache -output-file-map /Users/builder/builds/UKfvDsi8u/3/finestructure/swiftpackageindex-builder/spi-builder-workspace/.derivedData/Build/Intermediates.noindex/Threading.build/Debug-watchos/ThreadingTests.build/Objects-normal/arm64/ThreadingTests-OutputFileMap.json -use-frontend-parseable-output -save-temps -no-color-diagnostics -serialize-diagnostics -emit-dependencies -emit-module -emit-module-path /Users/builder/builds/UKfvDsi8u/3/finestructure/swiftpackageindex-builder/spi-builder-workspace/.derivedData/Build/Intermediates.noindex/Threading.build/Debug-watchos/ThreadingTests.build/Objects-normal/arm64/ThreadingTests.swiftmodule -validate-clang-modules-once -clang-build-session-file /Users/builder/builds/UKfvDsi8u/3/finestructure/swiftpackageindex-builder/spi-builder-workspace/.derivedData/ModuleCache.noindex/Session.modulevalidation -Xfrontend -package-name -Xfrontend spi_builder_workspace -emit-const-values -Xfrontend -const-gather-protocols-file -Xfrontend /Users/builder/builds/UKfvDsi8u/3/finestructure/swiftpackageindex-builder/spi-builder-workspace/.derivedData/Build/Intermediates.noindex/Threading.build/Debug-watchos/ThreadingTests.build/Objects-normal/arm64/ThreadingTests_const_extract_protocols.json -Xcc -I/Users/builder/builds/UKfvDsi8u/3/finestructure/swiftpackageindex-builder/spi-builder-workspace/.dependencies/checkouts/CwlCatchException/Sources/CwlCatchExceptionSupport/include -Xcc -I/Users/builder/builds/UKfvDsi8u/3/finestructure/swiftpackageindex-builder/spi-builder-workspace/.dependencies/checkouts/CwlPreconditionTesting/Sources/CwlMachBadInstructionHandler/include -Xcc -I/Users/builder/builds/UKfvDsi8u/3/finestructure/swiftpackageindex-builder/spi-builder-workspace/.derivedData/Build/Products/Debug-watchos/include -Xcc -I/Users/builder/builds/UKfvDsi8u/3/finestructure/swiftpackageindex-builder/spi-builder-workspace/.derivedData/Build/Intermediates.noindex/Threading.build/Debug-watchos/ThreadingTests.build/DerivedSources-normal/arm64 -Xcc -I/Users/builder/builds/UKfvDsi8u/3/finestructure/swiftpackageindex-builder/spi-builder-workspace/.derivedData/Build/Intermediates.noindex/Threading.build/Debug-watchos/ThreadingTests.build/DerivedSources/arm64 -Xcc -I/Users/builder/builds/UKfvDsi8u/3/finestructure/swiftpackageindex-builder/spi-builder-workspace/.derivedData/Build/Intermediates.noindex/Threading.build/Debug-watchos/ThreadingTests.build/DerivedSources -Xcc -DSWIFT_PACKAGE -Xcc -DDEBUG\=1 -working-directory /Users/builder/builds/UKfvDsi8u/3/finestructure/swiftpackageindex-builder/spi-builder-workspace -experimental-emit-module-separately -disable-cmo
SwiftCompile normal armv7k Compiling\ DispatchTime_QueueTests.swift /Users/builder/builds/UKfvDsi8u/3/finestructure/swiftpackageindex-builder/spi-builder-workspace/Tests/DispatchTime_QueueTests.swift (in target 'ThreadingTests' from project 'Threading')
    cd /Users/builder/builds/UKfvDsi8u/3/finestructure/swiftpackageindex-builder/spi-builder-workspace
    builtin-swiftTaskExecution -- /Applications/Xcode-15.2.0.app/Contents/Developer/Toolchains/XcodeDefault.xctoolchain/usr/bin/swift-frontend -frontend -c /Users/builder/builds/UKfvDsi8u/3/finestructure/swiftpackageindex-builder/spi-builder-workspace/Tests/DelayedQueueTests.swift -primary-file /Users/builder/builds/UKfvDsi8u/3/finestructure/swiftpackageindex-builder/spi-builder-workspace/Tests/DispatchTime_QueueTests.swift /Users/builder/builds/UKfvDsi8u/3/finestructure/swiftpackageindex-builder/spi-builder-workspace/Tests/QueueTests.swift -emit-dependencies-path /Users/builder/builds/UKfvDsi8u/3/finestructure/swiftpackageindex-builder/spi-builder-workspace/.derivedData/Build/Intermediates.noindex/Threading.build/Debug-watchos/ThreadingTests.build/Objects-normal/armv7k/DispatchTime_QueueTests.d -emit-const-values-path /Users/builder/builds/UKfvDsi8u/3/finestructure/swiftpackageindex-builder/spi-builder-workspace/.derivedData/Build/Intermediates.noindex/Threading.build/Debug-watchos/ThreadingTests.build/Objects-normal/armv7k/DispatchTime_QueueTests.swiftconstvalues -emit-reference-dependencies-path /Users/builder/builds/UKfvDsi8u/3/finestructure/swiftpackageindex-builder/spi-builder-workspace/.derivedData/Build/Intermediates.noindex/Threading.build/Debug-watchos/ThreadingTests.build/Objects-normal/armv7k/DispatchTime_QueueTests.swiftdeps -serialize-diagnostics-path /Users/builder/builds/UKfvDsi8u/3/finestructure/swiftpackageindex-builder/spi-builder-workspace/.derivedData/Build/Intermediates.noindex/Threading.build/Debug-watchos/ThreadingTests.build/Objects-normal/armv7k/DispatchTime_QueueTests.dia -target armv7k-apple-watchos7.0 -enable-objc-interop -stack-check -sdk /Applications/Xcode-15.2.0.app/Contents/Developer/Platforms/WatchOS.platform/Developer/SDKs/WatchOS10.2.sdk -I /Users/builder/builds/UKfvDsi8u/3/finestructure/swiftpackageindex-builder/spi-builder-workspace/.derivedData/Build/Products/Debug-watchos -I /Applications/Xcode-15.2.0.app/Contents/Developer/Platforms/WatchOS.platform/Developer/usr/lib -F /Users/builder/builds/UKfvDsi8u/3/finestructure/swiftpackageindex-builder/spi-builder-workspace/.derivedData/Build/Products/Debug-watchos/PackageFrameworks -F /Users/builder/builds/UKfvDsi8u/3/finestructure/swiftpackageindex-builder/spi-builder-workspace/.derivedData/Build/Products/Debug-watchos/PackageFrameworks -F /Users/builder/builds/UKfvDsi8u/3/finestructure/swiftpackageindex-builder/spi-builder-workspace/.derivedData/Build/Products/Debug-watchos/PackageFrameworks -F /Users/builder/builds/UKfvDsi8u/3/finestructure/swiftpackageindex-builder/spi-builder-workspace/.derivedData/Build/Products/Debug-watchos/PackageFrameworks -F /Users/builder/builds/UKfvDsi8u/3/finestructure/swiftpackageindex-builder/spi-builder-workspace/.derivedData/Build/Products/Debug-watchos/PackageFrameworks -F /Users/builder/builds/UKfvDsi8u/3/finestructure/swiftpackageindex-builder/spi-builder-workspace/.derivedData/Build/Products/Debug-watchos/PackageFrameworks -F /Users/builder/builds/UKfvDsi8u/3/finestructure/swiftpackageindex-builder/spi-builder-workspace/.derivedData/Build/Products/Debug-watchos/PackageFrameworks -F /Users/builder/builds/UKfvDsi8u/3/finestructure/swiftpackageindex-builder/spi-builder-workspace/.derivedData/Build/Products/Debug-watchos -F /Applications/Xcode-15.2.0.app/Contents/Developer/Platforms/WatchOS.platform/Developer/Library/Frameworks -F /Applications/Xcode-15.2.0.app/Contents/Developer/Platforms/WatchOS.platform/Developer/SDKs/WatchOS10.2.sdk/Developer/Library/Frameworks -no-color-diagnostics -enable-testing -g -module-cache-path /Users/builder/builds/UKfvDsi8u/3/finestructure/swiftpackageindex-builder/spi-builder-workspace/.derivedData/ModuleCache.noindex -profile-generate -profile-coverage-mapping -swift-version 5 -enforce-exclusivity\=checked -Onone -D SWIFT_PACKAGE -D DEBUG -D Xcode -serialize-debugging-options -package-name spi_builder_workspace -const-gather-protocols-file /Users/builder/builds/UKfvDsi8u/3/finestructure/swiftpackageindex-builder/spi-builder-workspace/.derivedData/Build/Intermediates.noindex/Threading.build/Debug-watchos/ThreadingTests.build/Objects-normal/armv7k/ThreadingTests_const_extract_protocols.json -empty-abi-descriptor -validate-clang-modules-once -clang-build-session-file /Users/builder/builds/UKfvDsi8u/3/finestructure/swiftpackageindex-builder/spi-builder-workspace/.derivedData/ModuleCache.noindex/Session.modulevalidation -Xcc -working-directory -Xcc /Users/builder/builds/UKfvDsi8u/3/finestructure/swiftpackageindex-builder/spi-builder-workspace -resource-dir /Applications/Xcode-15.2.0.app/Contents/Developer/Toolchains/XcodeDefault.xctoolchain/usr/lib/swift -enable-anonymous-context-mangled-names -Xcc -fmodule-map-file\=/Users/builder/builds/UKfvDsi8u/3/finestructure/swiftpackageindex-builder/spi-builder-workspace/.derivedData/Build/Intermediates.noindex/GeneratedModuleMaps-watchos/CwlCatchExceptionSupport.modulemap -Xcc -fmodule-map-file\=/Users/builder/builds/UKfvDsi8u/3/finestructure/swiftpackageindex-builder/spi-builder-workspace/.derivedData/Build/Intermediates.noindex/GeneratedModuleMaps-watchos/CwlMachBadInstructionHandler.modulemap -Xcc -ivfsstatcache -Xcc /Users/builder/builds/UKfvDsi8u/3/finestructure/swiftpackageindex-builder/spi-builder-workspace/.derivedData/SDKStatCaches.noindex/watchos10.2-21S355-1a03c8d25fc3596eb74c01d649b42752.sdkstatcache -Xcc -I/Users/builder/builds/UKfvDsi8u/3/finestructure/swiftpackageindex-builder/spi-builder-workspace/.dependencies/checkouts/CwlCatchException/Sources/CwlCatchExceptionSupport/include -Xcc -I/Users/builder/builds/UKfvDsi8u/3/finestructure/swiftpackageindex-builder/spi-builder-workspace/.dependencies/checkouts/CwlPreconditionTesting/Sources/CwlMachBadInstructionHandler/include -Xcc -I/Users/builder/builds/UKfvDsi8u/3/finestructure/swiftpackageindex-builder/spi-builder-workspace/.derivedData/Build/Products/Debug-watchos/include -Xcc -I/Users/builder/builds/UKfvDsi8u/3/finestructure/swiftpackageindex-builder/spi-builder-workspace/.derivedData/Build/Intermediates.noindex/Threading.build/Debug-watchos/ThreadingTests.build/DerivedSources-normal/armv7k -Xcc -I/Users/builder/builds/UKfvDsi8u/3/finestructure/swiftpackageindex-builder/spi-builder-workspace/.derivedData/Build/Intermediates.noindex/Threading.build/Debug-watchos/ThreadingTests.build/DerivedSources/armv7k -Xcc -I/Users/builder/builds/UKfvDsi8u/3/finestructure/swiftpackageindex-builder/spi-builder-workspace/.derivedData/Build/Intermediates.noindex/Threading.build/Debug-watchos/ThreadingTests.build/DerivedSources -Xcc -DSWIFT_PACKAGE -Xcc -DDEBUG\=1 -module-name ThreadingTests -frontend-parseable-output -disable-clang-spi -target-sdk-version 10.2 -target-sdk-name watchos10.2 -external-plugin-path /Applications/Xcode-15.2.0.app/Contents/Developer/Platforms/WatchOS.platform/Developer/SDKs/WatchOS10.2.sdk/usr/lib/swift/host/plugins\#/Applications/Xcode-15.2.0.app/Contents/Developer/Platforms/WatchOS.platform/Developer/SDKs/WatchOS10.2.sdk/usr/bin/swift-plugin-server -external-plugin-path /Applications/Xcode-15.2.0.app/Contents/Developer/Platforms/WatchOS.platform/Developer/SDKs/WatchOS10.2.sdk/usr/local/lib/swift/host/plugins\#/Applications/Xcode-15.2.0.app/Contents/Developer/Platforms/WatchOS.platform/Developer/SDKs/WatchOS10.2.sdk/usr/bin/swift-plugin-server -external-plugin-path /Applications/Xcode-15.2.0.app/Contents/Developer/Platforms/WatchOS.platform/Developer/usr/lib/swift/host/plugins\#/Applications/Xcode-15.2.0.app/Contents/Developer/Platforms/WatchOS.platform/Developer/usr/bin/swift-plugin-server -external-plugin-path /Applications/Xcode-15.2.0.app/Contents/Developer/Platforms/WatchOS.platform/Developer/usr/local/lib/swift/host/plugins\#/Applications/Xcode-15.2.0.app/Contents/Developer/Platforms/WatchOS.platform/Developer/usr/bin/swift-plugin-server -plugin-path /Applications/Xcode-15.2.0.app/Contents/Developer/Toolchains/XcodeDefault.xctoolchain/usr/lib/swift/host/plugins -plugin-path /Applications/Xcode-15.2.0.app/Contents/Developer/Toolchains/XcodeDefault.xctoolchain/usr/local/lib/swift/host/plugins -o /Users/builder/builds/UKfvDsi8u/3/finestructure/swiftpackageindex-builder/spi-builder-workspace/.derivedData/Build/Intermediates.noindex/Threading.build/Debug-watchos/ThreadingTests.build/Objects-normal/armv7k/DispatchTime_QueueTests.o -index-unit-output-path /Threading.build/Debug-watchos/ThreadingTests.build/Objects-normal/armv7k/DispatchTime_QueueTests.o -index-store-path /Users/builder/builds/UKfvDsi8u/3/finestructure/swiftpackageindex-builder/spi-builder-workspace/.derivedData/Index.noindex/DataStore -index-system-modules
SwiftCompile normal armv7k /Users/builder/builds/UKfvDsi8u/3/finestructure/swiftpackageindex-builder/spi-builder-workspace/Tests/DispatchTime_QueueTests.swift (in target 'ThreadingTests' from project 'Threading')
    cd /Users/builder/builds/UKfvDsi8u/3/finestructure/swiftpackageindex-builder/spi-builder-workspace
    /Applications/Xcode-15.2.0.app/Contents/Developer/Toolchains/XcodeDefault.xctoolchain/usr/bin/swift-frontend -c /Users/builder/builds/UKfvDsi8u/3/finestructure/swiftpackageindex-builder/spi-builder-workspace/Tests/DelayedQueueTests.swift -primary-file /Users/builder/builds/UKfvDsi8u/3/finestructure/swiftpackageindex-builder/spi-builder-workspace/Tests/DispatchTime_QueueTests.swift /Users/builder/builds/UKfvDsi8u/3/finestructure/swiftpackageindex-builder/spi-builder-workspace/Tests/QueueTests.swift -emit-dependencies-path /Users/builder/builds/UKfvDsi8u/3/finestructure/swiftpackageindex-builder/spi-builder-workspace/.derivedData/Build/Intermediates.noindex/Threading.build/Debug-watchos/ThreadingTests.build/Objects-normal/armv7k/DispatchTime_QueueTests.d -emit-const-values-path /Users/builder/builds/UKfvDsi8u/3/finestructure/swiftpackageindex-builder/spi-builder-workspace/.derivedData/Build/Intermediates.noindex/Threading.build/Debug-watchos/ThreadingTests.build/Objects-normal/armv7k/DispatchTime_QueueTests.swiftconstvalues -emit-reference-dependencies-path /Users/builder/builds/UKfvDsi8u/3/finestructure/swiftpackageindex-builder/spi-builder-workspace/.derivedData/Build/Intermediates.noindex/Threading.build/Debug-watchos/ThreadingTests.build/Objects-normal/armv7k/DispatchTime_QueueTests.swiftdeps -serialize-diagnostics-path /Users/builder/builds/UKfvDsi8u/3/finestructure/swiftpackageindex-builder/spi-builder-workspace/.derivedData/Build/Intermediates.noindex/Threading.build/Debug-watchos/ThreadingTests.build/Objects-normal/armv7k/DispatchTime_QueueTests.dia -target armv7k-apple-watchos7.0 -enable-objc-interop -stack-check -sdk /Applications/Xcode-15.2.0.app/Contents/Developer/Platforms/WatchOS.platform/Developer/SDKs/WatchOS10.2.sdk -I /Users/builder/builds/UKfvDsi8u/3/finestructure/swiftpackageindex-builder/spi-builder-workspace/.derivedData/Build/Products/Debug-watchos -I /Applications/Xcode-15.2.0.app/Contents/Developer/Platforms/WatchOS.platform/Developer/usr/lib -F /Users/builder/builds/UKfvDsi8u/3/finestructure/swiftpackageindex-builder/spi-builder-workspace/.derivedData/Build/Products/Debug-watchos/PackageFrameworks -F /Users/builder/builds/UKfvDsi8u/3/finestructure/swiftpackageindex-builder/spi-builder-workspace/.derivedData/Build/Products/Debug-watchos/PackageFrameworks -F /Users/builder/builds/UKfvDsi8u/3/finestructure/swiftpackageindex-builder/spi-builder-workspace/.derivedData/Build/Products/Debug-watchos/PackageFrameworks -F /Users/builder/builds/UKfvDsi8u/3/finestructure/swiftpackageindex-builder/spi-builder-workspace/.derivedData/Build/Products/Debug-watchos/PackageFrameworks -F /Users/builder/builds/UKfvDsi8u/3/finestructure/swiftpackageindex-builder/spi-builder-workspace/.derivedData/Build/Products/Debug-watchos/PackageFrameworks -F /Users/builder/builds/UKfvDsi8u/3/finestructure/swiftpackageindex-builder/spi-builder-workspace/.derivedData/Build/Products/Debug-watchos/PackageFrameworks -F /Users/builder/builds/UKfvDsi8u/3/finestructure/swiftpackageindex-builder/spi-builder-workspace/.derivedData/Build/Products/Debug-watchos/PackageFrameworks -F /Users/builder/builds/UKfvDsi8u/3/finestructure/swiftpackageindex-builder/spi-builder-workspace/.derivedData/Build/Products/Debug-watchos -F /Applications/Xcode-15.2.0.app/Contents/Developer/Platforms/WatchOS.platform/Developer/Library/Frameworks -F /Applications/Xcode-15.2.0.app/Contents/Developer/Platforms/WatchOS.platform/Developer/SDKs/WatchOS10.2.sdk/Developer/Library/Frameworks -no-color-diagnostics -enable-testing -g -module-cache-path /Users/builder/builds/UKfvDsi8u/3/finestructure/swiftpackageindex-builder/spi-builder-workspace/.derivedData/ModuleCache.noindex -profile-generate -profile-coverage-mapping -swift-version 5 -enforce-exclusivity\=checked -Onone -D SWIFT_PACKAGE -D DEBUG -D Xcode -serialize-debugging-options -package-name spi_builder_workspace -const-gather-protocols-file /Users/builder/builds/UKfvDsi8u/3/finestructure/swiftpackageindex-builder/spi-builder-workspace/.derivedData/Build/Intermediates.noindex/Threading.build/Debug-watchos/ThreadingTests.build/Objects-normal/armv7k/ThreadingTests_const_extract_protocols.json -empty-abi-descriptor -validate-clang-modules-once -clang-build-session-file /Users/builder/builds/UKfvDsi8u/3/finestructure/swiftpackageindex-builder/spi-builder-workspace/.derivedData/ModuleCache.noindex/Session.modulevalidation -Xcc -working-directory -Xcc /Users/builder/builds/UKfvDsi8u/3/finestructure/swiftpackageindex-builder/spi-builder-workspace -resource-dir /Applications/Xcode-15.2.0.app/Contents/Developer/Toolchains/XcodeDefault.xctoolchain/usr/lib/swift -enable-anonymous-context-mangled-names -Xcc -fmodule-map-file\=/Users/builder/builds/UKfvDsi8u/3/finestructure/swiftpackageindex-builder/spi-builder-workspace/.derivedData/Build/Intermediates.noindex/GeneratedModuleMaps-watchos/CwlCatchExceptionSupport.modulemap -Xcc -fmodule-map-file\=/Users/builder/builds/UKfvDsi8u/3/finestructure/swiftpackageindex-builder/spi-builder-workspace/.derivedData/Build/Intermediates.noindex/GeneratedModuleMaps-watchos/CwlMachBadInstructionHandler.modulemap -Xcc -ivfsstatcache -Xcc /Users/builder/builds/UKfvDsi8u/3/finestructure/swiftpackageindex-builder/spi-builder-workspace/.derivedData/SDKStatCaches.noindex/watchos10.2-21S355-1a03c8d25fc3596eb74c01d649b42752.sdkstatcache -Xcc -I/Users/builder/builds/UKfvDsi8u/3/finestructure/swiftpackageindex-builder/spi-builder-workspace/.dependencies/checkouts/CwlCatchException/Sources/CwlCatchExceptionSupport/include -Xcc -I/Users/builder/builds/UKfvDsi8u/3/finestructure/swiftpackageindex-builder/spi-builder-workspace/.dependencies/checkouts/CwlPreconditionTesting/Sources/CwlMachBadInstructionHandler/include -Xcc -I/Users/builder/builds/UKfvDsi8u/3/finestructure/swiftpackageindex-builder/spi-builder-workspace/.derivedData/Build/Products/Debug-watchos/include -Xcc -I/Users/builder/builds/UKfvDsi8u/3/finestructure/swiftpackageindex-builder/spi-builder-workspace/.derivedData/Build/Intermediates.noindex/Threading.build/Debug-watchos/ThreadingTests.build/DerivedSources-normal/armv7k -Xcc -I/Users/builder/builds/UKfvDsi8u/3/finestructure/swiftpackageindex-builder/spi-builder-workspace/.derivedData/Build/Intermediates.noindex/Threading.build/Debug-watchos/ThreadingTests.build/DerivedSources/armv7k -Xcc -I/Users/builder/builds/UKfvDsi8u/3/finestructure/swiftpackageindex-builder/spi-builder-workspace/.derivedData/Build/Intermediates.noindex/Threading.build/Debug-watchos/ThreadingTests.build/DerivedSources -Xcc -DSWIFT_PACKAGE -Xcc -DDEBUG\=1 -module-name ThreadingTests -frontend-parseable-output -disable-clang-spi -target-sdk-version 10.2 -target-sdk-name watchos10.2 -external-plugin-path /Applications/Xcode-15.2.0.app/Contents/Developer/Platforms/WatchOS.platform/Developer/SDKs/WatchOS10.2.sdk/usr/lib/swift/host/plugins\#/Applications/Xcode-15.2.0.app/Contents/Developer/Platforms/WatchOS.platform/Developer/SDKs/WatchOS10.2.sdk/usr/bin/swift-plugin-server -external-plugin-path /Applications/Xcode-15.2.0.app/Contents/Developer/Platforms/WatchOS.platform/Developer/SDKs/WatchOS10.2.sdk/usr/local/lib/swift/host/plugins\#/Applications/Xcode-15.2.0.app/Contents/Developer/Platforms/WatchOS.platform/Developer/SDKs/WatchOS10.2.sdk/usr/bin/swift-plugin-server -external-plugin-path /Applications/Xcode-15.2.0.app/Contents/Developer/Platforms/WatchOS.platform/Developer/usr/lib/swift/host/plugins\#/Applications/Xcode-15.2.0.app/Contents/Developer/Platforms/WatchOS.platform/Developer/usr/bin/swift-plugin-server -external-plugin-path /Applications/Xcode-15.2.0.app/Contents/Developer/Platforms/WatchOS.platform/Developer/usr/local/lib/swift/host/plugins\#/Applications/Xcode-15.2.0.app/Contents/Developer/Platforms/WatchOS.platform/Developer/usr/bin/swift-plugin-server -plugin-path /Applications/Xcode-15.2.0.app/Contents/Developer/Toolchains/XcodeDefault.xctoolchain/usr/lib/swift/host/plugins -plugin-path /Applications/Xcode-15.2.0.app/Contents/Developer/Toolchains/XcodeDefault.xctoolchain/usr/local/lib/swift/host/plugins -o /Users/builder/builds/UKfvDsi8u/3/finestructure/swiftpackageindex-builder/spi-builder-workspace/.derivedData/Build/Intermediates.noindex/Threading.build/Debug-watchos/ThreadingTests.build/Objects-normal/armv7k/DispatchTime_QueueTests.o -index-unit-output-path /Threading.build/Debug-watchos/ThreadingTests.build/Objects-normal/armv7k/DispatchTime_QueueTests.o -index-store-path /Users/builder/builds/UKfvDsi8u/3/finestructure/swiftpackageindex-builder/spi-builder-workspace/.derivedData/Index.noindex/DataStore -index-system-modules
/Users/builder/builds/UKfvDsi8u/3/finestructure/swiftpackageindex-builder/spi-builder-workspace/Tests/DispatchTime_QueueTests.swift:9:75: error: arithmetic operation '22 * 100000000' (on type 'Int') results in an overflow
        XCTAssertEqual(DispatchTimeInterval.seconds(2.2), .nanoseconds(22 * Int(1E+8)))
                                                                       ~~ ^ ~~~~~~~~~
/Users/builder/builds/UKfvDsi8u/3/finestructure/swiftpackageindex-builder/spi-builder-workspace/Tests/DispatchTime_QueueTests.swift:21:83: error: arithmetic operation '22 * 100000000' (on type 'Int') results in an overflow
        XCTAssertEqual(DispatchTime.delayInSeconds(2.2), .now() + .nanoseconds(22 * Int(1E+8)))
                                                                               ~~ ^ ~~~~~~~~~
SwiftDriver\ Compilation ThreadingTestHelpers normal arm64_32 com.apple.xcode.tools.swift.compiler (in target 'ThreadingTestHelpers' from project 'Threading')
    cd /Users/builder/builds/UKfvDsi8u/3/finestructure/swiftpackageindex-builder/spi-builder-workspace
    builtin-Swift-Compilation -- /Applications/Xcode-15.2.0.app/Contents/Developer/Toolchains/XcodeDefault.xctoolchain/usr/bin/swiftc -module-name ThreadingTestHelpers -Onone -enforce-exclusivity\=checked @/Users/builder/builds/UKfvDsi8u/3/finestructure/swiftpackageindex-builder/spi-builder-workspace/.derivedData/Build/Intermediates.noindex/Threading.build/Debug-watchos/ThreadingTestHelpers.build/Objects-normal/arm64_32/ThreadingTestHelpers.SwiftFileList -DSWIFT_PACKAGE -DDEBUG -Xcc -fmodule-map-file\=/Users/builder/builds/UKfvDsi8u/3/finestructure/swiftpackageindex-builder/spi-builder-workspace/.derivedData/Build/Intermediates.noindex/GeneratedModuleMaps-watchos/CwlCatchExceptionSupport.modulemap -Xcc -fmodule-map-file\=/Users/builder/builds/UKfvDsi8u/3/finestructure/swiftpackageindex-builder/spi-builder-workspace/.derivedData/Build/Intermediates.noindex/GeneratedModuleMaps-watchos/CwlMachBadInstructionHandler.modulemap -DXcode -sdk /Applications/Xcode-15.2.0.app/Contents/Developer/Platforms/WatchOS.platform/Developer/SDKs/WatchOS10.2.sdk -target arm64_32-apple-watchos6.0 -g -module-cache-path /Users/builder/builds/UKfvDsi8u/3/finestructure/swiftpackageindex-builder/spi-builder-workspace/.derivedData/ModuleCache.noindex -Xfrontend -serialize-debugging-options -profile-coverage-mapping -profile-generate -enable-testing -index-store-path /Users/builder/builds/UKfvDsi8u/3/finestructure/swiftpackageindex-builder/spi-builder-workspace/.derivedData/Index.noindex/DataStore -swift-version 5 -I /Users/builder/builds/UKfvDsi8u/3/finestructure/swiftpackageindex-builder/spi-builder-workspace/.derivedData/Build/Products/Debug-watchos -I /Applications/Xcode-15.2.0.app/Contents/Developer/Platforms/WatchOS.platform/Developer/usr/lib -F /Users/builder/builds/UKfvDsi8u/3/finestructure/swiftpackageindex-builder/spi-builder-workspace/.derivedData/Build/Products/Debug-watchos/PackageFrameworks -F /Users/builder/builds/UKfvDsi8u/3/finestructure/swiftpackageindex-builder/spi-builder-workspace/.derivedData/Build/Products/Debug-watchos/PackageFrameworks -F /Users/builder/builds/UKfvDsi8u/3/finestructure/swiftpackageindex-builder/spi-builder-workspace/.derivedData/Build/Products/Debug-watchos/PackageFrameworks -F /Users/builder/builds/UKfvDsi8u/3/finestructure/swiftpackageindex-builder/spi-builder-workspace/.derivedData/Build/Products/Debug-watchos/PackageFrameworks -F /Users/builder/builds/UKfvDsi8u/3/finestructure/swiftpackageindex-builder/spi-builder-workspace/.derivedData/Build/Products/Debug-watchos/PackageFrameworks -F /Users/builder/builds/UKfvDsi8u/3/finestructure/swiftpackageindex-builder/spi-builder-workspace/.derivedData/Build/Products/Debug-watchos/PackageFrameworks -F /Users/builder/builds/UKfvDsi8u/3/finestructure/swiftpackageindex-builder/spi-builder-workspace/.derivedData/Build/Products/Debug-watchos -F /Applications/Xcode-15.2.0.app/Contents/Developer/Platforms/WatchOS.platform/Developer/Library/Frameworks -F /Applications/Xcode-15.2.0.app/Contents/Developer/Platforms/WatchOS.platform/Developer/SDKs/WatchOS10.2.sdk/Developer/Library/Frameworks -c -j8 -enable-batch-mode -incremental -Xcc -ivfsstatcache -Xcc /Users/builder/builds/UKfvDsi8u/3/finestructure/swiftpackageindex-builder/spi-builder-workspace/.derivedData/SDKStatCaches.noindex/watchos10.2-21S355-1a03c8d25fc3596eb74c01d649b42752.sdkstatcache -output-file-map /Users/builder/builds/UKfvDsi8u/3/finestructure/swiftpackageindex-builder/spi-builder-workspace/.derivedData/Build/Intermediates.noindex/Threading.build/Debug-watchos/ThreadingTestHelpers.build/Objects-normal/arm64_32/ThreadingTestHelpers-OutputFileMap.json -use-frontend-parseable-output -save-temps -no-color-diagnostics -serialize-diagnostics -emit-dependencies -emit-module -emit-module-path /Users/builder/builds/UKfvDsi8u/3/finestructure/swiftpackageindex-builder/spi-builder-workspace/.derivedData/Build/Intermediates.noindex/Threading.build/Debug-watchos/ThreadingTestHelpers.build/Objects-normal/arm64_32/ThreadingTestHelpers.swiftmodule -validate-clang-modules-once -clang-build-session-file /Users/builder/builds/UKfvDsi8u/3/finestructure/swiftpackageindex-builder/spi-builder-workspace/.derivedData/ModuleCache.noindex/Session.modulevalidation -Xfrontend -package-name -Xfrontend spi_builder_workspace -Xcc -I/Users/builder/builds/UKfvDsi8u/3/finestructure/swiftpackageindex-builder/spi-builder-workspace/.derivedData/Build/Intermediates.noindex/Threading.build/Debug-watchos/ThreadingTestHelpers.build/swift-overrides.hmap -emit-const-values -Xfrontend -const-gather-protocols-file -Xfrontend /Users/builder/builds/UKfvDsi8u/3/finestructure/swiftpackageindex-builder/spi-builder-workspace/.derivedData/Build/Intermediates.noindex/Threading.build/Debug-watchos/ThreadingTestHelpers.build/Objects-normal/arm64_32/ThreadingTestHelpers_const_extract_protocols.json -Xcc -I/Users/builder/builds/UKfvDsi8u/3/finestructure/swiftpackageindex-builder/spi-builder-workspace/.dependencies/checkouts/CwlCatchException/Sources/CwlCatchExceptionSupport/include -Xcc -I/Users/builder/builds/UKfvDsi8u/3/finestructure/swiftpackageindex-builder/spi-builder-workspace/.dependencies/checkouts/CwlPreconditionTesting/Sources/CwlMachBadInstructionHandler/include -Xcc -I/Users/builder/builds/UKfvDsi8u/3/finestructure/swiftpackageindex-builder/spi-builder-workspace/.derivedData/Build/Products/Debug-watchos/include -Xcc -I/Users/builder/builds/UKfvDsi8u/3/finestructure/swiftpackageindex-builder/spi-builder-workspace/.derivedData/Build/Intermediates.noindex/Threading.build/Debug-watchos/ThreadingTestHelpers.build/DerivedSources-normal/arm64_32 -Xcc -I/Users/builder/builds/UKfvDsi8u/3/finestructure/swiftpackageindex-builder/spi-builder-workspace/.derivedData/Build/Intermediates.noindex/Threading.build/Debug-watchos/ThreadingTestHelpers.build/DerivedSources/arm64_32 -Xcc -I/Users/builder/builds/UKfvDsi8u/3/finestructure/swiftpackageindex-builder/spi-builder-workspace/.derivedData/Build/Intermediates.noindex/Threading.build/Debug-watchos/ThreadingTestHelpers.build/DerivedSources -Xcc -DSWIFT_PACKAGE -Xcc -DDEBUG\=1 -emit-objc-header -emit-objc-header-path /Users/builder/builds/UKfvDsi8u/3/finestructure/swiftpackageindex-builder/spi-builder-workspace/.derivedData/Build/Intermediates.noindex/Threading.build/Debug-watchos/ThreadingTestHelpers.build/Objects-normal/arm64_32/ThreadingTestHelpers-Swift.h -working-directory /Users/builder/builds/UKfvDsi8u/3/finestructure/swiftpackageindex-builder/spi-builder-workspace -experimental-emit-module-separately -disable-cmo
SwiftDriverJobDiscovery normal armv7k Emitting module for ThreadingTests (in target 'ThreadingTests' from project 'Threading')
SwiftDriver\ Compilation ThreadingTestHelpers normal arm64 com.apple.xcode.tools.swift.compiler (in target 'ThreadingTestHelpers' from project 'Threading')
    cd /Users/builder/builds/UKfvDsi8u/3/finestructure/swiftpackageindex-builder/spi-builder-workspace
    builtin-Swift-Compilation -- /Applications/Xcode-15.2.0.app/Contents/Developer/Toolchains/XcodeDefault.xctoolchain/usr/bin/swiftc -module-name ThreadingTestHelpers -Onone -enforce-exclusivity\=checked @/Users/builder/builds/UKfvDsi8u/3/finestructure/swiftpackageindex-builder/spi-builder-workspace/.derivedData/Build/Intermediates.noindex/Threading.build/Debug-watchos/ThreadingTestHelpers.build/Objects-normal/arm64/ThreadingTestHelpers.SwiftFileList -DSWIFT_PACKAGE -DDEBUG -Xcc -fmodule-map-file\=/Users/builder/builds/UKfvDsi8u/3/finestructure/swiftpackageindex-builder/spi-builder-workspace/.derivedData/Build/Intermediates.noindex/GeneratedModuleMaps-watchos/CwlCatchExceptionSupport.modulemap -Xcc -fmodule-map-file\=/Users/builder/builds/UKfvDsi8u/3/finestructure/swiftpackageindex-builder/spi-builder-workspace/.derivedData/Build/Intermediates.noindex/GeneratedModuleMaps-watchos/CwlMachBadInstructionHandler.modulemap -DXcode -sdk /Applications/Xcode-15.2.0.app/Contents/Developer/Platforms/WatchOS.platform/Developer/SDKs/WatchOS10.2.sdk -target arm64-apple-watchos6.0 -g -module-cache-path /Users/builder/builds/UKfvDsi8u/3/finestructure/swiftpackageindex-builder/spi-builder-workspace/.derivedData/ModuleCache.noindex -Xfrontend -serialize-debugging-options -profile-coverage-mapping -profile-generate -enable-testing -index-store-path /Users/builder/builds/UKfvDsi8u/3/finestructure/swiftpackageindex-builder/spi-builder-workspace/.derivedData/Index.noindex/DataStore -swift-version 5 -I /Users/builder/builds/UKfvDsi8u/3/finestructure/swiftpackageindex-builder/spi-builder-workspace/.derivedData/Build/Products/Debug-watchos -I /Applications/Xcode-15.2.0.app/Contents/Developer/Platforms/WatchOS.platform/Developer/usr/lib -F /Users/builder/builds/UKfvDsi8u/3/finestructure/swiftpackageindex-builder/spi-builder-workspace/.derivedData/Build/Products/Debug-watchos/PackageFrameworks -F /Users/builder/builds/UKfvDsi8u/3/finestructure/swiftpackageindex-builder/spi-builder-workspace/.derivedData/Build/Products/Debug-watchos/PackageFrameworks -F /Users/builder/builds/UKfvDsi8u/3/finestructure/swiftpackageindex-builder/spi-builder-workspace/.derivedData/Build/Products/Debug-watchos/PackageFrameworks -F /Users/builder/builds/UKfvDsi8u/3/finestructure/swiftpackageindex-builder/spi-builder-workspace/.derivedData/Build/Products/Debug-watchos/PackageFrameworks -F /Users/builder/builds/UKfvDsi8u/3/finestructure/swiftpackageindex-builder/spi-builder-workspace/.derivedData/Build/Products/Debug-watchos/PackageFrameworks -F /Users/builder/builds/UKfvDsi8u/3/finestructure/swiftpackageindex-builder/spi-builder-workspace/.derivedData/Build/Products/Debug-watchos/PackageFrameworks -F /Users/builder/builds/UKfvDsi8u/3/finestructure/swiftpackageindex-builder/spi-builder-workspace/.derivedData/Build/Products/Debug-watchos -F /Applications/Xcode-15.2.0.app/Contents/Developer/Platforms/WatchOS.platform/Developer/Library/Frameworks -F /Applications/Xcode-15.2.0.app/Contents/Developer/Platforms/WatchOS.platform/Developer/SDKs/WatchOS10.2.sdk/Developer/Library/Frameworks -c -j8 -enable-batch-mode -incremental -Xcc -ivfsstatcache -Xcc /Users/builder/builds/UKfvDsi8u/3/finestructure/swiftpackageindex-builder/spi-builder-workspace/.derivedData/SDKStatCaches.noindex/watchos10.2-21S355-1a03c8d25fc3596eb74c01d649b42752.sdkstatcache -output-file-map /Users/builder/builds/UKfvDsi8u/3/finestructure/swiftpackageindex-builder/spi-builder-workspace/.derivedData/Build/Intermediates.noindex/Threading.build/Debug-watchos/ThreadingTestHelpers.build/Objects-normal/arm64/ThreadingTestHelpers-OutputFileMap.json -use-frontend-parseable-output -save-temps -no-color-diagnostics -serialize-diagnostics -emit-dependencies -emit-module -emit-module-path /Users/builder/builds/UKfvDsi8u/3/finestructure/swiftpackageindex-builder/spi-builder-workspace/.derivedData/Build/Intermediates.noindex/Threading.build/Debug-watchos/ThreadingTestHelpers.build/Objects-normal/arm64/ThreadingTestHelpers.swiftmodule -validate-clang-modules-once -clang-build-session-file /Users/builder/builds/UKfvDsi8u/3/finestructure/swiftpackageindex-builder/spi-builder-workspace/.derivedData/ModuleCache.noindex/Session.modulevalidation -Xfrontend -package-name -Xfrontend spi_builder_workspace -Xcc -I/Users/builder/builds/UKfvDsi8u/3/finestructure/swiftpackageindex-builder/spi-builder-workspace/.derivedData/Build/Intermediates.noindex/Threading.build/Debug-watchos/ThreadingTestHelpers.build/swift-overrides.hmap -emit-const-values -Xfrontend -const-gather-protocols-file -Xfrontend /Users/builder/builds/UKfvDsi8u/3/finestructure/swiftpackageindex-builder/spi-builder-workspace/.derivedData/Build/Intermediates.noindex/Threading.build/Debug-watchos/ThreadingTestHelpers.build/Objects-normal/arm64/ThreadingTestHelpers_const_extract_protocols.json -Xcc -I/Users/builder/builds/UKfvDsi8u/3/finestructure/swiftpackageindex-builder/spi-builder-workspace/.dependencies/checkouts/CwlCatchException/Sources/CwlCatchExceptionSupport/include -Xcc -I/Users/builder/builds/UKfvDsi8u/3/finestructure/swiftpackageindex-builder/spi-builder-workspace/.dependencies/checkouts/CwlPreconditionTesting/Sources/CwlMachBadInstructionHandler/include -Xcc -I/Users/builder/builds/UKfvDsi8u/3/finestructure/swiftpackageindex-builder/spi-builder-workspace/.derivedData/Build/Products/Debug-watchos/include -Xcc -I/Users/builder/builds/UKfvDsi8u/3/finestructure/swiftpackageindex-builder/spi-builder-workspace/.derivedData/Build/Intermediates.noindex/Threading.build/Debug-watchos/ThreadingTestHelpers.build/DerivedSources-normal/arm64 -Xcc -I/Users/builder/builds/UKfvDsi8u/3/finestructure/swiftpackageindex-builder/spi-builder-workspace/.derivedData/Build/Intermediates.noindex/Threading.build/Debug-watchos/ThreadingTestHelpers.build/DerivedSources/arm64 -Xcc -I/Users/builder/builds/UKfvDsi8u/3/finestructure/swiftpackageindex-builder/spi-builder-workspace/.derivedData/Build/Intermediates.noindex/Threading.build/Debug-watchos/ThreadingTestHelpers.build/DerivedSources -Xcc -DSWIFT_PACKAGE -Xcc -DDEBUG\=1 -emit-objc-header -emit-objc-header-path /Users/builder/builds/UKfvDsi8u/3/finestructure/swiftpackageindex-builder/spi-builder-workspace/.derivedData/Build/Intermediates.noindex/Threading.build/Debug-watchos/ThreadingTestHelpers.build/Objects-normal/arm64/ThreadingTestHelpers-Swift.h -working-directory /Users/builder/builds/UKfvDsi8u/3/finestructure/swiftpackageindex-builder/spi-builder-workspace -experimental-emit-module-separately -disable-cmo
SwiftDriver\ Compilation\ Requirements ThreadingTests normal armv7k com.apple.xcode.tools.swift.compiler (in target 'ThreadingTests' from project 'Threading')
    cd /Users/builder/builds/UKfvDsi8u/3/finestructure/swiftpackageindex-builder/spi-builder-workspace
    builtin-Swift-Compilation-Requirements -- /Applications/Xcode-15.2.0.app/Contents/Developer/Toolchains/XcodeDefault.xctoolchain/usr/bin/swiftc -module-name ThreadingTests -Onone -enforce-exclusivity\=checked @/Users/builder/builds/UKfvDsi8u/3/finestructure/swiftpackageindex-builder/spi-builder-workspace/.derivedData/Build/Intermediates.noindex/Threading.build/Debug-watchos/ThreadingTests.build/Objects-normal/armv7k/ThreadingTests.SwiftFileList -DSWIFT_PACKAGE -DDEBUG -Xcc -fmodule-map-file\=/Users/builder/builds/UKfvDsi8u/3/finestructure/swiftpackageindex-builder/spi-builder-workspace/.derivedData/Build/Intermediates.noindex/GeneratedModuleMaps-watchos/CwlCatchExceptionSupport.modulemap -Xcc -fmodule-map-file\=/Users/builder/builds/UKfvDsi8u/3/finestructure/swiftpackageindex-builder/spi-builder-workspace/.derivedData/Build/Intermediates.noindex/GeneratedModuleMaps-watchos/CwlMachBadInstructionHandler.modulemap -DXcode -sdk /Applications/Xcode-15.2.0.app/Contents/Developer/Platforms/WatchOS.platform/Developer/SDKs/WatchOS10.2.sdk -target armv7k-apple-watchos7.0 -g -module-cache-path /Users/builder/builds/UKfvDsi8u/3/finestructure/swiftpackageindex-builder/spi-builder-workspace/.derivedData/ModuleCache.noindex -Xfrontend -serialize-debugging-options -profile-coverage-mapping -profile-generate -enable-testing -index-store-path /Users/builder/builds/UKfvDsi8u/3/finestructure/swiftpackageindex-builder/spi-builder-workspace/.derivedData/Index.noindex/DataStore -swift-version 5 -I /Users/builder/builds/UKfvDsi8u/3/finestructure/swiftpackageindex-builder/spi-builder-workspace/.derivedData/Build/Products/Debug-watchos -I /Applications/Xcode-15.2.0.app/Contents/Developer/Platforms/WatchOS.platform/Developer/usr/lib -F /Users/builder/builds/UKfvDsi8u/3/finestructure/swiftpackageindex-builder/spi-builder-workspace/.derivedData/Build/Products/Debug-watchos/PackageFrameworks -F /Users/builder/builds/UKfvDsi8u/3/finestructure/swiftpackageindex-builder/spi-builder-workspace/.derivedData/Build/Products/Debug-watchos/PackageFrameworks -F /Users/builder/builds/UKfvDsi8u/3/finestructure/swiftpackageindex-builder/spi-builder-workspace/.derivedData/Build/Products/Debug-watchos/PackageFrameworks -F /Users/builder/builds/UKfvDsi8u/3/finestructure/swiftpackageindex-builder/spi-builder-workspace/.derivedData/Build/Products/Debug-watchos/PackageFrameworks -F /Users/builder/builds/UKfvDsi8u/3/finestructure/swiftpackageindex-builder/spi-builder-workspace/.derivedData/Build/Products/Debug-watchos/PackageFrameworks -F /Users/builder/builds/UKfvDsi8u/3/finestructure/swiftpackageindex-builder/spi-builder-workspace/.derivedData/Build/Products/Debug-watchos/PackageFrameworks -F /Users/builder/builds/UKfvDsi8u/3/finestructure/swiftpackageindex-builder/spi-builder-workspace/.derivedData/Build/Products/Debug-watchos/PackageFrameworks -F /Users/builder/builds/UKfvDsi8u/3/finestructure/swiftpackageindex-builder/spi-builder-workspace/.derivedData/Build/Products/Debug-watchos -F /Applications/Xcode-15.2.0.app/Contents/Developer/Platforms/WatchOS.platform/Developer/Library/Frameworks -F /Applications/Xcode-15.2.0.app/Contents/Developer/Platforms/WatchOS.platform/Developer/SDKs/WatchOS10.2.sdk/Developer/Library/Frameworks -c -j8 -enable-batch-mode -incremental -Xcc -ivfsstatcache -Xcc /Users/builder/builds/UKfvDsi8u/3/finestructure/swiftpackageindex-builder/spi-builder-workspace/.derivedData/SDKStatCaches.noindex/watchos10.2-21S355-1a03c8d25fc3596eb74c01d649b42752.sdkstatcache -output-file-map /Users/builder/builds/UKfvDsi8u/3/finestructure/swiftpackageindex-builder/spi-builder-workspace/.derivedData/Build/Intermediates.noindex/Threading.build/Debug-watchos/ThreadingTests.build/Objects-normal/armv7k/ThreadingTests-OutputFileMap.json -use-frontend-parseable-output -save-temps -no-color-diagnostics -serialize-diagnostics -emit-dependencies -emit-module -emit-module-path /Users/builder/builds/UKfvDsi8u/3/finestructure/swiftpackageindex-builder/spi-builder-workspace/.derivedData/Build/Intermediates.noindex/Threading.build/Debug-watchos/ThreadingTests.build/Objects-normal/armv7k/ThreadingTests.swiftmodule -validate-clang-modules-once -clang-build-session-file /Users/builder/builds/UKfvDsi8u/3/finestructure/swiftpackageindex-builder/spi-builder-workspace/.derivedData/ModuleCache.noindex/Session.modulevalidation -Xfrontend -package-name -Xfrontend spi_builder_workspace -emit-const-values -Xfrontend -const-gather-protocols-file -Xfrontend /Users/builder/builds/UKfvDsi8u/3/finestructure/swiftpackageindex-builder/spi-builder-workspace/.derivedData/Build/Intermediates.noindex/Threading.build/Debug-watchos/ThreadingTests.build/Objects-normal/armv7k/ThreadingTests_const_extract_protocols.json -Xcc -I/Users/builder/builds/UKfvDsi8u/3/finestructure/swiftpackageindex-builder/spi-builder-workspace/.dependencies/checkouts/CwlCatchException/Sources/CwlCatchExceptionSupport/include -Xcc -I/Users/builder/builds/UKfvDsi8u/3/finestructure/swiftpackageindex-builder/spi-builder-workspace/.dependencies/checkouts/CwlPreconditionTesting/Sources/CwlMachBadInstructionHandler/include -Xcc -I/Users/builder/builds/UKfvDsi8u/3/finestructure/swiftpackageindex-builder/spi-builder-workspace/.derivedData/Build/Products/Debug-watchos/include -Xcc -I/Users/builder/builds/UKfvDsi8u/3/finestructure/swiftpackageindex-builder/spi-builder-workspace/.derivedData/Build/Intermediates.noindex/Threading.build/Debug-watchos/ThreadingTests.build/DerivedSources-normal/armv7k -Xcc -I/Users/builder/builds/UKfvDsi8u/3/finestructure/swiftpackageindex-builder/spi-builder-workspace/.derivedData/Build/Intermediates.noindex/Threading.build/Debug-watchos/ThreadingTests.build/DerivedSources/armv7k -Xcc -I/Users/builder/builds/UKfvDsi8u/3/finestructure/swiftpackageindex-builder/spi-builder-workspace/.derivedData/Build/Intermediates.noindex/Threading.build/Debug-watchos/ThreadingTests.build/DerivedSources -Xcc -DSWIFT_PACKAGE -Xcc -DDEBUG\=1 -working-directory /Users/builder/builds/UKfvDsi8u/3/finestructure/swiftpackageindex-builder/spi-builder-workspace -experimental-emit-module-separately -disable-cmo
RegisterExecutionPolicyException /Users/builder/builds/UKfvDsi8u/3/finestructure/swiftpackageindex-builder/spi-builder-workspace/.derivedData/Build/Products/Debug-watchos/SpryKit.o (in target 'SpryKit' from project 'SpryKit')
    cd /Users/builder/builds/UKfvDsi8u/3/finestructure/swiftpackageindex-builder/spi-builder-workspace/.dependencies/checkouts/SpryKit
    builtin-RegisterExecutionPolicyException /Users/builder/builds/UKfvDsi8u/3/finestructure/swiftpackageindex-builder/spi-builder-workspace/.derivedData/Build/Products/Debug-watchos/SpryKit.o
Copy /Users/builder/builds/UKfvDsi8u/3/finestructure/swiftpackageindex-builder/spi-builder-workspace/.derivedData/Build/Products/Debug-watchos/ThreadingTests.swiftmodule/armv7k-apple-watchos.swiftmodule /Users/builder/builds/UKfvDsi8u/3/finestructure/swiftpackageindex-builder/spi-builder-workspace/.derivedData/Build/Intermediates.noindex/Threading.build/Debug-watchos/ThreadingTests.build/Objects-normal/armv7k/ThreadingTests.swiftmodule (in target 'ThreadingTests' from project 'Threading')
    cd /Users/builder/builds/UKfvDsi8u/3/finestructure/swiftpackageindex-builder/spi-builder-workspace
    builtin-copy -exclude .DS_Store -exclude CVS -exclude .svn -exclude .git -exclude .hg -resolve-src-symlinks -rename /Users/builder/builds/UKfvDsi8u/3/finestructure/swiftpackageindex-builder/spi-builder-workspace/.derivedData/Build/Intermediates.noindex/Threading.build/Debug-watchos/ThreadingTests.build/Objects-normal/armv7k/ThreadingTests.swiftmodule /Users/builder/builds/UKfvDsi8u/3/finestructure/swiftpackageindex-builder/spi-builder-workspace/.derivedData/Build/Products/Debug-watchos/ThreadingTests.swiftmodule/armv7k-apple-watchos.swiftmodule
Copy /Users/builder/builds/UKfvDsi8u/3/finestructure/swiftpackageindex-builder/spi-builder-workspace/.derivedData/Build/Products/Debug-watchos/ThreadingTests.swiftmodule/armv7k-apple-watchos.swiftdoc /Users/builder/builds/UKfvDsi8u/3/finestructure/swiftpackageindex-builder/spi-builder-workspace/.derivedData/Build/Intermediates.noindex/Threading.build/Debug-watchos/ThreadingTests.build/Objects-normal/armv7k/ThreadingTests.swiftdoc (in target 'ThreadingTests' from project 'Threading')
    cd /Users/builder/builds/UKfvDsi8u/3/finestructure/swiftpackageindex-builder/spi-builder-workspace
    builtin-copy -exclude .DS_Store -exclude CVS -exclude .svn -exclude .git -exclude .hg -resolve-src-symlinks -rename /Users/builder/builds/UKfvDsi8u/3/finestructure/swiftpackageindex-builder/spi-builder-workspace/.derivedData/Build/Intermediates.noindex/Threading.build/Debug-watchos/ThreadingTests.build/Objects-normal/armv7k/ThreadingTests.swiftdoc /Users/builder/builds/UKfvDsi8u/3/finestructure/swiftpackageindex-builder/spi-builder-workspace/.derivedData/Build/Products/Debug-watchos/ThreadingTests.swiftmodule/armv7k-apple-watchos.swiftdoc
Copy /Users/builder/builds/UKfvDsi8u/3/finestructure/swiftpackageindex-builder/spi-builder-workspace/.derivedData/Build/Products/Debug-watchos/ThreadingTests.swiftmodule/armv7k-apple-watchos.abi.json /Users/builder/builds/UKfvDsi8u/3/finestructure/swiftpackageindex-builder/spi-builder-workspace/.derivedData/Build/Intermediates.noindex/Threading.build/Debug-watchos/ThreadingTests.build/Objects-normal/armv7k/ThreadingTests.abi.json (in target 'ThreadingTests' from project 'Threading')
    cd /Users/builder/builds/UKfvDsi8u/3/finestructure/swiftpackageindex-builder/spi-builder-workspace
    builtin-copy -exclude .DS_Store -exclude CVS -exclude .svn -exclude .git -exclude .hg -resolve-src-symlinks -rename /Users/builder/builds/UKfvDsi8u/3/finestructure/swiftpackageindex-builder/spi-builder-workspace/.derivedData/Build/Intermediates.noindex/Threading.build/Debug-watchos/ThreadingTests.build/Objects-normal/armv7k/ThreadingTests.abi.json /Users/builder/builds/UKfvDsi8u/3/finestructure/swiftpackageindex-builder/spi-builder-workspace/.derivedData/Build/Products/Debug-watchos/ThreadingTests.swiftmodule/armv7k-apple-watchos.abi.json
Copy /Users/builder/builds/UKfvDsi8u/3/finestructure/swiftpackageindex-builder/spi-builder-workspace/.derivedData/Build/Products/Debug-watchos/ThreadingTests.swiftmodule/Project/armv7k-apple-watchos.swiftsourceinfo /Users/builder/builds/UKfvDsi8u/3/finestructure/swiftpackageindex-builder/spi-builder-workspace/.derivedData/Build/Intermediates.noindex/Threading.build/Debug-watchos/ThreadingTests.build/Objects-normal/armv7k/ThreadingTests.swiftsourceinfo (in target 'ThreadingTests' from project 'Threading')
    cd /Users/builder/builds/UKfvDsi8u/3/finestructure/swiftpackageindex-builder/spi-builder-workspace
    builtin-copy -exclude .DS_Store -exclude CVS -exclude .svn -exclude .git -exclude .hg -resolve-src-symlinks -rename /Users/builder/builds/UKfvDsi8u/3/finestructure/swiftpackageindex-builder/spi-builder-workspace/.derivedData/Build/Intermediates.noindex/Threading.build/Debug-watchos/ThreadingTests.build/Objects-normal/armv7k/ThreadingTests.swiftsourceinfo /Users/builder/builds/UKfvDsi8u/3/finestructure/swiftpackageindex-builder/spi-builder-workspace/.derivedData/Build/Products/Debug-watchos/ThreadingTests.swiftmodule/Project/armv7k-apple-watchos.swiftsourceinfo
WriteAuxiliaryFile /Users/builder/builds/UKfvDsi8u/3/finestructure/swiftpackageindex-builder/spi-builder-workspace/.derivedData/Build/Intermediates.noindex/Threading.build/Debug-watchos/ThreadingTestHelpers.build/Objects-normal/arm64_32/ThreadingTestHelpers.LinkFileList (in target 'ThreadingTestHelpers' from project 'Threading')
    cd /Users/builder/builds/UKfvDsi8u/3/finestructure/swiftpackageindex-builder/spi-builder-workspace
    write-file /Users/builder/builds/UKfvDsi8u/3/finestructure/swiftpackageindex-builder/spi-builder-workspace/.derivedData/Build/Intermediates.noindex/Threading.build/Debug-watchos/ThreadingTestHelpers.build/Objects-normal/arm64_32/ThreadingTestHelpers.LinkFileList
WriteAuxiliaryFile /Users/builder/builds/UKfvDsi8u/3/finestructure/swiftpackageindex-builder/spi-builder-workspace/.derivedData/Build/Intermediates.noindex/Threading.build/Debug-watchos/ThreadingTestHelpers.build/Objects-normal/armv7k/ThreadingTestHelpers.LinkFileList (in target 'ThreadingTestHelpers' from project 'Threading')
    cd /Users/builder/builds/UKfvDsi8u/3/finestructure/swiftpackageindex-builder/spi-builder-workspace
    write-file /Users/builder/builds/UKfvDsi8u/3/finestructure/swiftpackageindex-builder/spi-builder-workspace/.derivedData/Build/Intermediates.noindex/Threading.build/Debug-watchos/ThreadingTestHelpers.build/Objects-normal/armv7k/ThreadingTestHelpers.LinkFileList
WriteAuxiliaryFile /Users/builder/builds/UKfvDsi8u/3/finestructure/swiftpackageindex-builder/spi-builder-workspace/.derivedData/Build/Intermediates.noindex/Threading.build/Debug-watchos/ThreadingTestHelpers.build/Objects-normal/arm64/ThreadingTestHelpers.LinkFileList (in target 'ThreadingTestHelpers' from project 'Threading')
    cd /Users/builder/builds/UKfvDsi8u/3/finestructure/swiftpackageindex-builder/spi-builder-workspace
    write-file /Users/builder/builds/UKfvDsi8u/3/finestructure/swiftpackageindex-builder/spi-builder-workspace/.derivedData/Build/Intermediates.noindex/Threading.build/Debug-watchos/ThreadingTestHelpers.build/Objects-normal/arm64/ThreadingTestHelpers.LinkFileList
Ld /Users/builder/builds/UKfvDsi8u/3/finestructure/swiftpackageindex-builder/spi-builder-workspace/.derivedData/Build/Intermediates.noindex/Threading.build/Debug-watchos/ThreadingTestHelpers.build/Objects-normal/arm64_32/Binary/ThreadingTestHelpers.o normal arm64_32 (in target 'ThreadingTestHelpers' from project 'Threading')
    cd /Users/builder/builds/UKfvDsi8u/3/finestructure/swiftpackageindex-builder/spi-builder-workspace
    /Applications/Xcode-15.2.0.app/Contents/Developer/Toolchains/XcodeDefault.xctoolchain/usr/bin/clang -Xlinker -reproducible -target arm64_32-apple-watchos6.0 -r -isysroot /Applications/Xcode-15.2.0.app/Contents/Developer/Platforms/WatchOS.platform/Developer/SDKs/WatchOS10.2.sdk -O0 -L/Users/builder/builds/UKfvDsi8u/3/finestructure/swiftpackageindex-builder/spi-builder-workspace/.derivedData/Build/Intermediates.noindex/EagerLinkingTBDs/Debug-watchos -L/Users/builder/builds/UKfvDsi8u/3/finestructure/swiftpackageindex-builder/spi-builder-workspace/.derivedData/Build/Products/Debug-watchos -L/Applications/Xcode-15.2.0.app/Contents/Developer/Platforms/WatchOS.platform/Developer/usr/lib -F/Users/builder/builds/UKfvDsi8u/3/finestructure/swiftpackageindex-builder/spi-builder-workspace/.derivedData/Build/Intermediates.noindex/EagerLinkingTBDs/Debug-watchos -F/Users/builder/builds/UKfvDsi8u/3/finestructure/swiftpackageindex-builder/spi-builder-workspace/.derivedData/Build/Products/Debug-watchos/PackageFrameworks -F/Users/builder/builds/UKfvDsi8u/3/finestructure/swiftpackageindex-builder/spi-builder-workspace/.derivedData/Build/Products/Debug-watchos/PackageFrameworks -F/Users/builder/builds/UKfvDsi8u/3/finestructure/swiftpackageindex-builder/spi-builder-workspace/.derivedData/Build/Products/Debug-watchos/PackageFrameworks -F/Users/builder/builds/UKfvDsi8u/3/finestructure/swiftpackageindex-builder/spi-builder-workspace/.derivedData/Build/Products/Debug-watchos/PackageFrameworks -F/Users/builder/builds/UKfvDsi8u/3/finestructure/swiftpackageindex-builder/spi-builder-workspace/.derivedData/Build/Products/Debug-watchos/PackageFrameworks -F/Users/builder/builds/UKfvDsi8u/3/finestructure/swiftpackageindex-builder/spi-builder-workspace/.derivedData/Build/Products/Debug-watchos/PackageFrameworks -F/Users/builder/builds/UKfvDsi8u/3/finestructure/swiftpackageindex-builder/spi-builder-workspace/.derivedData/Build/Products/Debug-watchos -iframework /Applications/Xcode-15.2.0.app/Contents/Developer/Platforms/WatchOS.platform/Developer/Library/Frameworks -iframework /Applications/Xcode-15.2.0.app/Contents/Developer/Platforms/WatchOS.platform/Developer/SDKs/WatchOS10.2.sdk/Developer/Library/Frameworks -filelist /Users/builder/builds/UKfvDsi8u/3/finestructure/swiftpackageindex-builder/spi-builder-workspace/.derivedData/Build/Intermediates.noindex/Threading.build/Debug-watchos/ThreadingTestHelpers.build/Objects-normal/arm64_32/ThreadingTestHelpers.LinkFileList -nostdlib -Xlinker -object_path_lto -Xlinker /Users/builder/builds/UKfvDsi8u/3/finestructure/swiftpackageindex-builder/spi-builder-workspace/.derivedData/Build/Intermediates.noindex/Threading.build/Debug-watchos/ThreadingTestHelpers.build/Objects-normal/arm64_32/ThreadingTestHelpers_lto.o -Xlinker -export_dynamic -Xlinker -no_deduplicate -Xlinker -debug_variant -fobjc-link-runtime -L/Applications/Xcode-15.2.0.app/Contents/Developer/Toolchains/XcodeDefault.xctoolchain/usr/lib/swift/watchos -L/usr/lib/swift -Xlinker -add_ast_path -Xlinker /Users/builder/builds/UKfvDsi8u/3/finestructure/swiftpackageindex-builder/spi-builder-workspace/.derivedData/Build/Intermediates.noindex/Threading.build/Debug-watchos/ThreadingTestHelpers.build/Objects-normal/arm64_32/ThreadingTestHelpers.swiftmodule -Xlinker -dependency_info -Xlinker /Users/builder/builds/UKfvDsi8u/3/finestructure/swiftpackageindex-builder/spi-builder-workspace/.derivedData/Build/Intermediates.noindex/Threading.build/Debug-watchos/ThreadingTestHelpers.build/Objects-normal/arm64_32/ThreadingTestHelpers_dependency_info.dat -o /Users/builder/builds/UKfvDsi8u/3/finestructure/swiftpackageindex-builder/spi-builder-workspace/.derivedData/Build/Intermediates.noindex/Threading.build/Debug-watchos/ThreadingTestHelpers.build/Objects-normal/arm64_32/Binary/ThreadingTestHelpers.o
Ld /Users/builder/builds/UKfvDsi8u/3/finestructure/swiftpackageindex-builder/spi-builder-workspace/.derivedData/Build/Intermediates.noindex/Threading.build/Debug-watchos/ThreadingTestHelpers.build/Objects-normal/armv7k/Binary/ThreadingTestHelpers.o normal armv7k (in target 'ThreadingTestHelpers' from project 'Threading')
    cd /Users/builder/builds/UKfvDsi8u/3/finestructure/swiftpackageindex-builder/spi-builder-workspace
    /Applications/Xcode-15.2.0.app/Contents/Developer/Toolchains/XcodeDefault.xctoolchain/usr/bin/clang -Xlinker -reproducible -target armv7k-apple-watchos6.0 -r -isysroot /Applications/Xcode-15.2.0.app/Contents/Developer/Platforms/WatchOS.platform/Developer/SDKs/WatchOS10.2.sdk -O0 -L/Users/builder/builds/UKfvDsi8u/3/finestructure/swiftpackageindex-builder/spi-builder-workspace/.derivedData/Build/Intermediates.noindex/EagerLinkingTBDs/Debug-watchos -L/Users/builder/builds/UKfvDsi8u/3/finestructure/swiftpackageindex-builder/spi-builder-workspace/.derivedData/Build/Products/Debug-watchos -L/Applications/Xcode-15.2.0.app/Contents/Developer/Platforms/WatchOS.platform/Developer/usr/lib -F/Users/builder/builds/UKfvDsi8u/3/finestructure/swiftpackageindex-builder/spi-builder-workspace/.derivedData/Build/Intermediates.noindex/EagerLinkingTBDs/Debug-watchos -F/Users/builder/builds/UKfvDsi8u/3/finestructure/swiftpackageindex-builder/spi-builder-workspace/.derivedData/Build/Products/Debug-watchos/PackageFrameworks -F/Users/builder/builds/UKfvDsi8u/3/finestructure/swiftpackageindex-builder/spi-builder-workspace/.derivedData/Build/Products/Debug-watchos/PackageFrameworks -F/Users/builder/builds/UKfvDsi8u/3/finestructure/swiftpackageindex-builder/spi-builder-workspace/.derivedData/Build/Products/Debug-watchos/PackageFrameworks -F/Users/builder/builds/UKfvDsi8u/3/finestructure/swiftpackageindex-builder/spi-builder-workspace/.derivedData/Build/Products/Debug-watchos/PackageFrameworks -F/Users/builder/builds/UKfvDsi8u/3/finestructure/swiftpackageindex-builder/spi-builder-workspace/.derivedData/Build/Products/Debug-watchos/PackageFrameworks -F/Users/builder/builds/UKfvDsi8u/3/finestructure/swiftpackageindex-builder/spi-builder-workspace/.derivedData/Build/Products/Debug-watchos/PackageFrameworks -F/Users/builder/builds/UKfvDsi8u/3/finestructure/swiftpackageindex-builder/spi-builder-workspace/.derivedData/Build/Products/Debug-watchos -iframework /Applications/Xcode-15.2.0.app/Contents/Developer/Platforms/WatchOS.platform/Developer/Library/Frameworks -iframework /Applications/Xcode-15.2.0.app/Contents/Developer/Platforms/WatchOS.platform/Developer/SDKs/WatchOS10.2.sdk/Developer/Library/Frameworks -filelist /Users/builder/builds/UKfvDsi8u/3/finestructure/swiftpackageindex-builder/spi-builder-workspace/.derivedData/Build/Intermediates.noindex/Threading.build/Debug-watchos/ThreadingTestHelpers.build/Objects-normal/armv7k/ThreadingTestHelpers.LinkFileList -nostdlib -Xlinker -object_path_lto -Xlinker /Users/builder/builds/UKfvDsi8u/3/finestructure/swiftpackageindex-builder/spi-builder-workspace/.derivedData/Build/Intermediates.noindex/Threading.build/Debug-watchos/ThreadingTestHelpers.build/Objects-normal/armv7k/ThreadingTestHelpers_lto.o -Xlinker -export_dynamic -Xlinker -no_deduplicate -Xlinker -debug_variant -fobjc-link-runtime -L/Applications/Xcode-15.2.0.app/Contents/Developer/Toolchains/XcodeDefault.xctoolchain/usr/lib/swift/watchos -L/usr/lib/swift -Xlinker -add_ast_path -Xlinker /Users/builder/builds/UKfvDsi8u/3/finestructure/swiftpackageindex-builder/spi-builder-workspace/.derivedData/Build/Intermediates.noindex/Threading.build/Debug-watchos/ThreadingTestHelpers.build/Objects-normal/armv7k/ThreadingTestHelpers.swiftmodule -Xlinker -dependency_info -Xlinker /Users/builder/builds/UKfvDsi8u/3/finestructure/swiftpackageindex-builder/spi-builder-workspace/.derivedData/Build/Intermediates.noindex/Threading.build/Debug-watchos/ThreadingTestHelpers.build/Objects-normal/armv7k/ThreadingTestHelpers_dependency_info.dat -o /Users/builder/builds/UKfvDsi8u/3/finestructure/swiftpackageindex-builder/spi-builder-workspace/.derivedData/Build/Intermediates.noindex/Threading.build/Debug-watchos/ThreadingTestHelpers.build/Objects-normal/armv7k/Binary/ThreadingTestHelpers.o
Ld /Users/builder/builds/UKfvDsi8u/3/finestructure/swiftpackageindex-builder/spi-builder-workspace/.derivedData/Build/Intermediates.noindex/Threading.build/Debug-watchos/ThreadingTestHelpers.build/Objects-normal/arm64/Binary/ThreadingTestHelpers.o normal arm64 (in target 'ThreadingTestHelpers' from project 'Threading')
    cd /Users/builder/builds/UKfvDsi8u/3/finestructure/swiftpackageindex-builder/spi-builder-workspace
    /Applications/Xcode-15.2.0.app/Contents/Developer/Toolchains/XcodeDefault.xctoolchain/usr/bin/clang -Xlinker -reproducible -target arm64-apple-watchos6.0 -r -isysroot /Applications/Xcode-15.2.0.app/Contents/Developer/Platforms/WatchOS.platform/Developer/SDKs/WatchOS10.2.sdk -O0 -L/Users/builder/builds/UKfvDsi8u/3/finestructure/swiftpackageindex-builder/spi-builder-workspace/.derivedData/Build/Intermediates.noindex/EagerLinkingTBDs/Debug-watchos -L/Users/builder/builds/UKfvDsi8u/3/finestructure/swiftpackageindex-builder/spi-builder-workspace/.derivedData/Build/Products/Debug-watchos -L/Applications/Xcode-15.2.0.app/Contents/Developer/Platforms/WatchOS.platform/Developer/usr/lib -F/Users/builder/builds/UKfvDsi8u/3/finestructure/swiftpackageindex-builder/spi-builder-workspace/.derivedData/Build/Intermediates.noindex/EagerLinkingTBDs/Debug-watchos -F/Users/builder/builds/UKfvDsi8u/3/finestructure/swiftpackageindex-builder/spi-builder-workspace/.derivedData/Build/Products/Debug-watchos/PackageFrameworks -F/Users/builder/builds/UKfvDsi8u/3/finestructure/swiftpackageindex-builder/spi-builder-workspace/.derivedData/Build/Products/Debug-watchos/PackageFrameworks -F/Users/builder/builds/UKfvDsi8u/3/finestructure/swiftpackageindex-builder/spi-builder-workspace/.derivedData/Build/Products/Debug-watchos/PackageFrameworks -F/Users/builder/builds/UKfvDsi8u/3/finestructure/swiftpackageindex-builder/spi-builder-workspace/.derivedData/Build/Products/Debug-watchos/PackageFrameworks -F/Users/builder/builds/UKfvDsi8u/3/finestructure/swiftpackageindex-builder/spi-builder-workspace/.derivedData/Build/Products/Debug-watchos/PackageFrameworks -F/Users/builder/builds/UKfvDsi8u/3/finestructure/swiftpackageindex-builder/spi-builder-workspace/.derivedData/Build/Products/Debug-watchos/PackageFrameworks -F/Users/builder/builds/UKfvDsi8u/3/finestructure/swiftpackageindex-builder/spi-builder-workspace/.derivedData/Build/Products/Debug-watchos -iframework /Applications/Xcode-15.2.0.app/Contents/Developer/Platforms/WatchOS.platform/Developer/Library/Frameworks -iframework /Applications/Xcode-15.2.0.app/Contents/Developer/Platforms/WatchOS.platform/Developer/SDKs/WatchOS10.2.sdk/Developer/Library/Frameworks -filelist /Users/builder/builds/UKfvDsi8u/3/finestructure/swiftpackageindex-builder/spi-builder-workspace/.derivedData/Build/Intermediates.noindex/Threading.build/Debug-watchos/ThreadingTestHelpers.build/Objects-normal/arm64/ThreadingTestHelpers.LinkFileList -nostdlib -Xlinker -object_path_lto -Xlinker /Users/builder/builds/UKfvDsi8u/3/finestructure/swiftpackageindex-builder/spi-builder-workspace/.derivedData/Build/Intermediates.noindex/Threading.build/Debug-watchos/ThreadingTestHelpers.build/Objects-normal/arm64/ThreadingTestHelpers_lto.o -Xlinker -export_dynamic -Xlinker -no_deduplicate -Xlinker -debug_variant -fobjc-link-runtime -L/Applications/Xcode-15.2.0.app/Contents/Developer/Toolchains/XcodeDefault.xctoolchain/usr/lib/swift/watchos -L/usr/lib/swift -Xlinker -add_ast_path -Xlinker /Users/builder/builds/UKfvDsi8u/3/finestructure/swiftpackageindex-builder/spi-builder-workspace/.derivedData/Build/Intermediates.noindex/Threading.build/Debug-watchos/ThreadingTestHelpers.build/Objects-normal/arm64/ThreadingTestHelpers.swiftmodule -Xlinker -dependency_info -Xlinker /Users/builder/builds/UKfvDsi8u/3/finestructure/swiftpackageindex-builder/spi-builder-workspace/.derivedData/Build/Intermediates.noindex/Threading.build/Debug-watchos/ThreadingTestHelpers.build/Objects-normal/arm64/ThreadingTestHelpers_dependency_info.dat -o /Users/builder/builds/UKfvDsi8u/3/finestructure/swiftpackageindex-builder/spi-builder-workspace/.derivedData/Build/Intermediates.noindex/Threading.build/Debug-watchos/ThreadingTestHelpers.build/Objects-normal/arm64/Binary/ThreadingTestHelpers.o
SwiftDriverJobDiscovery normal armv7k Compiling DelayedQueueTests.swift (in target 'ThreadingTests' from project 'Threading')
CreateUniversalBinary /Users/builder/builds/UKfvDsi8u/3/finestructure/swiftpackageindex-builder/spi-builder-workspace/.derivedData/Build/Products/Debug-watchos/ThreadingTestHelpers.o normal arm64\ armv7k\ arm64_32 (in target 'ThreadingTestHelpers' from project 'Threading')
    cd /Users/builder/builds/UKfvDsi8u/3/finestructure/swiftpackageindex-builder/spi-builder-workspace
    /Applications/Xcode-15.2.0.app/Contents/Developer/Toolchains/XcodeDefault.xctoolchain/usr/bin/lipo -create /Users/builder/builds/UKfvDsi8u/3/finestructure/swiftpackageindex-builder/spi-builder-workspace/.derivedData/Build/Intermediates.noindex/Threading.build/Debug-watchos/ThreadingTestHelpers.build/Objects-normal/arm64/Binary/ThreadingTestHelpers.o /Users/builder/builds/UKfvDsi8u/3/finestructure/swiftpackageindex-builder/spi-builder-workspace/.derivedData/Build/Intermediates.noindex/Threading.build/Debug-watchos/ThreadingTestHelpers.build/Objects-normal/armv7k/Binary/ThreadingTestHelpers.o /Users/builder/builds/UKfvDsi8u/3/finestructure/swiftpackageindex-builder/spi-builder-workspace/.derivedData/Build/Intermediates.noindex/Threading.build/Debug-watchos/ThreadingTestHelpers.build/Objects-normal/arm64_32/Binary/ThreadingTestHelpers.o -output /Users/builder/builds/UKfvDsi8u/3/finestructure/swiftpackageindex-builder/spi-builder-workspace/.derivedData/Build/Products/Debug-watchos/ThreadingTestHelpers.o
RegisterExecutionPolicyException /Users/builder/builds/UKfvDsi8u/3/finestructure/swiftpackageindex-builder/spi-builder-workspace/.derivedData/Build/Products/Debug-watchos/ThreadingTestHelpers.o (in target 'ThreadingTestHelpers' from project 'Threading')
    cd /Users/builder/builds/UKfvDsi8u/3/finestructure/swiftpackageindex-builder/spi-builder-workspace
    builtin-RegisterExecutionPolicyException /Users/builder/builds/UKfvDsi8u/3/finestructure/swiftpackageindex-builder/spi-builder-workspace/.derivedData/Build/Products/Debug-watchos/ThreadingTestHelpers.o
WriteAuxiliaryFile /Users/builder/builds/UKfvDsi8u/3/finestructure/swiftpackageindex-builder/spi-builder-workspace/.derivedData/Build/Intermediates.noindex/Threading.build/Debug-watchos/ThreadingTests.build/Objects-normal/arm64_32/ThreadingTests.LinkFileList (in target 'ThreadingTests' from project 'Threading')
    cd /Users/builder/builds/UKfvDsi8u/3/finestructure/swiftpackageindex-builder/spi-builder-workspace
    write-file /Users/builder/builds/UKfvDsi8u/3/finestructure/swiftpackageindex-builder/spi-builder-workspace/.derivedData/Build/Intermediates.noindex/Threading.build/Debug-watchos/ThreadingTests.build/Objects-normal/arm64_32/ThreadingTests.LinkFileList
WriteAuxiliaryFile /Users/builder/builds/UKfvDsi8u/3/finestructure/swiftpackageindex-builder/spi-builder-workspace/.derivedData/Build/Intermediates.noindex/Threading.build/Debug-watchos/ThreadingTests.build/Objects-normal/armv7k/ThreadingTests.LinkFileList (in target 'ThreadingTests' from project 'Threading')
    cd /Users/builder/builds/UKfvDsi8u/3/finestructure/swiftpackageindex-builder/spi-builder-workspace
    write-file /Users/builder/builds/UKfvDsi8u/3/finestructure/swiftpackageindex-builder/spi-builder-workspace/.derivedData/Build/Intermediates.noindex/Threading.build/Debug-watchos/ThreadingTests.build/Objects-normal/armv7k/ThreadingTests.LinkFileList
WriteAuxiliaryFile /Users/builder/builds/UKfvDsi8u/3/finestructure/swiftpackageindex-builder/spi-builder-workspace/.derivedData/Build/Intermediates.noindex/Threading.build/Debug-watchos/ThreadingTests.build/Objects-normal/arm64/ThreadingTests.LinkFileList (in target 'ThreadingTests' from project 'Threading')
    cd /Users/builder/builds/UKfvDsi8u/3/finestructure/swiftpackageindex-builder/spi-builder-workspace
    write-file /Users/builder/builds/UKfvDsi8u/3/finestructure/swiftpackageindex-builder/spi-builder-workspace/.derivedData/Build/Intermediates.noindex/Threading.build/Debug-watchos/ThreadingTests.build/Objects-normal/arm64/ThreadingTests.LinkFileList
WriteAuxiliaryFile /Users/builder/builds/UKfvDsi8u/3/finestructure/swiftpackageindex-builder/spi-builder-workspace/.derivedData/Build/Intermediates.noindex/Threading.build/Debug-watchos/ThreadingTests.build/empty-ThreadingTests.plist (in target 'ThreadingTests' from project 'Threading')
    cd /Users/builder/builds/UKfvDsi8u/3/finestructure/swiftpackageindex-builder/spi-builder-workspace
    write-file /Users/builder/builds/UKfvDsi8u/3/finestructure/swiftpackageindex-builder/spi-builder-workspace/.derivedData/Build/Intermediates.noindex/Threading.build/Debug-watchos/ThreadingTests.build/empty-ThreadingTests.plist
ProcessInfoPlistFile /Users/builder/builds/UKfvDsi8u/3/finestructure/swiftpackageindex-builder/spi-builder-workspace/.derivedData/Build/Products/Debug-watchos/ThreadingTests.xctest/Info.plist /Users/builder/builds/UKfvDsi8u/3/finestructure/swiftpackageindex-builder/spi-builder-workspace/.derivedData/Build/Intermediates.noindex/Threading.build/Debug-watchos/ThreadingTests.build/empty-ThreadingTests.plist (in target 'ThreadingTests' from project 'Threading')
    cd /Users/builder/builds/UKfvDsi8u/3/finestructure/swiftpackageindex-builder/spi-builder-workspace
    builtin-infoPlistUtility /Users/builder/builds/UKfvDsi8u/3/finestructure/swiftpackageindex-builder/spi-builder-workspace/.derivedData/Build/Intermediates.noindex/Threading.build/Debug-watchos/ThreadingTests.build/empty-ThreadingTests.plist -producttype com.apple.product-type.bundle.unit-test -expandbuildsettings -format binary -platform watchos -o /Users/builder/builds/UKfvDsi8u/3/finestructure/swiftpackageindex-builder/spi-builder-workspace/.derivedData/Build/Products/Debug-watchos/ThreadingTests.xctest/Info.plist
Ld /Users/builder/builds/UKfvDsi8u/3/finestructure/swiftpackageindex-builder/spi-builder-workspace/.derivedData/Build/Intermediates.noindex/Threading.build/Debug-watchos/ThreadingTests.build/Objects-normal/arm64/Binary/ThreadingTests normal arm64 (in target 'ThreadingTests' from project 'Threading')
    cd /Users/builder/builds/UKfvDsi8u/3/finestructure/swiftpackageindex-builder/spi-builder-workspace
    /Applications/Xcode-15.2.0.app/Contents/Developer/Toolchains/XcodeDefault.xctoolchain/usr/bin/clang -Xlinker -reproducible -target arm64-apple-watchos7.0 -bundle -isysroot /Applications/Xcode-15.2.0.app/Contents/Developer/Platforms/WatchOS.platform/Developer/SDKs/WatchOS10.2.sdk -O0 -L/Users/builder/builds/UKfvDsi8u/3/finestructure/swiftpackageindex-builder/spi-builder-workspace/.derivedData/Build/Intermediates.noindex/EagerLinkingTBDs/Debug-watchos -L/Users/builder/builds/UKfvDsi8u/3/finestructure/swiftpackageindex-builder/spi-builder-workspace/.derivedData/Build/Products/Debug-watchos -L/Applications/Xcode-15.2.0.app/Contents/Developer/Platforms/WatchOS.platform/Developer/usr/lib -F/Users/builder/builds/UKfvDsi8u/3/finestructure/swiftpackageindex-builder/spi-builder-workspace/.derivedData/Build/Intermediates.noindex/EagerLinkingTBDs/Debug-watchos -F/Users/builder/builds/UKfvDsi8u/3/finestructure/swiftpackageindex-builder/spi-builder-workspace/.derivedData/Build/Products/Debug-watchos/PackageFrameworks -F/Users/builder/builds/UKfvDsi8u/3/finestructure/swiftpackageindex-builder/spi-builder-workspace/.derivedData/Build/Products/Debug-watchos/PackageFrameworks -F/Users/builder/builds/UKfvDsi8u/3/finestructure/swiftpackageindex-builder/spi-builder-workspace/.derivedData/Build/Products/Debug-watchos/PackageFrameworks -F/Users/builder/builds/UKfvDsi8u/3/finestructure/swiftpackageindex-builder/spi-builder-workspace/.derivedData/Build/Products/Debug-watchos/PackageFrameworks -F/Users/builder/builds/UKfvDsi8u/3/finestructure/swiftpackageindex-builder/spi-builder-workspace/.derivedData/Build/Products/Debug-watchos/PackageFrameworks -F/Users/builder/builds/UKfvDsi8u/3/finestructure/swiftpackageindex-builder/spi-builder-workspace/.derivedData/Build/Products/Debug-watchos/PackageFrameworks -F/Users/builder/builds/UKfvDsi8u/3/finestructure/swiftpackageindex-builder/spi-builder-workspace/.derivedData/Build/Products/Debug-watchos/PackageFrameworks -F/Users/builder/builds/UKfvDsi8u/3/finestructure/swiftpackageindex-builder/spi-builder-workspace/.derivedData/Build/Products/Debug-watchos -iframework /Applications/Xcode-15.2.0.app/Contents/Developer/Platforms/WatchOS.platform/Developer/Library/Frameworks -iframework /Applications/Xcode-15.2.0.app/Contents/Developer/Platforms/WatchOS.platform/Developer/SDKs/WatchOS10.2.sdk/Developer/Library/Frameworks -filelist /Users/builder/builds/UKfvDsi8u/3/finestructure/swiftpackageindex-builder/spi-builder-workspace/.derivedData/Build/Intermediates.noindex/Threading.build/Debug-watchos/ThreadingTests.build/Objects-normal/arm64/ThreadingTests.LinkFileList -Xlinker -rpath -Xlinker /usr/lib/swift -Xlinker -rpath -Xlinker /Users/builder/builds/UKfvDsi8u/3/finestructure/swiftpackageindex-builder/spi-builder-workspace/.derivedData/Build/Products/Debug-watchos/PackageFrameworks -Xlinker -rpath -Xlinker @loader_path/Frameworks -Xlinker -rpath -Xlinker @loader_path/../Frameworks -dead_strip -Xlinker -object_path_lto -Xlinker /Users/builder/builds/UKfvDsi8u/3/finestructure/swiftpackageindex-builder/spi-builder-workspace/.derivedData/Build/Intermediates.noindex/Threading.build/Debug-watchos/ThreadingTests.build/Objects-normal/arm64/ThreadingTests_lto.o -Xlinker -export_dynamic -Xlinker -no_deduplicate -Xlinker -debug_variant -fobjc-link-runtime -fprofile-instr-generate -L/Applications/Xcode-15.2.0.app/Contents/Developer/Toolchains/XcodeDefault.xctoolchain/usr/lib/swift/watchos -L/usr/lib/swift -Xlinker -add_ast_path -Xlinker /Users/builder/builds/UKfvDsi8u/3/finestructure/swiftpackageindex-builder/spi-builder-workspace/.derivedData/Build/Intermediates.noindex/Threading.build/Debug-watchos/ThreadingTests.build/Objects-normal/arm64/ThreadingTests.swiftmodule -Wl,-no_warn_duplicate_libraries -Wl,-no_warn_duplicate_libraries -Wl,-no_warn_duplicate_libraries -Wl,-no_warn_duplicate_libraries -Wl,-no_warn_duplicate_libraries -Wl,-no_warn_duplicate_libraries -Wl,-no_warn_duplicate_libraries -framework XCTest -Xlinker -dependency_info -Xlinker /Users/builder/builds/UKfvDsi8u/3/finestructure/swiftpackageindex-builder/spi-builder-workspace/.derivedData/Build/Intermediates.noindex/Threading.build/Debug-watchos/ThreadingTests.build/Objects-normal/arm64/ThreadingTests_dependency_info.dat -o /Users/builder/builds/UKfvDsi8u/3/finestructure/swiftpackageindex-builder/spi-builder-workspace/.derivedData/Build/Intermediates.noindex/Threading.build/Debug-watchos/ThreadingTests.build/Objects-normal/arm64/Binary/ThreadingTests -Xlinker -add_ast_path -Xlinker /Users/builder/builds/UKfvDsi8u/3/finestructure/swiftpackageindex-builder/spi-builder-workspace/.derivedData/Build/Intermediates.noindex/Threading.build/Debug-watchos/Threading.build/Objects-normal/arm64/Threading.swiftmodule -Xlinker -add_ast_path -Xlinker /Users/builder/builds/UKfvDsi8u/3/finestructure/swiftpackageindex-builder/spi-builder-workspace/.derivedData/Build/Intermediates.noindex/SpryKit.build/Debug-watchos/SpryKit.build/Objects-normal/arm64/SpryKit.swiftmodule -Xlinker -add_ast_path -Xlinker /Users/builder/builds/UKfvDsi8u/3/finestructure/swiftpackageindex-builder/spi-builder-workspace/.derivedData/Build/Intermediates.noindex/CwlPreconditionTesting.build/Debug-watchos/CwlPreconditionTesting.build/Objects-normal/arm64/CwlPreconditionTesting.swiftmodule -Xlinker -add_ast_path -Xlinker /Users/builder/builds/UKfvDsi8u/3/finestructure/swiftpackageindex-builder/spi-builder-workspace/.derivedData/Build/Intermediates.noindex/CwlCatchException.build/Debug-watchos/CwlCatchException.build/Objects-normal/arm64/CwlCatchException.swiftmodule -Xlinker -add_ast_path -Xlinker /Users/builder/builds/UKfvDsi8u/3/finestructure/swiftpackageindex-builder/spi-builder-workspace/.derivedData/Build/Intermediates.noindex/Threading.build/Debug-watchos/ThreadingTestHelpers.build/Objects-normal/arm64/ThreadingTestHelpers.swiftmodule
objc[65028]: Class XROS1_1SimRuntime is implemented in both /Library/Developer/CoreSimulator/Volumes/xrOS_21O209/Library/Developer/CoreSimulator/Profiles/Runtimes/xrOS 1.1.simruntime/Contents/MacOS/xrOS 1.1 (0x10c1200e0) and /Library/Developer/CoreSimulator/Volumes/xrOS_21O5181e/Library/Developer/CoreSimulator/Profiles/Runtimes/xrOS 1.1.simruntime/Contents/MacOS/xrOS 1.1 (0x10e3880e0). One of the two will be used. Which one is undefined.
** BUILD FAILED **
The following build commands failed:
	SwiftCompile normal armv7k Compiling\ DispatchTime_QueueTests.swift /Users/builder/builds/UKfvDsi8u/3/finestructure/swiftpackageindex-builder/spi-builder-workspace/Tests/DispatchTime_QueueTests.swift (in target 'ThreadingTests' from project 'Threading')
	SwiftCompile normal armv7k /Users/builder/builds/UKfvDsi8u/3/finestructure/swiftpackageindex-builder/spi-builder-workspace/Tests/DispatchTime_QueueTests.swift (in target 'ThreadingTests' from project 'Threading')
(2 failures)
BUILD FAILURE 5.9 watchOS