The Swift Package Index logo.Swift Package Index

Build Information

Failed to build stack-navigation, reference main (97212b), with Swift 6.4 for watchOS using Xcode 27.0 on 19 Sep 2026 17:29:34 UTC.

Build Command

env DEVELOPER_DIR=/Applications/Xcode-27.0.0-Release.Candidate.app xcrun xcodebuild -IDEClonedSourcePackagesDirPathOverride=$PWD/.dependencies -skipMacroValidation -skipPackagePluginValidation -derivedDataPath $PWD/.derivedData build -scheme stack-navigation-Package -destination generic/platform=watchOS

Build Log

SwiftExplicitDependencyGeneratePcm arm64 /Users/admin/builder/spi-builder-workspace/.derivedData/SDKExplicitPrecompiledModules/_Builtin_float-C0CW5Q4HGBQYKE77TC42IAFB5.pcm
SwiftExplicitDependencyGeneratePcm arm64_32 /Users/admin/builder/spi-builder-workspace/.derivedData/SDKExplicitPrecompiledModules/_AvailabilityInternal-244WAN3Z1QBT7PIA64EZEFY1R.pcm
SwiftExplicitDependencyGeneratePcm arm64 /Users/admin/builder/spi-builder-workspace/.derivedData/SDKExplicitPrecompiledModules/_Builtin_stddef-1FU30Y8SWFB7OUUHMJQH5J6FM.pcm
SwiftExplicitDependencyGeneratePcm arm64 /Users/admin/builder/spi-builder-workspace/.derivedData/SDKExplicitPrecompiledModules/SwiftShims-4MXFZPV6FEB0XBYXCGPWAMQGL.pcm
SwiftExplicitDependencyGeneratePcm arm64_32 /Users/admin/builder/spi-builder-workspace/.derivedData/SDKExplicitPrecompiledModules/SwiftShims-9CQQGWTSNTN9EB5NSHDWUJICH.pcm
SwiftExplicitDependencyGeneratePcm arm64 /Users/admin/builder/spi-builder-workspace/.derivedData/SDKExplicitPrecompiledModules/_DarwinFoundation1-7SPX3MD0HMP55E4OLNCPNDQ53.pcm
SwiftExplicitDependencyGeneratePcm arm64_32 /Users/admin/builder/spi-builder-workspace/.derivedData/SDKExplicitPrecompiledModules/_DarwinFoundation1-2GWF9RFMPLQW4PDHS3NARVI3G.pcm
SwiftExplicitDependencyGeneratePcm arm64 /Users/admin/builder/spi-builder-workspace/.derivedData/SDKExplicitPrecompiledModules/_DarwinFoundation2-D0XAPJU49S5E9XMKYOFGSTB1Q.pcm
SwiftExplicitDependencyGeneratePcm arm64 /Users/admin/builder/spi-builder-workspace/.derivedData/SDKExplicitPrecompiledModules/_Builtin_limits-9GWPA2B0H20DYUNYHYCWKABJG.pcm
SwiftExplicitDependencyGeneratePcm arm64_32 /Users/admin/builder/spi-builder-workspace/.derivedData/SDKExplicitPrecompiledModules/_DarwinFoundation2-9MY8GOSYRO0M9MKNXF6D3MBNK.pcm
SwiftExplicitDependencyGeneratePcm arm64_32 /Users/admin/builder/spi-builder-workspace/.derivedData/SDKExplicitPrecompiledModules/_Builtin_limits-3VKBU2AFTD65PAJZ5CJ3LHFM2.pcm
SwiftExplicitDependencyGeneratePcm arm64_32 /Users/admin/builder/spi-builder-workspace/.derivedData/SDKExplicitPrecompiledModules/_Builtin_stdint-1HMXWI3V0V4TXHRWZOMZGZ80Y.pcm
SwiftExplicitDependencyGeneratePcm arm64_32 /Users/admin/builder/spi-builder-workspace/.derivedData/SDKExplicitPrecompiledModules/string_h-BFVLUQUSBZWYMLCU9QI7VZALW.pcm
SwiftExplicitDependencyGeneratePcm arm64_32 /Users/admin/builder/spi-builder-workspace/.derivedData/SDKExplicitPrecompiledModules/_Builtin_tgmath-23PGCKURCQILXMK0MYZRYDCOU.pcm
SwiftExplicitDependencyGeneratePcm arm64 /Users/admin/builder/spi-builder-workspace/.derivedData/SDKExplicitPrecompiledModules/_Builtin_stdint-8XMILLJZEGRN2XG7XZUXZ5RLX.pcm
SwiftExplicitDependencyGeneratePcm arm64_32 /Users/admin/builder/spi-builder-workspace/.derivedData/SDKExplicitPrecompiledModules/sys_types-8TLLMW08ZJWDGIIPKOYFGHHZW.pcm
SwiftExplicitDependencyGeneratePcm arm64 /Users/admin/builder/spi-builder-workspace/.derivedData/SDKExplicitPrecompiledModules/sys_types-2KXQLI78OUCDP779AE68GZJ2.pcm
SwiftExplicitDependencyGeneratePcm arm64 /Users/admin/builder/spi-builder-workspace/.derivedData/SDKExplicitPrecompiledModules/_Builtin_tgmath-8NQ96OZ0YHXEC24JI95P01UF8.pcm
SwiftExplicitDependencyGeneratePcm arm64 /Users/admin/builder/spi-builder-workspace/.derivedData/SDKExplicitPrecompiledModules/string_h-E6PRXK75PHIPCZFWOFCQ3QBMK.pcm
SwiftExplicitDependencyGeneratePcm arm64 /Users/admin/builder/spi-builder-workspace/.derivedData/SDKExplicitPrecompiledModules/_Builtin_stdatomic-7JEFA3KBJJJN6TKJWY3OG1VG5.pcm
SwiftExplicitDependencyGeneratePcm arm64 /Users/admin/builder/spi-builder-workspace/.derivedData/SDKExplicitPrecompiledModules/_DarwinFoundation3-B97LRG0E9GON2NUE65TVG81HU.pcm
SwiftExplicitDependencyGeneratePcm arm64 /Users/admin/builder/spi-builder-workspace/.derivedData/SDKExplicitPrecompiledModules/_Builtin_intrinsics-75960HIPCIYA06IUW8FIIPQT.pcm
SwiftExplicitDependencyGeneratePcm arm64_32 /Users/admin/builder/spi-builder-workspace/.derivedData/SDKExplicitPrecompiledModules/_DarwinFoundation3-3DUTYQDQSD9HUAAVY947NMWOI.pcm
SwiftExplicitDependencyGeneratePcm arm64_32 /Users/admin/builder/spi-builder-workspace/.derivedData/SDKExplicitPrecompiledModules/_Builtin_stdatomic-1TY035TURL76BF2U98PZPPZRX.pcm
SwiftExplicitDependencyGeneratePcm arm64_32 /Users/admin/builder/spi-builder-workspace/.derivedData/SDKExplicitPrecompiledModules/_Builtin_intrinsics-196IIAKDQVU42DLOZP9OQCV76.pcm
SwiftExplicitDependencyGeneratePcm arm64_32 /Users/admin/builder/spi-builder-workspace/.derivedData/SDKExplicitPrecompiledModules/_Builtin_inttypes-D2KPCR4PEX9AQA33NGLUT5SBR.pcm
SwiftExplicitDependencyGeneratePcm arm64 /Users/admin/builder/spi-builder-workspace/.derivedData/SDKExplicitPrecompiledModules/_Builtin_inttypes-3UQSCM7WNM9EK4HZML8TY5J3D.pcm
SwiftExplicitDependencyGeneratePcm arm64_32 /Users/admin/builder/spi-builder-workspace/.derivedData/SDKExplicitPrecompiledModules/Darwin-3FVT1SKLN2ZQ5RVOABMTQBB34.pcm
SwiftExplicitDependencyGeneratePcm arm64 /Users/admin/builder/spi-builder-workspace/.derivedData/SDKExplicitPrecompiledModules/Darwin-3984OXKFNSPE77NT743WK8SEX.pcm
SwiftExplicitDependencyGeneratePcm arm64_32 /Users/admin/builder/spi-builder-workspace/.derivedData/SDKExplicitPrecompiledModules/simd-21UNWYOBUZI1LVSQ99S1XBLMO.pcm
SwiftExplicitDependencyGeneratePcm arm64 /Users/admin/builder/spi-builder-workspace/.derivedData/SDKExplicitPrecompiledModules/simd-EH08NODU6574T74ZKU61VP9BW.pcm
SwiftExplicitDependencyGeneratePcm arm64_32 /Users/admin/builder/spi-builder-workspace/.derivedData/SDKExplicitPrecompiledModules/ObjectiveC-6IJNELR2E80E7LUKESVCP2KET.pcm
SwiftExplicitDependencyGeneratePcm arm64_32 /Users/admin/builder/spi-builder-workspace/.derivedData/SDKExplicitPrecompiledModules/MachO-56838ZJ0NC1EBAJ0O6O8QMPDX.pcm
SwiftExplicitDependencyGeneratePcm arm64 /Users/admin/builder/spi-builder-workspace/.derivedData/SDKExplicitPrecompiledModules/ObjectiveC-72IVD3VS2RS8Q28D9PIMY0KQP.pcm
SwiftExplicitDependencyGeneratePcm arm64 /Users/admin/builder/spi-builder-workspace/.derivedData/SDKExplicitPrecompiledModules/MachO-2U90NNSAQILBNBPS1SA4F8TYP.pcm
SwiftExplicitDependencyGeneratePcm arm64_32 /Users/admin/builder/spi-builder-workspace/.derivedData/SDKExplicitPrecompiledModules/os_object-5YWTC6L4756IWSTPGXS5NM0D0.pcm
SwiftExplicitDependencyGeneratePcm arm64 /Users/admin/builder/spi-builder-workspace/.derivedData/SDKExplicitPrecompiledModules/os_object-3SDKD7F87FTZ26OON37DRYT6O.pcm
SwiftExplicitDependencyGeneratePcm arm64_32 /Users/admin/builder/spi-builder-workspace/.derivedData/SDKExplicitPrecompiledModules/os_workgroup-5JHTPDMNBUNHLJI8LPHKQK1JK.pcm
SwiftExplicitDependencyGeneratePcm arm64 /Users/admin/builder/spi-builder-workspace/.derivedData/SDKExplicitPrecompiledModules/os_workgroup-89GG5G7YC2D0ZTK6AZXXQ20DH.pcm
SwiftExplicitDependencyGeneratePcm arm64_32 /Users/admin/builder/spi-builder-workspace/.derivedData/SDKExplicitPrecompiledModules/Spatial-CWVWNML3T0NXVHZDKVLD3X1YZ.pcm
SwiftExplicitDependencyGeneratePcm arm64 /Users/admin/builder/spi-builder-workspace/.derivedData/SDKExplicitPrecompiledModules/Spatial-44FJGYXFAT2AQAW9Z6T7YS02U.pcm
SwiftExplicitDependencyGeneratePcm arm64_32 /Users/admin/builder/spi-builder-workspace/.derivedData/SDKExplicitPrecompiledModules/Dispatch-2P62F1T4XV63S4P99TUDTOK2Q.pcm
SwiftExplicitDependencyGeneratePcm arm64 /Users/admin/builder/spi-builder-workspace/.derivedData/SDKExplicitPrecompiledModules/Dispatch-1NLJOVAK60XP0DUB05XA59EIM.pcm
SwiftExplicitDependencyGeneratePcm arm64_32 /Users/admin/builder/spi-builder-workspace/.derivedData/SDKExplicitPrecompiledModules/CoreFoundation-8E6Y4BA3EXYKUGJ24GT9LGV3N.pcm
SwiftExplicitDependencyGeneratePcm arm64_32 /Users/admin/builder/spi-builder-workspace/.derivedData/SDKExplicitPrecompiledModules/XPC-81Y45QFY96XYYFCW2GT6FY8S4.pcm
SwiftExplicitDependencyGeneratePcm arm64 /Users/admin/builder/spi-builder-workspace/.derivedData/SDKExplicitPrecompiledModules/XPC-40DR0X1DHKGCV4J1IOLFS8MOU.pcm
SwiftExplicitDependencyGeneratePcm arm64 /Users/admin/builder/spi-builder-workspace/.derivedData/SDKExplicitPrecompiledModules/CoreFoundation-8T2L24YC5NU7WO6WQJWRY7W08.pcm
SwiftExplicitDependencyGeneratePcm arm64_32 /Users/admin/builder/spi-builder-workspace/.derivedData/SDKExplicitPrecompiledModules/os-E5IGB442IA6SBB25TTCOLK2OC.pcm
SwiftExplicitDependencyGeneratePcm arm64 /Users/admin/builder/spi-builder-workspace/.derivedData/SDKExplicitPrecompiledModules/os-5DIL6Z9LFIGLMZAHM7X2T5435.pcm
SwiftExplicitDependencyGeneratePcm arm64_32 /Users/admin/builder/spi-builder-workspace/.derivedData/SDKExplicitPrecompiledModules/CoreAudioTypes-9GVB1DHA32M46R4A9NWSI3I2K.pcm
SwiftExplicitDependencyGeneratePcm arm64_32 /Users/admin/builder/spi-builder-workspace/.derivedData/SDKExplicitPrecompiledModules/CoreGraphics-9FDXYX6BKBUT6TJ2VF819E7T5.pcm
SwiftExplicitDependencyGeneratePcm arm64_32 /Users/admin/builder/spi-builder-workspace/.derivedData/SDKExplicitPrecompiledModules/Security-D7TOWF88VWF67TB9HAFP5UWB1.pcm
SwiftExplicitDependencyGeneratePcm arm64 /Users/admin/builder/spi-builder-workspace/.derivedData/SDKExplicitPrecompiledModules/CoreAudioTypes-A9MF7N5LT63G21HNFVM6BT14B.pcm
SwiftExplicitDependencyGeneratePcm arm64 /Users/admin/builder/spi-builder-workspace/.derivedData/SDKExplicitPrecompiledModules/Security-6RZ6YBRU8WCUHRFFRVUK5WKMM.pcm
SwiftExplicitDependencyGeneratePcm arm64 /Users/admin/builder/spi-builder-workspace/.derivedData/SDKExplicitPrecompiledModules/CoreGraphics-DWNZ73GEH98SBJXZ7DEXB420K.pcm
SwiftExplicitDependencyGeneratePcm arm64 /Users/admin/builder/spi-builder-workspace/.derivedData/SDKExplicitPrecompiledModules/CoreAudio-1B79RJJTP71GE6UY9WLESAN3C.pcm
SwiftExplicitDependencyGeneratePcm arm64_32 /Users/admin/builder/spi-builder-workspace/.derivedData/SDKExplicitPrecompiledModules/CoreAudio-5W6MX6OUPWBMUR8VD5LHT1PZF.pcm
SwiftExplicitDependencyGeneratePcm arm64 /Users/admin/builder/spi-builder-workspace/.derivedData/SDKExplicitPrecompiledModules/Foundation-DLBKUSGXN8QHAT8W0OARR9S8A.pcm
SwiftExplicitDependencyGeneratePcm arm64_32 /Users/admin/builder/spi-builder-workspace/.derivedData/SDKExplicitPrecompiledModules/Foundation-BJ2VQGI3OGR34500MEQ1VKHPH.pcm
SwiftExplicitDependencyGeneratePcm arm64 /Users/admin/builder/spi-builder-workspace/.derivedData/SDKExplicitPrecompiledModules/CoreVideo-8MRR5MNWUOAW2DBPGUQ8FKK4.pcm
SwiftExplicitDependencyGeneratePcm arm64 /Users/admin/builder/spi-builder-workspace/.derivedData/SDKExplicitPrecompiledModules/CoreText-970YJN6NIYGK1316L35Z0O8QT.pcm
SwiftExplicitDependencyGeneratePcm arm64_32 /Users/admin/builder/spi-builder-workspace/.derivedData/SDKExplicitPrecompiledModules/CoreText-C9X2REPZN2V5BSU4G80FCETDR.pcm
SwiftExplicitDependencyGeneratePcm arm64_32 /Users/admin/builder/spi-builder-workspace/.derivedData/SDKExplicitPrecompiledModules/CoreVideo-2P8HI0403J99LBDPKNFJ5D4DL.pcm
SwiftExplicitDependencyGeneratePcm arm64 /Users/admin/builder/spi-builder-workspace/.derivedData/SDKExplicitPrecompiledModules/CoreMedia-1AJVCUZNAO74KIKMFVFUUHWDI.pcm
SwiftExplicitDependencyGeneratePcm arm64_32 /Users/admin/builder/spi-builder-workspace/.derivedData/SDKExplicitPrecompiledModules/CoreMedia-AO387T8CHWTTZODD1DGT0UAFA.pcm
SwiftExplicitDependencyGeneratePcm arm64 /Users/admin/builder/spi-builder-workspace/.derivedData/SDKExplicitPrecompiledModules/DataDetection-7BNVI1SZW5ISQL5SX4WL2X7I5.pcm
SwiftExplicitDependencyGeneratePcm arm64 /Users/admin/builder/spi-builder-workspace/.derivedData/SDKExplicitPrecompiledModules/SceneKit-5HZKIL7XETTTD8TOHYPN8JKRJ.pcm
SwiftExplicitDependencyGeneratePcm arm64 /Users/admin/builder/spi-builder-workspace/.derivedData/SDKExplicitPrecompiledModules/CoreTransferable-9PPG3SLJ55T4LITIFYX2M0NOZ.pcm
SwiftExplicitDependencyGeneratePcm arm64 /Users/admin/builder/spi-builder-workspace/.derivedData/SDKExplicitPrecompiledModules/Symbols-3EFABTJ9L5PQDJ7RQCYQWEJMM.pcm
SwiftExplicitDependencyGeneratePcm arm64 /Users/admin/builder/spi-builder-workspace/.derivedData/SDKExplicitPrecompiledModules/UserNotifications-ARAH8MEQ0C2L0FBO39HITJMAO.pcm
SwiftExplicitDependencyGeneratePcm arm64 /Users/admin/builder/spi-builder-workspace/.derivedData/SDKExplicitPrecompiledModules/Accessibility-27QMG6ZQ1NKYTNBYFPM1XKNFC.pcm
SwiftExplicitDependencyGeneratePcm arm64 /Users/admin/builder/spi-builder-workspace/.derivedData/SDKExplicitPrecompiledModules/_LocationEssentials-5ZZDGDXB6HLQUC72SJW7YJ7MK.pcm
SwiftExplicitDependencyGeneratePcm arm64 /Users/admin/builder/spi-builder-workspace/.derivedData/SDKExplicitPrecompiledModules/OSLog-B7VGO357Y3GJG35TST7DKDSI3.pcm
SwiftExplicitDependencyGeneratePcm arm64_32 /Users/admin/builder/spi-builder-workspace/.derivedData/SDKExplicitPrecompiledModules/DataDetection-U9BF7WHFVA6BZGFXXXP272PS.pcm
SwiftExplicitDependencyGeneratePcm arm64 /Users/admin/builder/spi-builder-workspace/.derivedData/SDKExplicitPrecompiledModules/CoreData-9JFJC4UET8BAO5IPV2JU6W9V8.pcm
SwiftExplicitDependencyGeneratePcm arm64_32 /Users/admin/builder/spi-builder-workspace/.derivedData/SDKExplicitPrecompiledModules/UserNotifications-6TBN8TEAKO014N1T2QD926XED.pcm
SwiftExplicitDependencyGeneratePcm arm64 /Users/admin/builder/spi-builder-workspace/.derivedData/SDKExplicitPrecompiledModules/QuartzCore-94KFMWNOU7ZLUZNB4T5DLZC9D.pcm
SwiftExplicitDependencyGeneratePcm arm64_32 /Users/admin/builder/spi-builder-workspace/.derivedData/SDKExplicitPrecompiledModules/SceneKit-DKNLHKM5FJBQ79LSNMSSMBUBR.pcm
SwiftExplicitDependencyGeneratePcm arm64_32 /Users/admin/builder/spi-builder-workspace/.derivedData/SDKExplicitPrecompiledModules/_LocationEssentials-AQ1OL9QKC3LQLY5CNSRM1HB53.pcm
SwiftExplicitDependencyGeneratePcm arm64_32 /Users/admin/builder/spi-builder-workspace/.derivedData/SDKExplicitPrecompiledModules/Accessibility-F385OMZ5GYBUY5O4QAJB4NRII.pcm
SwiftExplicitDependencyGeneratePcm arm64_32 /Users/admin/builder/spi-builder-workspace/.derivedData/SDKExplicitPrecompiledModules/CoreTransferable-5D4IR6X37682FPHJ5CBPTKQV6.pcm
SwiftExplicitDependencyGeneratePcm arm64_32 /Users/admin/builder/spi-builder-workspace/.derivedData/SDKExplicitPrecompiledModules/CoreData-7AU1AFQWUH88EAPDKVMLJPKVD.pcm
SwiftExplicitDependencyGeneratePcm arm64 /Users/admin/builder/spi-builder-workspace/.derivedData/SDKExplicitPrecompiledModules/CoreLocation-ACKJ9K7ABI14F97Y46Y6SRR17.pcm
SwiftExplicitDependencyGeneratePcm arm64_32 /Users/admin/builder/spi-builder-workspace/.derivedData/SDKExplicitPrecompiledModules/QuartzCore-6375NPYACK5NYVHPMC1QQ8MC2.pcm
SwiftExplicitDependencyGeneratePcm arm64_32 /Users/admin/builder/spi-builder-workspace/.derivedData/SDKExplicitPrecompiledModules/UIUtilities-9YFVNIMRC5HRVOIARNWHP1E3H.pcm
SwiftExplicitDependencyGeneratePcm arm64_32 /Users/admin/builder/spi-builder-workspace/.derivedData/SDKExplicitPrecompiledModules/OSLog-D9AVFY0KWO7RVBIQ73CBIJVCN.pcm
SwiftExplicitDependencyGeneratePcm arm64_32 /Users/admin/builder/spi-builder-workspace/.derivedData/SDKExplicitPrecompiledModules/UniformTypeIdentifiers-CJZ3NTHPSBH4XWX5EVOG56UZS.pcm
SwiftExplicitDependencyGeneratePcm arm64_32 /Users/admin/builder/spi-builder-workspace/.derivedData/SDKExplicitPrecompiledModules/CoreLocation-8XU5YMYM4P11RQMYCQAG65ITK.pcm
SwiftExplicitDependencyGeneratePcm arm64_32 /Users/admin/builder/spi-builder-workspace/.derivedData/SDKExplicitPrecompiledModules/Symbols-1H97WMG76HU94F5VGJR19PXFY.pcm
SwiftExplicitDependencyGeneratePcm arm64 /Users/admin/builder/spi-builder-workspace/.derivedData/SDKExplicitPrecompiledModules/UIUtilities-IR7RNW23VAUKYI9MLCS9NL9A.pcm
SwiftExplicitDependencyGeneratePcm arm64 /Users/admin/builder/spi-builder-workspace/.derivedData/SDKExplicitPrecompiledModules/SwiftUICore-C1DST1IX2Z0PTH5SJJZ1IULRB.pcm
SwiftExplicitDependencyGeneratePcm arm64 /Users/admin/builder/spi-builder-workspace/.derivedData/SDKExplicitPrecompiledModules/CoreMotion-6RD5K48QT1F4L9CATNFD2O7YB.pcm
SwiftExplicitDependencyGeneratePcm arm64 /Users/admin/builder/spi-builder-workspace/.derivedData/SDKExplicitPrecompiledModules/UniformTypeIdentifiers-8L08Q8DQJV8C4AW84YVGFGTRN.pcm
SwiftExplicitDependencyGeneratePcm arm64_32 /Users/admin/builder/spi-builder-workspace/.derivedData/SDKExplicitPrecompiledModules/SwiftUICore-3Q7WLRD8MR9R3NGIPUBQCP6F6.pcm
SwiftExplicitDependencyGeneratePcm arm64_32 /Users/admin/builder/spi-builder-workspace/.derivedData/SDKExplicitPrecompiledModules/CoreMotion-1XGTVTE5PP32UHME8AC63TL6.pcm
SwiftExplicitDependencyGeneratePcm arm64 /Users/admin/builder/spi-builder-workspace/.derivedData/SDKExplicitPrecompiledModules/UIKit-27R3P1YMV4C6JLDT661G3MRIA.pcm
SwiftExplicitDependencyGeneratePcm arm64_32 /Users/admin/builder/spi-builder-workspace/.derivedData/SDKExplicitPrecompiledModules/UIKit-6PPV7YPZ89CZPHYAP072QH8B6.pcm
SwiftExplicitDependencyGeneratePcm arm64 /Users/admin/builder/spi-builder-workspace/.derivedData/SDKExplicitPrecompiledModules/HomeKit-DTS1N4AWILAL1URZ5IOXV5221.pcm
SwiftExplicitDependencyGeneratePcm arm64 /Users/admin/builder/spi-builder-workspace/.derivedData/SDKExplicitPrecompiledModules/MapKit-EJJWC7IL56MPLQMI93GJRE5OG.pcm
SwiftExplicitDependencyGeneratePcm arm64_32 /Users/admin/builder/spi-builder-workspace/.derivedData/SDKExplicitPrecompiledModules/HomeKit-DUDZOMSN3UK8GNTNBNMPIWJRN.pcm
SwiftExplicitDependencyGeneratePcm arm64_32 /Users/admin/builder/spi-builder-workspace/.derivedData/SDKExplicitPrecompiledModules/MapKit-CWGB4YMP1VX1NYQN5FULFD5DR.pcm
SwiftExplicitDependencyGeneratePcm arm64 /Users/admin/builder/spi-builder-workspace/.derivedData/SDKExplicitPrecompiledModules/WatchKit-3VT3K8YON6FJ6OWSUFJMFMP8J.pcm
SwiftExplicitDependencyGeneratePcm arm64_32 /Users/admin/builder/spi-builder-workspace/.derivedData/SDKExplicitPrecompiledModules/WatchKit-FHF6WTKLC2APGK3LA2XJ6516.pcm
SwiftExplicitDependencyGeneratePcm arm64 /Users/admin/builder/spi-builder-workspace/.derivedData/SDKExplicitPrecompiledModules/SwiftUI-APXDH8ULYLM6FD17YRA73TULO.pcm
SwiftExplicitDependencyGeneratePcm arm64_32 /Users/admin/builder/spi-builder-workspace/.derivedData/SDKExplicitPrecompiledModules/SwiftUI-9AYG9OCT5VOJK7V4MX1WYR86T.pcm
SwiftCompile normal arm64 Compiling\ NavigationUpdateContext.swift /Users/admin/builder/spi-builder-workspace/Sources/StackNavigation/NavigationUpdateContext.swift (in target 'StackNavigation' from project 'stack-navigation')
SwiftCompile normal arm64 /Users/admin/builder/spi-builder-workspace/Sources/StackNavigation/NavigationUpdateContext.swift (in target 'StackNavigation' from project 'stack-navigation')
    cd /Users/admin/builder/spi-builder-workspace/.swiftpm/xcode
    builtin-SwiftPerFileCompile NavigationUpdateContext.swift
SwiftEmitModule normal arm64 Emitting\ module\ for\ StackNavigation (in target 'StackNavigation' from project 'stack-navigation')
/Users/admin/builder/spi-builder-workspace/Sources/StackNavigation/DestinationBuilderStorage.swift:3:62: error: 'UIViewController' is unavailable in watchOS
 1 | import class UIKit.UIViewController
 2 |
 3 | public struct TypedDestinationBuilder<Datum, ViewController: UIViewController> {
   |                                                              `- error: 'UIViewController' is unavailable in watchOS
 4 |   public var makeViewController: (Datum) -> ViewController
 5 |   public var updateViewController: (ViewController, Datum) -> Void
/Applications/Xcode-27.0.0-Release.Candidate.app/Contents/Developer/Platforms/WatchOS.platform/Developer/SDKs/WatchOS27.0.sdk/System/Library/Frameworks/UIKit.framework/Headers/UIViewController.h:104:12: note: 'UIViewController' has been explicitly marked unavailable here
102 |
103 | UIKIT_EXTERN API_AVAILABLE(ios(2.0)) API_UNAVAILABLE(watchos) NS_SWIFT_UI_ACTOR
104 | @interface UIViewController : UIResponder <NSCoding, UIAppearanceContainer, UITraitEnvironment, UIContentContainer, UIFocusEnvironment>
    |            `- note: 'UIViewController' has been explicitly marked unavailable here
105 |
106 | /*
/Users/admin/builder/spi-builder-workspace/Sources/StackNavigation/DestinationBuilderStorage.swift:18:36: error: 'UIViewController' is unavailable in watchOS
16 | public struct DestinationBuilder: Equatable {
17 |   var key: ObjectIdentifier
18 |   var makeViewController: (Any) -> UIViewController
   |                                    `- error: 'UIViewController' is unavailable in watchOS
19 |   /// 타입이 일치하여 업데이트가 된 경우 true 반환
20 |   var updateViewController: (UIViewController, Any) -> Bool
/Applications/Xcode-27.0.0-Release.Candidate.app/Contents/Developer/Platforms/WatchOS.platform/Developer/SDKs/WatchOS27.0.sdk/System/Library/Frameworks/UIKit.framework/Headers/UIViewController.h:104:12: note: 'UIViewController' has been explicitly marked unavailable here
102 |
103 | UIKIT_EXTERN API_AVAILABLE(ios(2.0)) API_UNAVAILABLE(watchos) NS_SWIFT_UI_ACTOR
104 | @interface UIViewController : UIResponder <NSCoding, UIAppearanceContainer, UITraitEnvironment, UIContentContainer, UIFocusEnvironment>
    |            `- note: 'UIViewController' has been explicitly marked unavailable here
105 |
106 | /*
/Users/admin/builder/spi-builder-workspace/Sources/StackNavigation/DestinationBuilderStorage.swift:20:30: error: 'UIViewController' is unavailable in watchOS
18 |   var makeViewController: (Any) -> UIViewController
19 |   /// 타입이 일치하여 업데이트가 된 경우 true 반환
20 |   var updateViewController: (UIViewController, Any) -> Bool
   |                              `- error: 'UIViewController' is unavailable in watchOS
21 |
22 |   public static func ==(lhs: Self, rhs: Self) -> Bool {
/Applications/Xcode-27.0.0-Release.Candidate.app/Contents/Developer/Platforms/WatchOS.platform/Developer/SDKs/WatchOS27.0.sdk/System/Library/Frameworks/UIKit.framework/Headers/UIViewController.h:104:12: note: 'UIViewController' has been explicitly marked unavailable here
102 |
103 | UIKIT_EXTERN API_AVAILABLE(ios(2.0)) API_UNAVAILABLE(watchos) NS_SWIFT_UI_ACTOR
104 | @interface UIViewController : UIResponder <NSCoding, UIAppearanceContainer, UITraitEnvironment, UIContentContainer, UIFocusEnvironment>
    |            `- note: 'UIViewController' has been explicitly marked unavailable here
105 |
106 | /*
/Users/admin/builder/spi-builder-workspace/Sources/StackNavigation/DestinationBuilderStorage.swift:34:27: error: 'UIViewController' is unavailable in watchOS
32 |   public init() { }
33 |
34 |   public subscript<D, VC: UIViewController>(key: D.Type) -> TypedDestinationBuilder<D, VC>? {
   |                           `- error: 'UIViewController' is unavailable in watchOS
35 |     get {
36 |       guard let builder = builders[ObjectIdentifier(key)] else { return nil }
/Applications/Xcode-27.0.0-Release.Candidate.app/Contents/Developer/Platforms/WatchOS.platform/Developer/SDKs/WatchOS27.0.sdk/System/Library/Frameworks/UIKit.framework/Headers/UIViewController.h:104:12: note: 'UIViewController' has been explicitly marked unavailable here
102 |
103 | UIKIT_EXTERN API_AVAILABLE(ios(2.0)) API_UNAVAILABLE(watchos) NS_SWIFT_UI_ACTOR
104 | @interface UIViewController : UIResponder <NSCoding, UIAppearanceContainer, UITraitEnvironment, UIContentContainer, UIFocusEnvironment>
    |            `- note: 'UIViewController' has been explicitly marked unavailable here
105 |
106 | /*
/Users/admin/builder/spi-builder-workspace/Sources/StackNavigation/StackNavigationController.swift:24:72: error: 'UIViewController' is unavailable in watchOS
 22 |
 23 |   private var dataPositions: [ObjectIdentifier: Data.Index] = [:]
 24 |   private func setPosition(_ position: Data.Index, for viewController: UIViewController) {
    |                                                                        `- error: 'UIViewController' is unavailable in watchOS
 25 |     dataPositions[ObjectIdentifier(viewController)] = position
 26 |   }
/Applications/Xcode-27.0.0-Release.Candidate.app/Contents/Developer/Platforms/WatchOS.platform/Developer/SDKs/WatchOS27.0.sdk/System/Library/Frameworks/UIKit.framework/Headers/UIViewController.h:104:12: note: 'UIViewController' has been explicitly marked unavailable here
102 |
103 | UIKIT_EXTERN API_AVAILABLE(ios(2.0)) API_UNAVAILABLE(watchos) NS_SWIFT_UI_ACTOR
104 | @interface UIViewController : UIResponder <NSCoding, UIAppearanceContainer, UITraitEnvironment, UIContentContainer, UIFocusEnvironment>
    |            `- note: 'UIViewController' has been explicitly marked unavailable here
105 |
106 | /*
/Users/admin/builder/spi-builder-workspace/Sources/StackNavigation/StackNavigationController.swift:27:54: error: 'UIViewController' is unavailable in watchOS
 25 |     dataPositions[ObjectIdentifier(viewController)] = position
 26 |   }
 27 |   private func removePathElement(for viewController: UIViewController) {
    |                                                      `- error: 'UIViewController' is unavailable in watchOS
 28 |     let key = ObjectIdentifier(viewController)
 29 |     guard let position = dataPositions[key] else { return }
/Applications/Xcode-27.0.0-Release.Candidate.app/Contents/Developer/Platforms/WatchOS.platform/Developer/SDKs/WatchOS27.0.sdk/System/Library/Frameworks/UIKit.framework/Headers/UIViewController.h:104:12: note: 'UIViewController' has been explicitly marked unavailable here
102 |
103 | UIKIT_EXTERN API_AVAILABLE(ios(2.0)) API_UNAVAILABLE(watchos) NS_SWIFT_UI_ACTOR
104 | @interface UIViewController : UIResponder <NSCoding, UIAppearanceContainer, UITraitEnvironment, UIContentContainer, UIFocusEnvironment>
    |            `- note: 'UIViewController' has been explicitly marked unavailable here
105 |
106 | /*
/Users/admin/builder/spi-builder-workspace/Sources/StackNavigation/StackNavigationController.swift:37:25: error: 'UIViewController' is unavailable in watchOS
 35 |
 36 |   public init(
 37 |     rootViewController: UIViewController,
    |                         `- error: 'UIViewController' is unavailable in watchOS
 38 |     initialPath: Data,
 39 |     destinations: DestinationBuilderStorage = DestinationBuilderStorage()
/Applications/Xcode-27.0.0-Release.Candidate.app/Contents/Developer/Platforms/WatchOS.platform/Developer/SDKs/WatchOS27.0.sdk/System/Library/Frameworks/UIKit.framework/Headers/UIViewController.h:104:12: note: 'UIViewController' has been explicitly marked unavailable here
102 |
103 | UIKIT_EXTERN API_AVAILABLE(ios(2.0)) API_UNAVAILABLE(watchos) NS_SWIFT_UI_ACTOR
104 | @interface UIViewController : UIResponder <NSCoding, UIAppearanceContainer, UITraitEnvironment, UIContentContainer, UIFocusEnvironment>
    |            `- note: 'UIViewController' has been explicitly marked unavailable here
105 |
106 | /*
/Users/admin/builder/spi-builder-workspace/Sources/StackNavigation/StackNavigationController.swift:48:25: error: 'UIViewController' is unavailable in watchOS
 46 |
 47 |   public convenience init(
 48 |     rootViewController: UIViewController,
    |                         `- error: 'UIViewController' is unavailable in watchOS
 49 |     initialPath: Data,
 50 |     destination: @escaping (Data.Element) -> UIViewController
/Applications/Xcode-27.0.0-Release.Candidate.app/Contents/Developer/Platforms/WatchOS.platform/Developer/SDKs/WatchOS27.0.sdk/System/Library/Frameworks/UIKit.framework/Headers/UIViewController.h:104:12: note: 'UIViewController' has been explicitly marked unavailable here
102 |
103 | UIKIT_EXTERN API_AVAILABLE(ios(2.0)) API_UNAVAILABLE(watchos) NS_SWIFT_UI_ACTOR
104 | @interface UIViewController : UIResponder <NSCoding, UIAppearanceContainer, UITraitEnvironment, UIContentContainer, UIFocusEnvironment>
    |            `- note: 'UIViewController' has been explicitly marked unavailable here
105 |
106 | /*
/Users/admin/builder/spi-builder-workspace/Sources/StackNavigation/StackNavigationController.swift:50:46: error: 'UIViewController' is unavailable in watchOS
 48 |     rootViewController: UIViewController,
 49 |     initialPath: Data,
 50 |     destination: @escaping (Data.Element) -> UIViewController
    |                                              `- error: 'UIViewController' is unavailable in watchOS
 51 |   ) {
 52 |     var destinations = DestinationBuilderStorage()
/Applications/Xcode-27.0.0-Release.Candidate.app/Contents/Developer/Platforms/WatchOS.platform/Developer/SDKs/WatchOS27.0.sdk/System/Library/Frameworks/UIKit.framework/Headers/UIViewController.h:104:12: note: 'UIViewController' has been explicitly marked unavailable here
102 |
103 | UIKIT_EXTERN API_AVAILABLE(ios(2.0)) API_UNAVAILABLE(watchos) NS_SWIFT_UI_ACTOR
104 | @interface UIViewController : UIResponder <NSCoding, UIAppearanceContainer, UITraitEnvironment, UIContentContainer, UIFocusEnvironment>
    |            `- note: 'UIViewController' has been explicitly marked unavailable here
105 |
106 | /*
/Users/admin/builder/spi-builder-workspace/Sources/StackNavigation/StackNavigationController.swift:109:59: error: 'UIViewController' is unavailable in watchOS
107 |   }
108 |
109 |   open override func popViewController(animated: Bool) -> UIViewController? {
    |                                                           `- error: 'UIViewController' is unavailable in watchOS
110 |     guard let poppedVC = super.popViewController(animated: animated) else { return nil }
111 |     // 팝 제스쳐가 끝나고 업데이트 하기 위한 분기.
/Applications/Xcode-27.0.0-Release.Candidate.app/Contents/Developer/Platforms/WatchOS.platform/Developer/SDKs/WatchOS27.0.sdk/System/Library/Frameworks/UIKit.framework/Headers/UIViewController.h:104:12: note: 'UIViewController' has been explicitly marked unavailable here
102 |
103 | UIKIT_EXTERN API_AVAILABLE(ios(2.0)) API_UNAVAILABLE(watchos) NS_SWIFT_UI_ACTOR
104 | @interface UIViewController : UIResponder <NSCoding, UIAppearanceContainer, UITraitEnvironment, UIContentContainer, UIFocusEnvironment>
    |            `- note: 'UIViewController' has been explicitly marked unavailable here
105 |
106 | /*
/Users/admin/builder/spi-builder-workspace/Sources/StackNavigation/StackNavigationController.swift:126:60: error: 'UIViewController' is unavailable in watchOS
124 |   }
125 |
126 |   open override func popToViewController(_ viewController: UIViewController, animated: Bool) -> [UIViewController]? {
    |                                                            `- error: 'UIViewController' is unavailable in watchOS
127 |     guard let poppedVCs = super.popToViewController(viewController, animated: animated) else { return nil }
128 |     // reversed: O(1)
/Applications/Xcode-27.0.0-Release.Candidate.app/Contents/Developer/Platforms/WatchOS.platform/Developer/SDKs/WatchOS27.0.sdk/System/Library/Frameworks/UIKit.framework/Headers/UIViewController.h:104:12: note: 'UIViewController' has been explicitly marked unavailable here
102 |
103 | UIKIT_EXTERN API_AVAILABLE(ios(2.0)) API_UNAVAILABLE(watchos) NS_SWIFT_UI_ACTOR
104 | @interface UIViewController : UIResponder <NSCoding, UIAppearanceContainer, UITraitEnvironment, UIContentContainer, UIFocusEnvironment>
    |            `- note: 'UIViewController' has been explicitly marked unavailable here
105 |
106 | /*
/Users/admin/builder/spi-builder-workspace/Sources/StackNavigation/StackNavigationController.swift:126:98: error: 'UIViewController' is unavailable in watchOS
124 |   }
125 |
126 |   open override func popToViewController(_ viewController: UIViewController, animated: Bool) -> [UIViewController]? {
    |                                                                                                  `- error: 'UIViewController' is unavailable in watchOS
127 |     guard let poppedVCs = super.popToViewController(viewController, animated: animated) else { return nil }
128 |     // reversed: O(1)
/Applications/Xcode-27.0.0-Release.Candidate.app/Contents/Developer/Platforms/WatchOS.platform/Developer/SDKs/WatchOS27.0.sdk/System/Library/Frameworks/UIKit.framework/Headers/UIViewController.h:104:12: note: 'UIViewController' has been explicitly marked unavailable here
102 |
103 | UIKIT_EXTERN API_AVAILABLE(ios(2.0)) API_UNAVAILABLE(watchos) NS_SWIFT_UI_ACTOR
104 | @interface UIViewController : UIResponder <NSCoding, UIAppearanceContainer, UITraitEnvironment, UIContentContainer, UIFocusEnvironment>
    |            `- note: 'UIViewController' has been explicitly marked unavailable here
105 |
106 | /*
/Users/admin/builder/spi-builder-workspace/Sources/StackNavigation/StackNavigationController.swift:136:66: error: 'UIViewController' is unavailable in watchOS
134 |   }
135 |
136 |   open override func popToRootViewController(animated: Bool) -> [UIViewController]? {
    |                                                                  `- error: 'UIViewController' is unavailable in watchOS
137 |     let poppedVCs = super.popToRootViewController(animated: animated)
138 |     lastPath.removeAll(keepingCapacity: false)
/Applications/Xcode-27.0.0-Release.Candidate.app/Contents/Developer/Platforms/WatchOS.platform/Developer/SDKs/WatchOS27.0.sdk/System/Library/Frameworks/UIKit.framework/Headers/UIViewController.h:104:12: note: 'UIViewController' has been explicitly marked unavailable here
102 |
103 | UIKIT_EXTERN API_AVAILABLE(ios(2.0)) API_UNAVAILABLE(watchos) NS_SWIFT_UI_ACTOR
104 | @interface UIViewController : UIResponder <NSCoding, UIAppearanceContainer, UITraitEnvironment, UIContentContainer, UIFocusEnvironment>
    |            `- note: 'UIViewController' has been explicitly marked unavailable here
105 |
106 | /*
/Users/admin/builder/spi-builder-workspace/Sources/StackNavigation/StackNavigationController.swift:143:64: error: 'UIViewController' is unavailable in watchOS
141 |   }
142 |
143 |   open override func setViewControllers(_ newViewControllers: [UIViewController], animated: Bool) {
    |                                                                `- error: 'UIViewController' is unavailable in watchOS
144 |     let oldVCs = Set(viewControllers.dropFirst())
145 |     let newVCs = Set(newViewControllers.dropFirst())
/Applications/Xcode-27.0.0-Release.Candidate.app/Contents/Developer/Platforms/WatchOS.platform/Developer/SDKs/WatchOS27.0.sdk/System/Library/Frameworks/UIKit.framework/Headers/UIViewController.h:104:12: note: 'UIViewController' has been explicitly marked unavailable here
102 |
103 | UIKIT_EXTERN API_AVAILABLE(ios(2.0)) API_UNAVAILABLE(watchos) NS_SWIFT_UI_ACTOR
104 | @interface UIViewController : UIResponder <NSCoding, UIAppearanceContainer, UITraitEnvironment, UIContentContainer, UIFocusEnvironment>
    |            `- note: 'UIViewController' has been explicitly marked unavailable here
105 |
106 | /*
/Users/admin/builder/spi-builder-workspace/Sources/StackNavigation/StackNavigationController.swift:10:45: error: 'UINavigationController' is unavailable in watchOS
  8 | }
  9 |
 10 | open class StackNavigationController<Data>: UINavigationController
    |                                             `- error: 'UINavigationController' is unavailable in watchOS
 11 |   where Data: MutableCollection & RandomAccessCollection & RangeReplaceableCollection,
 12 |         Data.Element: Hashable
/Applications/Xcode-27.0.0-Release.Candidate.app/Contents/Developer/Platforms/WatchOS.platform/Developer/SDKs/WatchOS27.0.sdk/System/Library/Frameworks/UIKit.framework/Headers/UINavigationController.h:46:12: note: 'UINavigationController' has been explicitly marked unavailable here
 44 |
 45 | UIKIT_EXTERN API_AVAILABLE(ios(2.0)) API_UNAVAILABLE(watchos) NS_SWIFT_UI_ACTOR
 46 | @interface UINavigationController : UIViewController
    |            `- note: 'UINavigationController' has been explicitly marked unavailable here
 47 |
 48 |
Failed frontend command:
/Applications/Xcode-27.0.0-Release.Candidate.app/Contents/Developer/Toolchains/XcodeDefault.xctoolchain/usr/bin/swift-frontend -frontend -emit-module -experimental-skip-non-inlinable-function-bodies-without-types /Users/admin/builder/spi-builder-workspace/Sources/StackNavigation/DestinationBuilderStorage.swift /Users/admin/builder/spi-builder-workspace/Sources/StackNavigation/NavigationUpdateContext.swift /Users/admin/builder/spi-builder-workspace/Sources/StackNavigation/StackNavigationController.swift /Users/admin/builder/spi-builder-workspace/Sources/StackNavigation/StackNavigationPath.swift -target arm64-apple-watchos9.0 -disable-cross-import-overlay-search -load-resolved-plugin /Applications/Xcode-27.0.0-Release.Candidate.app/Contents/Developer/Platforms/WatchOS.platform/Developer/usr/lib/swift/host/plugins/libFoundationMacros.dylib\#/Applications/Xcode-27.0.0-Release.Candidate.app/Contents/Developer/Platforms/WatchOS.platform/Developer/usr/bin/swift-plugin-server\#FoundationMacros -load-resolved-plugin /Applications/Xcode-27.0.0-Release.Candidate.app/Contents/Developer/Platforms/WatchOS.platform/Developer/usr/lib/swift/host/plugins/libObservationMacros.dylib\#/Applications/Xcode-27.0.0-Release.Candidate.app/Contents/Developer/Platforms/WatchOS.platform/Developer/usr/bin/swift-plugin-server\#ObservationMacros -load-resolved-plugin /Applications/Xcode-27.0.0-Release.Candidate.app/Contents/Developer/Platforms/WatchOS.platform/Developer/usr/lib/swift/host/plugins/libPreviewsMacros.dylib\#/Applications/Xcode-27.0.0-Release.Candidate.app/Contents/Developer/Platforms/WatchOS.platform/Developer/usr/bin/swift-plugin-server\#PreviewsMacros -load-resolved-plugin /Applications/Xcode-27.0.0-Release.Candidate.app/Contents/Developer/Platforms/WatchOS.platform/Developer/usr/lib/swift/host/plugins/libSwiftMacros.dylib\#/Applications/Xcode-27.0.0-Release.Candidate.app/Contents/Developer/Platforms/WatchOS.platform/Developer/usr/bin/swift-plugin-server\#SwiftMacros -load-resolved-plugin /Applications/Xcode-27.0.0-Release.Candidate.app/Contents/Developer/Platforms/WatchOS.platform/Developer/usr/lib/swift/host/plugins/libSwiftUIMacros.dylib\#/Applications/Xcode-27.0.0-Release.Candidate.app/Contents/Developer/Platforms/WatchOS.platform/Developer/usr/bin/swift-plugin-server\#SwiftUIMacros -disable-implicit-swift-modules -Xcc -fno-implicit-modules -Xcc -fno-implicit-module-maps -explicit-swift-module-map-file /Users/admin/builder/spi-builder-workspace/.derivedData/Build/Intermediates.noindex/stack-navigation.build/Debug-watchos/StackNavigation-t.build/Objects-normal/arm64/StackNavigation-dependencies-1.json -Xllvm -aarch64-use-tbi -enable-objc-interop -stack-check -sdk /Applications/Xcode-27.0.0-Release.Candidate.app/Contents/Developer/Platforms/WatchOS.platform/Developer/SDKs/WatchOS27.0.sdk -I /Users/admin/builder/spi-builder-workspace/.derivedData/Build/Products/Debug-watchos -Isystem /Applications/Xcode-27.0.0-Release.Candidate.app/Contents/Developer/Platforms/WatchOS.platform/Developer/usr/lib -F /Users/admin/builder/spi-builder-workspace/.derivedData/Build/Products/Debug-watchos -F /Applications/Xcode-27.0.0-Release.Candidate.app/Contents/Developer/Platforms/WatchOS.platform/Developer/Library/Frameworks -F /Applications/Xcode-27.0.0-Release.Candidate.app/Contents/Developer/Platforms/WatchOS.platform/Developer/SDKs/WatchOS27.0.sdk/Developer/Library/Frameworks -module-cache-path /Users/admin/builder/spi-builder-workspace/.derivedData/Build/Intermediates.noindex/SwiftExplicitPrecompiledModules -no-color-diagnostics -Xcc -fno-color-diagnostics -enable-testing -g -debug-info-format\=dwarf -dwarf-version\=4 -swift-version 5 -Onone -D SWIFT_PACKAGE -D DEBUG -D SWIFT_MODULE_RESOURCE_BUNDLE_UNAVAILABLE -D Xcode -serialize-debugging-options -enable-experimental-feature DebugDescriptionMacro -empty-abi-descriptor -validate-clang-modules-once -clang-build-session-file /Users/admin/builder/spi-builder-workspace/.derivedData/ModuleCache.noindex/Session.modulevalidation -Xcc -working-directory -Xcc /Users/admin/builder/spi-builder-workspace/.swiftpm/xcode -enable-anonymous-context-mangled-names -file-compilation-dir /Users/admin/builder/spi-builder-workspace/.swiftpm/xcode -Xcc -D_LIBCPP_HARDENING_MODE\=_LIBCPP_HARDENING_MODE_DEBUG -Xcc -ivfsstatcache -Xcc /Users/admin/builder/spi-builder-workspace/.derivedData/SDKStatCaches.noindex/watchos27.0-24R360-e829b21a6f8c9b70876ba0858053c04477534ef55a1706bf4c1112bbb242f0a2.sdkstatcache -Xcc -fmodules-prune-interval\=86400 -Xcc -fmodules-prune-after\=345600 -Xcc -I/Users/admin/builder/spi-builder-workspace/.derivedData/Build/Products/Debug-watchos/include -Xcc -I/Users/admin/builder/spi-builder-workspace/.derivedData/Build/Intermediates.noindex/stack-navigation.build/Debug-watchos/StackNavigation-t.build/DerivedSources-normal/arm64 -Xcc -I/Users/admin/builder/spi-builder-workspace/.derivedData/Build/Intermediates.noindex/stack-navigation.build/Debug-watchos/StackNavigation-t.build/DerivedSources/arm64 -Xcc -I/Users/admin/builder/spi-builder-workspace/.derivedData/Build/Intermediates.noindex/stack-navigation.build/Debug-watchos/StackNavigation-t.build/DerivedSources -Xcc -DSWIFT_PACKAGE -Xcc -DDEBUG\=1 -no-auto-bridging-header-chaining -module-name StackNavigation -const-gather-protocols-file /Users/admin/builder/spi-builder-workspace/.derivedData/Build/Intermediates.noindex/stack-navigation.build/Debug-watchos/StackNavigation-t.build/Objects-normal/arm64/StackNavigation_const_extract_protocols.json -disable-clang-spi -clang-target arm64-apple-watchos27.0 -target-sdk-version 27.0 -target-sdk-name watchos27.0 -in-process-plugin-server-path /Applications/Xcode-27.0.0-Release.Candidate.app/Contents/Developer/Toolchains/XcodeDefault.xctoolchain/usr/lib/swift/host/libSwiftInProcPluginServer.dylib -emit-module-doc-path /Users/admin/builder/spi-builder-workspace/.derivedData/Build/Intermediates.noindex/stack-navigation.build/Debug-watchos/StackNavigation-t.build/Objects-normal/arm64/StackNavigation.swiftdoc -emit-module-source-info-path /Users/admin/builder/spi-builder-workspace/.derivedData/Build/Intermediates.noindex/stack-navigation.build/Debug-watchos/StackNavigation-t.build/Objects-normal/arm64/StackNavigation.swiftsourceinfo -emit-objc-header-path /Users/admin/builder/spi-builder-workspace/.derivedData/Build/Intermediates.noindex/stack-navigation.build/Debug-watchos/StackNavigation-t.build/Objects-normal/arm64/StackNavigation-Swift.h -serialize-diagnostics-path /Users/admin/builder/spi-builder-workspace/.derivedData/Build/Intermediates.noindex/stack-navigation.build/Debug-watchos/StackNavigation-t.build/Objects-normal/arm64/StackNavigation-primary-emit-module.dia -emit-dependencies-path /Users/admin/builder/spi-builder-workspace/.derivedData/Build/Intermediates.noindex/stack-navigation.build/Debug-watchos/StackNavigation-t.build/Objects-normal/arm64/StackNavigation-primary-emit-module.d -parse-as-library -o /Users/admin/builder/spi-builder-workspace/.derivedData/Build/Intermediates.noindex/stack-navigation.build/Debug-watchos/StackNavigation-t.build/Objects-normal/arm64/StackNavigation.swiftmodule -emit-abi-descriptor-path /Users/admin/builder/spi-builder-workspace/.derivedData/Build/Intermediates.noindex/stack-navigation.build/Debug-watchos/StackNavigation-t.build/Objects-normal/arm64/StackNavigation.abi.json
SwiftCompile normal arm64 (in target 'StackNavigation' from project 'stack-navigation')
    cd /Users/admin/builder/spi-builder-workspace/.swiftpm/xcode

SwiftCompile normal arm64 Compiling\ DestinationBuilderStorage.swift /Users/admin/builder/spi-builder-workspace/Sources/StackNavigation/DestinationBuilderStorage.swift (in target 'StackNavigation' from project 'stack-navigation')
SwiftCompile normal arm64 /Users/admin/builder/spi-builder-workspace/Sources/StackNavigation/DestinationBuilderStorage.swift (in target 'StackNavigation' from project 'stack-navigation')
    cd /Users/admin/builder/spi-builder-workspace/.swiftpm/xcode
    builtin-SwiftPerFileCompile DestinationBuilderStorage.swift
/Users/admin/builder/spi-builder-workspace/Sources/StackNavigation/DestinationBuilderStorage.swift:3:62: error: 'UIViewController' is unavailable in watchOS
 1 | import class UIKit.UIViewController
 2 |
 3 | public struct TypedDestinationBuilder<Datum, ViewController: UIViewController> {
   |                                                              `- error: 'UIViewController' is unavailable in watchOS
 4 |   public var makeViewController: (Datum) -> ViewController
 5 |   public var updateViewController: (ViewController, Datum) -> Void
/Applications/Xcode-27.0.0-Release.Candidate.app/Contents/Developer/Platforms/WatchOS.platform/Developer/SDKs/WatchOS27.0.sdk/System/Library/Frameworks/UIKit.framework/Headers/UIViewController.h:104:12: note: 'UIViewController' has been explicitly marked unavailable here
102 |
103 | UIKIT_EXTERN API_AVAILABLE(ios(2.0)) API_UNAVAILABLE(watchos) NS_SWIFT_UI_ACTOR
104 | @interface UIViewController : UIResponder <NSCoding, UIAppearanceContainer, UITraitEnvironment, UIContentContainer, UIFocusEnvironment>
    |            `- note: 'UIViewController' has been explicitly marked unavailable here
105 |
106 | /*
/Users/admin/builder/spi-builder-workspace/Sources/StackNavigation/DestinationBuilderStorage.swift:18:36: error: 'UIViewController' is unavailable in watchOS
16 | public struct DestinationBuilder: Equatable {
17 |   var key: ObjectIdentifier
18 |   var makeViewController: (Any) -> UIViewController
   |                                    `- error: 'UIViewController' is unavailable in watchOS
19 |   /// 타입이 일치하여 업데이트가 된 경우 true 반환
20 |   var updateViewController: (UIViewController, Any) -> Bool
/Applications/Xcode-27.0.0-Release.Candidate.app/Contents/Developer/Platforms/WatchOS.platform/Developer/SDKs/WatchOS27.0.sdk/System/Library/Frameworks/UIKit.framework/Headers/UIViewController.h:104:12: note: 'UIViewController' has been explicitly marked unavailable here
102 |
103 | UIKIT_EXTERN API_AVAILABLE(ios(2.0)) API_UNAVAILABLE(watchos) NS_SWIFT_UI_ACTOR
104 | @interface UIViewController : UIResponder <NSCoding, UIAppearanceContainer, UITraitEnvironment, UIContentContainer, UIFocusEnvironment>
    |            `- note: 'UIViewController' has been explicitly marked unavailable here
105 |
106 | /*
/Users/admin/builder/spi-builder-workspace/Sources/StackNavigation/DestinationBuilderStorage.swift:20:30: error: 'UIViewController' is unavailable in watchOS
18 |   var makeViewController: (Any) -> UIViewController
19 |   /// 타입이 일치하여 업데이트가 된 경우 true 반환
20 |   var updateViewController: (UIViewController, Any) -> Bool
   |                              `- error: 'UIViewController' is unavailable in watchOS
21 |
22 |   public static func ==(lhs: Self, rhs: Self) -> Bool {
/Applications/Xcode-27.0.0-Release.Candidate.app/Contents/Developer/Platforms/WatchOS.platform/Developer/SDKs/WatchOS27.0.sdk/System/Library/Frameworks/UIKit.framework/Headers/UIViewController.h:104:12: note: 'UIViewController' has been explicitly marked unavailable here
102 |
103 | UIKIT_EXTERN API_AVAILABLE(ios(2.0)) API_UNAVAILABLE(watchos) NS_SWIFT_UI_ACTOR
104 | @interface UIViewController : UIResponder <NSCoding, UIAppearanceContainer, UITraitEnvironment, UIContentContainer, UIFocusEnvironment>
    |            `- note: 'UIViewController' has been explicitly marked unavailable here
105 |
106 | /*
SwiftCompile normal arm64 Compiling\ StackNavigationPath.swift /Users/admin/builder/spi-builder-workspace/Sources/StackNavigation/StackNavigationPath.swift (in target 'StackNavigation' from project 'stack-navigation')
SwiftCompile normal arm64 /Users/admin/builder/spi-builder-workspace/Sources/StackNavigation/StackNavigationPath.swift (in target 'StackNavigation' from project 'stack-navigation')
    cd /Users/admin/builder/spi-builder-workspace/.swiftpm/xcode
    builtin-SwiftPerFileCompile StackNavigationPath.swift
SwiftCompile normal arm64 Compiling\ StackNavigationController.swift /Users/admin/builder/spi-builder-workspace/Sources/StackNavigation/StackNavigationController.swift (in target 'StackNavigation' from project 'stack-navigation')
/Users/admin/builder/spi-builder-workspace/Sources/StackNavigation/StackNavigationController.swift:24:72: error: 'UIViewController' is unavailable in watchOS
 22 |
 23 |   private var dataPositions: [ObjectIdentifier: Data.Index] = [:]
 24 |   private func setPosition(_ position: Data.Index, for viewController: UIViewController) {
    |                                                                        `- error: 'UIViewController' is unavailable in watchOS
 25 |     dataPositions[ObjectIdentifier(viewController)] = position
 26 |   }
/Applications/Xcode-27.0.0-Release.Candidate.app/Contents/Developer/Platforms/WatchOS.platform/Developer/SDKs/WatchOS27.0.sdk/System/Library/Frameworks/UIKit.framework/Headers/UIViewController.h:104:12: note: 'UIViewController' has been explicitly marked unavailable here
102 |
103 | UIKIT_EXTERN API_AVAILABLE(ios(2.0)) API_UNAVAILABLE(watchos) NS_SWIFT_UI_ACTOR
104 | @interface UIViewController : UIResponder <NSCoding, UIAppearanceContainer, UITraitEnvironment, UIContentContainer, UIFocusEnvironment>
    |            `- note: 'UIViewController' has been explicitly marked unavailable here
105 |
106 | /*
/Users/admin/builder/spi-builder-workspace/Sources/StackNavigation/StackNavigationController.swift:27:54: error: 'UIViewController' is unavailable in watchOS
 25 |     dataPositions[ObjectIdentifier(viewController)] = position
 26 |   }
 27 |   private func removePathElement(for viewController: UIViewController) {
    |                                                      `- error: 'UIViewController' is unavailable in watchOS
 28 |     let key = ObjectIdentifier(viewController)
 29 |     guard let position = dataPositions[key] else { return }
/Applications/Xcode-27.0.0-Release.Candidate.app/Contents/Developer/Platforms/WatchOS.platform/Developer/SDKs/WatchOS27.0.sdk/System/Library/Frameworks/UIKit.framework/Headers/UIViewController.h:104:12: note: 'UIViewController' has been explicitly marked unavailable here
102 |
103 | UIKIT_EXTERN API_AVAILABLE(ios(2.0)) API_UNAVAILABLE(watchos) NS_SWIFT_UI_ACTOR
104 | @interface UIViewController : UIResponder <NSCoding, UIAppearanceContainer, UITraitEnvironment, UIContentContainer, UIFocusEnvironment>
    |            `- note: 'UIViewController' has been explicitly marked unavailable here
105 |
106 | /*
/Users/admin/builder/spi-builder-workspace/Sources/StackNavigation/StackNavigationController.swift:37:25: error: 'UIViewController' is unavailable in watchOS
 35 |
 36 |   public init(
 37 |     rootViewController: UIViewController,
    |                         `- error: 'UIViewController' is unavailable in watchOS
 38 |     initialPath: Data,
 39 |     destinations: DestinationBuilderStorage = DestinationBuilderStorage()
/Applications/Xcode-27.0.0-Release.Candidate.app/Contents/Developer/Platforms/WatchOS.platform/Developer/SDKs/WatchOS27.0.sdk/System/Library/Frameworks/UIKit.framework/Headers/UIViewController.h:104:12: note: 'UIViewController' has been explicitly marked unavailable here
102 |
103 | UIKIT_EXTERN API_AVAILABLE(ios(2.0)) API_UNAVAILABLE(watchos) NS_SWIFT_UI_ACTOR
104 | @interface UIViewController : UIResponder <NSCoding, UIAppearanceContainer, UITraitEnvironment, UIContentContainer, UIFocusEnvironment>
    |            `- note: 'UIViewController' has been explicitly marked unavailable here
105 |
106 | /*
/Users/admin/builder/spi-builder-workspace/Sources/StackNavigation/StackNavigationController.swift:48:25: error: 'UIViewController' is unavailable in watchOS
 46 |
 47 |   public convenience init(
 48 |     rootViewController: UIViewController,
    |                         `- error: 'UIViewController' is unavailable in watchOS
 49 |     initialPath: Data,
 50 |     destination: @escaping (Data.Element) -> UIViewController
/Applications/Xcode-27.0.0-Release.Candidate.app/Contents/Developer/Platforms/WatchOS.platform/Developer/SDKs/WatchOS27.0.sdk/System/Library/Frameworks/UIKit.framework/Headers/UIViewController.h:104:12: note: 'UIViewController' has been explicitly marked unavailable here
102 |
103 | UIKIT_EXTERN API_AVAILABLE(ios(2.0)) API_UNAVAILABLE(watchos) NS_SWIFT_UI_ACTOR
104 | @interface UIViewController : UIResponder <NSCoding, UIAppearanceContainer, UITraitEnvironment, UIContentContainer, UIFocusEnvironment>
    |            `- note: 'UIViewController' has been explicitly marked unavailable here
105 |
106 | /*
/Users/admin/builder/spi-builder-workspace/Sources/StackNavigation/StackNavigationController.swift:50:46: error: 'UIViewController' is unavailable in watchOS
 48 |     rootViewController: UIViewController,
 49 |     initialPath: Data,
 50 |     destination: @escaping (Data.Element) -> UIViewController
    |                                              `- error: 'UIViewController' is unavailable in watchOS
 51 |   ) {
 52 |     var destinations = DestinationBuilderStorage()
/Applications/Xcode-27.0.0-Release.Candidate.app/Contents/Developer/Platforms/WatchOS.platform/Developer/SDKs/WatchOS27.0.sdk/System/Library/Frameworks/UIKit.framework/Headers/UIViewController.h:104:12: note: 'UIViewController' has been explicitly marked unavailable here
102 |
103 | UIKIT_EXTERN API_AVAILABLE(ios(2.0)) API_UNAVAILABLE(watchos) NS_SWIFT_UI_ACTOR
104 | @interface UIViewController : UIResponder <NSCoding, UIAppearanceContainer, UITraitEnvironment, UIContentContainer, UIFocusEnvironment>
    |            `- note: 'UIViewController' has been explicitly marked unavailable here
105 |
106 | /*
/Users/admin/builder/spi-builder-workspace/Sources/StackNavigation/StackNavigationController.swift:109:59: error: 'UIViewController' is unavailable in watchOS
107 |   }
108 |
109 |   open override func popViewController(animated: Bool) -> UIViewController? {
    |                                                           `- error: 'UIViewController' is unavailable in watchOS
110 |     guard let poppedVC = super.popViewController(animated: animated) else { return nil }
111 |     // 팝 제스쳐가 끝나고 업데이트 하기 위한 분기.
/Applications/Xcode-27.0.0-Release.Candidate.app/Contents/Developer/Platforms/WatchOS.platform/Developer/SDKs/WatchOS27.0.sdk/System/Library/Frameworks/UIKit.framework/Headers/UIViewController.h:104:12: note: 'UIViewController' has been explicitly marked unavailable here
102 |
103 | UIKIT_EXTERN API_AVAILABLE(ios(2.0)) API_UNAVAILABLE(watchos) NS_SWIFT_UI_ACTOR
104 | @interface UIViewController : UIResponder <NSCoding, UIAppearanceContainer, UITraitEnvironment, UIContentContainer, UIFocusEnvironment>
    |            `- note: 'UIViewController' has been explicitly marked unavailable here
105 |
106 | /*
/Users/admin/builder/spi-builder-workspace/Sources/StackNavigation/StackNavigationController.swift:126:60: error: 'UIViewController' is unavailable in watchOS
124 |   }
125 |
126 |   open override func popToViewController(_ viewController: UIViewController, animated: Bool) -> [UIViewController]? {
    |                                                            `- error: 'UIViewController' is unavailable in watchOS
127 |     guard let poppedVCs = super.popToViewController(viewController, animated: animated) else { return nil }
128 |     // reversed: O(1)
/Applications/Xcode-27.0.0-Release.Candidate.app/Contents/Developer/Platforms/WatchOS.platform/Developer/SDKs/WatchOS27.0.sdk/System/Library/Frameworks/UIKit.framework/Headers/UIViewController.h:104:12: note: 'UIViewController' has been explicitly marked unavailable here
102 |
103 | UIKIT_EXTERN API_AVAILABLE(ios(2.0)) API_UNAVAILABLE(watchos) NS_SWIFT_UI_ACTOR
104 | @interface UIViewController : UIResponder <NSCoding, UIAppearanceContainer, UITraitEnvironment, UIContentContainer, UIFocusEnvironment>
    |            `- note: 'UIViewController' has been explicitly marked unavailable here
105 |
106 | /*
/Users/admin/builder/spi-builder-workspace/Sources/StackNavigation/StackNavigationController.swift:126:98: error: 'UIViewController' is unavailable in watchOS
124 |   }
125 |
126 |   open override func popToViewController(_ viewController: UIViewController, animated: Bool) -> [UIViewController]? {
    |                                                                                                  `- error: 'UIViewController' is unavailable in watchOS
127 |     guard let poppedVCs = super.popToViewController(viewController, animated: animated) else { return nil }
128 |     // reversed: O(1)
/Applications/Xcode-27.0.0-Release.Candidate.app/Contents/Developer/Platforms/WatchOS.platform/Developer/SDKs/WatchOS27.0.sdk/System/Library/Frameworks/UIKit.framework/Headers/UIViewController.h:104:12: note: 'UIViewController' has been explicitly marked unavailable here
102 |
103 | UIKIT_EXTERN API_AVAILABLE(ios(2.0)) API_UNAVAILABLE(watchos) NS_SWIFT_UI_ACTOR
104 | @interface UIViewController : UIResponder <NSCoding, UIAppearanceContainer, UITraitEnvironment, UIContentContainer, UIFocusEnvironment>
    |            `- note: 'UIViewController' has been explicitly marked unavailable here
105 |
106 | /*
/Users/admin/builder/spi-builder-workspace/Sources/StackNavigation/StackNavigationController.swift:136:66: error: 'UIViewController' is unavailable in watchOS
134 |   }
135 |
136 |   open override func popToRootViewController(animated: Bool) -> [UIViewController]? {
    |                                                                  `- error: 'UIViewController' is unavailable in watchOS
137 |     let poppedVCs = super.popToRootViewController(animated: animated)
138 |     lastPath.removeAll(keepingCapacity: false)
/Applications/Xcode-27.0.0-Release.Candidate.app/Contents/Developer/Platforms/WatchOS.platform/Developer/SDKs/WatchOS27.0.sdk/System/Library/Frameworks/UIKit.framework/Headers/UIViewController.h:104:12: note: 'UIViewController' has been explicitly marked unavailable here
102 |
103 | UIKIT_EXTERN API_AVAILABLE(ios(2.0)) API_UNAVAILABLE(watchos) NS_SWIFT_UI_ACTOR
104 | @interface UIViewController : UIResponder <NSCoding, UIAppearanceContainer, UITraitEnvironment, UIContentContainer, UIFocusEnvironment>
    |            `- note: 'UIViewController' has been explicitly marked unavailable here
105 |
106 | /*
/Users/admin/builder/spi-builder-workspace/Sources/StackNavigation/StackNavigationController.swift:143:64: error: 'UIViewController' is unavailable in watchOS
141 |   }
142 |
143 |   open override func setViewControllers(_ newViewControllers: [UIViewController], animated: Bool) {
    |                                                                `- error: 'UIViewController' is unavailable in watchOS
144 |     let oldVCs = Set(viewControllers.dropFirst())
145 |     let newVCs = Set(newViewControllers.dropFirst())
/Applications/Xcode-27.0.0-Release.Candidate.app/Contents/Developer/Platforms/WatchOS.platform/Developer/SDKs/WatchOS27.0.sdk/System/Library/Frameworks/UIKit.framework/Headers/UIViewController.h:104:12: note: 'UIViewController' has been explicitly marked unavailable here
102 |
103 | UIKIT_EXTERN API_AVAILABLE(ios(2.0)) API_UNAVAILABLE(watchos) NS_SWIFT_UI_ACTOR
104 | @interface UIViewController : UIResponder <NSCoding, UIAppearanceContainer, UITraitEnvironment, UIContentContainer, UIFocusEnvironment>
    |            `- note: 'UIViewController' has been explicitly marked unavailable here
105 |
106 | /*
SwiftCompile normal arm64 /Users/admin/builder/spi-builder-workspace/Sources/StackNavigation/StackNavigationController.swift (in target 'StackNavigation' from project 'stack-navigation')
    cd /Users/admin/builder/spi-builder-workspace/.swiftpm/xcode
    builtin-SwiftPerFileCompile StackNavigationController.swift
SwiftCompile normal arm64_32 Compiling\ StackNavigationPath.swift /Users/admin/builder/spi-builder-workspace/Sources/StackNavigation/StackNavigationPath.swift (in target 'StackNavigation' from project 'stack-navigation')
SwiftCompile normal arm64_32 /Users/admin/builder/spi-builder-workspace/Sources/StackNavigation/StackNavigationPath.swift (in target 'StackNavigation' from project 'stack-navigation')
    cd /Users/admin/builder/spi-builder-workspace/.swiftpm/xcode
    builtin-SwiftPerFileCompile StackNavigationPath.swift
SwiftCompile normal arm64_32 Compiling\ StackNavigationController.swift /Users/admin/builder/spi-builder-workspace/Sources/StackNavigation/StackNavigationController.swift (in target 'StackNavigation' from project 'stack-navigation')
/Users/admin/builder/spi-builder-workspace/Sources/StackNavigation/StackNavigationController.swift:24:72: error: 'UIViewController' is unavailable in watchOS
 22 |
 23 |   private var dataPositions: [ObjectIdentifier: Data.Index] = [:]
 24 |   private func setPosition(_ position: Data.Index, for viewController: UIViewController) {
    |                                                                        `- error: 'UIViewController' is unavailable in watchOS
 25 |     dataPositions[ObjectIdentifier(viewController)] = position
 26 |   }
/Applications/Xcode-27.0.0-Release.Candidate.app/Contents/Developer/Platforms/WatchOS.platform/Developer/SDKs/WatchOS27.0.sdk/System/Library/Frameworks/UIKit.framework/Headers/UIViewController.h:104:12: note: 'UIViewController' has been explicitly marked unavailable here
102 |
103 | UIKIT_EXTERN API_AVAILABLE(ios(2.0)) API_UNAVAILABLE(watchos) NS_SWIFT_UI_ACTOR
104 | @interface UIViewController : UIResponder <NSCoding, UIAppearanceContainer, UITraitEnvironment, UIContentContainer, UIFocusEnvironment>
    |            `- note: 'UIViewController' has been explicitly marked unavailable here
105 |
106 | /*
/Users/admin/builder/spi-builder-workspace/Sources/StackNavigation/StackNavigationController.swift:27:54: error: 'UIViewController' is unavailable in watchOS
 25 |     dataPositions[ObjectIdentifier(viewController)] = position
 26 |   }
 27 |   private func removePathElement(for viewController: UIViewController) {
    |                                                      `- error: 'UIViewController' is unavailable in watchOS
 28 |     let key = ObjectIdentifier(viewController)
 29 |     guard let position = dataPositions[key] else { return }
/Applications/Xcode-27.0.0-Release.Candidate.app/Contents/Developer/Platforms/WatchOS.platform/Developer/SDKs/WatchOS27.0.sdk/System/Library/Frameworks/UIKit.framework/Headers/UIViewController.h:104:12: note: 'UIViewController' has been explicitly marked unavailable here
102 |
103 | UIKIT_EXTERN API_AVAILABLE(ios(2.0)) API_UNAVAILABLE(watchos) NS_SWIFT_UI_ACTOR
104 | @interface UIViewController : UIResponder <NSCoding, UIAppearanceContainer, UITraitEnvironment, UIContentContainer, UIFocusEnvironment>
    |            `- note: 'UIViewController' has been explicitly marked unavailable here
105 |
106 | /*
/Users/admin/builder/spi-builder-workspace/Sources/StackNavigation/StackNavigationController.swift:37:25: error: 'UIViewController' is unavailable in watchOS
 35 |
 36 |   public init(
 37 |     rootViewController: UIViewController,
    |                         `- error: 'UIViewController' is unavailable in watchOS
 38 |     initialPath: Data,
 39 |     destinations: DestinationBuilderStorage = DestinationBuilderStorage()
/Applications/Xcode-27.0.0-Release.Candidate.app/Contents/Developer/Platforms/WatchOS.platform/Developer/SDKs/WatchOS27.0.sdk/System/Library/Frameworks/UIKit.framework/Headers/UIViewController.h:104:12: note: 'UIViewController' has been explicitly marked unavailable here
102 |
103 | UIKIT_EXTERN API_AVAILABLE(ios(2.0)) API_UNAVAILABLE(watchos) NS_SWIFT_UI_ACTOR
104 | @interface UIViewController : UIResponder <NSCoding, UIAppearanceContainer, UITraitEnvironment, UIContentContainer, UIFocusEnvironment>
    |            `- note: 'UIViewController' has been explicitly marked unavailable here
105 |
106 | /*
/Users/admin/builder/spi-builder-workspace/Sources/StackNavigation/StackNavigationController.swift:48:25: error: 'UIViewController' is unavailable in watchOS
 46 |
 47 |   public convenience init(
 48 |     rootViewController: UIViewController,
    |                         `- error: 'UIViewController' is unavailable in watchOS
 49 |     initialPath: Data,
 50 |     destination: @escaping (Data.Element) -> UIViewController
/Applications/Xcode-27.0.0-Release.Candidate.app/Contents/Developer/Platforms/WatchOS.platform/Developer/SDKs/WatchOS27.0.sdk/System/Library/Frameworks/UIKit.framework/Headers/UIViewController.h:104:12: note: 'UIViewController' has been explicitly marked unavailable here
102 |
103 | UIKIT_EXTERN API_AVAILABLE(ios(2.0)) API_UNAVAILABLE(watchos) NS_SWIFT_UI_ACTOR
104 | @interface UIViewController : UIResponder <NSCoding, UIAppearanceContainer, UITraitEnvironment, UIContentContainer, UIFocusEnvironment>
    |            `- note: 'UIViewController' has been explicitly marked unavailable here
105 |
106 | /*
/Users/admin/builder/spi-builder-workspace/Sources/StackNavigation/StackNavigationController.swift:50:46: error: 'UIViewController' is unavailable in watchOS
 48 |     rootViewController: UIViewController,
 49 |     initialPath: Data,
 50 |     destination: @escaping (Data.Element) -> UIViewController
    |                                              `- error: 'UIViewController' is unavailable in watchOS
 51 |   ) {
 52 |     var destinations = DestinationBuilderStorage()
/Applications/Xcode-27.0.0-Release.Candidate.app/Contents/Developer/Platforms/WatchOS.platform/Developer/SDKs/WatchOS27.0.sdk/System/Library/Frameworks/UIKit.framework/Headers/UIViewController.h:104:12: note: 'UIViewController' has been explicitly marked unavailable here
102 |
103 | UIKIT_EXTERN API_AVAILABLE(ios(2.0)) API_UNAVAILABLE(watchos) NS_SWIFT_UI_ACTOR
104 | @interface UIViewController : UIResponder <NSCoding, UIAppearanceContainer, UITraitEnvironment, UIContentContainer, UIFocusEnvironment>
    |            `- note: 'UIViewController' has been explicitly marked unavailable here
105 |
106 | /*
/Users/admin/builder/spi-builder-workspace/Sources/StackNavigation/StackNavigationController.swift:109:59: error: 'UIViewController' is unavailable in watchOS
107 |   }
108 |
109 |   open override func popViewController(animated: Bool) -> UIViewController? {
    |                                                           `- error: 'UIViewController' is unavailable in watchOS
110 |     guard let poppedVC = super.popViewController(animated: animated) else { return nil }
111 |     // 팝 제스쳐가 끝나고 업데이트 하기 위한 분기.
/Applications/Xcode-27.0.0-Release.Candidate.app/Contents/Developer/Platforms/WatchOS.platform/Developer/SDKs/WatchOS27.0.sdk/System/Library/Frameworks/UIKit.framework/Headers/UIViewController.h:104:12: note: 'UIViewController' has been explicitly marked unavailable here
102 |
103 | UIKIT_EXTERN API_AVAILABLE(ios(2.0)) API_UNAVAILABLE(watchos) NS_SWIFT_UI_ACTOR
104 | @interface UIViewController : UIResponder <NSCoding, UIAppearanceContainer, UITraitEnvironment, UIContentContainer, UIFocusEnvironment>
    |            `- note: 'UIViewController' has been explicitly marked unavailable here
105 |
106 | /*
/Users/admin/builder/spi-builder-workspace/Sources/StackNavigation/StackNavigationController.swift:126:60: error: 'UIViewController' is unavailable in watchOS
124 |   }
125 |
126 |   open override func popToViewController(_ viewController: UIViewController, animated: Bool) -> [UIViewController]? {
    |                                                            `- error: 'UIViewController' is unavailable in watchOS
127 |     guard let poppedVCs = super.popToViewController(viewController, animated: animated) else { return nil }
128 |     // reversed: O(1)
/Applications/Xcode-27.0.0-Release.Candidate.app/Contents/Developer/Platforms/WatchOS.platform/Developer/SDKs/WatchOS27.0.sdk/System/Library/Frameworks/UIKit.framework/Headers/UIViewController.h:104:12: note: 'UIViewController' has been explicitly marked unavailable here
102 |
103 | UIKIT_EXTERN API_AVAILABLE(ios(2.0)) API_UNAVAILABLE(watchos) NS_SWIFT_UI_ACTOR
104 | @interface UIViewController : UIResponder <NSCoding, UIAppearanceContainer, UITraitEnvironment, UIContentContainer, UIFocusEnvironment>
    |            `- note: 'UIViewController' has been explicitly marked unavailable here
105 |
106 | /*
/Users/admin/builder/spi-builder-workspace/Sources/StackNavigation/StackNavigationController.swift:126:98: error: 'UIViewController' is unavailable in watchOS
124 |   }
125 |
126 |   open override func popToViewController(_ viewController: UIViewController, animated: Bool) -> [UIViewController]? {
    |                                                                                                  `- error: 'UIViewController' is unavailable in watchOS
127 |     guard let poppedVCs = super.popToViewController(viewController, animated: animated) else { return nil }
128 |     // reversed: O(1)
/Applications/Xcode-27.0.0-Release.Candidate.app/Contents/Developer/Platforms/WatchOS.platform/Developer/SDKs/WatchOS27.0.sdk/System/Library/Frameworks/UIKit.framework/Headers/UIViewController.h:104:12: note: 'UIViewController' has been explicitly marked unavailable here
102 |
103 | UIKIT_EXTERN API_AVAILABLE(ios(2.0)) API_UNAVAILABLE(watchos) NS_SWIFT_UI_ACTOR
104 | @interface UIViewController : UIResponder <NSCoding, UIAppearanceContainer, UITraitEnvironment, UIContentContainer, UIFocusEnvironment>
    |            `- note: 'UIViewController' has been explicitly marked unavailable here
105 |
106 | /*
/Users/admin/builder/spi-builder-workspace/Sources/StackNavigation/StackNavigationController.swift:136:66: error: 'UIViewController' is unavailable in watchOS
134 |   }
135 |
136 |   open override func popToRootViewController(animated: Bool) -> [UIViewController]? {
    |                                                                  `- error: 'UIViewController' is unavailable in watchOS
137 |     let poppedVCs = super.popToRootViewController(animated: animated)
138 |     lastPath.removeAll(keepingCapacity: false)
/Applications/Xcode-27.0.0-Release.Candidate.app/Contents/Developer/Platforms/WatchOS.platform/Developer/SDKs/WatchOS27.0.sdk/System/Library/Frameworks/UIKit.framework/Headers/UIViewController.h:104:12: note: 'UIViewController' has been explicitly marked unavailable here
102 |
103 | UIKIT_EXTERN API_AVAILABLE(ios(2.0)) API_UNAVAILABLE(watchos) NS_SWIFT_UI_ACTOR
104 | @interface UIViewController : UIResponder <NSCoding, UIAppearanceContainer, UITraitEnvironment, UIContentContainer, UIFocusEnvironment>
    |            `- note: 'UIViewController' has been explicitly marked unavailable here
105 |
106 | /*
SwiftCompile normal arm64_32 /Users/admin/builder/spi-builder-workspace/Sources/StackNavigation/StackNavigationController.swift (in target 'StackNavigation' from project 'stack-navigation')
    cd /Users/admin/builder/spi-builder-workspace/.swiftpm/xcode
    builtin-SwiftPerFileCompile StackNavigationController.swift
/Users/admin/builder/spi-builder-workspace/Sources/StackNavigation/StackNavigationController.swift:143:64: error: 'UIViewController' is unavailable in watchOS
141 |   }
142 |
143 |   open override func setViewControllers(_ newViewControllers: [UIViewController], animated: Bool) {
    |                                                                `- error: 'UIViewController' is unavailable in watchOS
144 |     let oldVCs = Set(viewControllers.dropFirst())
145 |     let newVCs = Set(newViewControllers.dropFirst())
/Applications/Xcode-27.0.0-Release.Candidate.app/Contents/Developer/Platforms/WatchOS.platform/Developer/SDKs/WatchOS27.0.sdk/System/Library/Frameworks/UIKit.framework/Headers/UIViewController.h:104:12: note: 'UIViewController' has been explicitly marked unavailable here
102 |
103 | UIKIT_EXTERN API_AVAILABLE(ios(2.0)) API_UNAVAILABLE(watchos) NS_SWIFT_UI_ACTOR
104 | @interface UIViewController : UIResponder <NSCoding, UIAppearanceContainer, UITraitEnvironment, UIContentContainer, UIFocusEnvironment>
    |            `- note: 'UIViewController' has been explicitly marked unavailable here
105 |
106 | /*
SwiftEmitModule normal arm64_32 Emitting\ module\ for\ StackNavigation (in target 'StackNavigation' from project 'stack-navigation')
/Users/admin/builder/spi-builder-workspace/Sources/StackNavigation/DestinationBuilderStorage.swift:3:62: error: 'UIViewController' is unavailable in watchOS
 1 | import class UIKit.UIViewController
 2 |
 3 | public struct TypedDestinationBuilder<Datum, ViewController: UIViewController> {
   |                                                              `- error: 'UIViewController' is unavailable in watchOS
 4 |   public var makeViewController: (Datum) -> ViewController
 5 |   public var updateViewController: (ViewController, Datum) -> Void
/Applications/Xcode-27.0.0-Release.Candidate.app/Contents/Developer/Platforms/WatchOS.platform/Developer/SDKs/WatchOS27.0.sdk/System/Library/Frameworks/UIKit.framework/Headers/UIViewController.h:104:12: note: 'UIViewController' has been explicitly marked unavailable here
102 |
103 | UIKIT_EXTERN API_AVAILABLE(ios(2.0)) API_UNAVAILABLE(watchos) NS_SWIFT_UI_ACTOR
104 | @interface UIViewController : UIResponder <NSCoding, UIAppearanceContainer, UITraitEnvironment, UIContentContainer, UIFocusEnvironment>
    |            `- note: 'UIViewController' has been explicitly marked unavailable here
105 |
106 | /*
/Users/admin/builder/spi-builder-workspace/Sources/StackNavigation/DestinationBuilderStorage.swift:18:36: error: 'UIViewController' is unavailable in watchOS
16 | public struct DestinationBuilder: Equatable {
17 |   var key: ObjectIdentifier
18 |   var makeViewController: (Any) -> UIViewController
   |                                    `- error: 'UIViewController' is unavailable in watchOS
19 |   /// 타입이 일치하여 업데이트가 된 경우 true 반환
20 |   var updateViewController: (UIViewController, Any) -> Bool
/Applications/Xcode-27.0.0-Release.Candidate.app/Contents/Developer/Platforms/WatchOS.platform/Developer/SDKs/WatchOS27.0.sdk/System/Library/Frameworks/UIKit.framework/Headers/UIViewController.h:104:12: note: 'UIViewController' has been explicitly marked unavailable here
102 |
103 | UIKIT_EXTERN API_AVAILABLE(ios(2.0)) API_UNAVAILABLE(watchos) NS_SWIFT_UI_ACTOR
104 | @interface UIViewController : UIResponder <NSCoding, UIAppearanceContainer, UITraitEnvironment, UIContentContainer, UIFocusEnvironment>
    |            `- note: 'UIViewController' has been explicitly marked unavailable here
105 |
106 | /*
/Users/admin/builder/spi-builder-workspace/Sources/StackNavigation/DestinationBuilderStorage.swift:20:30: error: 'UIViewController' is unavailable in watchOS
18 |   var makeViewController: (Any) -> UIViewController
19 |   /// 타입이 일치하여 업데이트가 된 경우 true 반환
20 |   var updateViewController: (UIViewController, Any) -> Bool
   |                              `- error: 'UIViewController' is unavailable in watchOS
21 |
22 |   public static func ==(lhs: Self, rhs: Self) -> Bool {
/Applications/Xcode-27.0.0-Release.Candidate.app/Contents/Developer/Platforms/WatchOS.platform/Developer/SDKs/WatchOS27.0.sdk/System/Library/Frameworks/UIKit.framework/Headers/UIViewController.h:104:12: note: 'UIViewController' has been explicitly marked unavailable here
102 |
103 | UIKIT_EXTERN API_AVAILABLE(ios(2.0)) API_UNAVAILABLE(watchos) NS_SWIFT_UI_ACTOR
104 | @interface UIViewController : UIResponder <NSCoding, UIAppearanceContainer, UITraitEnvironment, UIContentContainer, UIFocusEnvironment>
    |            `- note: 'UIViewController' has been explicitly marked unavailable here
105 |
106 | /*
/Users/admin/builder/spi-builder-workspace/Sources/StackNavigation/DestinationBuilderStorage.swift:34:27: error: 'UIViewController' is unavailable in watchOS
32 |   public init() { }
33 |
34 |   public subscript<D, VC: UIViewController>(key: D.Type) -> TypedDestinationBuilder<D, VC>? {
   |                           `- error: 'UIViewController' is unavailable in watchOS
35 |     get {
36 |       guard let builder = builders[ObjectIdentifier(key)] else { return nil }
/Applications/Xcode-27.0.0-Release.Candidate.app/Contents/Developer/Platforms/WatchOS.platform/Developer/SDKs/WatchOS27.0.sdk/System/Library/Frameworks/UIKit.framework/Headers/UIViewController.h:104:12: note: 'UIViewController' has been explicitly marked unavailable here
102 |
103 | UIKIT_EXTERN API_AVAILABLE(ios(2.0)) API_UNAVAILABLE(watchos) NS_SWIFT_UI_ACTOR
104 | @interface UIViewController : UIResponder <NSCoding, UIAppearanceContainer, UITraitEnvironment, UIContentContainer, UIFocusEnvironment>
    |            `- note: 'UIViewController' has been explicitly marked unavailable here
105 |
106 | /*
/Users/admin/builder/spi-builder-workspace/Sources/StackNavigation/StackNavigationController.swift:24:72: error: 'UIViewController' is unavailable in watchOS
 22 |
 23 |   private var dataPositions: [ObjectIdentifier: Data.Index] = [:]
 24 |   private func setPosition(_ position: Data.Index, for viewController: UIViewController) {
    |                                                                        `- error: 'UIViewController' is unavailable in watchOS
 25 |     dataPositions[ObjectIdentifier(viewController)] = position
 26 |   }
/Applications/Xcode-27.0.0-Release.Candidate.app/Contents/Developer/Platforms/WatchOS.platform/Developer/SDKs/WatchOS27.0.sdk/System/Library/Frameworks/UIKit.framework/Headers/UIViewController.h:104:12: note: 'UIViewController' has been explicitly marked unavailable here
102 |
103 | UIKIT_EXTERN API_AVAILABLE(ios(2.0)) API_UNAVAILABLE(watchos) NS_SWIFT_UI_ACTOR
104 | @interface UIViewController : UIResponder <NSCoding, UIAppearanceContainer, UITraitEnvironment, UIContentContainer, UIFocusEnvironment>
    |            `- note: 'UIViewController' has been explicitly marked unavailable here
105 |
106 | /*
/Users/admin/builder/spi-builder-workspace/Sources/StackNavigation/StackNavigationController.swift:27:54: error: 'UIViewController' is unavailable in watchOS
 25 |     dataPositions[ObjectIdentifier(viewController)] = position
 26 |   }
 27 |   private func removePathElement(for viewController: UIViewController) {
    |                                                      `- error: 'UIViewController' is unavailable in watchOS
 28 |     let key = ObjectIdentifier(viewController)
 29 |     guard let position = dataPositions[key] else { return }
/Applications/Xcode-27.0.0-Release.Candidate.app/Contents/Developer/Platforms/WatchOS.platform/Developer/SDKs/WatchOS27.0.sdk/System/Library/Frameworks/UIKit.framework/Headers/UIViewController.h:104:12: note: 'UIViewController' has been explicitly marked unavailable here
102 |
103 | UIKIT_EXTERN API_AVAILABLE(ios(2.0)) API_UNAVAILABLE(watchos) NS_SWIFT_UI_ACTOR
104 | @interface UIViewController : UIResponder <NSCoding, UIAppearanceContainer, UITraitEnvironment, UIContentContainer, UIFocusEnvironment>
    |            `- note: 'UIViewController' has been explicitly marked unavailable here
105 |
106 | /*
/Users/admin/builder/spi-builder-workspace/Sources/StackNavigation/StackNavigationController.swift:37:25: error: 'UIViewController' is unavailable in watchOS
 35 |
 36 |   public init(
 37 |     rootViewController: UIViewController,
    |                         `- error: 'UIViewController' is unavailable in watchOS
 38 |     initialPath: Data,
 39 |     destinations: DestinationBuilderStorage = DestinationBuilderStorage()
/Applications/Xcode-27.0.0-Release.Candidate.app/Contents/Developer/Platforms/WatchOS.platform/Developer/SDKs/WatchOS27.0.sdk/System/Library/Frameworks/UIKit.framework/Headers/UIViewController.h:104:12: note: 'UIViewController' has been explicitly marked unavailable here
102 |
103 | UIKIT_EXTERN API_AVAILABLE(ios(2.0)) API_UNAVAILABLE(watchos) NS_SWIFT_UI_ACTOR
104 | @interface UIViewController : UIResponder <NSCoding, UIAppearanceContainer, UITraitEnvironment, UIContentContainer, UIFocusEnvironment>
    |            `- note: 'UIViewController' has been explicitly marked unavailable here
105 |
106 | /*
/Users/admin/builder/spi-builder-workspace/Sources/StackNavigation/StackNavigationController.swift:48:25: error: 'UIViewController' is unavailable in watchOS
 46 |
 47 |   public convenience init(
 48 |     rootViewController: UIViewController,
    |                         `- error: 'UIViewController' is unavailable in watchOS
 49 |     initialPath: Data,
 50 |     destination: @escaping (Data.Element) -> UIViewController
/Applications/Xcode-27.0.0-Release.Candidate.app/Contents/Developer/Platforms/WatchOS.platform/Developer/SDKs/WatchOS27.0.sdk/System/Library/Frameworks/UIKit.framework/Headers/UIViewController.h:104:12: note: 'UIViewController' has been explicitly marked unavailable here
102 |
103 | UIKIT_EXTERN API_AVAILABLE(ios(2.0)) API_UNAVAILABLE(watchos) NS_SWIFT_UI_ACTOR
104 | @interface UIViewController : UIResponder <NSCoding, UIAppearanceContainer, UITraitEnvironment, UIContentContainer, UIFocusEnvironment>
    |            `- note: 'UIViewController' has been explicitly marked unavailable here
105 |
106 | /*
/Users/admin/builder/spi-builder-workspace/Sources/StackNavigation/StackNavigationController.swift:50:46: error: 'UIViewController' is unavailable in watchOS
 48 |     rootViewController: UIViewController,
 49 |     initialPath: Data,
 50 |     destination: @escaping (Data.Element) -> UIViewController
    |                                              `- error: 'UIViewController' is unavailable in watchOS
 51 |   ) {
 52 |     var destinations = DestinationBuilderStorage()
/Applications/Xcode-27.0.0-Release.Candidate.app/Contents/Developer/Platforms/WatchOS.platform/Developer/SDKs/WatchOS27.0.sdk/System/Library/Frameworks/UIKit.framework/Headers/UIViewController.h:104:12: note: 'UIViewController' has been explicitly marked unavailable here
102 |
103 | UIKIT_EXTERN API_AVAILABLE(ios(2.0)) API_UNAVAILABLE(watchos) NS_SWIFT_UI_ACTOR
104 | @interface UIViewController : UIResponder <NSCoding, UIAppearanceContainer, UITraitEnvironment, UIContentContainer, UIFocusEnvironment>
    |            `- note: 'UIViewController' has been explicitly marked unavailable here
105 |
106 | /*
/Users/admin/builder/spi-builder-workspace/Sources/StackNavigation/StackNavigationController.swift:109:59: error: 'UIViewController' is unavailable in watchOS
107 |   }
108 |
109 |   open override func popViewController(animated: Bool) -> UIViewController? {
    |                                                           `- error: 'UIViewController' is unavailable in watchOS
110 |     guard let poppedVC = super.popViewController(animated: animated) else { return nil }
111 |     // 팝 제스쳐가 끝나고 업데이트 하기 위한 분기.
/Applications/Xcode-27.0.0-Release.Candidate.app/Contents/Developer/Platforms/WatchOS.platform/Developer/SDKs/WatchOS27.0.sdk/System/Library/Frameworks/UIKit.framework/Headers/UIViewController.h:104:12: note: 'UIViewController' has been explicitly marked unavailable here
102 |
103 | UIKIT_EXTERN API_AVAILABLE(ios(2.0)) API_UNAVAILABLE(watchos) NS_SWIFT_UI_ACTOR
104 | @interface UIViewController : UIResponder <NSCoding, UIAppearanceContainer, UITraitEnvironment, UIContentContainer, UIFocusEnvironment>
    |            `- note: 'UIViewController' has been explicitly marked unavailable here
105 |
106 | /*
/Users/admin/builder/spi-builder-workspace/Sources/StackNavigation/StackNavigationController.swift:126:60: error: 'UIViewController' is unavailable in watchOS
124 |   }
125 |
126 |   open override func popToViewController(_ viewController: UIViewController, animated: Bool) -> [UIViewController]? {
    |                                                            `- error: 'UIViewController' is unavailable in watchOS
127 |     guard let poppedVCs = super.popToViewController(viewController, animated: animated) else { return nil }
128 |     // reversed: O(1)
/Applications/Xcode-27.0.0-Release.Candidate.app/Contents/Developer/Platforms/WatchOS.platform/Developer/SDKs/WatchOS27.0.sdk/System/Library/Frameworks/UIKit.framework/Headers/UIViewController.h:104:12: note: 'UIViewController' has been explicitly marked unavailable here
102 |
103 | UIKIT_EXTERN API_AVAILABLE(ios(2.0)) API_UNAVAILABLE(watchos) NS_SWIFT_UI_ACTOR
104 | @interface UIViewController : UIResponder <NSCoding, UIAppearanceContainer, UITraitEnvironment, UIContentContainer, UIFocusEnvironment>
    |            `- note: 'UIViewController' has been explicitly marked unavailable here
105 |
106 | /*
/Users/admin/builder/spi-builder-workspace/Sources/StackNavigation/StackNavigationController.swift:126:98: error: 'UIViewController' is unavailable in watchOS
124 |   }
125 |
126 |   open override func popToViewController(_ viewController: UIViewController, animated: Bool) -> [UIViewController]? {
    |                                                                                                  `- error: 'UIViewController' is unavailable in watchOS
127 |     guard let poppedVCs = super.popToViewController(viewController, animated: animated) else { return nil }
128 |     // reversed: O(1)
/Applications/Xcode-27.0.0-Release.Candidate.app/Contents/Developer/Platforms/WatchOS.platform/Developer/SDKs/WatchOS27.0.sdk/System/Library/Frameworks/UIKit.framework/Headers/UIViewController.h:104:12: note: 'UIViewController' has been explicitly marked unavailable here
102 |
103 | UIKIT_EXTERN API_AVAILABLE(ios(2.0)) API_UNAVAILABLE(watchos) NS_SWIFT_UI_ACTOR
104 | @interface UIViewController : UIResponder <NSCoding, UIAppearanceContainer, UITraitEnvironment, UIContentContainer, UIFocusEnvironment>
    |            `- note: 'UIViewController' has been explicitly marked unavailable here
105 |
106 | /*
/Users/admin/builder/spi-builder-workspace/Sources/StackNavigation/StackNavigationController.swift:136:66: error: 'UIViewController' is unavailable in watchOS
134 |   }
135 |
136 |   open override func popToRootViewController(animated: Bool) -> [UIViewController]? {
    |                                                                  `- error: 'UIViewController' is unavailable in watchOS
137 |     let poppedVCs = super.popToRootViewController(animated: animated)
138 |     lastPath.removeAll(keepingCapacity: false)
/Applications/Xcode-27.0.0-Release.Candidate.app/Contents/Developer/Platforms/WatchOS.platform/Developer/SDKs/WatchOS27.0.sdk/System/Library/Frameworks/UIKit.framework/Headers/UIViewController.h:104:12: note: 'UIViewController' has been explicitly marked unavailable here
102 |
103 | UIKIT_EXTERN API_AVAILABLE(ios(2.0)) API_UNAVAILABLE(watchos) NS_SWIFT_UI_ACTOR
104 | @interface UIViewController : UIResponder <NSCoding, UIAppearanceContainer, UITraitEnvironment, UIContentContainer, UIFocusEnvironment>
    |            `- note: 'UIViewController' has been explicitly marked unavailable here
105 |
106 | /*
/Users/admin/builder/spi-builder-workspace/Sources/StackNavigation/StackNavigationController.swift:143:64: error: 'UIViewController' is unavailable in watchOS
141 |   }
142 |
143 |   open override func setViewControllers(_ newViewControllers: [UIViewController], animated: Bool) {
    |                                                                `- error: 'UIViewController' is unavailable in watchOS
144 |     let oldVCs = Set(viewControllers.dropFirst())
145 |     let newVCs = Set(newViewControllers.dropFirst())
/Applications/Xcode-27.0.0-Release.Candidate.app/Contents/Developer/Platforms/WatchOS.platform/Developer/SDKs/WatchOS27.0.sdk/System/Library/Frameworks/UIKit.framework/Headers/UIViewController.h:104:12: note: 'UIViewController' has been explicitly marked unavailable here
102 |
103 | UIKIT_EXTERN API_AVAILABLE(ios(2.0)) API_UNAVAILABLE(watchos) NS_SWIFT_UI_ACTOR
104 | @interface UIViewController : UIResponder <NSCoding, UIAppearanceContainer, UITraitEnvironment, UIContentContainer, UIFocusEnvironment>
    |            `- note: 'UIViewController' has been explicitly marked unavailable here
105 |
106 | /*
/Users/admin/builder/spi-builder-workspace/Sources/StackNavigation/StackNavigationController.swift:10:45: error: 'UINavigationController' is unavailable in watchOS
  8 | }
  9 |
 10 | open class StackNavigationController<Data>: UINavigationController
    |                                             `- error: 'UINavigationController' is unavailable in watchOS
 11 |   where Data: MutableCollection & RandomAccessCollection & RangeReplaceableCollection,
 12 |         Data.Element: Hashable
/Applications/Xcode-27.0.0-Release.Candidate.app/Contents/Developer/Platforms/WatchOS.platform/Developer/SDKs/WatchOS27.0.sdk/System/Library/Frameworks/UIKit.framework/Headers/UINavigationController.h:46:12: note: 'UINavigationController' has been explicitly marked unavailable here
 44 |
 45 | UIKIT_EXTERN API_AVAILABLE(ios(2.0)) API_UNAVAILABLE(watchos) NS_SWIFT_UI_ACTOR
 46 | @interface UINavigationController : UIViewController
    |            `- note: 'UINavigationController' has been explicitly marked unavailable here
 47 |
 48 |
Failed frontend command:
/Applications/Xcode-27.0.0-Release.Candidate.app/Contents/Developer/Toolchains/XcodeDefault.xctoolchain/usr/bin/swift-frontend -frontend -emit-module -experimental-skip-non-inlinable-function-bodies-without-types /Users/admin/builder/spi-builder-workspace/Sources/StackNavigation/DestinationBuilderStorage.swift /Users/admin/builder/spi-builder-workspace/Sources/StackNavigation/NavigationUpdateContext.swift /Users/admin/builder/spi-builder-workspace/Sources/StackNavigation/StackNavigationController.swift /Users/admin/builder/spi-builder-workspace/Sources/StackNavigation/StackNavigationPath.swift -target arm64_32-apple-watchos9.0 -disable-cross-import-overlay-search -load-resolved-plugin /Applications/Xcode-27.0.0-Release.Candidate.app/Contents/Developer/Platforms/WatchOS.platform/Developer/usr/lib/swift/host/plugins/libFoundationMacros.dylib\#/Applications/Xcode-27.0.0-Release.Candidate.app/Contents/Developer/Platforms/WatchOS.platform/Developer/usr/bin/swift-plugin-server\#FoundationMacros -load-resolved-plugin /Applications/Xcode-27.0.0-Release.Candidate.app/Contents/Developer/Platforms/WatchOS.platform/Developer/usr/lib/swift/host/plugins/libObservationMacros.dylib\#/Applications/Xcode-27.0.0-Release.Candidate.app/Contents/Developer/Platforms/WatchOS.platform/Developer/usr/bin/swift-plugin-server\#ObservationMacros -load-resolved-plugin /Applications/Xcode-27.0.0-Release.Candidate.app/Contents/Developer/Platforms/WatchOS.platform/Developer/usr/lib/swift/host/plugins/libPreviewsMacros.dylib\#/Applications/Xcode-27.0.0-Release.Candidate.app/Contents/Developer/Platforms/WatchOS.platform/Developer/usr/bin/swift-plugin-server\#PreviewsMacros -load-resolved-plugin /Applications/Xcode-27.0.0-Release.Candidate.app/Contents/Developer/Platforms/WatchOS.platform/Developer/usr/lib/swift/host/plugins/libSwiftMacros.dylib\#/Applications/Xcode-27.0.0-Release.Candidate.app/Contents/Developer/Platforms/WatchOS.platform/Developer/usr/bin/swift-plugin-server\#SwiftMacros -load-resolved-plugin /Applications/Xcode-27.0.0-Release.Candidate.app/Contents/Developer/Platforms/WatchOS.platform/Developer/usr/lib/swift/host/plugins/libSwiftUIMacros.dylib\#/Applications/Xcode-27.0.0-Release.Candidate.app/Contents/Developer/Platforms/WatchOS.platform/Developer/usr/bin/swift-plugin-server\#SwiftUIMacros -disable-implicit-swift-modules -Xcc -fno-implicit-modules -Xcc -fno-implicit-module-maps -explicit-swift-module-map-file /Users/admin/builder/spi-builder-workspace/.derivedData/Build/Intermediates.noindex/stack-navigation.build/Debug-watchos/StackNavigation-t.build/Objects-normal/arm64_32/StackNavigation-dependencies-2.json -enable-objc-interop -sdk /Applications/Xcode-27.0.0-Release.Candidate.app/Contents/Developer/Platforms/WatchOS.platform/Developer/SDKs/WatchOS27.0.sdk -I /Users/admin/builder/spi-builder-workspace/.derivedData/Build/Products/Debug-watchos -Isystem /Applications/Xcode-27.0.0-Release.Candidate.app/Contents/Developer/Platforms/WatchOS.platform/Developer/usr/lib -F /Users/admin/builder/spi-builder-workspace/.derivedData/Build/Products/Debug-watchos -F /Applications/Xcode-27.0.0-Release.Candidate.app/Contents/Developer/Platforms/WatchOS.platform/Developer/Library/Frameworks -F /Applications/Xcode-27.0.0-Release.Candidate.app/Contents/Developer/Platforms/WatchOS.platform/Developer/SDKs/WatchOS27.0.sdk/Developer/Library/Frameworks -module-cache-path /Users/admin/builder/spi-builder-workspace/.derivedData/Build/Intermediates.noindex/SwiftExplicitPrecompiledModules -no-color-diagnostics -Xcc -fno-color-diagnostics -enable-testing -g -debug-info-format\=dwarf -dwarf-version\=4 -swift-version 5 -Onone -D SWIFT_PACKAGE -D DEBUG -D SWIFT_MODULE_RESOURCE_BUNDLE_UNAVAILABLE -D Xcode -serialize-debugging-options -enable-experimental-feature DebugDescriptionMacro -empty-abi-descriptor -validate-clang-modules-once -clang-build-session-file /Users/admin/builder/spi-builder-workspace/.derivedData/ModuleCache.noindex/Session.modulevalidation -Xcc -working-directory -Xcc /Users/admin/builder/spi-builder-workspace/.swiftpm/xcode -enable-anonymous-context-mangled-names -file-compilation-dir /Users/admin/builder/spi-builder-workspace/.swiftpm/xcode -Xcc -D_LIBCPP_HARDENING_MODE\=_LIBCPP_HARDENING_MODE_DEBUG -Xcc -ivfsstatcache -Xcc /Users/admin/builder/spi-builder-workspace/.derivedData/SDKStatCaches.noindex/watchos27.0-24R360-e829b21a6f8c9b70876ba0858053c04477534ef55a1706bf4c1112bbb242f0a2.sdkstatcache -Xcc -fmodules-prune-interval\=86400 -Xcc -fmodules-prune-after\=345600 -Xcc -I/Users/admin/builder/spi-builder-workspace/.derivedData/Build/Products/Debug-watchos/include -Xcc -I/Users/admin/builder/spi-builder-workspace/.derivedData/Build/Intermediates.noindex/stack-navigation.build/Debug-watchos/StackNavigation-t.build/DerivedSources-normal/arm64_32 -Xcc -I/Users/admin/builder/spi-builder-workspace/.derivedData/Build/Intermediates.noindex/stack-navigation.build/Debug-watchos/StackNavigation-t.build/DerivedSources/arm64_32 -Xcc -I/Users/admin/builder/spi-builder-workspace/.derivedData/Build/Intermediates.noindex/stack-navigation.build/Debug-watchos/StackNavigation-t.build/DerivedSources -Xcc -DSWIFT_PACKAGE -Xcc -DDEBUG\=1 -no-auto-bridging-header-chaining -module-name StackNavigation -const-gather-protocols-file /Users/admin/builder/spi-builder-workspace/.derivedData/Build/Intermediates.noindex/stack-navigation.build/Debug-watchos/StackNavigation-t.build/Objects-normal/arm64_32/StackNavigation_const_extract_protocols.json -disable-clang-spi -clang-target arm64_32-apple-watchos27.0 -target-sdk-version 27.0 -target-sdk-name watchos27.0 -in-process-plugin-server-path /Applications/Xcode-27.0.0-Release.Candidate.app/Contents/Developer/Toolchains/XcodeDefault.xctoolchain/usr/lib/swift/host/libSwiftInProcPluginServer.dylib -emit-module-doc-path /Users/admin/builder/spi-builder-workspace/.derivedData/Build/Intermediates.noindex/stack-navigation.build/Debug-watchos/StackNavigation-t.build/Objects-normal/arm64_32/StackNavigation.swiftdoc -emit-module-source-info-path /Users/admin/builder/spi-builder-workspace/.derivedData/Build/Intermediates.noindex/stack-navigation.build/Debug-watchos/StackNavigation-t.build/Objects-normal/arm64_32/StackNavigation.swiftsourceinfo -emit-objc-header-path /Users/admin/builder/spi-builder-workspace/.derivedData/Build/Intermediates.noindex/stack-navigation.build/Debug-watchos/StackNavigation-t.build/Objects-normal/arm64_32/StackNavigation-Swift.h -serialize-diagnostics-path /Users/admin/builder/spi-builder-workspace/.derivedData/Build/Intermediates.noindex/stack-navigation.build/Debug-watchos/StackNavigation-t.build/Objects-normal/arm64_32/StackNavigation-primary-emit-module.dia -emit-dependencies-path /Users/admin/builder/spi-builder-workspace/.derivedData/Build/Intermediates.noindex/stack-navigation.build/Debug-watchos/StackNavigation-t.build/Objects-normal/arm64_32/StackNavigation-primary-emit-module.d -parse-as-library -o /Users/admin/builder/spi-builder-workspace/.derivedData/Build/Intermediates.noindex/stack-navigation.build/Debug-watchos/StackNavigation-t.build/Objects-normal/arm64_32/StackNavigation.swiftmodule -emit-abi-descriptor-path /Users/admin/builder/spi-builder-workspace/.derivedData/Build/Intermediates.noindex/stack-navigation.build/Debug-watchos/StackNavigation-t.build/Objects-normal/arm64_32/StackNavigation.abi.json
SwiftCompile normal arm64_32 (in target 'StackNavigation' from project 'stack-navigation')
    cd /Users/admin/builder/spi-builder-workspace/.swiftpm/xcode

SwiftCompile normal arm64_32 Compiling\ DestinationBuilderStorage.swift /Users/admin/builder/spi-builder-workspace/Sources/StackNavigation/DestinationBuilderStorage.swift (in target 'StackNavigation' from project 'stack-navigation')
/Users/admin/builder/spi-builder-workspace/Sources/StackNavigation/DestinationBuilderStorage.swift:3:62: error: 'UIViewController' is unavailable in watchOS
 1 | import class UIKit.UIViewController
 2 |
 3 | public struct TypedDestinationBuilder<Datum, ViewController: UIViewController> {
   |                                                              `- error: 'UIViewController' is unavailable in watchOS
 4 |   public var makeViewController: (Datum) -> ViewController
 5 |   public var updateViewController: (ViewController, Datum) -> Void
/Applications/Xcode-27.0.0-Release.Candidate.app/Contents/Developer/Platforms/WatchOS.platform/Developer/SDKs/WatchOS27.0.sdk/System/Library/Frameworks/UIKit.framework/Headers/UIViewController.h:104:12: note: 'UIViewController' has been explicitly marked unavailable here
102 |
103 | UIKIT_EXTERN API_AVAILABLE(ios(2.0)) API_UNAVAILABLE(watchos) NS_SWIFT_UI_ACTOR
104 | @interface UIViewController : UIResponder <NSCoding, UIAppearanceContainer, UITraitEnvironment, UIContentContainer, UIFocusEnvironment>
    |            `- note: 'UIViewController' has been explicitly marked unavailable here
105 |
106 | /*
/Users/admin/builder/spi-builder-workspace/Sources/StackNavigation/DestinationBuilderStorage.swift:18:36: error: 'UIViewController' is unavailable in watchOS
16 | public struct DestinationBuilder: Equatable {
17 |   var key: ObjectIdentifier
18 |   var makeViewController: (Any) -> UIViewController
   |                                    `- error: 'UIViewController' is unavailable in watchOS
19 |   /// 타입이 일치하여 업데이트가 된 경우 true 반환
20 |   var updateViewController: (UIViewController, Any) -> Bool
/Applications/Xcode-27.0.0-Release.Candidate.app/Contents/Developer/Platforms/WatchOS.platform/Developer/SDKs/WatchOS27.0.sdk/System/Library/Frameworks/UIKit.framework/Headers/UIViewController.h:104:12: note: 'UIViewController' has been explicitly marked unavailable here
102 |
103 | UIKIT_EXTERN API_AVAILABLE(ios(2.0)) API_UNAVAILABLE(watchos) NS_SWIFT_UI_ACTOR
104 | @interface UIViewController : UIResponder <NSCoding, UIAppearanceContainer, UITraitEnvironment, UIContentContainer, UIFocusEnvironment>
    |            `- note: 'UIViewController' has been explicitly marked unavailable here
105 |
106 | /*
/Users/admin/builder/spi-builder-workspace/Sources/StackNavigation/DestinationBuilderStorage.swift:20:30: error: 'UIViewController' is unavailable in watchOS
18 |   var makeViewController: (Any) -> UIViewController
19 |   /// 타입이 일치하여 업데이트가 된 경우 true 반환
20 |   var updateViewController: (UIViewController, Any) -> Bool
   |                              `- error: 'UIViewController' is unavailable in watchOS
21 |
22 |   public static func ==(lhs: Self, rhs: Self) -> Bool {
/Applications/Xcode-27.0.0-Release.Candidate.app/Contents/Developer/Platforms/WatchOS.platform/Developer/SDKs/WatchOS27.0.sdk/System/Library/Frameworks/UIKit.framework/Headers/UIViewController.h:104:12: note: 'UIViewController' has been explicitly marked unavailable here
102 |
103 | UIKIT_EXTERN API_AVAILABLE(ios(2.0)) API_UNAVAILABLE(watchos) NS_SWIFT_UI_ACTOR
104 | @interface UIViewController : UIResponder <NSCoding, UIAppearanceContainer, UITraitEnvironment, UIContentContainer, UIFocusEnvironment>
    |            `- note: 'UIViewController' has been explicitly marked unavailable here
105 |
106 | /*
SwiftCompile normal arm64_32 /Users/admin/builder/spi-builder-workspace/Sources/StackNavigation/DestinationBuilderStorage.swift (in target 'StackNavigation' from project 'stack-navigation')
    cd /Users/admin/builder/spi-builder-workspace/.swiftpm/xcode
    builtin-SwiftPerFileCompile DestinationBuilderStorage.swift
SwiftCompile normal arm64_32 Compiling\ NavigationUpdateContext.swift /Users/admin/builder/spi-builder-workspace/Sources/StackNavigation/NavigationUpdateContext.swift (in target 'StackNavigation' from project 'stack-navigation')
SwiftCompile normal arm64_32 /Users/admin/builder/spi-builder-workspace/Sources/StackNavigation/NavigationUpdateContext.swift (in target 'StackNavigation' from project 'stack-navigation')
    cd /Users/admin/builder/spi-builder-workspace/.swiftpm/xcode
    builtin-SwiftPerFileCompile NavigationUpdateContext.swift
PruneExplicitPrecompiledModules /Users/admin/builder/spi-builder-workspace/.derivedData/Build/Intermediates.noindex/ExplicitPrecompiledModules
PruneExplicitPrecompiledModules /Users/admin/builder/spi-builder-workspace/.derivedData/Build/Intermediates.noindex/SwiftExplicitPrecompiledModules
PruneExplicitPrecompiledModules /Users/admin/builder/spi-builder-workspace/.derivedData/SDKExplicitPrecompiledModules
2026-09-19 13:29:24.128 xcodebuild[648:4204] [MT] IDERunDestination: Supported platforms for the buildables in the current scheme is empty.
** BUILD FAILED **
The following build commands failed:
	SwiftEmitModule normal arm64 Emitting\ module\ for\ StackNavigation (in target 'StackNavigation' from project 'stack-navigation')
	SwiftCompile normal arm64 (in target 'StackNavigation' from project 'stack-navigation')
	SwiftEmitModule normal arm64_32 Emitting\ module\ for\ StackNavigation (in target 'StackNavigation' from project 'stack-navigation')
	SwiftCompile normal arm64_32 (in target 'StackNavigation' from project 'stack-navigation')
	Building workspace stack-navigation with scheme stack-navigation-Package
(5 failures)
Command line invocation:
    /Applications/Xcode-27.0.0-Release.Candidate.app/Contents/Developer/usr/bin/xcodebuild -IDEClonedSourcePackagesDirPathOverride=/Users/admin/builder/spi-builder-workspace/.dependencies -resolvePackageDependencies
Resolve Package Graph
Resolved source packages:
  stack-navigation: /Users/admin/builder/spi-builder-workspace
resolved source packages: stack-navigation
2026-09-19 13:29:30.739 xcodebuild[799:4778] [MT] IDERunDestination: Supported platforms for the buildables in the current scheme is empty.
{
  "dependencies" : [
  ],
  "manifest_display_name" : "stack-navigation",
  "name" : "stack-navigation",
  "path" : "/Users/admin/builder/spi-builder-workspace",
  "platforms" : [
    {
      "name" : "ios",
      "version" : "13.0"
    }
  ],
  "products" : [
    {
      "name" : "StackNavigation",
      "targets" : [
        "StackNavigation"
      ],
      "type" : {
        "library" : [
          "automatic"
        ]
      }
    },
    {
      "name" : "StackNavigationSwiftUI",
      "targets" : [
        "StackNavigationSwiftUI"
      ],
      "type" : {
        "library" : [
          "automatic"
        ]
      }
    }
  ],
  "targets" : [
    {
      "c99name" : "StackNavigationSwiftUI",
      "module_type" : "SwiftTarget",
      "name" : "StackNavigationSwiftUI",
      "path" : "Sources/StackNavigationSwiftUI",
      "product_memberships" : [
        "StackNavigationSwiftUI"
      ],
      "sources" : [
        "CommonTypes/DestinationBuilderStorageKey.swift",
        "CommonTypes/DismissAction.swift",
        "CommonTypes/NavigationControllerProxy.swift",
        "Modifier/GlobalDestinationModifier.swift",
        "Modifier/LocalDestinationModifier.swift",
        "Modifier/NavigationBarHidden.swift",
        "Modifier/NavigationTitle.swift",
        "Utils/Variable.swift",
        "View/NavigationBindingController.swift",
        "View/StackNavigationView.swift"
      ],
      "target_dependencies" : [
        "StackNavigation"
      ],
      "type" : "library"
    },
    {
      "c99name" : "StackNavigation",
      "module_type" : "SwiftTarget",
      "name" : "StackNavigation",
      "path" : "Sources/StackNavigation",
      "product_memberships" : [
        "StackNavigation",
        "StackNavigationSwiftUI"
      ],
      "sources" : [
        "DestinationBuilderStorage.swift",
        "NavigationUpdateContext.swift",
        "StackNavigationController.swift",
        "StackNavigationPath.swift"
      ],
      "type" : "library"
    }
  ],
  "tools_version" : "5.7"
}
{
  "workspace" : {
    "name" : "stack-navigation",
    "schemes" : [
      "stack-navigation-Package",
      "StackNavigation",
      "StackNavigationSwiftUI"
    ]
  }
}
2026-09-19 13:29:31.925 xcodebuild[807:4849] [MT] IDERunDestination: Supported platforms for the buildables in the current scheme is empty.
Running build ...
env DEVELOPER_DIR=/Applications/Xcode-27.0.0-Release.Candidate.app xcrun xcodebuild -IDEClonedSourcePackagesDirPathOverride=$PWD/.dependencies -skipMacroValidation -skipPackagePluginValidation -derivedDataPath $PWD/.derivedData build -scheme stack-navigation-Package -destination generic/platform=watchOS
Command line invocation:
    /Applications/Xcode-27.0.0-Release.Candidate.app/Contents/Developer/usr/bin/xcodebuild -IDEClonedSourcePackagesDirPathOverride=/Users/admin/builder/spi-builder-workspace/.dependencies -skipMacroValidation -skipPackagePluginValidation -derivedDataPath /Users/admin/builder/spi-builder-workspace/.derivedData build -scheme stack-navigation-Package -destination generic/platform=watchOS
Resolve Package Graph
Resolved source packages:
  stack-navigation: /Users/admin/builder/spi-builder-workspace
ComputePackagePrebuildTargetDependencyGraph
Prepare packages
CreateBuildRequest
SendProjectDescription
CreateBuildOperation
ComputeTargetDependencyGraph
note: Building targets in dependency order
note: Target dependency graph (4 targets)
    Target 'StackNavigationSwiftUI-product' in project 'stack-navigation'
        ➜ Explicit dependency on target 'StackNavigationSwiftUI' in project 'stack-navigation'
        ➜ Explicit dependency on target 'StackNavigation' in project 'stack-navigation'
    Target 'StackNavigationSwiftUI' in project 'stack-navigation'
        ➜ Explicit dependency on target 'StackNavigation' in project 'stack-navigation'
    Target 'StackNavigation-product' in project 'stack-navigation'
        ➜ Explicit dependency on target 'StackNavigation' in project 'stack-navigation'
    Target 'StackNavigation' in project 'stack-navigation' (no dependencies)
GatherProvisioningInputs
CreateBuildDescription
ClangStatCache /Applications/Xcode-27.0.0-Release.Candidate.app/Contents/Developer/Toolchains/XcodeDefault.xctoolchain/usr/bin/clang-stat-cache /Applications/Xcode-27.0.0-Release.Candidate.app/Contents/Developer/Platforms/WatchOS.platform/Developer/SDKs/WatchOS27.0.sdk /Users/admin/builder/spi-builder-workspace/.derivedData/SDKStatCaches.noindex/watchos27.0-24R360-e829b21a6f8c9b70876ba0858053c04477534ef55a1706bf4c1112bbb242f0a2.sdkstatcache
    cd /Users/admin/builder/spi-builder-workspace/.swiftpm/xcode
    /Applications/Xcode-27.0.0-Release.Candidate.app/Contents/Developer/Toolchains/XcodeDefault.xctoolchain/usr/bin/clang-stat-cache /Applications/Xcode-27.0.0-Release.Candidate.app/Contents/Developer/Platforms/WatchOS.platform/Developer/SDKs/WatchOS27.0.sdk -o /Users/admin/builder/spi-builder-workspace/.derivedData/SDKStatCaches.noindex/watchos27.0-24R360-e829b21a6f8c9b70876ba0858053c04477534ef55a1706bf4c1112bbb242f0a2.sdkstatcache
SwiftDriver StackNavigation normal arm64 com.apple.xcode.tools.swift.compiler (in target 'StackNavigation' from project 'stack-navigation')
    cd /Users/admin/builder/spi-builder-workspace/.swiftpm/xcode
    builtin-SwiftDriver -- /Applications/Xcode-27.0.0-Release.Candidate.app/Contents/Developer/Toolchains/XcodeDefault.xctoolchain/usr/bin/swiftc -parse-as-library -module-name StackNavigation -Onone @/Users/admin/builder/spi-builder-workspace/.derivedData/Build/Intermediates.noindex/stack-navigation.build/Debug-watchos/StackNavigation-t.build/Objects-normal/arm64/StackNavigation.SwiftFileList -DSWIFT_PACKAGE -DDEBUG -DSWIFT_MODULE_RESOURCE_BUNDLE_UNAVAILABLE -DXcode -plugin-path /Applications/Xcode-27.0.0-Release.Candidate.app/Contents/Developer/Toolchains/XcodeDefault.xctoolchain/usr/lib/swift/host/plugins/testing -enable-experimental-feature DebugDescriptionMacro -sdk /Applications/Xcode-27.0.0-Release.Candidate.app/Contents/Developer/Platforms/WatchOS.platform/Developer/SDKs/WatchOS27.0.sdk -target arm64-apple-watchos9.0 -g -module-cache-path /Users/admin/builder/spi-builder-workspace/.derivedData/ModuleCache.noindex -Xfrontend -serialize-debugging-options -enable-testing -index-store-path /Users/admin/builder/spi-builder-workspace/.derivedData/Index.noindex/DataStore -Xcc -D_LIBCPP_HARDENING_MODE\=_LIBCPP_HARDENING_MODE_DEBUG -swift-version 5 -I /Users/admin/builder/spi-builder-workspace/.derivedData/Build/Products/Debug-watchos -Isystem /Applications/Xcode-27.0.0-Release.Candidate.app/Contents/Developer/Platforms/WatchOS.platform/Developer/usr/lib -F /Users/admin/builder/spi-builder-workspace/.derivedData/Build/Products/Debug-watchos -F /Applications/Xcode-27.0.0-Release.Candidate.app/Contents/Developer/Platforms/WatchOS.platform/Developer/Library/Frameworks -F /Applications/Xcode-27.0.0-Release.Candidate.app/Contents/Developer/Platforms/WatchOS.platform/Developer/SDKs/WatchOS27.0.sdk/Developer/Library/Frameworks -c -j10 -enable-batch-mode -incremental -Xcc -ivfsstatcache -Xcc /Users/admin/builder/spi-builder-workspace/.derivedData/SDKStatCaches.noindex/watchos27.0-24R360-e829b21a6f8c9b70876ba0858053c04477534ef55a1706bf4c1112bbb242f0a2.sdkstatcache -output-file-map /Users/admin/builder/spi-builder-workspace/.derivedData/Build/Intermediates.noindex/stack-navigation.build/Debug-watchos/StackNavigation-t.build/Objects-normal/arm64/StackNavigation-OutputFileMap.json -save-temps -no-color-diagnostics -explicit-module-build -module-cache-path /Users/admin/builder/spi-builder-workspace/.derivedData/Build/Intermediates.noindex/SwiftExplicitPrecompiledModules -clang-scanner-module-cache-path /Users/admin/builder/spi-builder-workspace/.derivedData/ModuleCache.noindex -sdk-module-cache-path /Users/admin/builder/spi-builder-workspace/.derivedData/SDKExplicitPrecompiledModules -emit-dependencies -emit-module -emit-module-path /Users/admin/builder/spi-builder-workspace/.derivedData/Build/Intermediates.noindex/stack-navigation.build/Debug-watchos/StackNavigation-t.build/Objects-normal/arm64/StackNavigation.swiftmodule -serialize-diagnostics -dependency-scan-serialize-diagnostics-path /Users/admin/builder/spi-builder-workspace/.derivedData/Build/Intermediates.noindex/stack-navigation.build/Debug-watchos/StackNavigation-t.build/Objects-normal/arm64/StackNavigation-dependency-scan.dia -validate-clang-modules-once -clang-build-session-file /Users/admin/builder/spi-builder-workspace/.derivedData/ModuleCache.noindex/Session.modulevalidation -Xcc -fmodules-prune-interval\=86400 -Xcc -fmodules-prune-after\=345600 -emit-const-values -const-gather-protocols-list /Users/admin/builder/spi-builder-workspace/.derivedData/Build/Intermediates.noindex/stack-navigation.build/Debug-watchos/StackNavigation-t.build/Objects-normal/arm64/StackNavigation_const_extract_protocols.json -Xcc -I/Users/admin/builder/spi-builder-workspace/.derivedData/Build/Products/Debug-watchos/include -Xcc -I/Users/admin/builder/spi-builder-workspace/.derivedData/Build/Intermediates.noindex/stack-navigation.build/Debug-watchos/StackNavigation-t.build/DerivedSources-normal/arm64 -Xcc -I/Users/admin/builder/spi-builder-workspace/.derivedData/Build/Intermediates.noindex/stack-navigation.build/Debug-watchos/StackNavigation-t.build/DerivedSources/arm64 -Xcc -I/Users/admin/builder/spi-builder-workspace/.derivedData/Build/Intermediates.noindex/stack-navigation.build/Debug-watchos/StackNavigation-t.build/DerivedSources -Xcc -DSWIFT_PACKAGE -Xcc -DDEBUG\=1 -emit-objc-header -emit-objc-header-path /Users/admin/builder/spi-builder-workspace/.derivedData/Build/Intermediates.noindex/stack-navigation.build/Debug-watchos/StackNavigation-t.build/Objects-normal/arm64/StackNavigation-Swift.h -working-directory /Users/admin/builder/spi-builder-workspace/.swiftpm/xcode -experimental-emit-module-separately -disable-cmo
SwiftDriver StackNavigation normal arm64_32 com.apple.xcode.tools.swift.compiler (in target 'StackNavigation' from project 'stack-navigation')
    cd /Users/admin/builder/spi-builder-workspace/.swiftpm/xcode
    builtin-SwiftDriver -- /Applications/Xcode-27.0.0-Release.Candidate.app/Contents/Developer/Toolchains/XcodeDefault.xctoolchain/usr/bin/swiftc -parse-as-library -module-name StackNavigation -Onone @/Users/admin/builder/spi-builder-workspace/.derivedData/Build/Intermediates.noindex/stack-navigation.build/Debug-watchos/StackNavigation-t.build/Objects-normal/arm64_32/StackNavigation.SwiftFileList -DSWIFT_PACKAGE -DDEBUG -DSWIFT_MODULE_RESOURCE_BUNDLE_UNAVAILABLE -DXcode -plugin-path /Applications/Xcode-27.0.0-Release.Candidate.app/Contents/Developer/Toolchains/XcodeDefault.xctoolchain/usr/lib/swift/host/plugins/testing -enable-experimental-feature DebugDescriptionMacro -sdk /Applications/Xcode-27.0.0-Release.Candidate.app/Contents/Developer/Platforms/WatchOS.platform/Developer/SDKs/WatchOS27.0.sdk -target arm64_32-apple-watchos9.0 -g -module-cache-path /Users/admin/builder/spi-builder-workspace/.derivedData/ModuleCache.noindex -Xfrontend -serialize-debugging-options -enable-testing -index-store-path /Users/admin/builder/spi-builder-workspace/.derivedData/Index.noindex/DataStore -Xcc -D_LIBCPP_HARDENING_MODE\=_LIBCPP_HARDENING_MODE_DEBUG -swift-version 5 -I /Users/admin/builder/spi-builder-workspace/.derivedData/Build/Products/Debug-watchos -Isystem /Applications/Xcode-27.0.0-Release.Candidate.app/Contents/Developer/Platforms/WatchOS.platform/Developer/usr/lib -F /Users/admin/builder/spi-builder-workspace/.derivedData/Build/Products/Debug-watchos -F /Applications/Xcode-27.0.0-Release.Candidate.app/Contents/Developer/Platforms/WatchOS.platform/Developer/Library/Frameworks -F /Applications/Xcode-27.0.0-Release.Candidate.app/Contents/Developer/Platforms/WatchOS.platform/Developer/SDKs/WatchOS27.0.sdk/Developer/Library/Frameworks -c -j10 -enable-batch-mode -incremental -Xcc -ivfsstatcache -Xcc /Users/admin/builder/spi-builder-workspace/.derivedData/SDKStatCaches.noindex/watchos27.0-24R360-e829b21a6f8c9b70876ba0858053c04477534ef55a1706bf4c1112bbb242f0a2.sdkstatcache -output-file-map /Users/admin/builder/spi-builder-workspace/.derivedData/Build/Intermediates.noindex/stack-navigation.build/Debug-watchos/StackNavigation-t.build/Objects-normal/arm64_32/StackNavigation-OutputFileMap.json -save-temps -no-color-diagnostics -explicit-module-build -module-cache-path /Users/admin/builder/spi-builder-workspace/.derivedData/Build/Intermediates.noindex/SwiftExplicitPrecompiledModules -clang-scanner-module-cache-path /Users/admin/builder/spi-builder-workspace/.derivedData/ModuleCache.noindex -sdk-module-cache-path /Users/admin/builder/spi-builder-workspace/.derivedData/SDKExplicitPrecompiledModules -emit-dependencies -emit-module -emit-module-path /Users/admin/builder/spi-builder-workspace/.derivedData/Build/Intermediates.noindex/stack-navigation.build/Debug-watchos/StackNavigation-t.build/Objects-normal/arm64_32/StackNavigation.swiftmodule -serialize-diagnostics -dependency-scan-serialize-diagnostics-path /Users/admin/builder/spi-builder-workspace/.derivedData/Build/Intermediates.noindex/stack-navigation.build/Debug-watchos/StackNavigation-t.build/Objects-normal/arm64_32/StackNavigation-dependency-scan.dia -validate-clang-modules-once -clang-build-session-file /Users/admin/builder/spi-builder-workspace/.derivedData/ModuleCache.noindex/Session.modulevalidation -Xcc -fmodules-prune-interval\=86400 -Xcc -fmodules-prune-after\=345600 -emit-const-values -const-gather-protocols-list /Users/admin/builder/spi-builder-workspace/.derivedData/Build/Intermediates.noindex/stack-navigation.build/Debug-watchos/StackNavigation-t.build/Objects-normal/arm64_32/StackNavigation_const_extract_protocols.json -Xcc -I/Users/admin/builder/spi-builder-workspace/.derivedData/Build/Products/Debug-watchos/include -Xcc -I/Users/admin/builder/spi-builder-workspace/.derivedData/Build/Intermediates.noindex/stack-navigation.build/Debug-watchos/StackNavigation-t.build/DerivedSources-normal/arm64_32 -Xcc -I/Users/admin/builder/spi-builder-workspace/.derivedData/Build/Intermediates.noindex/stack-navigation.build/Debug-watchos/StackNavigation-t.build/DerivedSources/arm64_32 -Xcc -I/Users/admin/builder/spi-builder-workspace/.derivedData/Build/Intermediates.noindex/stack-navigation.build/Debug-watchos/StackNavigation-t.build/DerivedSources -Xcc -DSWIFT_PACKAGE -Xcc -DDEBUG\=1 -emit-objc-header -emit-objc-header-path /Users/admin/builder/spi-builder-workspace/.derivedData/Build/Intermediates.noindex/stack-navigation.build/Debug-watchos/StackNavigation-t.build/Objects-normal/arm64_32/StackNavigation-Swift.h -working-directory /Users/admin/builder/spi-builder-workspace/.swiftpm/xcode -experimental-emit-module-separately -disable-cmo
SwiftCompile normal arm64_32 Compiling\ NavigationUpdateContext.swift /Users/admin/builder/spi-builder-workspace/Sources/StackNavigation/NavigationUpdateContext.swift (in target 'StackNavigation' from project 'stack-navigation')
SwiftCompile normal arm64_32 /Users/admin/builder/spi-builder-workspace/Sources/StackNavigation/NavigationUpdateContext.swift (in target 'StackNavigation' from project 'stack-navigation')
    cd /Users/admin/builder/spi-builder-workspace/.swiftpm/xcode
    builtin-SwiftPerFileCompile NavigationUpdateContext.swift
SwiftCompile normal arm64_32 Compiling\ DestinationBuilderStorage.swift /Users/admin/builder/spi-builder-workspace/Sources/StackNavigation/DestinationBuilderStorage.swift (in target 'StackNavigation' from project 'stack-navigation')
/Users/admin/builder/spi-builder-workspace/Sources/StackNavigation/DestinationBuilderStorage.swift:3:62: error: 'UIViewController' is unavailable in watchOS
 1 | import class UIKit.UIViewController
 2 |
 3 | public struct TypedDestinationBuilder<Datum, ViewController: UIViewController> {
   |                                                              `- error: 'UIViewController' is unavailable in watchOS
 4 |   public var makeViewController: (Datum) -> ViewController
 5 |   public var updateViewController: (ViewController, Datum) -> Void
/Applications/Xcode-27.0.0-Release.Candidate.app/Contents/Developer/Platforms/WatchOS.platform/Developer/SDKs/WatchOS27.0.sdk/System/Library/Frameworks/UIKit.framework/Headers/UIViewController.h:104:12: note: 'UIViewController' has been explicitly marked unavailable here
102 |
103 | UIKIT_EXTERN API_AVAILABLE(ios(2.0)) API_UNAVAILABLE(watchos) NS_SWIFT_UI_ACTOR
104 | @interface UIViewController : UIResponder <NSCoding, UIAppearanceContainer, UITraitEnvironment, UIContentContainer, UIFocusEnvironment>
    |            `- note: 'UIViewController' has been explicitly marked unavailable here
105 |
106 | /*
/Users/admin/builder/spi-builder-workspace/Sources/StackNavigation/DestinationBuilderStorage.swift:18:36: error: 'UIViewController' is unavailable in watchOS
16 | public struct DestinationBuilder: Equatable {
17 |   var key: ObjectIdentifier
18 |   var makeViewController: (Any) -> UIViewController
   |                                    `- error: 'UIViewController' is unavailable in watchOS
19 |   /// 타입이 일치하여 업데이트가 된 경우 true 반환
20 |   var updateViewController: (UIViewController, Any) -> Bool
/Applications/Xcode-27.0.0-Release.Candidate.app/Contents/Developer/Platforms/WatchOS.platform/Developer/SDKs/WatchOS27.0.sdk/System/Library/Frameworks/UIKit.framework/Headers/UIViewController.h:104:12: note: 'UIViewController' has been explicitly marked unavailable here
102 |
103 | UIKIT_EXTERN API_AVAILABLE(ios(2.0)) API_UNAVAILABLE(watchos) NS_SWIFT_UI_ACTOR
104 | @interface UIViewController : UIResponder <NSCoding, UIAppearanceContainer, UITraitEnvironment, UIContentContainer, UIFocusEnvironment>
    |            `- note: 'UIViewController' has been explicitly marked unavailable here
105 |
106 | /*
/Users/admin/builder/spi-builder-workspace/Sources/StackNavigation/DestinationBuilderStorage.swift:20:30: error: 'UIViewController' is unavailable in watchOS
18 |   var makeViewController: (Any) -> UIViewController
19 |   /// 타입이 일치하여 업데이트가 된 경우 true 반환
20 |   var updateViewController: (UIViewController, Any) -> Bool
   |                              `- error: 'UIViewController' is unavailable in watchOS
21 |
22 |   public static func ==(lhs: Self, rhs: Self) -> Bool {
/Applications/Xcode-27.0.0-Release.Candidate.app/Contents/Developer/Platforms/WatchOS.platform/Developer/SDKs/WatchOS27.0.sdk/System/Library/Frameworks/UIKit.framework/Headers/UIViewController.h:104:12: note: 'UIViewController' has been explicitly marked unavailable here
102 |
103 | UIKIT_EXTERN API_AVAILABLE(ios(2.0)) API_UNAVAILABLE(watchos) NS_SWIFT_UI_ACTOR
104 | @interface UIViewController : UIResponder <NSCoding, UIAppearanceContainer, UITraitEnvironment, UIContentContainer, UIFocusEnvironment>
    |            `- note: 'UIViewController' has been explicitly marked unavailable here
105 |
106 | /*
SwiftCompile normal arm64_32 /Users/admin/builder/spi-builder-workspace/Sources/StackNavigation/DestinationBuilderStorage.swift (in target 'StackNavigation' from project 'stack-navigation')
    cd /Users/admin/builder/spi-builder-workspace/.swiftpm/xcode
    builtin-SwiftPerFileCompile DestinationBuilderStorage.swift
SwiftEmitModule normal arm64_32 Emitting\ module\ for\ StackNavigation (in target 'StackNavigation' from project 'stack-navigation')
/Users/admin/builder/spi-builder-workspace/Sources/StackNavigation/DestinationBuilderStorage.swift:3:62: error: 'UIViewController' is unavailable in watchOS
 1 | import class UIKit.UIViewController
 2 |
 3 | public struct TypedDestinationBuilder<Datum, ViewController: UIViewController> {
   |                                                              `- error: 'UIViewController' is unavailable in watchOS
 4 |   public var makeViewController: (Datum) -> ViewController
 5 |   public var updateViewController: (ViewController, Datum) -> Void
/Applications/Xcode-27.0.0-Release.Candidate.app/Contents/Developer/Platforms/WatchOS.platform/Developer/SDKs/WatchOS27.0.sdk/System/Library/Frameworks/UIKit.framework/Headers/UIViewController.h:104:12: note: 'UIViewController' has been explicitly marked unavailable here
102 |
103 | UIKIT_EXTERN API_AVAILABLE(ios(2.0)) API_UNAVAILABLE(watchos) NS_SWIFT_UI_ACTOR
104 | @interface UIViewController : UIResponder <NSCoding, UIAppearanceContainer, UITraitEnvironment, UIContentContainer, UIFocusEnvironment>
    |            `- note: 'UIViewController' has been explicitly marked unavailable here
105 |
106 | /*
/Users/admin/builder/spi-builder-workspace/Sources/StackNavigation/DestinationBuilderStorage.swift:18:36: error: 'UIViewController' is unavailable in watchOS
16 | public struct DestinationBuilder: Equatable {
17 |   var key: ObjectIdentifier
18 |   var makeViewController: (Any) -> UIViewController
   |                                    `- error: 'UIViewController' is unavailable in watchOS
19 |   /// 타입이 일치하여 업데이트가 된 경우 true 반환
20 |   var updateViewController: (UIViewController, Any) -> Bool
/Applications/Xcode-27.0.0-Release.Candidate.app/Contents/Developer/Platforms/WatchOS.platform/Developer/SDKs/WatchOS27.0.sdk/System/Library/Frameworks/UIKit.framework/Headers/UIViewController.h:104:12: note: 'UIViewController' has been explicitly marked unavailable here
102 |
103 | UIKIT_EXTERN API_AVAILABLE(ios(2.0)) API_UNAVAILABLE(watchos) NS_SWIFT_UI_ACTOR
104 | @interface UIViewController : UIResponder <NSCoding, UIAppearanceContainer, UITraitEnvironment, UIContentContainer, UIFocusEnvironment>
    |            `- note: 'UIViewController' has been explicitly marked unavailable here
105 |
106 | /*
/Users/admin/builder/spi-builder-workspace/Sources/StackNavigation/DestinationBuilderStorage.swift:20:30: error: 'UIViewController' is unavailable in watchOS
18 |   var makeViewController: (Any) -> UIViewController
19 |   /// 타입이 일치하여 업데이트가 된 경우 true 반환
20 |   var updateViewController: (UIViewController, Any) -> Bool
   |                              `- error: 'UIViewController' is unavailable in watchOS
21 |
22 |   public static func ==(lhs: Self, rhs: Self) -> Bool {
/Applications/Xcode-27.0.0-Release.Candidate.app/Contents/Developer/Platforms/WatchOS.platform/Developer/SDKs/WatchOS27.0.sdk/System/Library/Frameworks/UIKit.framework/Headers/UIViewController.h:104:12: note: 'UIViewController' has been explicitly marked unavailable here
102 |
103 | UIKIT_EXTERN API_AVAILABLE(ios(2.0)) API_UNAVAILABLE(watchos) NS_SWIFT_UI_ACTOR
104 | @interface UIViewController : UIResponder <NSCoding, UIAppearanceContainer, UITraitEnvironment, UIContentContainer, UIFocusEnvironment>
    |            `- note: 'UIViewController' has been explicitly marked unavailable here
105 |
106 | /*
/Users/admin/builder/spi-builder-workspace/Sources/StackNavigation/DestinationBuilderStorage.swift:34:27: error: 'UIViewController' is unavailable in watchOS
32 |   public init() { }
33 |
34 |   public subscript<D, VC: UIViewController>(key: D.Type) -> TypedDestinationBuilder<D, VC>? {
   |                           `- error: 'UIViewController' is unavailable in watchOS
35 |     get {
36 |       guard let builder = builders[ObjectIdentifier(key)] else { return nil }
/Applications/Xcode-27.0.0-Release.Candidate.app/Contents/Developer/Platforms/WatchOS.platform/Developer/SDKs/WatchOS27.0.sdk/System/Library/Frameworks/UIKit.framework/Headers/UIViewController.h:104:12: note: 'UIViewController' has been explicitly marked unavailable here
102 |
103 | UIKIT_EXTERN API_AVAILABLE(ios(2.0)) API_UNAVAILABLE(watchos) NS_SWIFT_UI_ACTOR
104 | @interface UIViewController : UIResponder <NSCoding, UIAppearanceContainer, UITraitEnvironment, UIContentContainer, UIFocusEnvironment>
    |            `- note: 'UIViewController' has been explicitly marked unavailable here
105 |
106 | /*
/Users/admin/builder/spi-builder-workspace/Sources/StackNavigation/StackNavigationController.swift:24:72: error: 'UIViewController' is unavailable in watchOS
 22 |
 23 |   private var dataPositions: [ObjectIdentifier: Data.Index] = [:]
 24 |   private func setPosition(_ position: Data.Index, for viewController: UIViewController) {
    |                                                                        `- error: 'UIViewController' is unavailable in watchOS
 25 |     dataPositions[ObjectIdentifier(viewController)] = position
 26 |   }
/Applications/Xcode-27.0.0-Release.Candidate.app/Contents/Developer/Platforms/WatchOS.platform/Developer/SDKs/WatchOS27.0.sdk/System/Library/Frameworks/UIKit.framework/Headers/UIViewController.h:104:12: note: 'UIViewController' has been explicitly marked unavailable here
102 |
103 | UIKIT_EXTERN API_AVAILABLE(ios(2.0)) API_UNAVAILABLE(watchos) NS_SWIFT_UI_ACTOR
104 | @interface UIViewController : UIResponder <NSCoding, UIAppearanceContainer, UITraitEnvironment, UIContentContainer, UIFocusEnvironment>
    |            `- note: 'UIViewController' has been explicitly marked unavailable here
105 |
106 | /*
/Users/admin/builder/spi-builder-workspace/Sources/StackNavigation/StackNavigationController.swift:27:54: error: 'UIViewController' is unavailable in watchOS
 25 |     dataPositions[ObjectIdentifier(viewController)] = position
 26 |   }
 27 |   private func removePathElement(for viewController: UIViewController) {
    |                                                      `- error: 'UIViewController' is unavailable in watchOS
 28 |     let key = ObjectIdentifier(viewController)
 29 |     guard let position = dataPositions[key] else { return }
/Applications/Xcode-27.0.0-Release.Candidate.app/Contents/Developer/Platforms/WatchOS.platform/Developer/SDKs/WatchOS27.0.sdk/System/Library/Frameworks/UIKit.framework/Headers/UIViewController.h:104:12: note: 'UIViewController' has been explicitly marked unavailable here
102 |
103 | UIKIT_EXTERN API_AVAILABLE(ios(2.0)) API_UNAVAILABLE(watchos) NS_SWIFT_UI_ACTOR
104 | @interface UIViewController : UIResponder <NSCoding, UIAppearanceContainer, UITraitEnvironment, UIContentContainer, UIFocusEnvironment>
    |            `- note: 'UIViewController' has been explicitly marked unavailable here
105 |
106 | /*
/Users/admin/builder/spi-builder-workspace/Sources/StackNavigation/StackNavigationController.swift:37:25: error: 'UIViewController' is unavailable in watchOS
 35 |
 36 |   public init(
 37 |     rootViewController: UIViewController,
    |                         `- error: 'UIViewController' is unavailable in watchOS
 38 |     initialPath: Data,
 39 |     destinations: DestinationBuilderStorage = DestinationBuilderStorage()
/Applications/Xcode-27.0.0-Release.Candidate.app/Contents/Developer/Platforms/WatchOS.platform/Developer/SDKs/WatchOS27.0.sdk/System/Library/Frameworks/UIKit.framework/Headers/UIViewController.h:104:12: note: 'UIViewController' has been explicitly marked unavailable here
102 |
103 | UIKIT_EXTERN API_AVAILABLE(ios(2.0)) API_UNAVAILABLE(watchos) NS_SWIFT_UI_ACTOR
104 | @interface UIViewController : UIResponder <NSCoding, UIAppearanceContainer, UITraitEnvironment, UIContentContainer, UIFocusEnvironment>
    |            `- note: 'UIViewController' has been explicitly marked unavailable here
105 |
106 | /*
/Users/admin/builder/spi-builder-workspace/Sources/StackNavigation/StackNavigationController.swift:48:25: error: 'UIViewController' is unavailable in watchOS
 46 |
 47 |   public convenience init(
 48 |     rootViewController: UIViewController,
    |                         `- error: 'UIViewController' is unavailable in watchOS
 49 |     initialPath: Data,
 50 |     destination: @escaping (Data.Element) -> UIViewController
/Applications/Xcode-27.0.0-Release.Candidate.app/Contents/Developer/Platforms/WatchOS.platform/Developer/SDKs/WatchOS27.0.sdk/System/Library/Frameworks/UIKit.framework/Headers/UIViewController.h:104:12: note: 'UIViewController' has been explicitly marked unavailable here
102 |
103 | UIKIT_EXTERN API_AVAILABLE(ios(2.0)) API_UNAVAILABLE(watchos) NS_SWIFT_UI_ACTOR
104 | @interface UIViewController : UIResponder <NSCoding, UIAppearanceContainer, UITraitEnvironment, UIContentContainer, UIFocusEnvironment>
    |            `- note: 'UIViewController' has been explicitly marked unavailable here
105 |
106 | /*
/Users/admin/builder/spi-builder-workspace/Sources/StackNavigation/StackNavigationController.swift:50:46: error: 'UIViewController' is unavailable in watchOS
 48 |     rootViewController: UIViewController,
 49 |     initialPath: Data,
 50 |     destination: @escaping (Data.Element) -> UIViewController
    |                                              `- error: 'UIViewController' is unavailable in watchOS
 51 |   ) {
 52 |     var destinations = DestinationBuilderStorage()
/Applications/Xcode-27.0.0-Release.Candidate.app/Contents/Developer/Platforms/WatchOS.platform/Developer/SDKs/WatchOS27.0.sdk/System/Library/Frameworks/UIKit.framework/Headers/UIViewController.h:104:12: note: 'UIViewController' has been explicitly marked unavailable here
102 |
103 | UIKIT_EXTERN API_AVAILABLE(ios(2.0)) API_UNAVAILABLE(watchos) NS_SWIFT_UI_ACTOR
104 | @interface UIViewController : UIResponder <NSCoding, UIAppearanceContainer, UITraitEnvironment, UIContentContainer, UIFocusEnvironment>
    |            `- note: 'UIViewController' has been explicitly marked unavailable here
105 |
106 | /*
/Users/admin/builder/spi-builder-workspace/Sources/StackNavigation/StackNavigationController.swift:109:59: error: 'UIViewController' is unavailable in watchOS
107 |   }
108 |
109 |   open override func popViewController(animated: Bool) -> UIViewController? {
    |                                                           `- error: 'UIViewController' is unavailable in watchOS
110 |     guard let poppedVC = super.popViewController(animated: animated) else { return nil }
111 |     // 팝 제스쳐가 끝나고 업데이트 하기 위한 분기.
/Applications/Xcode-27.0.0-Release.Candidate.app/Contents/Developer/Platforms/WatchOS.platform/Developer/SDKs/WatchOS27.0.sdk/System/Library/Frameworks/UIKit.framework/Headers/UIViewController.h:104:12: note: 'UIViewController' has been explicitly marked unavailable here
102 |
103 | UIKIT_EXTERN API_AVAILABLE(ios(2.0)) API_UNAVAILABLE(watchos) NS_SWIFT_UI_ACTOR
104 | @interface UIViewController : UIResponder <NSCoding, UIAppearanceContainer, UITraitEnvironment, UIContentContainer, UIFocusEnvironment>
    |            `- note: 'UIViewController' has been explicitly marked unavailable here
105 |
106 | /*
/Users/admin/builder/spi-builder-workspace/Sources/StackNavigation/StackNavigationController.swift:126:60: error: 'UIViewController' is unavailable in watchOS
124 |   }
125 |
126 |   open override func popToViewController(_ viewController: UIViewController, animated: Bool) -> [UIViewController]? {
    |                                                            `- error: 'UIViewController' is unavailable in watchOS
127 |     guard let poppedVCs = super.popToViewController(viewController, animated: animated) else { return nil }
128 |     // reversed: O(1)
/Applications/Xcode-27.0.0-Release.Candidate.app/Contents/Developer/Platforms/WatchOS.platform/Developer/SDKs/WatchOS27.0.sdk/System/Library/Frameworks/UIKit.framework/Headers/UIViewController.h:104:12: note: 'UIViewController' has been explicitly marked unavailable here
102 |
103 | UIKIT_EXTERN API_AVAILABLE(ios(2.0)) API_UNAVAILABLE(watchos) NS_SWIFT_UI_ACTOR
104 | @interface UIViewController : UIResponder <NSCoding, UIAppearanceContainer, UITraitEnvironment, UIContentContainer, UIFocusEnvironment>
    |            `- note: 'UIViewController' has been explicitly marked unavailable here
105 |
106 | /*
/Users/admin/builder/spi-builder-workspace/Sources/StackNavigation/StackNavigationController.swift:126:98: error: 'UIViewController' is unavailable in watchOS
124 |   }
125 |
126 |   open override func popToViewController(_ viewController: UIViewController, animated: Bool) -> [UIViewController]? {
    |                                                                                                  `- error: 'UIViewController' is unavailable in watchOS
127 |     guard let poppedVCs = super.popToViewController(viewController, animated: animated) else { return nil }
128 |     // reversed: O(1)
/Applications/Xcode-27.0.0-Release.Candidate.app/Contents/Developer/Platforms/WatchOS.platform/Developer/SDKs/WatchOS27.0.sdk/System/Library/Frameworks/UIKit.framework/Headers/UIViewController.h:104:12: note: 'UIViewController' has been explicitly marked unavailable here
102 |
103 | UIKIT_EXTERN API_AVAILABLE(ios(2.0)) API_UNAVAILABLE(watchos) NS_SWIFT_UI_ACTOR
104 | @interface UIViewController : UIResponder <NSCoding, UIAppearanceContainer, UITraitEnvironment, UIContentContainer, UIFocusEnvironment>
    |            `- note: 'UIViewController' has been explicitly marked unavailable here
105 |
106 | /*
/Users/admin/builder/spi-builder-workspace/Sources/StackNavigation/StackNavigationController.swift:136:66: error: 'UIViewController' is unavailable in watchOS
134 |   }
135 |
136 |   open override func popToRootViewController(animated: Bool) -> [UIViewController]? {
    |                                                                  `- error: 'UIViewController' is unavailable in watchOS
137 |     let poppedVCs = super.popToRootViewController(animated: animated)
138 |     lastPath.removeAll(keepingCapacity: false)
/Applications/Xcode-27.0.0-Release.Candidate.app/Contents/Developer/Platforms/WatchOS.platform/Developer/SDKs/WatchOS27.0.sdk/System/Library/Frameworks/UIKit.framework/Headers/UIViewController.h:104:12: note: 'UIViewController' has been explicitly marked unavailable here
102 |
103 | UIKIT_EXTERN API_AVAILABLE(ios(2.0)) API_UNAVAILABLE(watchos) NS_SWIFT_UI_ACTOR
104 | @interface UIViewController : UIResponder <NSCoding, UIAppearanceContainer, UITraitEnvironment, UIContentContainer, UIFocusEnvironment>
    |            `- note: 'UIViewController' has been explicitly marked unavailable here
105 |
106 | /*
/Users/admin/builder/spi-builder-workspace/Sources/StackNavigation/StackNavigationController.swift:143:64: error: 'UIViewController' is unavailable in watchOS
141 |   }
142 |
143 |   open override func setViewControllers(_ newViewControllers: [UIViewController], animated: Bool) {
    |                                                                `- error: 'UIViewController' is unavailable in watchOS
144 |     let oldVCs = Set(viewControllers.dropFirst())
145 |     let newVCs = Set(newViewControllers.dropFirst())
/Applications/Xcode-27.0.0-Release.Candidate.app/Contents/Developer/Platforms/WatchOS.platform/Developer/SDKs/WatchOS27.0.sdk/System/Library/Frameworks/UIKit.framework/Headers/UIViewController.h:104:12: note: 'UIViewController' has been explicitly marked unavailable here
102 |
103 | UIKIT_EXTERN API_AVAILABLE(ios(2.0)) API_UNAVAILABLE(watchos) NS_SWIFT_UI_ACTOR
104 | @interface UIViewController : UIResponder <NSCoding, UIAppearanceContainer, UITraitEnvironment, UIContentContainer, UIFocusEnvironment>
    |            `- note: 'UIViewController' has been explicitly marked unavailable here
105 |
106 | /*
/Users/admin/builder/spi-builder-workspace/Sources/StackNavigation/StackNavigationController.swift:10:45: error: 'UINavigationController' is unavailable in watchOS
  8 | }
  9 |
 10 | open class StackNavigationController<Data>: UINavigationController
    |                                             `- error: 'UINavigationController' is unavailable in watchOS
 11 |   where Data: MutableCollection & RandomAccessCollection & RangeReplaceableCollection,
 12 |         Data.Element: Hashable
/Applications/Xcode-27.0.0-Release.Candidate.app/Contents/Developer/Platforms/WatchOS.platform/Developer/SDKs/WatchOS27.0.sdk/System/Library/Frameworks/UIKit.framework/Headers/UINavigationController.h:46:12: note: 'UINavigationController' has been explicitly marked unavailable here
 44 |
 45 | UIKIT_EXTERN API_AVAILABLE(ios(2.0)) API_UNAVAILABLE(watchos) NS_SWIFT_UI_ACTOR
 46 | @interface UINavigationController : UIViewController
    |            `- note: 'UINavigationController' has been explicitly marked unavailable here
 47 |
 48 |
Failed frontend command:
/Applications/Xcode-27.0.0-Release.Candidate.app/Contents/Developer/Toolchains/XcodeDefault.xctoolchain/usr/bin/swift-frontend -frontend -emit-module -experimental-skip-non-inlinable-function-bodies-without-types /Users/admin/builder/spi-builder-workspace/Sources/StackNavigation/DestinationBuilderStorage.swift /Users/admin/builder/spi-builder-workspace/Sources/StackNavigation/NavigationUpdateContext.swift /Users/admin/builder/spi-builder-workspace/Sources/StackNavigation/StackNavigationController.swift /Users/admin/builder/spi-builder-workspace/Sources/StackNavigation/StackNavigationPath.swift -target arm64_32-apple-watchos9.0 -disable-cross-import-overlay-search -load-resolved-plugin /Applications/Xcode-27.0.0-Release.Candidate.app/Contents/Developer/Platforms/WatchOS.platform/Developer/usr/lib/swift/host/plugins/libFoundationMacros.dylib\#/Applications/Xcode-27.0.0-Release.Candidate.app/Contents/Developer/Platforms/WatchOS.platform/Developer/usr/bin/swift-plugin-server\#FoundationMacros -load-resolved-plugin /Applications/Xcode-27.0.0-Release.Candidate.app/Contents/Developer/Platforms/WatchOS.platform/Developer/usr/lib/swift/host/plugins/libObservationMacros.dylib\#/Applications/Xcode-27.0.0-Release.Candidate.app/Contents/Developer/Platforms/WatchOS.platform/Developer/usr/bin/swift-plugin-server\#ObservationMacros -load-resolved-plugin /Applications/Xcode-27.0.0-Release.Candidate.app/Contents/Developer/Platforms/WatchOS.platform/Developer/usr/lib/swift/host/plugins/libPreviewsMacros.dylib\#/Applications/Xcode-27.0.0-Release.Candidate.app/Contents/Developer/Platforms/WatchOS.platform/Developer/usr/bin/swift-plugin-server\#PreviewsMacros -load-resolved-plugin /Applications/Xcode-27.0.0-Release.Candidate.app/Contents/Developer/Platforms/WatchOS.platform/Developer/usr/lib/swift/host/plugins/libSwiftMacros.dylib\#/Applications/Xcode-27.0.0-Release.Candidate.app/Contents/Developer/Platforms/WatchOS.platform/Developer/usr/bin/swift-plugin-server\#SwiftMacros -load-resolved-plugin /Applications/Xcode-27.0.0-Release.Candidate.app/Contents/Developer/Platforms/WatchOS.platform/Developer/usr/lib/swift/host/plugins/libSwiftUIMacros.dylib\#/Applications/Xcode-27.0.0-Release.Candidate.app/Contents/Developer/Platforms/WatchOS.platform/Developer/usr/bin/swift-plugin-server\#SwiftUIMacros -disable-implicit-swift-modules -Xcc -fno-implicit-modules -Xcc -fno-implicit-module-maps -explicit-swift-module-map-file /Users/admin/builder/spi-builder-workspace/.derivedData/Build/Intermediates.noindex/stack-navigation.build/Debug-watchos/StackNavigation-t.build/Objects-normal/arm64_32/StackNavigation-dependencies-2.json -enable-objc-interop -sdk /Applications/Xcode-27.0.0-Release.Candidate.app/Contents/Developer/Platforms/WatchOS.platform/Developer/SDKs/WatchOS27.0.sdk -I /Users/admin/builder/spi-builder-workspace/.derivedData/Build/Products/Debug-watchos -Isystem /Applications/Xcode-27.0.0-Release.Candidate.app/Contents/Developer/Platforms/WatchOS.platform/Developer/usr/lib -F /Users/admin/builder/spi-builder-workspace/.derivedData/Build/Products/Debug-watchos -F /Applications/Xcode-27.0.0-Release.Candidate.app/Contents/Developer/Platforms/WatchOS.platform/Developer/Library/Frameworks -F /Applications/Xcode-27.0.0-Release.Candidate.app/Contents/Developer/Platforms/WatchOS.platform/Developer/SDKs/WatchOS27.0.sdk/Developer/Library/Frameworks -module-cache-path /Users/admin/builder/spi-builder-workspace/.derivedData/Build/Intermediates.noindex/SwiftExplicitPrecompiledModules -no-color-diagnostics -Xcc -fno-color-diagnostics -enable-testing -g -debug-info-format\=dwarf -dwarf-version\=4 -swift-version 5 -Onone -D SWIFT_PACKAGE -D DEBUG -D SWIFT_MODULE_RESOURCE_BUNDLE_UNAVAILABLE -D Xcode -serialize-debugging-options -enable-experimental-feature DebugDescriptionMacro -empty-abi-descriptor -validate-clang-modules-once -clang-build-session-file /Users/admin/builder/spi-builder-workspace/.derivedData/ModuleCache.noindex/Session.modulevalidation -Xcc -working-directory -Xcc /Users/admin/builder/spi-builder-workspace/.swiftpm/xcode -enable-anonymous-context-mangled-names -file-compilation-dir /Users/admin/builder/spi-builder-workspace/.swiftpm/xcode -Xcc -D_LIBCPP_HARDENING_MODE\=_LIBCPP_HARDENING_MODE_DEBUG -Xcc -ivfsstatcache -Xcc /Users/admin/builder/spi-builder-workspace/.derivedData/SDKStatCaches.noindex/watchos27.0-24R360-e829b21a6f8c9b70876ba0858053c04477534ef55a1706bf4c1112bbb242f0a2.sdkstatcache -Xcc -fmodules-prune-interval\=86400 -Xcc -fmodules-prune-after\=345600 -Xcc -I/Users/admin/builder/spi-builder-workspace/.derivedData/Build/Products/Debug-watchos/include -Xcc -I/Users/admin/builder/spi-builder-workspace/.derivedData/Build/Intermediates.noindex/stack-navigation.build/Debug-watchos/StackNavigation-t.build/DerivedSources-normal/arm64_32 -Xcc -I/Users/admin/builder/spi-builder-workspace/.derivedData/Build/Intermediates.noindex/stack-navigation.build/Debug-watchos/StackNavigation-t.build/DerivedSources/arm64_32 -Xcc -I/Users/admin/builder/spi-builder-workspace/.derivedData/Build/Intermediates.noindex/stack-navigation.build/Debug-watchos/StackNavigation-t.build/DerivedSources -Xcc -DSWIFT_PACKAGE -Xcc -DDEBUG\=1 -no-auto-bridging-header-chaining -module-name StackNavigation -const-gather-protocols-file /Users/admin/builder/spi-builder-workspace/.derivedData/Build/Intermediates.noindex/stack-navigation.build/Debug-watchos/StackNavigation-t.build/Objects-normal/arm64_32/StackNavigation_const_extract_protocols.json -disable-clang-spi -clang-target arm64_32-apple-watchos27.0 -target-sdk-version 27.0 -target-sdk-name watchos27.0 -in-process-plugin-server-path /Applications/Xcode-27.0.0-Release.Candidate.app/Contents/Developer/Toolchains/XcodeDefault.xctoolchain/usr/lib/swift/host/libSwiftInProcPluginServer.dylib -emit-module-doc-path /Users/admin/builder/spi-builder-workspace/.derivedData/Build/Intermediates.noindex/stack-navigation.build/Debug-watchos/StackNavigation-t.build/Objects-normal/arm64_32/StackNavigation.swiftdoc -emit-module-source-info-path /Users/admin/builder/spi-builder-workspace/.derivedData/Build/Intermediates.noindex/stack-navigation.build/Debug-watchos/StackNavigation-t.build/Objects-normal/arm64_32/StackNavigation.swiftsourceinfo -emit-objc-header-path /Users/admin/builder/spi-builder-workspace/.derivedData/Build/Intermediates.noindex/stack-navigation.build/Debug-watchos/StackNavigation-t.build/Objects-normal/arm64_32/StackNavigation-Swift.h -serialize-diagnostics-path /Users/admin/builder/spi-builder-workspace/.derivedData/Build/Intermediates.noindex/stack-navigation.build/Debug-watchos/StackNavigation-t.build/Objects-normal/arm64_32/StackNavigation-primary-emit-module.dia -emit-dependencies-path /Users/admin/builder/spi-builder-workspace/.derivedData/Build/Intermediates.noindex/stack-navigation.build/Debug-watchos/StackNavigation-t.build/Objects-normal/arm64_32/StackNavigation-primary-emit-module.d -parse-as-library -o /Users/admin/builder/spi-builder-workspace/.derivedData/Build/Intermediates.noindex/stack-navigation.build/Debug-watchos/StackNavigation-t.build/Objects-normal/arm64_32/StackNavigation.swiftmodule -emit-abi-descriptor-path /Users/admin/builder/spi-builder-workspace/.derivedData/Build/Intermediates.noindex/stack-navigation.build/Debug-watchos/StackNavigation-t.build/Objects-normal/arm64_32/StackNavigation.abi.json
SwiftCompile normal arm64_32 (in target 'StackNavigation' from project 'stack-navigation')
    cd /Users/admin/builder/spi-builder-workspace/.swiftpm/xcode

SwiftCompile normal arm64_32 Compiling\ StackNavigationController.swift /Users/admin/builder/spi-builder-workspace/Sources/StackNavigation/StackNavigationController.swift (in target 'StackNavigation' from project 'stack-navigation')
/Users/admin/builder/spi-builder-workspace/Sources/StackNavigation/StackNavigationController.swift:24:72: error: 'UIViewController' is unavailable in watchOS
 22 |
 23 |   private var dataPositions: [ObjectIdentifier: Data.Index] = [:]
 24 |   private func setPosition(_ position: Data.Index, for viewController: UIViewController) {
    |                                                                        `- error: 'UIViewController' is unavailable in watchOS
 25 |     dataPositions[ObjectIdentifier(viewController)] = position
 26 |   }
/Applications/Xcode-27.0.0-Release.Candidate.app/Contents/Developer/Platforms/WatchOS.platform/Developer/SDKs/WatchOS27.0.sdk/System/Library/Frameworks/UIKit.framework/Headers/UIViewController.h:104:12: note: 'UIViewController' has been explicitly marked unavailable here
102 |
103 | UIKIT_EXTERN API_AVAILABLE(ios(2.0)) API_UNAVAILABLE(watchos) NS_SWIFT_UI_ACTOR
104 | @interface UIViewController : UIResponder <NSCoding, UIAppearanceContainer, UITraitEnvironment, UIContentContainer, UIFocusEnvironment>
    |            `- note: 'UIViewController' has been explicitly marked unavailable here
105 |
106 | /*
/Users/admin/builder/spi-builder-workspace/Sources/StackNavigation/StackNavigationController.swift:27:54: error: 'UIViewController' is unavailable in watchOS
 25 |     dataPositions[ObjectIdentifier(viewController)] = position
 26 |   }
 27 |   private func removePathElement(for viewController: UIViewController) {
    |                                                      `- error: 'UIViewController' is unavailable in watchOS
 28 |     let key = ObjectIdentifier(viewController)
 29 |     guard let position = dataPositions[key] else { return }
/Applications/Xcode-27.0.0-Release.Candidate.app/Contents/Developer/Platforms/WatchOS.platform/Developer/SDKs/WatchOS27.0.sdk/System/Library/Frameworks/UIKit.framework/Headers/UIViewController.h:104:12: note: 'UIViewController' has been explicitly marked unavailable here
102 |
103 | UIKIT_EXTERN API_AVAILABLE(ios(2.0)) API_UNAVAILABLE(watchos) NS_SWIFT_UI_ACTOR
104 | @interface UIViewController : UIResponder <NSCoding, UIAppearanceContainer, UITraitEnvironment, UIContentContainer, UIFocusEnvironment>
    |            `- note: 'UIViewController' has been explicitly marked unavailable here
105 |
106 | /*
/Users/admin/builder/spi-builder-workspace/Sources/StackNavigation/StackNavigationController.swift:37:25: error: 'UIViewController' is unavailable in watchOS
 35 |
 36 |   public init(
 37 |     rootViewController: UIViewController,
    |                         `- error: 'UIViewController' is unavailable in watchOS
 38 |     initialPath: Data,
 39 |     destinations: DestinationBuilderStorage = DestinationBuilderStorage()
/Applications/Xcode-27.0.0-Release.Candidate.app/Contents/Developer/Platforms/WatchOS.platform/Developer/SDKs/WatchOS27.0.sdk/System/Library/Frameworks/UIKit.framework/Headers/UIViewController.h:104:12: note: 'UIViewController' has been explicitly marked unavailable here
102 |
103 | UIKIT_EXTERN API_AVAILABLE(ios(2.0)) API_UNAVAILABLE(watchos) NS_SWIFT_UI_ACTOR
104 | @interface UIViewController : UIResponder <NSCoding, UIAppearanceContainer, UITraitEnvironment, UIContentContainer, UIFocusEnvironment>
    |            `- note: 'UIViewController' has been explicitly marked unavailable here
105 |
106 | /*
/Users/admin/builder/spi-builder-workspace/Sources/StackNavigation/StackNavigationController.swift:48:25: error: 'UIViewController' is unavailable in watchOS
 46 |
 47 |   public convenience init(
 48 |     rootViewController: UIViewController,
    |                         `- error: 'UIViewController' is unavailable in watchOS
 49 |     initialPath: Data,
 50 |     destination: @escaping (Data.Element) -> UIViewController
/Applications/Xcode-27.0.0-Release.Candidate.app/Contents/Developer/Platforms/WatchOS.platform/Developer/SDKs/WatchOS27.0.sdk/System/Library/Frameworks/UIKit.framework/Headers/UIViewController.h:104:12: note: 'UIViewController' has been explicitly marked unavailable here
102 |
103 | UIKIT_EXTERN API_AVAILABLE(ios(2.0)) API_UNAVAILABLE(watchos) NS_SWIFT_UI_ACTOR
104 | @interface UIViewController : UIResponder <NSCoding, UIAppearanceContainer, UITraitEnvironment, UIContentContainer, UIFocusEnvironment>
    |            `- note: 'UIViewController' has been explicitly marked unavailable here
105 |
106 | /*
/Users/admin/builder/spi-builder-workspace/Sources/StackNavigation/StackNavigationController.swift:50:46: error: 'UIViewController' is unavailable in watchOS
 48 |     rootViewController: UIViewController,
 49 |     initialPath: Data,
 50 |     destination: @escaping (Data.Element) -> UIViewController
    |                                              `- error: 'UIViewController' is unavailable in watchOS
 51 |   ) {
 52 |     var destinations = DestinationBuilderStorage()
/Applications/Xcode-27.0.0-Release.Candidate.app/Contents/Developer/Platforms/WatchOS.platform/Developer/SDKs/WatchOS27.0.sdk/System/Library/Frameworks/UIKit.framework/Headers/UIViewController.h:104:12: note: 'UIViewController' has been explicitly marked unavailable here
102 |
103 | UIKIT_EXTERN API_AVAILABLE(ios(2.0)) API_UNAVAILABLE(watchos) NS_SWIFT_UI_ACTOR
104 | @interface UIViewController : UIResponder <NSCoding, UIAppearanceContainer, UITraitEnvironment, UIContentContainer, UIFocusEnvironment>
    |            `- note: 'UIViewController' has been explicitly marked unavailable here
105 |
106 | /*
/Users/admin/builder/spi-builder-workspace/Sources/StackNavigation/StackNavigationController.swift:109:59: error: 'UIViewController' is unavailable in watchOS
107 |   }
108 |
109 |   open override func popViewController(animated: Bool) -> UIViewController? {
    |                                                           `- error: 'UIViewController' is unavailable in watchOS
110 |     guard let poppedVC = super.popViewController(animated: animated) else { return nil }
111 |     // 팝 제스쳐가 끝나고 업데이트 하기 위한 분기.
/Applications/Xcode-27.0.0-Release.Candidate.app/Contents/Developer/Platforms/WatchOS.platform/Developer/SDKs/WatchOS27.0.sdk/System/Library/Frameworks/UIKit.framework/Headers/UIViewController.h:104:12: note: 'UIViewController' has been explicitly marked unavailable here
102 |
103 | UIKIT_EXTERN API_AVAILABLE(ios(2.0)) API_UNAVAILABLE(watchos) NS_SWIFT_UI_ACTOR
104 | @interface UIViewController : UIResponder <NSCoding, UIAppearanceContainer, UITraitEnvironment, UIContentContainer, UIFocusEnvironment>
    |            `- note: 'UIViewController' has been explicitly marked unavailable here
105 |
106 | /*
/Users/admin/builder/spi-builder-workspace/Sources/StackNavigation/StackNavigationController.swift:126:60: error: 'UIViewController' is unavailable in watchOS
124 |   }
125 |
126 |   open override func popToViewController(_ viewController: UIViewController, animated: Bool) -> [UIViewController]? {
    |                                                            `- error: 'UIViewController' is unavailable in watchOS
127 |     guard let poppedVCs = super.popToViewController(viewController, animated: animated) else { return nil }
128 |     // reversed: O(1)
/Applications/Xcode-27.0.0-Release.Candidate.app/Contents/Developer/Platforms/WatchOS.platform/Developer/SDKs/WatchOS27.0.sdk/System/Library/Frameworks/UIKit.framework/Headers/UIViewController.h:104:12: note: 'UIViewController' has been explicitly marked unavailable here
102 |
103 | UIKIT_EXTERN API_AVAILABLE(ios(2.0)) API_UNAVAILABLE(watchos) NS_SWIFT_UI_ACTOR
104 | @interface UIViewController : UIResponder <NSCoding, UIAppearanceContainer, UITraitEnvironment, UIContentContainer, UIFocusEnvironment>
    |            `- note: 'UIViewController' has been explicitly marked unavailable here
105 |
106 | /*
/Users/admin/builder/spi-builder-workspace/Sources/StackNavigation/StackNavigationController.swift:126:98: error: 'UIViewController' is unavailable in watchOS
124 |   }
125 |
126 |   open override func popToViewController(_ viewController: UIViewController, animated: Bool) -> [UIViewController]? {
    |                                                                                                  `- error: 'UIViewController' is unavailable in watchOS
127 |     guard let poppedVCs = super.popToViewController(viewController, animated: animated) else { return nil }
128 |     // reversed: O(1)
/Applications/Xcode-27.0.0-Release.Candidate.app/Contents/Developer/Platforms/WatchOS.platform/Developer/SDKs/WatchOS27.0.sdk/System/Library/Frameworks/UIKit.framework/Headers/UIViewController.h:104:12: note: 'UIViewController' has been explicitly marked unavailable here
102 |
103 | UIKIT_EXTERN API_AVAILABLE(ios(2.0)) API_UNAVAILABLE(watchos) NS_SWIFT_UI_ACTOR
104 | @interface UIViewController : UIResponder <NSCoding, UIAppearanceContainer, UITraitEnvironment, UIContentContainer, UIFocusEnvironment>
    |            `- note: 'UIViewController' has been explicitly marked unavailable here
105 |
106 | /*
/Users/admin/builder/spi-builder-workspace/Sources/StackNavigation/StackNavigationController.swift:136:66: error: 'UIViewController' is unavailable in watchOS
134 |   }
135 |
136 |   open override func popToRootViewController(animated: Bool) -> [UIViewController]? {
    |                                                                  `- error: 'UIViewController' is unavailable in watchOS
137 |     let poppedVCs = super.popToRootViewController(animated: animated)
138 |     lastPath.removeAll(keepingCapacity: false)
/Applications/Xcode-27.0.0-Release.Candidate.app/Contents/Developer/Platforms/WatchOS.platform/Developer/SDKs/WatchOS27.0.sdk/System/Library/Frameworks/UIKit.framework/Headers/UIViewController.h:104:12: note: 'UIViewController' has been explicitly marked unavailable here
102 |
103 | UIKIT_EXTERN API_AVAILABLE(ios(2.0)) API_UNAVAILABLE(watchos) NS_SWIFT_UI_ACTOR
104 | @interface UIViewController : UIResponder <NSCoding, UIAppearanceContainer, UITraitEnvironment, UIContentContainer, UIFocusEnvironment>
    |            `- note: 'UIViewController' has been explicitly marked unavailable here
105 |
106 | /*
/Users/admin/builder/spi-builder-workspace/Sources/StackNavigation/StackNavigationController.swift:143:64: error: 'UIViewController' is unavailable in watchOS
141 |   }
142 |
143 |   open override func setViewControllers(_ newViewControllers: [UIViewController], animated: Bool) {
    |                                                                `- error: 'UIViewController' is unavailable in watchOS
144 |     let oldVCs = Set(viewControllers.dropFirst())
145 |     let newVCs = Set(newViewControllers.dropFirst())
/Applications/Xcode-27.0.0-Release.Candidate.app/Contents/Developer/Platforms/WatchOS.platform/Developer/SDKs/WatchOS27.0.sdk/System/Library/Frameworks/UIKit.framework/Headers/UIViewController.h:104:12: note: 'UIViewController' has been explicitly marked unavailable here
102 |
103 | UIKIT_EXTERN API_AVAILABLE(ios(2.0)) API_UNAVAILABLE(watchos) NS_SWIFT_UI_ACTOR
104 | @interface UIViewController : UIResponder <NSCoding, UIAppearanceContainer, UITraitEnvironment, UIContentContainer, UIFocusEnvironment>
    |            `- note: 'UIViewController' has been explicitly marked unavailable here
105 |
106 | /*
SwiftCompile normal arm64_32 /Users/admin/builder/spi-builder-workspace/Sources/StackNavigation/StackNavigationController.swift (in target 'StackNavigation' from project 'stack-navigation')
    cd /Users/admin/builder/spi-builder-workspace/.swiftpm/xcode
    builtin-SwiftPerFileCompile StackNavigationController.swift
SwiftCompile normal arm64_32 Compiling\ StackNavigationPath.swift /Users/admin/builder/spi-builder-workspace/Sources/StackNavigation/StackNavigationPath.swift (in target 'StackNavigation' from project 'stack-navigation')
SwiftCompile normal arm64_32 /Users/admin/builder/spi-builder-workspace/Sources/StackNavigation/StackNavigationPath.swift (in target 'StackNavigation' from project 'stack-navigation')
    cd /Users/admin/builder/spi-builder-workspace/.swiftpm/xcode
    builtin-SwiftPerFileCompile StackNavigationPath.swift
SwiftCompile normal arm64 Compiling\ DestinationBuilderStorage.swift /Users/admin/builder/spi-builder-workspace/Sources/StackNavigation/DestinationBuilderStorage.swift (in target 'StackNavigation' from project 'stack-navigation')
/Users/admin/builder/spi-builder-workspace/Sources/StackNavigation/DestinationBuilderStorage.swift:3:62: error: 'UIViewController' is unavailable in watchOS
 1 | import class UIKit.UIViewController
 2 |
 3 | public struct TypedDestinationBuilder<Datum, ViewController: UIViewController> {
   |                                                              `- error: 'UIViewController' is unavailable in watchOS
 4 |   public var makeViewController: (Datum) -> ViewController
 5 |   public var updateViewController: (ViewController, Datum) -> Void
/Applications/Xcode-27.0.0-Release.Candidate.app/Contents/Developer/Platforms/WatchOS.platform/Developer/SDKs/WatchOS27.0.sdk/System/Library/Frameworks/UIKit.framework/Headers/UIViewController.h:104:12: note: 'UIViewController' has been explicitly marked unavailable here
102 |
103 | UIKIT_EXTERN API_AVAILABLE(ios(2.0)) API_UNAVAILABLE(watchos) NS_SWIFT_UI_ACTOR
104 | @interface UIViewController : UIResponder <NSCoding, UIAppearanceContainer, UITraitEnvironment, UIContentContainer, UIFocusEnvironment>
    |            `- note: 'UIViewController' has been explicitly marked unavailable here
105 |
106 | /*
/Users/admin/builder/spi-builder-workspace/Sources/StackNavigation/DestinationBuilderStorage.swift:18:36: error: 'UIViewController' is unavailable in watchOS
16 | public struct DestinationBuilder: Equatable {
17 |   var key: ObjectIdentifier
18 |   var makeViewController: (Any) -> UIViewController
   |                                    `- error: 'UIViewController' is unavailable in watchOS
19 |   /// 타입이 일치하여 업데이트가 된 경우 true 반환
20 |   var updateViewController: (UIViewController, Any) -> Bool
/Applications/Xcode-27.0.0-Release.Candidate.app/Contents/Developer/Platforms/WatchOS.platform/Developer/SDKs/WatchOS27.0.sdk/System/Library/Frameworks/UIKit.framework/Headers/UIViewController.h:104:12: note: 'UIViewController' has been explicitly marked unavailable here
102 |
103 | UIKIT_EXTERN API_AVAILABLE(ios(2.0)) API_UNAVAILABLE(watchos) NS_SWIFT_UI_ACTOR
104 | @interface UIViewController : UIResponder <NSCoding, UIAppearanceContainer, UITraitEnvironment, UIContentContainer, UIFocusEnvironment>
    |            `- note: 'UIViewController' has been explicitly marked unavailable here
105 |
106 | /*
/Users/admin/builder/spi-builder-workspace/Sources/StackNavigation/DestinationBuilderStorage.swift:20:30: error: 'UIViewController' is unavailable in watchOS
18 |   var makeViewController: (Any) -> UIViewController
19 |   /// 타입이 일치하여 업데이트가 된 경우 true 반환
20 |   var updateViewController: (UIViewController, Any) -> Bool
   |                              `- error: 'UIViewController' is unavailable in watchOS
21 |
22 |   public static func ==(lhs: Self, rhs: Self) -> Bool {
/Applications/Xcode-27.0.0-Release.Candidate.app/Contents/Developer/Platforms/WatchOS.platform/Developer/SDKs/WatchOS27.0.sdk/System/Library/Frameworks/UIKit.framework/Headers/UIViewController.h:104:12: note: 'UIViewController' has been explicitly marked unavailable here
102 |
103 | UIKIT_EXTERN API_AVAILABLE(ios(2.0)) API_UNAVAILABLE(watchos) NS_SWIFT_UI_ACTOR
104 | @interface UIViewController : UIResponder <NSCoding, UIAppearanceContainer, UITraitEnvironment, UIContentContainer, UIFocusEnvironment>
    |            `- note: 'UIViewController' has been explicitly marked unavailable here
105 |
106 | /*
SwiftCompile normal arm64 /Users/admin/builder/spi-builder-workspace/Sources/StackNavigation/DestinationBuilderStorage.swift (in target 'StackNavigation' from project 'stack-navigation')
    cd /Users/admin/builder/spi-builder-workspace/.swiftpm/xcode
    builtin-SwiftPerFileCompile DestinationBuilderStorage.swift
SwiftCompile normal arm64 Compiling\ StackNavigationController.swift /Users/admin/builder/spi-builder-workspace/Sources/StackNavigation/StackNavigationController.swift (in target 'StackNavigation' from project 'stack-navigation')
/Users/admin/builder/spi-builder-workspace/Sources/StackNavigation/StackNavigationController.swift:24:72: error: 'UIViewController' is unavailable in watchOS
 22 |
 23 |   private var dataPositions: [ObjectIdentifier: Data.Index] = [:]
 24 |   private func setPosition(_ position: Data.Index, for viewController: UIViewController) {
    |                                                                        `- error: 'UIViewController' is unavailable in watchOS
 25 |     dataPositions[ObjectIdentifier(viewController)] = position
 26 |   }
/Applications/Xcode-27.0.0-Release.Candidate.app/Contents/Developer/Platforms/WatchOS.platform/Developer/SDKs/WatchOS27.0.sdk/System/Library/Frameworks/UIKit.framework/Headers/UIViewController.h:104:12: note: 'UIViewController' has been explicitly marked unavailable here
102 |
103 | UIKIT_EXTERN API_AVAILABLE(ios(2.0)) API_UNAVAILABLE(watchos) NS_SWIFT_UI_ACTOR
104 | @interface UIViewController : UIResponder <NSCoding, UIAppearanceContainer, UITraitEnvironment, UIContentContainer, UIFocusEnvironment>
    |            `- note: 'UIViewController' has been explicitly marked unavailable here
105 |
106 | /*
/Users/admin/builder/spi-builder-workspace/Sources/StackNavigation/StackNavigationController.swift:27:54: error: 'UIViewController' is unavailable in watchOS
 25 |     dataPositions[ObjectIdentifier(viewController)] = position
 26 |   }
 27 |   private func removePathElement(for viewController: UIViewController) {
    |                                                      `- error: 'UIViewController' is unavailable in watchOS
 28 |     let key = ObjectIdentifier(viewController)
 29 |     guard let position = dataPositions[key] else { return }
/Applications/Xcode-27.0.0-Release.Candidate.app/Contents/Developer/Platforms/WatchOS.platform/Developer/SDKs/WatchOS27.0.sdk/System/Library/Frameworks/UIKit.framework/Headers/UIViewController.h:104:12: note: 'UIViewController' has been explicitly marked unavailable here
102 |
103 | UIKIT_EXTERN API_AVAILABLE(ios(2.0)) API_UNAVAILABLE(watchos) NS_SWIFT_UI_ACTOR
104 | @interface UIViewController : UIResponder <NSCoding, UIAppearanceContainer, UITraitEnvironment, UIContentContainer, UIFocusEnvironment>
    |            `- note: 'UIViewController' has been explicitly marked unavailable here
105 |
106 | /*
/Users/admin/builder/spi-builder-workspace/Sources/StackNavigation/StackNavigationController.swift:37:25: error: 'UIViewController' is unavailable in watchOS
 35 |
 36 |   public init(
 37 |     rootViewController: UIViewController,
    |                         `- error: 'UIViewController' is unavailable in watchOS
 38 |     initialPath: Data,
 39 |     destinations: DestinationBuilderStorage = DestinationBuilderStorage()
/Applications/Xcode-27.0.0-Release.Candidate.app/Contents/Developer/Platforms/WatchOS.platform/Developer/SDKs/WatchOS27.0.sdk/System/Library/Frameworks/UIKit.framework/Headers/UIViewController.h:104:12: note: 'UIViewController' has been explicitly marked unavailable here
102 |
103 | UIKIT_EXTERN API_AVAILABLE(ios(2.0)) API_UNAVAILABLE(watchos) NS_SWIFT_UI_ACTOR
104 | @interface UIViewController : UIResponder <NSCoding, UIAppearanceContainer, UITraitEnvironment, UIContentContainer, UIFocusEnvironment>
    |            `- note: 'UIViewController' has been explicitly marked unavailable here
105 |
106 | /*
/Users/admin/builder/spi-builder-workspace/Sources/StackNavigation/StackNavigationController.swift:48:25: error: 'UIViewController' is unavailable in watchOS
 46 |
 47 |   public convenience init(
 48 |     rootViewController: UIViewController,
    |                         `- error: 'UIViewController' is unavailable in watchOS
 49 |     initialPath: Data,
 50 |     destination: @escaping (Data.Element) -> UIViewController
/Applications/Xcode-27.0.0-Release.Candidate.app/Contents/Developer/Platforms/WatchOS.platform/Developer/SDKs/WatchOS27.0.sdk/System/Library/Frameworks/UIKit.framework/Headers/UIViewController.h:104:12: note: 'UIViewController' has been explicitly marked unavailable here
102 |
103 | UIKIT_EXTERN API_AVAILABLE(ios(2.0)) API_UNAVAILABLE(watchos) NS_SWIFT_UI_ACTOR
104 | @interface UIViewController : UIResponder <NSCoding, UIAppearanceContainer, UITraitEnvironment, UIContentContainer, UIFocusEnvironment>
    |            `- note: 'UIViewController' has been explicitly marked unavailable here
105 |
106 | /*
/Users/admin/builder/spi-builder-workspace/Sources/StackNavigation/StackNavigationController.swift:50:46: error: 'UIViewController' is unavailable in watchOS
 48 |     rootViewController: UIViewController,
 49 |     initialPath: Data,
 50 |     destination: @escaping (Data.Element) -> UIViewController
    |                                              `- error: 'UIViewController' is unavailable in watchOS
 51 |   ) {
 52 |     var destinations = DestinationBuilderStorage()
/Applications/Xcode-27.0.0-Release.Candidate.app/Contents/Developer/Platforms/WatchOS.platform/Developer/SDKs/WatchOS27.0.sdk/System/Library/Frameworks/UIKit.framework/Headers/UIViewController.h:104:12: note: 'UIViewController' has been explicitly marked unavailable here
102 |
103 | UIKIT_EXTERN API_AVAILABLE(ios(2.0)) API_UNAVAILABLE(watchos) NS_SWIFT_UI_ACTOR
104 | @interface UIViewController : UIResponder <NSCoding, UIAppearanceContainer, UITraitEnvironment, UIContentContainer, UIFocusEnvironment>
    |            `- note: 'UIViewController' has been explicitly marked unavailable here
105 |
106 | /*
/Users/admin/builder/spi-builder-workspace/Sources/StackNavigation/StackNavigationController.swift:109:59: error: 'UIViewController' is unavailable in watchOS
107 |   }
108 |
109 |   open override func popViewController(animated: Bool) -> UIViewController? {
    |                                                           `- error: 'UIViewController' is unavailable in watchOS
110 |     guard let poppedVC = super.popViewController(animated: animated) else { return nil }
111 |     // 팝 제스쳐가 끝나고 업데이트 하기 위한 분기.
/Applications/Xcode-27.0.0-Release.Candidate.app/Contents/Developer/Platforms/WatchOS.platform/Developer/SDKs/WatchOS27.0.sdk/System/Library/Frameworks/UIKit.framework/Headers/UIViewController.h:104:12: note: 'UIViewController' has been explicitly marked unavailable here
102 |
103 | UIKIT_EXTERN API_AVAILABLE(ios(2.0)) API_UNAVAILABLE(watchos) NS_SWIFT_UI_ACTOR
104 | @interface UIViewController : UIResponder <NSCoding, UIAppearanceContainer, UITraitEnvironment, UIContentContainer, UIFocusEnvironment>
    |            `- note: 'UIViewController' has been explicitly marked unavailable here
105 |
106 | /*
/Users/admin/builder/spi-builder-workspace/Sources/StackNavigation/StackNavigationController.swift:126:60: error: 'UIViewController' is unavailable in watchOS
124 |   }
125 |
126 |   open override func popToViewController(_ viewController: UIViewController, animated: Bool) -> [UIViewController]? {
    |                                                            `- error: 'UIViewController' is unavailable in watchOS
127 |     guard let poppedVCs = super.popToViewController(viewController, animated: animated) else { return nil }
128 |     // reversed: O(1)
/Applications/Xcode-27.0.0-Release.Candidate.app/Contents/Developer/Platforms/WatchOS.platform/Developer/SDKs/WatchOS27.0.sdk/System/Library/Frameworks/UIKit.framework/Headers/UIViewController.h:104:12: note: 'UIViewController' has been explicitly marked unavailable here
102 |
103 | UIKIT_EXTERN API_AVAILABLE(ios(2.0)) API_UNAVAILABLE(watchos) NS_SWIFT_UI_ACTOR
104 | @interface UIViewController : UIResponder <NSCoding, UIAppearanceContainer, UITraitEnvironment, UIContentContainer, UIFocusEnvironment>
    |            `- note: 'UIViewController' has been explicitly marked unavailable here
105 |
106 | /*
/Users/admin/builder/spi-builder-workspace/Sources/StackNavigation/StackNavigationController.swift:126:98: error: 'UIViewController' is unavailable in watchOS
124 |   }
125 |
126 |   open override func popToViewController(_ viewController: UIViewController, animated: Bool) -> [UIViewController]? {
    |                                                                                                  `- error: 'UIViewController' is unavailable in watchOS
127 |     guard let poppedVCs = super.popToViewController(viewController, animated: animated) else { return nil }
128 |     // reversed: O(1)
/Applications/Xcode-27.0.0-Release.Candidate.app/Contents/Developer/Platforms/WatchOS.platform/Developer/SDKs/WatchOS27.0.sdk/System/Library/Frameworks/UIKit.framework/Headers/UIViewController.h:104:12: note: 'UIViewController' has been explicitly marked unavailable here
102 |
103 | UIKIT_EXTERN API_AVAILABLE(ios(2.0)) API_UNAVAILABLE(watchos) NS_SWIFT_UI_ACTOR
104 | @interface UIViewController : UIResponder <NSCoding, UIAppearanceContainer, UITraitEnvironment, UIContentContainer, UIFocusEnvironment>
    |            `- note: 'UIViewController' has been explicitly marked unavailable here
105 |
106 | /*
/Users/admin/builder/spi-builder-workspace/Sources/StackNavigation/StackNavigationController.swift:136:66: error: 'UIViewController' is unavailable in watchOS
134 |   }
135 |
136 |   open override func popToRootViewController(animated: Bool) -> [UIViewController]? {
    |                                                                  `- error: 'UIViewController' is unavailable in watchOS
137 |     let poppedVCs = super.popToRootViewController(animated: animated)
138 |     lastPath.removeAll(keepingCapacity: false)
/Applications/Xcode-27.0.0-Release.Candidate.app/Contents/Developer/Platforms/WatchOS.platform/Developer/SDKs/WatchOS27.0.sdk/System/Library/Frameworks/UIKit.framework/Headers/UIViewController.h:104:12: note: 'UIViewController' has been explicitly marked unavailable here
102 |
103 | UIKIT_EXTERN API_AVAILABLE(ios(2.0)) API_UNAVAILABLE(watchos) NS_SWIFT_UI_ACTOR
104 | @interface UIViewController : UIResponder <NSCoding, UIAppearanceContainer, UITraitEnvironment, UIContentContainer, UIFocusEnvironment>
    |            `- note: 'UIViewController' has been explicitly marked unavailable here
105 |
106 | /*
/Users/admin/builder/spi-builder-workspace/Sources/StackNavigation/StackNavigationController.swift:143:64: error: 'UIViewController' is unavailable in watchOS
141 |   }
142 |
143 |   open override func setViewControllers(_ newViewControllers: [UIViewController], animated: Bool) {
    |                                                                `- error: 'UIViewController' is unavailable in watchOS
144 |     let oldVCs = Set(viewControllers.dropFirst())
145 |     let newVCs = Set(newViewControllers.dropFirst())
/Applications/Xcode-27.0.0-Release.Candidate.app/Contents/Developer/Platforms/WatchOS.platform/Developer/SDKs/WatchOS27.0.sdk/System/Library/Frameworks/UIKit.framework/Headers/UIViewController.h:104:12: note: 'UIViewController' has been explicitly marked unavailable here
102 |
103 | UIKIT_EXTERN API_AVAILABLE(ios(2.0)) API_UNAVAILABLE(watchos) NS_SWIFT_UI_ACTOR
104 | @interface UIViewController : UIResponder <NSCoding, UIAppearanceContainer, UITraitEnvironment, UIContentContainer, UIFocusEnvironment>
    |            `- note: 'UIViewController' has been explicitly marked unavailable here
105 |
106 | /*
SwiftCompile normal arm64 /Users/admin/builder/spi-builder-workspace/Sources/StackNavigation/StackNavigationController.swift (in target 'StackNavigation' from project 'stack-navigation')
    cd /Users/admin/builder/spi-builder-workspace/.swiftpm/xcode
    builtin-SwiftPerFileCompile StackNavigationController.swift
SwiftEmitModule normal arm64 Emitting\ module\ for\ StackNavigation (in target 'StackNavigation' from project 'stack-navigation')
/Users/admin/builder/spi-builder-workspace/Sources/StackNavigation/DestinationBuilderStorage.swift:3:62: error: 'UIViewController' is unavailable in watchOS
 1 | import class UIKit.UIViewController
 2 |
 3 | public struct TypedDestinationBuilder<Datum, ViewController: UIViewController> {
   |                                                              `- error: 'UIViewController' is unavailable in watchOS
 4 |   public var makeViewController: (Datum) -> ViewController
 5 |   public var updateViewController: (ViewController, Datum) -> Void
/Applications/Xcode-27.0.0-Release.Candidate.app/Contents/Developer/Platforms/WatchOS.platform/Developer/SDKs/WatchOS27.0.sdk/System/Library/Frameworks/UIKit.framework/Headers/UIViewController.h:104:12: note: 'UIViewController' has been explicitly marked unavailable here
102 |
103 | UIKIT_EXTERN API_AVAILABLE(ios(2.0)) API_UNAVAILABLE(watchos) NS_SWIFT_UI_ACTOR
104 | @interface UIViewController : UIResponder <NSCoding, UIAppearanceContainer, UITraitEnvironment, UIContentContainer, UIFocusEnvironment>
    |            `- note: 'UIViewController' has been explicitly marked unavailable here
105 |
106 | /*
/Users/admin/builder/spi-builder-workspace/Sources/StackNavigation/DestinationBuilderStorage.swift:18:36: error: 'UIViewController' is unavailable in watchOS
16 | public struct DestinationBuilder: Equatable {
17 |   var key: ObjectIdentifier
18 |   var makeViewController: (Any) -> UIViewController
   |                                    `- error: 'UIViewController' is unavailable in watchOS
19 |   /// 타입이 일치하여 업데이트가 된 경우 true 반환
20 |   var updateViewController: (UIViewController, Any) -> Bool
/Applications/Xcode-27.0.0-Release.Candidate.app/Contents/Developer/Platforms/WatchOS.platform/Developer/SDKs/WatchOS27.0.sdk/System/Library/Frameworks/UIKit.framework/Headers/UIViewController.h:104:12: note: 'UIViewController' has been explicitly marked unavailable here
102 |
103 | UIKIT_EXTERN API_AVAILABLE(ios(2.0)) API_UNAVAILABLE(watchos) NS_SWIFT_UI_ACTOR
104 | @interface UIViewController : UIResponder <NSCoding, UIAppearanceContainer, UITraitEnvironment, UIContentContainer, UIFocusEnvironment>
    |            `- note: 'UIViewController' has been explicitly marked unavailable here
105 |
106 | /*
/Users/admin/builder/spi-builder-workspace/Sources/StackNavigation/DestinationBuilderStorage.swift:20:30: error: 'UIViewController' is unavailable in watchOS
18 |   var makeViewController: (Any) -> UIViewController
19 |   /// 타입이 일치하여 업데이트가 된 경우 true 반환
20 |   var updateViewController: (UIViewController, Any) -> Bool
   |                              `- error: 'UIViewController' is unavailable in watchOS
21 |
22 |   public static func ==(lhs: Self, rhs: Self) -> Bool {
/Applications/Xcode-27.0.0-Release.Candidate.app/Contents/Developer/Platforms/WatchOS.platform/Developer/SDKs/WatchOS27.0.sdk/System/Library/Frameworks/UIKit.framework/Headers/UIViewController.h:104:12: note: 'UIViewController' has been explicitly marked unavailable here
102 |
103 | UIKIT_EXTERN API_AVAILABLE(ios(2.0)) API_UNAVAILABLE(watchos) NS_SWIFT_UI_ACTOR
104 | @interface UIViewController : UIResponder <NSCoding, UIAppearanceContainer, UITraitEnvironment, UIContentContainer, UIFocusEnvironment>
    |            `- note: 'UIViewController' has been explicitly marked unavailable here
105 |
106 | /*
/Users/admin/builder/spi-builder-workspace/Sources/StackNavigation/DestinationBuilderStorage.swift:34:27: error: 'UIViewController' is unavailable in watchOS
32 |   public init() { }
33 |
34 |   public subscript<D, VC: UIViewController>(key: D.Type) -> TypedDestinationBuilder<D, VC>? {
   |                           `- error: 'UIViewController' is unavailable in watchOS
35 |     get {
36 |       guard let builder = builders[ObjectIdentifier(key)] else { return nil }
/Applications/Xcode-27.0.0-Release.Candidate.app/Contents/Developer/Platforms/WatchOS.platform/Developer/SDKs/WatchOS27.0.sdk/System/Library/Frameworks/UIKit.framework/Headers/UIViewController.h:104:12: note: 'UIViewController' has been explicitly marked unavailable here
102 |
103 | UIKIT_EXTERN API_AVAILABLE(ios(2.0)) API_UNAVAILABLE(watchos) NS_SWIFT_UI_ACTOR
104 | @interface UIViewController : UIResponder <NSCoding, UIAppearanceContainer, UITraitEnvironment, UIContentContainer, UIFocusEnvironment>
    |            `- note: 'UIViewController' has been explicitly marked unavailable here
105 |
106 | /*
/Users/admin/builder/spi-builder-workspace/Sources/StackNavigation/StackNavigationController.swift:24:72: error: 'UIViewController' is unavailable in watchOS
 22 |
 23 |   private var dataPositions: [ObjectIdentifier: Data.Index] = [:]
 24 |   private func setPosition(_ position: Data.Index, for viewController: UIViewController) {
    |                                                                        `- error: 'UIViewController' is unavailable in watchOS
 25 |     dataPositions[ObjectIdentifier(viewController)] = position
 26 |   }
/Applications/Xcode-27.0.0-Release.Candidate.app/Contents/Developer/Platforms/WatchOS.platform/Developer/SDKs/WatchOS27.0.sdk/System/Library/Frameworks/UIKit.framework/Headers/UIViewController.h:104:12: note: 'UIViewController' has been explicitly marked unavailable here
102 |
103 | UIKIT_EXTERN API_AVAILABLE(ios(2.0)) API_UNAVAILABLE(watchos) NS_SWIFT_UI_ACTOR
104 | @interface UIViewController : UIResponder <NSCoding, UIAppearanceContainer, UITraitEnvironment, UIContentContainer, UIFocusEnvironment>
    |            `- note: 'UIViewController' has been explicitly marked unavailable here
105 |
106 | /*
/Users/admin/builder/spi-builder-workspace/Sources/StackNavigation/StackNavigationController.swift:27:54: error: 'UIViewController' is unavailable in watchOS
 25 |     dataPositions[ObjectIdentifier(viewController)] = position
 26 |   }
 27 |   private func removePathElement(for viewController: UIViewController) {
    |                                                      `- error: 'UIViewController' is unavailable in watchOS
 28 |     let key = ObjectIdentifier(viewController)
 29 |     guard let position = dataPositions[key] else { return }
/Applications/Xcode-27.0.0-Release.Candidate.app/Contents/Developer/Platforms/WatchOS.platform/Developer/SDKs/WatchOS27.0.sdk/System/Library/Frameworks/UIKit.framework/Headers/UIViewController.h:104:12: note: 'UIViewController' has been explicitly marked unavailable here
102 |
103 | UIKIT_EXTERN API_AVAILABLE(ios(2.0)) API_UNAVAILABLE(watchos) NS_SWIFT_UI_ACTOR
104 | @interface UIViewController : UIResponder <NSCoding, UIAppearanceContainer, UITraitEnvironment, UIContentContainer, UIFocusEnvironment>
    |            `- note: 'UIViewController' has been explicitly marked unavailable here
105 |
106 | /*
/Users/admin/builder/spi-builder-workspace/Sources/StackNavigation/StackNavigationController.swift:37:25: error: 'UIViewController' is unavailable in watchOS
 35 |
 36 |   public init(
 37 |     rootViewController: UIViewController,
    |                         `- error: 'UIViewController' is unavailable in watchOS
 38 |     initialPath: Data,
 39 |     destinations: DestinationBuilderStorage = DestinationBuilderStorage()
/Applications/Xcode-27.0.0-Release.Candidate.app/Contents/Developer/Platforms/WatchOS.platform/Developer/SDKs/WatchOS27.0.sdk/System/Library/Frameworks/UIKit.framework/Headers/UIViewController.h:104:12: note: 'UIViewController' has been explicitly marked unavailable here
102 |
103 | UIKIT_EXTERN API_AVAILABLE(ios(2.0)) API_UNAVAILABLE(watchos) NS_SWIFT_UI_ACTOR
104 | @interface UIViewController : UIResponder <NSCoding, UIAppearanceContainer, UITraitEnvironment, UIContentContainer, UIFocusEnvironment>
    |            `- note: 'UIViewController' has been explicitly marked unavailable here
105 |
106 | /*
/Users/admin/builder/spi-builder-workspace/Sources/StackNavigation/StackNavigationController.swift:48:25: error: 'UIViewController' is unavailable in watchOS
 46 |
 47 |   public convenience init(
 48 |     rootViewController: UIViewController,
    |                         `- error: 'UIViewController' is unavailable in watchOS
 49 |     initialPath: Data,
 50 |     destination: @escaping (Data.Element) -> UIViewController
/Applications/Xcode-27.0.0-Release.Candidate.app/Contents/Developer/Platforms/WatchOS.platform/Developer/SDKs/WatchOS27.0.sdk/System/Library/Frameworks/UIKit.framework/Headers/UIViewController.h:104:12: note: 'UIViewController' has been explicitly marked unavailable here
102 |
103 | UIKIT_EXTERN API_AVAILABLE(ios(2.0)) API_UNAVAILABLE(watchos) NS_SWIFT_UI_ACTOR
104 | @interface UIViewController : UIResponder <NSCoding, UIAppearanceContainer, UITraitEnvironment, UIContentContainer, UIFocusEnvironment>
    |            `- note: 'UIViewController' has been explicitly marked unavailable here
105 |
106 | /*
/Users/admin/builder/spi-builder-workspace/Sources/StackNavigation/StackNavigationController.swift:50:46: error: 'UIViewController' is unavailable in watchOS
 48 |     rootViewController: UIViewController,
 49 |     initialPath: Data,
 50 |     destination: @escaping (Data.Element) -> UIViewController
    |                                              `- error: 'UIViewController' is unavailable in watchOS
 51 |   ) {
 52 |     var destinations = DestinationBuilderStorage()
/Applications/Xcode-27.0.0-Release.Candidate.app/Contents/Developer/Platforms/WatchOS.platform/Developer/SDKs/WatchOS27.0.sdk/System/Library/Frameworks/UIKit.framework/Headers/UIViewController.h:104:12: note: 'UIViewController' has been explicitly marked unavailable here
102 |
103 | UIKIT_EXTERN API_AVAILABLE(ios(2.0)) API_UNAVAILABLE(watchos) NS_SWIFT_UI_ACTOR
104 | @interface UIViewController : UIResponder <NSCoding, UIAppearanceContainer, UITraitEnvironment, UIContentContainer, UIFocusEnvironment>
    |            `- note: 'UIViewController' has been explicitly marked unavailable here
105 |
106 | /*
/Users/admin/builder/spi-builder-workspace/Sources/StackNavigation/StackNavigationController.swift:109:59: error: 'UIViewController' is unavailable in watchOS
107 |   }
108 |
109 |   open override func popViewController(animated: Bool) -> UIViewController? {
    |                                                           `- error: 'UIViewController' is unavailable in watchOS
110 |     guard let poppedVC = super.popViewController(animated: animated) else { return nil }
111 |     // 팝 제스쳐가 끝나고 업데이트 하기 위한 분기.
/Applications/Xcode-27.0.0-Release.Candidate.app/Contents/Developer/Platforms/WatchOS.platform/Developer/SDKs/WatchOS27.0.sdk/System/Library/Frameworks/UIKit.framework/Headers/UIViewController.h:104:12: note: 'UIViewController' has been explicitly marked unavailable here
102 |
103 | UIKIT_EXTERN API_AVAILABLE(ios(2.0)) API_UNAVAILABLE(watchos) NS_SWIFT_UI_ACTOR
104 | @interface UIViewController : UIResponder <NSCoding, UIAppearanceContainer, UITraitEnvironment, UIContentContainer, UIFocusEnvironment>
    |            `- note: 'UIViewController' has been explicitly marked unavailable here
105 |
106 | /*
/Users/admin/builder/spi-builder-workspace/Sources/StackNavigation/StackNavigationController.swift:126:60: error: 'UIViewController' is unavailable in watchOS
124 |   }
125 |
126 |   open override func popToViewController(_ viewController: UIViewController, animated: Bool) -> [UIViewController]? {
    |                                                            `- error: 'UIViewController' is unavailable in watchOS
127 |     guard let poppedVCs = super.popToViewController(viewController, animated: animated) else { return nil }
128 |     // reversed: O(1)
/Applications/Xcode-27.0.0-Release.Candidate.app/Contents/Developer/Platforms/WatchOS.platform/Developer/SDKs/WatchOS27.0.sdk/System/Library/Frameworks/UIKit.framework/Headers/UIViewController.h:104:12: note: 'UIViewController' has been explicitly marked unavailable here
102 |
103 | UIKIT_EXTERN API_AVAILABLE(ios(2.0)) API_UNAVAILABLE(watchos) NS_SWIFT_UI_ACTOR
104 | @interface UIViewController : UIResponder <NSCoding, UIAppearanceContainer, UITraitEnvironment, UIContentContainer, UIFocusEnvironment>
    |            `- note: 'UIViewController' has been explicitly marked unavailable here
105 |
106 | /*
/Users/admin/builder/spi-builder-workspace/Sources/StackNavigation/StackNavigationController.swift:126:98: error: 'UIViewController' is unavailable in watchOS
124 |   }
125 |
126 |   open override func popToViewController(_ viewController: UIViewController, animated: Bool) -> [UIViewController]? {
    |                                                                                                  `- error: 'UIViewController' is unavailable in watchOS
127 |     guard let poppedVCs = super.popToViewController(viewController, animated: animated) else { return nil }
128 |     // reversed: O(1)
/Applications/Xcode-27.0.0-Release.Candidate.app/Contents/Developer/Platforms/WatchOS.platform/Developer/SDKs/WatchOS27.0.sdk/System/Library/Frameworks/UIKit.framework/Headers/UIViewController.h:104:12: note: 'UIViewController' has been explicitly marked unavailable here
102 |
103 | UIKIT_EXTERN API_AVAILABLE(ios(2.0)) API_UNAVAILABLE(watchos) NS_SWIFT_UI_ACTOR
104 | @interface UIViewController : UIResponder <NSCoding, UIAppearanceContainer, UITraitEnvironment, UIContentContainer, UIFocusEnvironment>
    |            `- note: 'UIViewController' has been explicitly marked unavailable here
105 |
106 | /*
/Users/admin/builder/spi-builder-workspace/Sources/StackNavigation/StackNavigationController.swift:136:66: error: 'UIViewController' is unavailable in watchOS
134 |   }
135 |
136 |   open override func popToRootViewController(animated: Bool) -> [UIViewController]? {
    |                                                                  `- error: 'UIViewController' is unavailable in watchOS
137 |     let poppedVCs = super.popToRootViewController(animated: animated)
138 |     lastPath.removeAll(keepingCapacity: false)
/Applications/Xcode-27.0.0-Release.Candidate.app/Contents/Developer/Platforms/WatchOS.platform/Developer/SDKs/WatchOS27.0.sdk/System/Library/Frameworks/UIKit.framework/Headers/UIViewController.h:104:12: note: 'UIViewController' has been explicitly marked unavailable here
102 |
103 | UIKIT_EXTERN API_AVAILABLE(ios(2.0)) API_UNAVAILABLE(watchos) NS_SWIFT_UI_ACTOR
104 | @interface UIViewController : UIResponder <NSCoding, UIAppearanceContainer, UITraitEnvironment, UIContentContainer, UIFocusEnvironment>
    |            `- note: 'UIViewController' has been explicitly marked unavailable here
105 |
106 | /*
/Users/admin/builder/spi-builder-workspace/Sources/StackNavigation/StackNavigationController.swift:143:64: error: 'UIViewController' is unavailable in watchOS
141 |   }
142 |
143 |   open override func setViewControllers(_ newViewControllers: [UIViewController], animated: Bool) {
    |                                                                `- error: 'UIViewController' is unavailable in watchOS
144 |     let oldVCs = Set(viewControllers.dropFirst())
145 |     let newVCs = Set(newViewControllers.dropFirst())
/Applications/Xcode-27.0.0-Release.Candidate.app/Contents/Developer/Platforms/WatchOS.platform/Developer/SDKs/WatchOS27.0.sdk/System/Library/Frameworks/UIKit.framework/Headers/UIViewController.h:104:12: note: 'UIViewController' has been explicitly marked unavailable here
102 |
103 | UIKIT_EXTERN API_AVAILABLE(ios(2.0)) API_UNAVAILABLE(watchos) NS_SWIFT_UI_ACTOR
104 | @interface UIViewController : UIResponder <NSCoding, UIAppearanceContainer, UITraitEnvironment, UIContentContainer, UIFocusEnvironment>
    |            `- note: 'UIViewController' has been explicitly marked unavailable here
105 |
106 | /*
/Users/admin/builder/spi-builder-workspace/Sources/StackNavigation/StackNavigationController.swift:10:45: error: 'UINavigationController' is unavailable in watchOS
  8 | }
  9 |
 10 | open class StackNavigationController<Data>: UINavigationController
    |                                             `- error: 'UINavigationController' is unavailable in watchOS
 11 |   where Data: MutableCollection & RandomAccessCollection & RangeReplaceableCollection,
 12 |         Data.Element: Hashable
/Applications/Xcode-27.0.0-Release.Candidate.app/Contents/Developer/Platforms/WatchOS.platform/Developer/SDKs/WatchOS27.0.sdk/System/Library/Frameworks/UIKit.framework/Headers/UINavigationController.h:46:12: note: 'UINavigationController' has been explicitly marked unavailable here
 44 |
 45 | UIKIT_EXTERN API_AVAILABLE(ios(2.0)) API_UNAVAILABLE(watchos) NS_SWIFT_UI_ACTOR
 46 | @interface UINavigationController : UIViewController
    |            `- note: 'UINavigationController' has been explicitly marked unavailable here
 47 |
 48 |
Failed frontend command:
/Applications/Xcode-27.0.0-Release.Candidate.app/Contents/Developer/Toolchains/XcodeDefault.xctoolchain/usr/bin/swift-frontend -frontend -emit-module -experimental-skip-non-inlinable-function-bodies-without-types /Users/admin/builder/spi-builder-workspace/Sources/StackNavigation/DestinationBuilderStorage.swift /Users/admin/builder/spi-builder-workspace/Sources/StackNavigation/NavigationUpdateContext.swift /Users/admin/builder/spi-builder-workspace/Sources/StackNavigation/StackNavigationController.swift /Users/admin/builder/spi-builder-workspace/Sources/StackNavigation/StackNavigationPath.swift -target arm64-apple-watchos9.0 -disable-cross-import-overlay-search -load-resolved-plugin /Applications/Xcode-27.0.0-Release.Candidate.app/Contents/Developer/Platforms/WatchOS.platform/Developer/usr/lib/swift/host/plugins/libFoundationMacros.dylib\#/Applications/Xcode-27.0.0-Release.Candidate.app/Contents/Developer/Platforms/WatchOS.platform/Developer/usr/bin/swift-plugin-server\#FoundationMacros -load-resolved-plugin /Applications/Xcode-27.0.0-Release.Candidate.app/Contents/Developer/Platforms/WatchOS.platform/Developer/usr/lib/swift/host/plugins/libObservationMacros.dylib\#/Applications/Xcode-27.0.0-Release.Candidate.app/Contents/Developer/Platforms/WatchOS.platform/Developer/usr/bin/swift-plugin-server\#ObservationMacros -load-resolved-plugin /Applications/Xcode-27.0.0-Release.Candidate.app/Contents/Developer/Platforms/WatchOS.platform/Developer/usr/lib/swift/host/plugins/libPreviewsMacros.dylib\#/Applications/Xcode-27.0.0-Release.Candidate.app/Contents/Developer/Platforms/WatchOS.platform/Developer/usr/bin/swift-plugin-server\#PreviewsMacros -load-resolved-plugin /Applications/Xcode-27.0.0-Release.Candidate.app/Contents/Developer/Platforms/WatchOS.platform/Developer/usr/lib/swift/host/plugins/libSwiftMacros.dylib\#/Applications/Xcode-27.0.0-Release.Candidate.app/Contents/Developer/Platforms/WatchOS.platform/Developer/usr/bin/swift-plugin-server\#SwiftMacros -load-resolved-plugin /Applications/Xcode-27.0.0-Release.Candidate.app/Contents/Developer/Platforms/WatchOS.platform/Developer/usr/lib/swift/host/plugins/libSwiftUIMacros.dylib\#/Applications/Xcode-27.0.0-Release.Candidate.app/Contents/Developer/Platforms/WatchOS.platform/Developer/usr/bin/swift-plugin-server\#SwiftUIMacros -disable-implicit-swift-modules -Xcc -fno-implicit-modules -Xcc -fno-implicit-module-maps -explicit-swift-module-map-file /Users/admin/builder/spi-builder-workspace/.derivedData/Build/Intermediates.noindex/stack-navigation.build/Debug-watchos/StackNavigation-t.build/Objects-normal/arm64/StackNavigation-dependencies-1.json -Xllvm -aarch64-use-tbi -enable-objc-interop -stack-check -sdk /Applications/Xcode-27.0.0-Release.Candidate.app/Contents/Developer/Platforms/WatchOS.platform/Developer/SDKs/WatchOS27.0.sdk -I /Users/admin/builder/spi-builder-workspace/.derivedData/Build/Products/Debug-watchos -Isystem /Applications/Xcode-27.0.0-Release.Candidate.app/Contents/Developer/Platforms/WatchOS.platform/Developer/usr/lib -F /Users/admin/builder/spi-builder-workspace/.derivedData/Build/Products/Debug-watchos -F /Applications/Xcode-27.0.0-Release.Candidate.app/Contents/Developer/Platforms/WatchOS.platform/Developer/Library/Frameworks -F /Applications/Xcode-27.0.0-Release.Candidate.app/Contents/Developer/Platforms/WatchOS.platform/Developer/SDKs/WatchOS27.0.sdk/Developer/Library/Frameworks -module-cache-path /Users/admin/builder/spi-builder-workspace/.derivedData/Build/Intermediates.noindex/SwiftExplicitPrecompiledModules -no-color-diagnostics -Xcc -fno-color-diagnostics -enable-testing -g -debug-info-format\=dwarf -dwarf-version\=4 -swift-version 5 -Onone -D SWIFT_PACKAGE -D DEBUG -D SWIFT_MODULE_RESOURCE_BUNDLE_UNAVAILABLE -D Xcode -serialize-debugging-options -enable-experimental-feature DebugDescriptionMacro -empty-abi-descriptor -validate-clang-modules-once -clang-build-session-file /Users/admin/builder/spi-builder-workspace/.derivedData/ModuleCache.noindex/Session.modulevalidation -Xcc -working-directory -Xcc /Users/admin/builder/spi-builder-workspace/.swiftpm/xcode -enable-anonymous-context-mangled-names -file-compilation-dir /Users/admin/builder/spi-builder-workspace/.swiftpm/xcode -Xcc -D_LIBCPP_HARDENING_MODE\=_LIBCPP_HARDENING_MODE_DEBUG -Xcc -ivfsstatcache -Xcc /Users/admin/builder/spi-builder-workspace/.derivedData/SDKStatCaches.noindex/watchos27.0-24R360-e829b21a6f8c9b70876ba0858053c04477534ef55a1706bf4c1112bbb242f0a2.sdkstatcache -Xcc -fmodules-prune-interval\=86400 -Xcc -fmodules-prune-after\=345600 -Xcc -I/Users/admin/builder/spi-builder-workspace/.derivedData/Build/Products/Debug-watchos/include -Xcc -I/Users/admin/builder/spi-builder-workspace/.derivedData/Build/Intermediates.noindex/stack-navigation.build/Debug-watchos/StackNavigation-t.build/DerivedSources-normal/arm64 -Xcc -I/Users/admin/builder/spi-builder-workspace/.derivedData/Build/Intermediates.noindex/stack-navigation.build/Debug-watchos/StackNavigation-t.build/DerivedSources/arm64 -Xcc -I/Users/admin/builder/spi-builder-workspace/.derivedData/Build/Intermediates.noindex/stack-navigation.build/Debug-watchos/StackNavigation-t.build/DerivedSources -Xcc -DSWIFT_PACKAGE -Xcc -DDEBUG\=1 -no-auto-bridging-header-chaining -module-name StackNavigation -const-gather-protocols-file /Users/admin/builder/spi-builder-workspace/.derivedData/Build/Intermediates.noindex/stack-navigation.build/Debug-watchos/StackNavigation-t.build/Objects-normal/arm64/StackNavigation_const_extract_protocols.json -disable-clang-spi -clang-target arm64-apple-watchos27.0 -target-sdk-version 27.0 -target-sdk-name watchos27.0 -in-process-plugin-server-path /Applications/Xcode-27.0.0-Release.Candidate.app/Contents/Developer/Toolchains/XcodeDefault.xctoolchain/usr/lib/swift/host/libSwiftInProcPluginServer.dylib -emit-module-doc-path /Users/admin/builder/spi-builder-workspace/.derivedData/Build/Intermediates.noindex/stack-navigation.build/Debug-watchos/StackNavigation-t.build/Objects-normal/arm64/StackNavigation.swiftdoc -emit-module-source-info-path /Users/admin/builder/spi-builder-workspace/.derivedData/Build/Intermediates.noindex/stack-navigation.build/Debug-watchos/StackNavigation-t.build/Objects-normal/arm64/StackNavigation.swiftsourceinfo -emit-objc-header-path /Users/admin/builder/spi-builder-workspace/.derivedData/Build/Intermediates.noindex/stack-navigation.build/Debug-watchos/StackNavigation-t.build/Objects-normal/arm64/StackNavigation-Swift.h -serialize-diagnostics-path /Users/admin/builder/spi-builder-workspace/.derivedData/Build/Intermediates.noindex/stack-navigation.build/Debug-watchos/StackNavigation-t.build/Objects-normal/arm64/StackNavigation-primary-emit-module.dia -emit-dependencies-path /Users/admin/builder/spi-builder-workspace/.derivedData/Build/Intermediates.noindex/stack-navigation.build/Debug-watchos/StackNavigation-t.build/Objects-normal/arm64/StackNavigation-primary-emit-module.d -parse-as-library -o /Users/admin/builder/spi-builder-workspace/.derivedData/Build/Intermediates.noindex/stack-navigation.build/Debug-watchos/StackNavigation-t.build/Objects-normal/arm64/StackNavigation.swiftmodule -emit-abi-descriptor-path /Users/admin/builder/spi-builder-workspace/.derivedData/Build/Intermediates.noindex/stack-navigation.build/Debug-watchos/StackNavigation-t.build/Objects-normal/arm64/StackNavigation.abi.json
SwiftCompile normal arm64 (in target 'StackNavigation' from project 'stack-navigation')
    cd /Users/admin/builder/spi-builder-workspace/.swiftpm/xcode

SwiftCompile normal arm64 Compiling\ StackNavigationPath.swift /Users/admin/builder/spi-builder-workspace/Sources/StackNavigation/StackNavigationPath.swift (in target 'StackNavigation' from project 'stack-navigation')
SwiftCompile normal arm64 /Users/admin/builder/spi-builder-workspace/Sources/StackNavigation/StackNavigationPath.swift (in target 'StackNavigation' from project 'stack-navigation')
    cd /Users/admin/builder/spi-builder-workspace/.swiftpm/xcode
    builtin-SwiftPerFileCompile StackNavigationPath.swift
SwiftCompile normal arm64 Compiling\ NavigationUpdateContext.swift /Users/admin/builder/spi-builder-workspace/Sources/StackNavigation/NavigationUpdateContext.swift (in target 'StackNavigation' from project 'stack-navigation')
SwiftCompile normal arm64 /Users/admin/builder/spi-builder-workspace/Sources/StackNavigation/NavigationUpdateContext.swift (in target 'StackNavigation' from project 'stack-navigation')
    cd /Users/admin/builder/spi-builder-workspace/.swiftpm/xcode
    builtin-SwiftPerFileCompile NavigationUpdateContext.swift
PruneExplicitPrecompiledModules /Users/admin/builder/spi-builder-workspace/.derivedData/Build/Intermediates.noindex/SwiftExplicitPrecompiledModules
PruneExplicitPrecompiledModules /Users/admin/builder/spi-builder-workspace/.derivedData/SDKExplicitPrecompiledModules
PruneExplicitPrecompiledModules /Users/admin/builder/spi-builder-workspace/.derivedData/Build/Intermediates.noindex/ExplicitPrecompiledModules
2026-09-19 13:29:32.871 xcodebuild[808:4879] [MT] IDERunDestination: Supported platforms for the buildables in the current scheme is empty.
** BUILD FAILED **
The following build commands failed:
	SwiftEmitModule normal arm64_32 Emitting\ module\ for\ StackNavigation (in target 'StackNavigation' from project 'stack-navigation')
	SwiftCompile normal arm64_32 (in target 'StackNavigation' from project 'stack-navigation')
	SwiftEmitModule normal arm64 Emitting\ module\ for\ StackNavigation (in target 'StackNavigation' from project 'stack-navigation')
	SwiftCompile normal arm64 (in target 'StackNavigation' from project 'stack-navigation')
	Building workspace stack-navigation with scheme stack-navigation-Package
(5 failures)
BUILD FAILURE 6.4 watchOS