The Swift Package Index logo.Swift Package Index

Build Information

Failed to build EmojiKit, reference master (29f53f), with Swift 6.4 for visionOS using Xcode 27.0 on 16 Sep 2026 01:30:26 UTC.

Build Command

No build command. This typically means the build failed at an early stage where we determine the build command.

Build Log

========================================
RunAll
========================================
Builder version: 5.1.0
Interrupt handler set up.
========================================
Checkout
========================================
Clone URL: https://github.com/yutomizutani/emojikit.git
Reference: master
Initialized empty Git repository in /Users/admin/builder/spi-builder-workspace/.git/
From https://github.com/yutomizutani/emojikit
 * branch            master     -> FETCH_HEAD
 * [new branch]      master     -> origin/master
HEAD is now at 29f53f0 Add CLI tool with emojigen command #4
Cloned https://github.com/yutomizutani/emojikit.git
Revision (git rev-parse @):
29f53f08d901297e7a385389acca05643e2b3ee0
SUCCESS checkout https://github.com/yutomizutani/emojikit.git at master
========================================
Build
========================================
Selected platform:         visionOS
Swift version:             6.4
Building package at path:  $PWD
https://github.com/yutomizutani/emojikit.git
Command line invocation:
    /Applications/Xcode-27.0.0-Release.Candidate.app/Contents/Developer/usr/bin/xcodebuild -IDEClonedSourcePackagesDirPathOverride=/Users/admin/builder/spi-builder-workspace/.dependencies -resolvePackageDependencies
Resolve Package Graph
Fetching from https://github.com/pvieito/PythonKit.git
could not find a branch named ‘swift-5.1’ in https://github.com/pvieito/PythonKit.gitResolve Package Graph
Updating from https://github.com/pvieito/PythonKit.git
could not find a branch named ‘swift-5.1’ in https://github.com/pvieito/PythonKit.git
Resolved source packages:
  spi-builder-workspace: (null)
2026-09-15 21:30:24.957 xcodebuild[530:3059] Writing error result bundle to /var/folders/xq/y_g06wb113726d38xsyx71_h0000gn/T/ResultBundle_2026-15-09_21-30-0024.xcresult
xcodebuild: error: Could not resolve package dependencies:
  could not find a branch named ‘swift-5.1’ in https://github.com/pvieito/PythonKit.git
Command line invocation:
    /Applications/Xcode-27.0.0-Release.Candidate.app/Contents/Developer/usr/bin/xcodebuild -IDEClonedSourcePackagesDirPathOverride=/Users/admin/builder/spi-builder-workspace/.dependencies -resolvePackageDependencies
Resolve Package Graph
Updating from https://github.com/pvieito/PythonKit.git
could not find a branch named ‘swift-5.1’ in https://github.com/pvieito/PythonKit.git
Resolved source packages:
  spi-builder-workspace: (null)
2026-09-15 21:30:26.570 xcodebuild[624:3776] Writing error result bundle to /var/folders/xq/y_g06wb113726d38xsyx71_h0000gn/T/ResultBundle_2026-15-09_21-30-0026.xcresult
xcodebuild: error: Could not resolve package dependencies:
  could not find a branch named ‘swift-5.1’ in https://github.com/pvieito/PythonKit.git
BUILD FAILURE 6.4 visionOS