The Swift Package Index logo.Swift Package Index

Build Information

Failed to build GoogleGax, reference main (6e96a8), with Swift 6.2 for Android on 12 Oct 2026 08:50:58 UTC.

Build Command

bash -c docker run --pull=always --rm -v "checkouts-54344843-3":/host -w "$PWD" -e JAVA_HOME="/root/.sdkman/candidates/java/current" -e SPI_BUILD="1" -e SPI_PROCESSING="1" registry.gitlab.com/saguaro1/spi-images:android-6.2-latest swift build --swift-sdk aarch64-unknown-linux-android28 2>&1

Build Log

========================================
RunAll
========================================
Builder version: 5.1.1
Interrupt handler set up.
========================================
Checkout
========================================
Clone URL: https://github.com/googleapis/swift-google-gax.git
Reference: main
Initialized empty Git repository in /host/spi-builder-workspace/.git/
hint: Using 'master' as the name for the initial branch. This default branch name
hint: is subject to change. To configure the initial branch name to use in all
hint: of your new repositories, which will suppress this warning, call:
hint:
hint: 	git config --global init.defaultBranch <name>
hint:
hint: Names commonly chosen instead of 'master' are 'main', 'trunk' and
hint: 'development'. The just-created branch can be renamed via this command:
hint:
hint: 	git branch -m <name>
From https://github.com/googleapis/swift-google-gax
 * branch            main       -> FETCH_HEAD
 * [new branch]      main       -> origin/main
HEAD is now at 6e96a8e chore: release circa 2026-10-07 (#1382)
Cloned https://github.com/googleapis/swift-google-gax.git
Revision (git rev-parse @):
6e96a8e830e43d65b76677bcff139c0f3bc030fc
SPI manifest file found: $PWD/.spi.yml
SUCCESS checkout https://github.com/googleapis/swift-google-gax.git at main
========================================
Build
========================================
Selected platform:         android
Swift version:             6.2
Building package at path:  $PWD
https://github.com/googleapis/swift-google-gax.git
Running build ...
bash -c docker run --pull=always --rm -v "checkouts-54344843-3":/host -w "$PWD" -e JAVA_HOME="/root/.sdkman/candidates/java/current" -e SPI_BUILD="1" -e SPI_PROCESSING="1" registry.gitlab.com/saguaro1/spi-images:android-6.2-latest swift build --swift-sdk aarch64-unknown-linux-android28 2>&1
android-6.2-latest: Pulling from saguaro1/spi-images
Digest: sha256:a839c9ce201f1dacc8eb056626ec7ab0a1c6d53d7b77c83feda395f4507c51be
Status: Image is up to date for registry.gitlab.com/saguaro1/spi-images:android-6.2-latest
Fetching https://github.com/apple/swift-nio
Fetching https://github.com/swift-server/async-http-client.git
Fetching https://github.com/apple/swift-collections
[1/28703] Fetching swift-collections
[1437/45167] Fetching swift-collections, async-http-client
[30243/131547] Fetching swift-collections, async-http-client, swift-nio
Fetching https://github.com/googleapis/swift-google-auth
Fetched https://github.com/swift-server/async-http-client.git from cache (1.53s)
[64119/115083] Fetching swift-collections, swift-nio
Fetching https://github.com/googleapis/swift-google-wkt
Fetching https://github.com/googleapis/swift-google-rpc
Fetching https://github.com/apple/swift-log
Fetched https://github.com/apple/swift-collections from cache (2.02s)
[58739/86380] Fetching swift-nio
[58740/87403] Fetching swift-nio, swift-google-wkt
[58802/88426] Fetching swift-nio, swift-google-wkt, swift-google-auth
Fetched https://github.com/googleapis/swift-google-wkt from cache (0.60s)
Fetched https://github.com/googleapis/swift-google-auth from cache (0.65s)
[59603/86380] Fetching swift-nio
[64790/86802] Fetching swift-nio, swift-google-rpc
[66936/95059] Fetching swift-nio, swift-google-rpc, swift-log
Fetched https://github.com/googleapis/swift-google-rpc from cache (0.81s)
Fetched https://github.com/apple/swift-log from cache (0.81s)
[77742/86380] Fetching swift-nio
Fetched https://github.com/apple/swift-nio from cache (6.55s)
Computing version for https://github.com/googleapis/swift-google-rpc
Computed https://github.com/googleapis/swift-google-rpc at 0.5.0 (6.92s)
Computing version for https://github.com/googleapis/swift-google-wkt
Computed https://github.com/googleapis/swift-google-wkt at 0.5.0 (0.35s)
Fetching https://github.com/swift-extras/swift-extras-base64
[1/954] Fetching swift-extras-base64
Fetched https://github.com/swift-extras/swift-extras-base64 from cache (0.50s)
Computing version for https://github.com/googleapis/swift-google-auth
Computed https://github.com/googleapis/swift-google-auth at 0.5.0 (0.85s)
Fetching https://github.com/apple/swift-system.git
Fetching https://github.com/vapor/jwt-kit.git
[1/7241] Fetching swift-system
[3043/17495] Fetching swift-system, jwt-kit
Fetched https://github.com/apple/swift-system.git from cache (0.83s)
[3179/10254] Fetching jwt-kit
Fetched https://github.com/vapor/jwt-kit.git from cache (1.23s)
Computing version for https://github.com/swift-server/async-http-client.git
Computed https://github.com/swift-server/async-http-client.git at 1.36.2 (1.58s)
Fetching https://github.com/apple/swift-nio-transport-services.git
Fetching https://github.com/apple/swift-distributed-tracing.git
Fetching https://github.com/apple/swift-configuration.git
Fetching https://github.com/apple/swift-atomics.git
Fetching https://github.com/apple/swift-algorithms.git
Fetching https://github.com/apple/swift-service-context.git
[1/1501] Fetching swift-service-context
[1157/3390] Fetching swift-service-context, swift-atomics
[1521/6257] Fetching swift-service-context, swift-atomics, swift-nio-transport-services
[1758/10185] Fetching swift-service-context, swift-atomics, swift-nio-transport-services, swift-configuration
[3307/16736] Fetching swift-service-context, swift-atomics, swift-nio-transport-services, swift-configuration, swift-distributed-tracing
Fetched https://github.com/apple/swift-service-context.git from cache (0.50s)
[2559/21399] Fetching swift-atomics, swift-nio-transport-services, swift-configuration, swift-distributed-tracing, swift-algorithms
Fetching https://github.com/apple/swift-nio-extras.git
Fetched https://github.com/apple/swift-distributed-tracing.git from cache (0.79s)
Fetching https://github.com/apple/swift-nio-http2.git
Fetched https://github.com/apple/swift-atomics.git from cache (0.86s)
Fetched https://github.com/apple/swift-algorithms.git from cache (0.86s)
Fetched https://github.com/apple/swift-nio-transport-services.git from cache (0.87s)
Fetched https://github.com/apple/swift-configuration.git from cache (0.87s)
Fetching https://github.com/apple/swift-nio-ssl.git
[1/6704] Fetching swift-nio-extras
[6705/18998] Fetching swift-nio-extras, swift-nio-http2
Fetched https://github.com/apple/swift-nio-extras.git from cache (0.78s)
[123/12294] Fetching swift-nio-http2
[370/29174] Fetching swift-nio-http2, swift-nio-ssl
Fetched https://github.com/apple/swift-nio-http2.git from cache (1.52s)
Fetched https://github.com/apple/swift-nio-ssl.git from cache (1.98s)
Computing version for https://github.com/swift-extras/swift-extras-base64
Computed https://github.com/swift-extras/swift-extras-base64 at 1.2.0 (3.13s)
Computing version for https://github.com/apple/swift-collections
Computed https://github.com/apple/swift-collections at 1.7.2 (0.38s)
Computing version for https://github.com/apple/swift-service-context.git
Computed https://github.com/apple/swift-service-context.git at 1.3.0 (0.22s)
Computing version for https://github.com/apple/swift-algorithms.git
Computed https://github.com/apple/swift-algorithms.git at 1.2.1 (1.36s)
Fetching https://github.com/apple/swift-numerics.git
[1/6743] Fetching swift-numerics
Fetched https://github.com/apple/swift-numerics.git from cache (0.64s)
Computing version for https://github.com/apple/swift-log
Computed https://github.com/apple/swift-log at 1.16.1 (0.89s)
Computing version for https://github.com/apple/swift-distributed-tracing.git
Computed https://github.com/apple/swift-distributed-tracing.git at 1.5.0 (0.22s)
Computing version for https://github.com/apple/swift-atomics.git
Computed https://github.com/apple/swift-atomics.git at 1.3.1 (0.20s)
Computing version for https://github.com/apple/swift-numerics.git
Computed https://github.com/apple/swift-numerics.git at 1.1.1 (0.20s)
Computing version for https://github.com/apple/swift-nio
Computed https://github.com/apple/swift-nio at 2.104.0 (0.50s)
Computing version for https://github.com/apple/swift-configuration.git
Computed https://github.com/apple/swift-configuration.git at 1.2.2 (1.18s)
Fetching https://github.com/swift-server/swift-service-lifecycle
[1/2867] Fetching swift-service-lifecycle
Fetched https://github.com/swift-server/swift-service-lifecycle from cache (0.53s)
Computing version for https://github.com/apple/swift-nio-transport-services.git
Computed https://github.com/apple/swift-nio-transport-services.git at 1.28.0 (0.76s)
Computing version for https://github.com/swift-server/swift-service-lifecycle
Computed https://github.com/swift-server/swift-service-lifecycle at 2.12.1 (0.21s)
Fetching https://github.com/apple/swift-async-algorithms.git
[1/6820] Fetching swift-async-algorithms
Fetched https://github.com/apple/swift-async-algorithms.git from cache (0.80s)
Computing version for https://github.com/apple/swift-async-algorithms.git
Computed https://github.com/apple/swift-async-algorithms.git at 1.1.7 (1.11s)
Computing version for https://github.com/apple/swift-nio-http2.git
Computed https://github.com/apple/swift-nio-http2.git at 1.46.0 (0.23s)
Computing version for https://github.com/vapor/jwt-kit.git
Computed https://github.com/vapor/jwt-kit.git at 5.7.1 (0.22s)
Fetching https://github.com/apple/swift-crypto.git
Fetching https://github.com/apple/swift-certificates.git
[1/18629] Fetching swift-crypto
[2/26242] Fetching swift-crypto, swift-certificates
Fetched https://github.com/apple/swift-certificates.git from cache (1.78s)
Fetched https://github.com/apple/swift-crypto.git from cache (1.80s)
Computing version for https://github.com/apple/swift-crypto.git
Computed https://github.com/apple/swift-crypto.git at 4.5.2 (2.65s)
Fetching https://github.com/apple/swift-asn1.git
[21/2009] Fetching swift-asn1
Fetched https://github.com/apple/swift-asn1.git from cache (0.52s)
Computing version for https://github.com/apple/swift-asn1.git
Computed https://github.com/apple/swift-asn1.git at 1.7.3 (0.77s)
Computing version for https://github.com/apple/swift-certificates.git
Computed https://github.com/apple/swift-certificates.git at 1.21.0 (0.29s)
Computing version for https://github.com/apple/swift-nio-ssl.git
Computed https://github.com/apple/swift-nio-ssl.git at 2.37.5 (0.27s)
Computing version for https://github.com/apple/swift-system.git
Computed https://github.com/apple/swift-system.git at 1.8.1 (0.27s)
Computing version for https://github.com/apple/swift-nio-extras.git
Computed https://github.com/apple/swift-nio-extras.git at 1.35.1 (0.38s)
Fetching https://github.com/apple/swift-http-structured-headers.git
Fetching https://github.com/apple/swift-http-types.git
[13/1253] Fetching swift-http-structured-headers
[1254/3192] Fetching swift-http-structured-headers, swift-http-types
Fetched https://github.com/apple/swift-http-types.git from cache (0.56s)
Fetched https://github.com/apple/swift-http-structured-headers.git from cache (0.56s)
Computing version for https://github.com/apple/swift-http-structured-headers.git
Computed https://github.com/apple/swift-http-structured-headers.git at 1.7.0 (0.79s)
Computing version for https://github.com/apple/swift-http-types.git
Computed https://github.com/apple/swift-http-types.git at 1.8.0 (0.26s)
Creating working copy for https://github.com/apple/swift-numerics.git
Working copy of https://github.com/apple/swift-numerics.git resolved at 1.1.1
Creating working copy for https://github.com/swift-server/swift-service-lifecycle
Working copy of https://github.com/swift-server/swift-service-lifecycle resolved at 2.12.1
Creating working copy for https://github.com/apple/swift-collections
Working copy of https://github.com/apple/swift-collections resolved at 1.7.2
Creating working copy for https://github.com/swift-server/async-http-client.git
Working copy of https://github.com/swift-server/async-http-client.git resolved at 1.36.2
Creating working copy for https://github.com/apple/swift-asn1.git
Working copy of https://github.com/apple/swift-asn1.git resolved at 1.7.3
Creating working copy for https://github.com/apple/swift-atomics.git
Working copy of https://github.com/apple/swift-atomics.git resolved at 1.3.1
Creating working copy for https://github.com/apple/swift-algorithms.git
Working copy of https://github.com/apple/swift-algorithms.git resolved at 1.2.1
Creating working copy for https://github.com/apple/swift-certificates.git
Working copy of https://github.com/apple/swift-certificates.git resolved at 1.21.0
Creating working copy for https://github.com/apple/swift-nio-http2.git
Working copy of https://github.com/apple/swift-nio-http2.git resolved at 1.46.0
Creating working copy for https://github.com/apple/swift-system.git
Working copy of https://github.com/apple/swift-system.git resolved at 1.8.1
Creating working copy for https://github.com/apple/swift-http-types.git
Working copy of https://github.com/apple/swift-http-types.git resolved at 1.8.0
Creating working copy for https://github.com/googleapis/swift-google-wkt
Working copy of https://github.com/googleapis/swift-google-wkt resolved at 0.5.0
Creating working copy for https://github.com/apple/swift-nio
Working copy of https://github.com/apple/swift-nio resolved at 2.104.0
Creating working copy for https://github.com/googleapis/swift-google-auth
Working copy of https://github.com/googleapis/swift-google-auth resolved at 0.5.0
Creating working copy for https://github.com/apple/swift-async-algorithms.git
Working copy of https://github.com/apple/swift-async-algorithms.git resolved at 1.1.7
Creating working copy for https://github.com/apple/swift-nio-transport-services.git
Working copy of https://github.com/apple/swift-nio-transport-services.git resolved at 1.28.0
Creating working copy for https://github.com/vapor/jwt-kit.git
Working copy of https://github.com/vapor/jwt-kit.git resolved at 5.7.1
Creating working copy for https://github.com/apple/swift-distributed-tracing.git
Working copy of https://github.com/apple/swift-distributed-tracing.git resolved at 1.5.0
Creating working copy for https://github.com/apple/swift-crypto.git
Working copy of https://github.com/apple/swift-crypto.git resolved at 4.5.2
Creating working copy for https://github.com/googleapis/swift-google-rpc
Working copy of https://github.com/googleapis/swift-google-rpc resolved at 0.5.0
Creating working copy for https://github.com/apple/swift-log
Working copy of https://github.com/apple/swift-log resolved at 1.16.1
Creating working copy for https://github.com/apple/swift-http-structured-headers.git
Working copy of https://github.com/apple/swift-http-structured-headers.git resolved at 1.7.0
Creating working copy for https://github.com/apple/swift-service-context.git
Working copy of https://github.com/apple/swift-service-context.git resolved at 1.3.0
Creating working copy for https://github.com/swift-extras/swift-extras-base64
Working copy of https://github.com/swift-extras/swift-extras-base64 resolved at 1.2.0
Creating working copy for https://github.com/apple/swift-configuration.git
Working copy of https://github.com/apple/swift-configuration.git resolved at 1.2.2
Creating working copy for https://github.com/apple/swift-nio-ssl.git
Working copy of https://github.com/apple/swift-nio-ssl.git resolved at 2.37.5
Creating working copy for https://github.com/apple/swift-nio-extras.git
Working copy of https://github.com/apple/swift-nio-extras.git resolved at 1.35.1
Building for debugging...
[0/842] Write sources
[39/842] Compiling CNIOWindows shim.c
[40/842] Compiling _AtomicsShims.c
[41/842] Compiling CNIOWindows WSAStartup.c
[41/842] Compiling _NumericsShims _NumericsShims.c
[43/842] Compiling CXKCPShims shims.c
[44/842] Compiling CNIOWASI CNIOWASI.c
[45/842] Compiling CNIOOpenBSD shim.c
[46/842] Compiling KeccakHash.c
[47/842] Compiling CNIOPosix event_loop_id.c
[48/842] Compiling CSystem shims.c
[49/842] Compiling CNIOLinux liburing_shims.c
[50/842] Compiling SimpleFIPS202.c
[51/842] Compiling KeccakSponge.c
[51/842] Compiling CNIOLLHTTP c_nio_http.c
[53/842] Compiling CNIOLinux shim.c
[54/842] Compiling CNIOFreeBSD shim.c
[55/842] Compiling CNIOExtrasZlib zutil.c
[56/842] Write swift-version--11D90AFD9DD3AB2.txt
[57/842] Compiling CNIOExtrasZlib trees.c
[58/842] Compiling CNIOExtrasZlib inftrees.c
[59/842] Compiling CNIOExtrasZlib inffast.c
[60/842] Compiling CNIOLLHTTP c_nio_api.c
[61/850] Compiling CNIOExtrasZlib deflate.c
[62/904] Compiling CNIOExtrasZlib inflate.c
[63/907] Compiling KeccakP-1600-opt64.c
[65/908] Emitting module ServiceContextModule
[65/918] Compiling CNIOLLHTTP c_nio_llhttp.c
[67/929] Emitting module _NIOBase64
[68/929] Compiling SwiftASN1 TimeUtilities.swift
[69/929] Compiling SwiftASN1 UTCTime.swift
[70/931] Compiling RealModule Float16+Real.swift
[71/931] Compiling RealModule Float80+Real.swift
[72/932] Compiling Logging SwiftLogNoOpLogHandler.swift
[73/932] Compiling Logging Locks.swift
[74/932] Emitting module RealModule
[75/932] Compiling Logging LogEvent.swift
[76/932] Compiling Logging LogHandler.swift
[77/932] Compiling SwiftASN1 PEMDocument.swift
[80/932] Compiling SwiftASN1 ASN1OctetString.swift
[81/932] Compiling SwiftASN1 ASN1Strings.swift
[82/936] Emitting module _CertificateInternals
[83/936] Compiling _CertificateInternals _TinyArray.swift
[88/938] Compiling Logging MultiplexLogHandler.swift
[89/938] Compiling Logging StreamLogHandler.swift
[93/938] Compiling ServiceContextModule ServiceContextKey.swift
[94/938] Compiling RealModule RelaxedArithmetic.swift
[95/938] Compiling _NIOBase64 Base64.swift
[96/939] Compiling _NIODataStructures PriorityQueue.swift
[98/939] Compiling SwiftASN1 ASN1Integer.swift
[99/939] Compiling SwiftASN1 ASN1Null.swift
[103/939] Compiling RealModule RealFunctions.swift
[104/939] Compiling RealModule Real.swift
[105/940] Compiling Logging Logger.swift
[106/941] Compiling Logging LoggingSystem.swift
[107/941] Compiling _NIODataStructures _TinyArray.swift
[108/941] Compiling Logging Logger+With.swift
[110/941] Compiling _NIODataStructures Heap.swift
[113/941] Compiling SwiftASN1 ArraySliceBigint.swift
[114/941] Compiling SwiftASN1 GeneralizedTime.swift
[115/941] Compiling SwiftASN1 ObjectIdentifier.swift
[116/942] Emitting module _NIODataStructures
[117/948] Compiling ServiceContextModule ServiceContext.swift
[119/976] Compiling CNIOExtrasZlib crc32.c
[120/976] Compiling CNIODarwin shim.c
[121/976] Compiling CNIOExtrasZlib adler32.c
[123/976] Compiling ExtrasBase64 Base32+Span.swift
[123/981] Compiling fiat_p256_adx_sqr.S
[125/982] Compiling Instrumentation NoOpInstrument.swift
[126/982] Compiling Instrumentation MultiplexInstrument.swift
[127/982] Compiling InternalCollectionsUtilities UnsafeMutablePointer+Extras.swift
[128/982] Compiling InternalCollectionsUtilities UnsafeMutableRawBufferPointer+Extras.swift
[129/982] Compiling InternalCollectionsUtilities UnsafePointer+Extras.swift
[129/985] Compiling fiat_p256_adx_mul.S
[130/985] Compiling fiat_curve25519_adx_square.S
[132/985] Compiling InternalCollectionsUtilities FixedWidthInteger+roundUpToPowerOfTwo.swift
[133/985] Compiling InternalCollectionsUtilities Integer rank.swift
[134/985] Compiling InternalCollectionsUtilities UInt+first and last set bit.swift
[135/985] Emitting module SwiftASN1
[135/985] Compiling fiat_curve25519_adx_mul.S
[137/985] Compiling InternalCollectionsUtilities UnsafeRawBufferPointer+Extras.swift
[138/985] Compiling InternalCollectionsUtilities _SortedCollection.swift
[139/985] Compiling InternalCollectionsUtilities _UniqueCollection.swift
[140/985] Emitting module Instrumentation
[141/985] Compiling Instrumentation InstrumentationSystem.swift
[142/985] Compiling Instrumentation Instrument.swift
[143/985] Compiling InternalCollectionsUtilities _UnsafeBitSet+_Word.swift
[144/985] Compiling InternalCollectionsUtilities _UnsafeBitSet.swift
[144/985] Compiling CNIOBoringSSLShims shims.c
[149/985] Compiling InternalCollectionsUtilities UInt+reversed.swift
[150/985] Compiling InternalCollectionsUtilities MutableSpan+Extras.swift
[151/985] Compiling InternalCollectionsUtilities OutputSpan+Extras.swift
[152/985] Compiling InternalCollectionsUtilities RandomAccessCollection+Offsets.swift
[153/985] Compiling InternalCollectionsUtilities Span+Extras.swift
[154/985] Compiling InternalCollectionsUtilities BorrowingIteratorProtocol+Equality.swift
[155/985] Compiling InternalCollectionsUtilities BorrowingIteratorProtocol+Extras.swift
[156/985] Compiling InternalCollectionsUtilities Debugging.swift
[157/985] Compiling InternalCollectionsUtilities Descriptions.swift
[158/985] Compiling InternalCollectionsUtilities Iterable+CopyContents.swift
[159/985] Compiling InternalCollectionsUtilities Iterable+Equality.swift
[160/985] Compiling InternalCollectionsUtilities LifetimeOverride.swift
[161/985] Compiling InternalCollectionsUtilities MutableRef.swift
[162/985] Compiling SystemPackage SystemString.swift
[163/985] Compiling SystemPackage Util+StringArray.swift
[164/985] Compiling SystemPackage Util.swift
[165/985] Compiling SystemPackage UtilConsumers.swift
[166/985] Compiling SystemPackage WinSDK+Overlay.swift
[167/985] Emitting module InternalCollectionsUtilities
[168/985] Compiling InternalCollectionsUtilities Strideable+LimitHelpers.swift
[169/985] Compiling InternalCollectionsUtilities String+Padding.swift
[170/985] Compiling InternalCollectionsUtilities TemporaryAllocation.swift
[171/985] Compiling InternalCollectionsUtilities _UnsafeBitSet+Index.swift
[174/985] Compiling InternalCollectionsUtilities UnsafeBufferPointer+Extras.swift
[175/985] Compiling InternalCollectionsUtilities UnsafeMutableBufferPointer+Extras.swift
[183/986] Emitting module SystemPackage
[189/986] Compiling SystemPackage Backcompat.swift
[190/986] Compiling SystemPackage CInterop.swift
[191/986] Compiling SystemPackage Constants.swift
[192/986] Compiling SystemPackage Exports.swift
[193/986] Compiling SystemPackage Mocking.swift
[198/986] Compiling SystemPackage PlatformString.swift
[206/986] Compiling Logging MetadataProvider.swift
[209/988] Emitting module Logging
[210/988] Compiling Instrumentation Locks.swift
[213/989] Compiling Logging Logger+Attributes.swift
[218/994] Compiling SpanPreview InputSpan.swift
[219/994] Compiling SpanPreview OutputSpan+InputSpanHelpers.swift
[220/994] Compiling SpanPreview MutableSpan+InputSpanHelpers.swift
[221/1002] Emitting module SpanPreview
[222/1045] Compiling tls_record.cc
[223/1045] Compiling tls_method.cc
[225/1045] Compiling Tracing InstrumentationSystem+Tracing.swift
[226/1045] Compiling Tracing NoOpTracer.swift
[227/1046] Compiling Tracing TracingTime.swift
[228/1046] Compiling Tracing TracerProtocol.swift
[229/1046] Emitting module Tracing
[230/1046] Compiling Tracing TracerProtocol+Legacy.swift
[231/1046] Compiling Tracing Tracer.swift
[232/1046] Compiling Tracing WithTracer.swift
[233/1046] Compiling DequeModule UniqueDeque+Initializers.swift
[234/1046] Compiling DequeModule UniqueDeque+Insertions.swift
[235/1046] Compiling DequeModule UniqueDeque+Iterable.swift
[236/1046] Compiling DequeModule UniqueDeque+Prepend.swift
[237/1046] Compiling DequeModule UniqueDeque+Removals.swift
[238/1046] Compiling DequeModule UniqueDeque+Consumption.swift
[239/1046] Compiling DequeModule UniqueDeque+ContainerOperations.swift
[240/1046] Compiling DequeModule UniqueDeque+Deprecations.swift
[241/1046] Compiling DequeModule UniqueDeque+Descriptions.swift
[242/1046] Compiling DequeModule UniqueDeque+Equatable.swift
[243/1046] Compiling DequeModule UniqueDeque+Hashable.swift
[244/1051] Compiling DequeModule _DequeBuffer.swift
[245/1051] Compiling DequeModule _DequeBufferHeader.swift
[246/1051] Compiling DequeModule RigidDeque+Append.swift
[247/1051] Compiling DequeModule RigidDeque+Consumption.swift
[248/1051] Compiling DequeModule RigidDeque+ContainerOperations.swift
[249/1051] Compiling DequeModule RigidDeque+Deprecations.swift
[250/1051] Compiling Tracing SpanProtocol.swift
[252/1052] Compiling DequeModule RigidDeque+Descriptions.swift
[253/1052] Compiling DequeModule RigidDeque+Equatable.swift
[254/1052] Compiling DequeModule RigidDeque+Hashable.swift
[255/1052] Compiling DequeModule RigidDeque+Initializers.swift
[256/1052] Compiling DequeModule RigidDeque+Insertions.swift
[257/1052] Compiling DequeModule RigidDeque+Iterable.swift
[258/1052] Compiling DequeModule RigidDeque+Prepend.swift
[259/1052] Compiling DequeModule RigidDeque+Removals.swift
[260/1052] Compiling DequeModule RigidDeque+Replacements.swift
[261/1052] Compiling DequeModule RigidDeque+Testing.swift
[262/1052] Compiling DequeModule RigidDeque.swift
[263/1052] Compiling DequeModule UniqueDeque+Append.swift
[263/1052] Compiling tls13_enc.cc
[264/1052] Compiling tls13_server.cc
[265/1052] Compiling tls13_both.cc
[266/1052] Compiling tls13_client.cc
[267/1052] Compiling ssl_x509.cc
[269/1052] Compiling DequeModule Deque+Extras.swift
[270/1052] Compiling DequeModule Deque+Hashable.swift
[271/1052] Compiling DequeModule Deque+Testing.swift
[272/1052] Compiling DequeModule Deque._Storage.swift
[273/1052] Compiling DequeModule Deque._UnsafeHandle.swift
[274/1052] Compiling DequeModule Deque.swift
[275/1052] Compiling DequeModule Deque+Codable.swift
[276/1052] Compiling DequeModule Deque+Collection.swift
[277/1052] Compiling DequeModule Deque+CustomReflectable.swift
[278/1052] Compiling DequeModule Deque+Descriptions.swift
[279/1052] Compiling DequeModule Deque+Equatable.swift
[280/1052] Compiling DequeModule Deque+ExpressibleByArrayLiteral.swift
[280/1052] Compiling ssl_transcript.cc
[281/1052] Compiling t1_enc.cc
[282/1052] Compiling ssl_stat.cc
[283/1052] Compiling ssl_versions.cc
[284/1052] Compiling ssl_privkey.cc
[285/1052] Compiling ssl_session.cc
[286/1052] Compiling ssl_file.cc
[288/1052] Compiling ExtrasBase64 Base32.swift
[289/1052] Compiling ExtrasBase64 Base64.swift
[290/1052] Compiling ExtrasBase64 Base64+Span.swift
[290/1052] Compiling ssl_key_share.cc
[291/1052] Compiling ssl_lib.cc
[293/1052] Compiling DequeModule UniqueDeque+Replacements.swift
[294/1052] Compiling DequeModule UniqueDeque.swift
[295/1052] Compiling DequeModule _DequeSlot.swift
[296/1052] Compiling DequeModule _UnsafeDequeHandle.swift
[297/1052] Compiling DequeModule _UnsafeDequeSegments.swift
[298/1052] Emitting module DequeModule
[300/1053] Emitting module ExtrasBase64
[301/1054] Compiling ssl_cert.cc
[302/1128] Compiling ssl_credential.cc
[303/1128] Compiling ssl_buffer.cc
[304/1128] Compiling ssl_cipher.cc
[305/1128] Compiling ssl_asn1.cc
[306/1128] Compiling s3_lib.cc
[307/1128] Compiling ssl_aead_ctx.cc
[308/1128] Compiling s3_pkt.cc
[309/1128] Compiling handshake_server.cc
[311/1128] Compiling GoogleWKT WKTValue.swift
[312/1128] Compiling GoogleWKT WKTApi.swift
[313/1128] Compiling GoogleWKT WKTEnum.swift
[314/1128] Compiling GoogleWKT WKTEnumValue.swift
[315/1128] Compiling GoogleWKT WKTStringValue.swift
[316/1128] Compiling GoogleWKT WKTTimestamp.swift
[317/1128] Compiling GoogleWKT WKTUInt32Value.swift
[318/1128] Compiling GoogleWKT WKTUInt64Value.swift
[319/1128] Compiling GoogleWKT WKTFloatValue.swift
[320/1128] Compiling GoogleWKT WKTInt32Value.swift
[327/1128] Compiling GoogleWKT WKTInt64Value.swift
[328/1128] Compiling GoogleWKT WKTRecursive.swift
[329/1137] Compiling GoogleWKT UnknownFields.swift
[330/1137] Compiling GoogleWKT WKTAny.swift
[331/1137] Compiling GoogleWKT WKTAnyError.swift
[332/1137] Compiling GoogleWKT WKTBoolValue.swift
[333/1137] Compiling GoogleWKT WKTBytesValue.swift
[334/1137] Compiling GoogleWKT WKTDoubleValue.swift
[335/1137] Compiling GoogleWKT WKTDuration.swift
[336/1137] Compiling GoogleWKT WKTEmpty.swift
[337/1137] Compiling GoogleWKT WKTFieldMask.swift
[338/1137] Compiling GoogleWKT WKTSourceContext.swift
[339/1137] Compiling GoogleWKT WKTSyntax.swift
[340/1137] Compiling GoogleWKT WKTType.swift
[341/1137] Compiling GoogleWKT PackageVersion.swift
[341/1137] Compiling handshake_client.cc
[343/1137] Compiling GoogleWKT WKTField.swift
[344/1137] Compiling GoogleWKT WKTMethod.swift
[345/1137] Compiling GoogleWKT WKTMixin.swift
[346/1137] Compiling GoogleWKT WKTOption.swift
[346/1137] Compiling handshake.cc
[347/1137] Compiling handoff.cc
[348/1137] Compiling s3_both.cc
[350/1137] Emitting module GoogleWKT
[351/1137] Compiling GoogleWKT AnyPackable.swift
[352/1137] Compiling GoogleWKT DecodeToDefault.swift
[353/1137] Compiling GoogleWKT DiscoveryBase64.swift
[354/1137] Compiling GoogleWKT ProtoJSONDecoder.swift
[355/1137] Compiling GoogleWKT ProtoJSONEncoder.swift
[368/1138] Compiling dtls_method.cc
[370/1138] Compiling Configuration CombineLatestManyStorage.swift
[371/1138] Compiling Configuration AsyncSequences.swift
[372/1138] Compiling Configuration FoundationExtensions.swift
[373/1138] Compiling Configuration Span.swift
[374/1138] Compiling Configuration ConfigBytesFromStringDecoder.swift
[379/1138] Compiling Configuration AsyncCombineLatestManySequence.swift
[380/1138] Compiling Configuration CombineLatestManyStateMachine.swift
[381/1138] Compiling Configuration JSONSnapshot.swift
[382/1138] Compiling Configuration PropertyListSnapshot.swift
[383/1138] Compiling Configuration ReloadingFileProvider.swift
[384/1138] Compiling Configuration ReloadingFileProviderMetrics.swift
[385/1138] Compiling Configuration YAMLSnapshot.swift
[386/1138] Compiling Configuration InMemoryProvider.swift
[386/1153] Compiling d1_srtp.cc
[394/1153] Emitting module Configuration
[395/1153] Compiling GoogleRpc DebugInfo.swift
[396/1153] Compiling GoogleRpc ErrorInfo.swift
[397/1153] Compiling GoogleRpc BadRequest.swift
[398/1153] Compiling GoogleRpc Code.swift
[399/1153] Compiling GoogleRpc Help.swift
[400/1153] Compiling GoogleRpc HttpHeader.swift
[400/1154] Compiling encrypted_client_hello.cc
[402/1154] Compiling extensions.cc
[403/1154] Compiling d1_pkt.cc
[404/1154] Compiling md5-x86_64-linux.S
[405/1154] Compiling md5-x86_64-apple.S
[406/1154] Compiling md5-586-apple.S
[407/1154] Compiling md5-586-linux.S
[408/1154] Compiling chacha20_poly1305_x86_64-linux.S
[409/1154] Compiling chacha20_poly1305_x86_64-apple.S
[410/1154] Compiling chacha20_poly1305_armv8-win.S
[412/1154] Compiling GoogleRpc HttpRequest.swift
[413/1154] Compiling GoogleRpc HttpResponse.swift
[413/1156] Compiling dtls_record.cc
[414/1156] Compiling chacha20_poly1305_armv8-linux.S
[415/1156] Compiling chacha20_poly1305_armv8-apple.S
[417/1156] Compiling GoogleRpc RequestInfo.swift
[418/1156] Compiling GoogleRpc ResourceInfo.swift
[423/1156] Emitting module GoogleRpc
[425/1156] Compiling chacha-x86-linux.S
[426/1156] Compiling chacha-x86_64-linux.S
[427/1156] Compiling chacha-x86_64-apple.S
[428/1156] Compiling err_data.cc
[430/1156] Compiling GoogleRpc PreconditionFailure.swift
[431/1156] Compiling GoogleRpc QuotaFailure.swift
[432/1156] Compiling GoogleRpc LocalizedMessage.swift
[433/1156] Compiling GoogleRpc PackageVersion.swift
[433/1156] Compiling chacha-x86-apple.S
[435/1156] Compiling GoogleRpc RetryInfo.swift
[436/1156] Compiling GoogleRpc Status.swift
[436/1157] Compiling bio_ssl.cc
[438/1157] Compiling d1_lib.cc
[439/1157] Compiling chacha-armv8-win.S
[440/1157] Compiling chacha-armv8-linux.S
[441/1157] Compiling chacha-armv8-apple.S
[442/1157] Compiling aes128gcmsiv-x86_64-linux.S
[443/1157] Compiling chacha-armv4-linux.S
[444/1157] Compiling d1_both.cc
[445/1157] Compiling aes128gcmsiv-x86_64-apple.S
[446/1157] Compiling x86_64-mont5-linux.S
[447/1157] Compiling x86_64-mont-linux.S
[448/1157] Compiling x86_64-mont-apple.S
[448/1157] Compiling x86-mont-linux.S
[450/1157] Compiling x86_64-mont5-apple.S
[450/1157] Compiling vpaes-x86_64-linux.S
[452/1157] Compiling x86-mont-apple.S
[453/1157] Compiling vpaes-x86_64-apple.S
[454/1157] Compiling vpaes-x86-linux.S
[455/1157] Compiling vpaes-armv7-linux.S
[456/1157] Compiling vpaes-armv8-win.S
[457/1157] Compiling vpaes-x86-apple.S
[458/1157] Compiling vpaes-armv8-linux.S
[459/1157] Compiling vpaes-armv8-apple.S
[460/1157] Compiling sha512-x86_64-linux.S
[461/1157] Compiling sha512-armv8-win.S
[462/1157] Compiling sha512-586-apple.S
[463/1157] Compiling sha512-x86_64-apple.S
[464/1157] Compiling sha512-armv4-linux.S
[465/1157] Compiling sha512-armv8-linux.S
[466/1157] Compiling sha512-armv8-apple.S
[467/1157] Compiling sha256-x86_64-linux.S
[468/1157] Compiling sha512-586-linux.S
[469/1157] Compiling sha256-x86_64-apple.S
[470/1157] Compiling sha256-armv8-apple.S
[471/1157] Compiling sha256-armv8-win.S
[472/1157] Compiling sha256-armv8-linux.S
[473/1157] Compiling sha256-armv4-linux.S
[474/1157] Compiling sha256-586-linux.S
[475/1157] Compiling sha256-586-apple.S
[476/1157] Compiling sha1-x86_64-linux.S
[477/1157] Compiling sha1-armv8-win.S
[478/1157] Compiling sha1-x86_64-apple.S
[479/1157] Compiling sha1-armv4-large-linux.S
[479/1157] Compiling sha1-armv8-linux.S
[481/1157] Compiling sha1-586-linux.S
[482/1157] Compiling sha1-armv8-apple.S
[483/1157] Compiling rsaz-avx2-apple.S
[484/1157] Compiling sha1-586-apple.S
[485/1157] Compiling rdrand-x86_64-linux.S
[486/1157] Compiling rsaz-avx2-linux.S
[487/1157] Compiling rdrand-x86_64-apple.S
[488/1157] Compiling p256_beeu-x86_64-asm-linux.S
[489/1157] Compiling p256_beeu-x86_64-asm-apple.S
[490/1157] Compiling p256_beeu-armv8-asm-linux.S
[491/1157] Compiling p256_beeu-armv8-asm-win.S
[492/1157] Compiling p256_beeu-armv8-asm-apple.S
[493/1157] Compiling p256-x86_64-asm-linux.S
[494/1157] Compiling p256-x86_64-asm-apple.S
[495/1157] Compiling p256-armv8-asm-win.S
[496/1157] Compiling p256-armv8-asm-linux.S
[497/1157] Compiling p256-armv8-asm-apple.S
[498/1157] Compiling ghashv8-armv8-linux.S
[499/1157] Compiling ghashv8-armv8-apple.S
[500/1157] Compiling ghashv8-armv8-win.S
[501/1157] Compiling ghash-x86_64-linux.S
[502/1157] Compiling ghash-x86_64-apple.S
[503/1157] Compiling ghashv8-armv7-linux.S
[504/1157] Compiling ghash-x86-linux.S
[505/1157] Compiling ghash-ssse3-x86_64-linux.S
[506/1157] Compiling ghash-ssse3-x86_64-apple.S
[507/1157] Compiling ghash-x86-apple.S
[508/1157] Compiling ghash-ssse3-x86-linux.S
[509/1157] Compiling ghash-neon-armv8-win.S
[510/1157] Compiling ghash-ssse3-x86-apple.S
[511/1157] Compiling ghash-neon-armv8-linux.S
[512/1157] Compiling ghash-neon-armv8-apple.S
[513/1157] Compiling ghash-armv4-linux.S
[514/1157] Compiling co-586-apple.S
[515/1157] Compiling co-586-linux.S
[516/1157] Compiling bsaes-armv7-linux.S
[517/1157] Compiling bn-armv8-win.S
[518/1157] Compiling bn-armv8-linux.S
[519/1157] Compiling bn-586-linux.S
[520/1157] Compiling bn-armv8-apple.S
[521/1157] Compiling bn-586-apple.S
[522/1157] Compiling armv8-mont-win.S
[523/1157] Compiling armv8-mont-linux.S
[524/1157] Compiling armv8-mont-apple.S
[525/1157] Compiling armv4-mont-linux.S
[526/1157] Compiling aesv8-gcm-armv8-win.S
[527/1157] Compiling aesv8-gcm-armv8-linux.S
[528/1157] Compiling aesv8-armv8-linux.S
[529/1157] Compiling aesv8-armv8-win.S
[530/1157] Compiling aesv8-gcm-armv8-apple.S
[531/1157] Compiling aesv8-armv7-linux.S
[532/1157] Compiling aesv8-armv8-apple.S
[533/1157] Compiling aesni-x86_64-linux.S
[534/1157] Compiling aesni-x86_64-apple.S
[535/1157] Compiling aesni-x86-linux.S
[536/1157] Compiling aesni-x86-apple.S
[537/1157] Compiling aesni-gcm-x86_64-linux.S
[538/1157] Compiling aesni-gcm-x86_64-apple.S
[539/1157] Compiling aes-gcm-avx2-x86_64-linux.S
[540/1157] Compiling aes-gcm-avx10-x86_64-apple.S
[541/1157] Compiling aes-gcm-avx10-x86_64-linux.S
[542/1157] Compiling aes-gcm-avx2-x86_64-apple.S
[543/1157] Compiling x_x509a.cc
[543/1157] Compiling x_req.cc
[545/1157] Compiling x_val.cc
[546/1157] Compiling x_pubkey.cc
[547/1157] Compiling x_x509.cc
[548/1157] Compiling x_spki.cc
[549/1157] Compiling x_sig.cc
[550/1157] Compiling x_name.cc
[551/1157] Compiling x_exten.cc
[552/1157] Compiling x_all.cc
[553/1157] Compiling x_attrib.cc
[554/1157] Compiling x_crl.cc
[555/1157] Compiling x_algor.cc
[556/1157] Compiling x509rset.cc
[557/1157] Compiling x509name.cc
[558/1157] Compiling x509spki.cc
[559/1157] Compiling x509cset.cc
[560/1157] Compiling x509_vpm.cc
[561/1157] Compiling x509_vfy.cc
[562/1157] Compiling x509_v3.cc
[563/1157] Compiling x509_txt.cc
[564/1157] Compiling x509_set.cc
[565/1157] Compiling x509_trs.cc
[566/1157] Compiling x509_obj.cc
[567/1157] Compiling x509_req.cc
[568/1157] Compiling x509_lu.cc
[569/1157] Compiling x509_def.cc
[570/1157] Compiling x509_d2.cc
[571/1157] Compiling x509_att.cc
[572/1157] Compiling x509_cmp.cc
[573/1157] Compiling x509_ext.cc
[574/1157] Compiling x509.cc
[575/1157] Compiling v3_purp.cc
[576/1157] Compiling v3_prn.cc
[577/1157] Compiling v3_utl.cc
[578/1157] Compiling v3_skey.cc
[579/1157] Compiling v3_pmaps.cc
[580/1157] Compiling v3_ncons.cc
[581/1157] Compiling v3_ocsp.cc
[582/1157] Compiling v3_pcons.cc
[583/1157] Compiling v3_info.cc
[584/1157] Compiling v3_lib.cc
[585/1157] Compiling v3_int.cc
[586/1157] Compiling v3_ia5.cc
[587/1157] Compiling v3_crld.cc
[588/1157] Compiling v3_extku.cc
[589/1157] Compiling v3_conf.cc
[589/1157] Compiling v3_enum.cc
[589/1157] Compiling v3_bitst.cc
[592/1157] Compiling v3_genn.cc
[593/1157] Compiling v3_cpols.cc
[594/1157] Compiling v3_bcons.cc
[595/1157] Compiling v3_alt.cc
[596/1157] Compiling v3_akeya.cc
[597/1157] Compiling rsa_pss.cc
[598/1157] Compiling t_x509a.cc
[599/1157] Compiling t_crl.cc
[600/1157] Compiling t_x509.cc
[601/1157] Compiling t_req.cc
[602/1157] Compiling name_print.cc
[603/1157] Compiling v3_akey.cc
[604/1157] Compiling policy.cc
[605/1157] Compiling i2d_pr.cc
[606/1157] Compiling by_file.cc
[607/1157] Compiling by_dir.cc
[608/1157] Compiling algorithm.cc
[609/1157] Compiling a_digest.cc
[610/1157] Compiling trust_token.cc
[611/1157] Compiling a_verify.cc
[612/1157] Compiling a_sign.cc
[613/1157] Compiling asn1_gen.cc
[614/1157] Compiling thread_win.cc
[615/1157] Compiling voprf.cc
[616/1157] Compiling stack.cc
[617/1157] Compiling pmbtoken.cc
[618/1157] Compiling thread_pthread.cc
[619/1157] Compiling thread.cc
[620/1157] Compiling slhdsa.cc
[621/1157] Compiling sha512.cc
[622/1157] Compiling thread_none.cc
[623/1157] Compiling sha256.cc
[624/1157] Compiling siphash.cc
[625/1157] Compiling rsa_print.cc
[626/1157] Compiling rsa_extra.cc
[627/1157] Compiling rsa_crypt.cc
[628/1157] Compiling refcount.cc
[629/1157] Compiling rsa_asn1.cc
[630/1157] Compiling windows.cc
[631/1157] Compiling sha1.cc
[632/1157] Compiling trusty.cc
[633/1157] Compiling urandom.cc
[634/1157] Compiling rand.cc
[635/1157] Compiling spake2plus.cc
[636/1157] Compiling ios.cc
[637/1157] Compiling forkunsafe.cc
[638/1157] Compiling deterministic.cc
[639/1157] Compiling fork_detect.cc
[640/1157] Compiling poly1305_arm_asm.S
[641/1157] Compiling rc4.cc
[642/1157] Compiling passive.cc
[643/1157] Compiling pool.cc
[643/1157] Compiling poly1305_vec.cc
[645/1157] Compiling getentropy.cc
[646/1157] Compiling poly1305.cc
[647/1157] Compiling poly1305_arm.cc
[648/1157] Compiling pkcs8_x509.cc
[649/1157] Compiling pkcs8.cc
[650/1157] Compiling pkcs7.cc
[651/1157] Compiling pem_pkey.cc
[652/1157] Compiling pem_pk8.cc
[653/1157] Compiling pem_oth.cc
[654/1157] Compiling p5_pbev2.cc
[655/1157] Compiling pem_lib.cc
[656/1157] Compiling pem_xaux.cc
[657/1157] Compiling pkcs7_x509.cc
[658/1157] Compiling pem_x509.cc
[659/1157] Compiling obj.cc
[660/1157] Compiling mldsa.cc
[661/1157] Compiling md5.cc
[662/1157] Compiling obj_xref.cc
[663/1157] Compiling pem_all.cc
[664/1157] Compiling pem_info.cc
[665/1157] Compiling mem.cc
[665/1157] Compiling mlkem.cc
[667/1157] Compiling fips_shared_support.cc
[668/1157] Compiling poly_rq_mul.S
[669/1157] Compiling md4.cc
[670/1157] Compiling sign.cc
[671/1157] Compiling scrypt.cc
[672/1157] Compiling lhash.cc
[673/1157] Compiling hrss.cc
[674/1157] Compiling hpke.cc
[675/1157] Compiling ex_data.cc
[676/1157] Compiling kyber.cc
[677/1157] Compiling print.cc
[678/1157] Compiling pbkdf.cc
[679/1157] Compiling p_rsa.cc
[680/1157] Compiling p_hkdf.cc
[681/1157] Compiling p_x25519.cc
[682/1157] Compiling p_ed25519_asn1.cc
[683/1157] Compiling p_x25519_asn1.cc
[684/1157] Compiling p_rsa_asn1.cc
[685/1157] Compiling p_ed25519.cc
[686/1157] Compiling p_ec_asn1.cc
[687/1157] Compiling p_dh.cc
[688/1157] Compiling evp_ctx.cc
[689/1157] Compiling p_ec.cc
[690/1157] Compiling p_dsa_asn1.cc
[691/1157] Compiling engine.cc
[692/1157] Compiling p_dh_asn1.cc
[693/1157] Compiling evp.cc
[694/1157] Compiling evp_asn1.cc
[695/1157] Compiling ecdh.cc
[696/1157] Compiling err.cc
[697/1157] Compiling ec_derive.cc
[698/1157] Compiling hash_to_curve.cc
[699/1157] Compiling ecdsa_asn1.cc
[700/1157] Compiling dsa.cc
[701/1157] Compiling params.cc
[702/1157] Compiling dsa_asn1.cc
[703/1157] Compiling des.cc
[704/1157] Compiling digest_extra.cc
[705/1157] Compiling dh_asn1.cc
[706/1157] Compiling ec_asn1.cc
[707/1157] Compiling x25519-asm-arm.S
[708/1157] Compiling bcm.cc
[709/1157] Compiling curve25519_64_adx.cc
[710/1157] Compiling cpu_arm_freebsd.cc
[711/1157] Compiling spake25519.cc
[712/1157] Compiling cpu_aarch64_openbsd.cc
[713/1157] Compiling cpu_arm_linux.cc
[714/1157] Compiling cpu_aarch64_win.cc
[715/1157] Compiling cpu_intel.cc
[716/1157] Compiling cpu_aarch64_sysreg.cc
[717/1157] Compiling curve25519.cc
[718/1157] Compiling crypto.cc
[719/1157] Compiling cpu_aarch64_fuchsia.cc
[720/1157] Compiling cpu_aarch64_linux.cc
[721/1157] Compiling get_cipher.cc
[722/1157] Compiling cpu_aarch64_apple.cc
[723/1157] Compiling tls_cbc.cc
[724/1157] Compiling conf.cc
[725/1157] Compiling e_tls.cc
[726/1157] Compiling e_rc4.cc
[727/1157] Compiling e_rc2.cc
[728/1157] Compiling e_null.cc
[729/1157] Compiling e_des.cc
[730/1157] Compiling e_aesctrhmac.cc
[730/1157] Compiling e_chacha20poly1305.cc
[732/1157] Compiling derive_key.cc
[733/1157] Compiling e_aesgcmsiv.cc
[734/1157] Compiling buf.cc
[735/1157] Compiling cbb.cc
[736/1157] Compiling unicode.cc
[737/1157] Compiling chacha.cc
[738/1157] Compiling asn1_compat.cc
[739/1157] Compiling ber.cc
[740/1157] Compiling blake2.cc
[741/1157] Compiling bn_asn1.cc
[742/1157] Compiling cbs.cc
[743/1157] Compiling printf.cc
[744/1157] Compiling hexdump.cc
[745/1157] Compiling socket.cc
[746/1157] Compiling pair.cc
[747/1157] Compiling convert.cc
[748/1157] Compiling errno.cc
[749/1157] Compiling socket_helper.cc
[750/1157] Compiling bio.cc
[751/1157] Compiling fd.cc
[752/1157] Compiling connect.cc
[753/1157] Compiling file.cc
[754/1157] Compiling tasn_typ.cc
[755/1157] Compiling posix_time.cc
[756/1157] Compiling base64.cc
[757/1157] Compiling tasn_enc.cc
[758/1157] Compiling tasn_utl.cc
[759/1157] Compiling tasn_fre.cc
[760/1157] Compiling bio_mem.cc
[761/1157] Compiling tasn_new.cc
[762/1157] Compiling f_string.cc
[763/1157] Compiling f_int.cc
[764/1157] Compiling asn1_par.cc
[765/1157] Compiling asn_pack.cc
[766/1157] Compiling tasn_dec.cc
[767/1157] Compiling asn1_lib.cc
[768/1157] Compiling a_type.cc
[769/1157] Compiling a_utctm.cc
[770/1157] Compiling a_strex.cc
[771/1157] Compiling a_time.cc
[772/1157] Compiling a_octet.cc
[773/1157] Compiling a_i2d_fp.cc
[774/1157] Compiling a_int.cc
[775/1157] Compiling a_d2i_fp.cc
[776/1157] Compiling a_object.cc
[777/1157] Compiling a_mbstr.cc
[778/1157] Compiling CGoogleGaxCRC32C CGoogleGaxCRC32C.c
[779/1157] Compiling a_strnid.cc
[780/1157] Compiling a_dup.cc
[781/1157] Compiling fiat_p256_adx_sqr.S
[782/1157] Compiling fiat_p256_adx_mul.S
[783/1157] Compiling fiat_curve25519_adx_square.S
[784/1157] Compiling fiat_curve25519_adx_mul.S
[785/1157] Compiling md5-x86_64-linux.S
[786/1157] Compiling md5-586-linux.S
[787/1157] Compiling md5-x86_64-apple.S
[788/1157] Compiling md5-586-apple.S
[789/1157] Compiling a_gentm.cc
[790/1157] Compiling a_bitstr.cc
[791/1157] Compiling chacha20_poly1305_x86_64-linux.S
[792/1157] Compiling CCryptoBoringSSLShims shims.c
[793/1157] Compiling chacha20_poly1305_x86_64-apple.S
[794/1157] Compiling chacha20_poly1305_armv8-win.S
[795/1157] Compiling chacha20_poly1305_armv8-apple.S
[796/1157] Compiling chacha20_poly1305_armv8-linux.S
[797/1157] Compiling a_bool.cc
[798/1157] Compiling chacha-x86_64-linux.S
[799/1157] Compiling chacha-x86_64-apple.S
[800/1157] Compiling chacha-x86-linux.S
[801/1157] Compiling chacha-armv8-win.S
[802/1157] Compiling chacha-x86-apple.S
[803/1157] Compiling chacha-armv8-apple.S
[804/1157] Compiling chacha-armv4-linux.S
[805/1157] Compiling aes128gcmsiv-x86_64-apple.S
[806/1157] Compiling x86_64-mont-linux.S
[807/1157] Compiling aes128gcmsiv-x86_64-linux.S
[807/1157] Compiling x86_64-mont5-linux.S
[808/1157] Compiling chacha-armv8-linux.S
[810/1157] Compiling x86_64-mont5-apple.S
[811/1157] Compiling x86_64-mont-apple.S
[812/1157] Compiling x86-mont-apple.S
[813/1157] Compiling vpaes-x86_64-linux.S
[814/1157] Compiling x86-mont-linux.S
[815/1157] Compiling vpaes-x86-linux.S
[816/1157] Compiling vpaes-x86_64-apple.S
[817/1157] Compiling vpaes-x86-apple.S
[818/1157] Compiling vpaes-armv8-win.S
[819/1157] Compiling err_data.cc
[820/1157] Compiling vpaes-armv8-apple.S
[821/1157] Compiling vpaes-armv8-linux.S
[822/1157] Compiling vpaes-armv7-linux.S
[823/1157] Compiling sha512-x86_64-linux.S
[824/1157] Compiling sha512-x86_64-apple.S
[825/1157] Compiling sha512-armv8-win.S
[826/1157] Compiling sha512-armv4-linux.S
[827/1157] Compiling sha512-armv8-linux.S
[828/1157] Compiling sha512-586-apple.S
[829/1157] Compiling sha512-586-linux.S
[830/1157] Compiling sha256-x86_64-linux.S
[831/1157] Compiling sha512-armv8-apple.S
[832/1157] Compiling sha256-x86_64-apple.S
[833/1157] Compiling sha256-armv8-win.S
[834/1157] Compiling sha256-586-linux.S
[835/1157] Compiling sha256-armv8-apple.S
[836/1157] Compiling sha256-armv4-linux.S
[837/1157] Compiling sha1-x86_64-linux.S
[838/1157] Compiling sha256-586-apple.S
[839/1157] Compiling sha1-x86_64-apple.S
[840/1157] Compiling sha256-armv8-linux.S
[841/1157] Compiling sha1-armv8-linux.S
[842/1157] Compiling sha1-armv8-apple.S
[843/1157] Compiling sha1-armv8-win.S
[844/1157] Compiling sha1-armv4-large-linux.S
[845/1157] Compiling sha1-586-apple.S
[846/1157] Compiling sha1-586-linux.S
[847/1157] Compiling p256_beeu-x86_64-asm-linux.S
[848/1157] Compiling p256_beeu-x86_64-asm-apple.S
[849/1157] Compiling rdrand-x86_64-linux.S
[850/1157] Compiling rsaz-avx2-linux.S
[851/1157] Compiling rsaz-avx2-apple.S
[852/1157] Compiling p256_beeu-armv8-asm-linux.S
[853/1157] Compiling p256_beeu-armv8-asm-win.S
[854/1157] Compiling p256-x86_64-asm-apple.S
[855/1157] Compiling p256-x86_64-asm-linux.S
[856/1157] Compiling p256-armv8-asm-win.S
[857/1157] Compiling rdrand-x86_64-apple.S
[858/1157] Compiling ghashv8-armv8-win.S
[859/1157] Compiling p256_beeu-armv8-asm-apple.S
[860/1157] Compiling p256-armv8-asm-apple.S
[861/1157] Compiling ghashv8-armv8-apple.S
[862/1157] Compiling ghashv8-armv8-linux.S
[863/1157] Compiling ghash-x86-apple.S
[864/1157] Compiling p256-armv8-asm-linux.S
[865/1157] Compiling ghash-ssse3-x86_64-apple.S
[866/1157] Compiling ghash-ssse3-x86_64-linux.S
[867/1157] Compiling ghash-x86-linux.S
[868/1157] Compiling ghash-x86_64-apple.S
[869/1157] Compiling ghash-x86_64-linux.S
[870/1157] Compiling ghash-ssse3-x86-apple.S
[871/1157] Compiling ghashv8-armv7-linux.S
[872/1157] Compiling ghash-neon-armv8-win.S
[873/1157] Compiling ghash-armv4-linux.S
[874/1157] Compiling ghash-neon-armv8-apple.S
[875/1157] Compiling ghash-ssse3-x86-linux.S
[876/1157] Compiling co-586-linux.S
[877/1157] Compiling co-586-apple.S
[878/1157] Compiling ghash-neon-armv8-linux.S
[879/1157] Compiling bsaes-armv7-linux.S
[880/1157] Compiling bn-armv8-linux.S
[881/1157] Compiling bn-armv8-win.S
[882/1157] Compiling bn-armv8-apple.S
[883/1157] Compiling bn-586-apple.S
[884/1157] Compiling bn-586-linux.S
[885/1157] Compiling armv8-mont-win.S
[886/1157] Compiling armv8-mont-linux.S
[887/1157] Compiling armv4-mont-linux.S
[888/1157] Compiling armv8-mont-apple.S
[889/1157] Compiling aesv8-gcm-armv8-apple.S
[890/1157] Compiling aesv8-gcm-armv8-linux.S
[891/1157] Compiling aesv8-gcm-armv8-win.S
[892/1157] Compiling aesv8-armv8-win.S
[893/1157] Compiling aesv8-armv8-apple.S
[894/1157] Compiling aesv8-armv8-linux.S
[895/1157] Compiling aesni-x86_64-linux.S
[896/1157] Compiling aesni-x86_64-apple.S
[897/1157] Compiling aesni-x86-linux.S
[898/1157] Compiling aesv8-armv7-linux.S
[899/1157] Compiling aesni-gcm-x86_64-apple.S
[900/1157] Compiling aes-gcm-avx512-x86_64-apple.S
[901/1157] Compiling aesni-x86-apple.S
[902/1157] Compiling aes-gcm-avx512-x86_64-linux.S
[903/1157] Compiling aesni-gcm-x86_64-linux.S
[904/1157] Compiling aes-gcm-avx2-x86_64-linux.S
[905/1157] Compiling aes-gcm-avx2-x86_64-apple.S
[906/1157] Compiling x_req.cc
[907/1157] Compiling xwing.cc
[908/1157] Compiling x_x509.cc
[909/1157] Compiling x_sig.cc
[910/1157] Compiling x_pubkey.cc
[911/1157] Compiling x_x509a.cc
[912/1157] Compiling x_spki.cc
[913/1157] Compiling c-nioatomics.c
[914/1157] Compiling x_name.cc
[915/1157] Compiling x_exten.cc
[916/1157] Compiling x_crl.cc
[917/1157] Compiling x_attrib.cc
[918/1157] Compiling x509spki.cc
[919/1157] Compiling c-atomics.c
[920/1157] Compiling x509cset.cc
[921/1157] Compiling x_all.cc
[922/1164] Compiling x_algor.cc
[923/1164] Compiling x509rset.cc
[925/1164] Compiling NIOConcurrencyHelpers NIOThreadPoolWorkAvailable.swift
[926/1164] Compiling NIOConcurrencyHelpers lock.swift
[926/1164] Compiling x509_vpm.cc
[927/1164] Compiling x509name.cc
[929/1164] Compiling NIOConcurrencyHelpers NIOLock.swift
[930/1164] Compiling NIOConcurrencyHelpers atomics.swift
[931/1164] Compiling NIOConcurrencyHelpers NIOLockedValueBox.swift
[932/1164] Compiling NIOConcurrencyHelpers NIOAtomic.swift
[933/1164] Emitting module NIOConcurrencyHelpers
[934/1165] Compiling x509_set.cc
[935/1165] Compiling x509_v3.cc
[936/1165] Compiling x509_txt.cc
[937/1165] Compiling x509_trs.cc
[938/1165] Compiling x509_vfy.cc
[939/1165] Compiling x509_obj.cc
[940/1165] Compiling x509_lu.cc
[941/1165] Compiling x509_req.cc
[942/1165] Compiling x509_ext.cc
[943/1165] Compiling x509.cc
[944/1165] Compiling x509_def.cc
[945/1165] Compiling x509_cmp.cc
[946/1165] Compiling v3_purp.cc
[947/1165] Compiling x509_d2.cc
[948/1165] Compiling x509_att.cc
[949/1165] Compiling v3_utl.cc
[950/1165] Compiling v3_prn.cc
[951/1165] Compiling v3_skey.cc
[952/1165] Compiling v3_pmaps.cc
[953/1165] Compiling v3_ncons.cc
[954/1165] Compiling v3_lib.cc
[955/1165] Compiling v3_pcons.cc
[956/1165] Compiling v3_ocsp.cc
[957/1165] Compiling v3_int.cc
[958/1165] Compiling v3_extku.cc
[959/1165] Compiling v3_genn.cc
[960/1165] Compiling v3_conf.cc
[961/1165] Compiling v3_ia5.cc
[962/1165] Compiling v3_info.cc
[963/1165] Compiling v3_crld.cc
[964/1165] Compiling v3_cpols.cc
[965/1165] Compiling v3_enum.cc
[966/1165] Compiling v3_bitst.cc
[967/1165] Compiling v3_bcons.cc
[968/1165] Compiling t_x509a.cc
[969/1165] Compiling v3_akey.cc
[970/1165] Compiling v3_akeya.cc
[971/1165] Compiling t_x509.cc
[972/1165] Compiling v3_alt.cc
[973/1165] Compiling rsa_pss.cc
[974/1165] Compiling t_req.cc
[975/1165] Compiling i2d_pr.cc
[976/1165] Compiling algorithm.cc
[977/1165] Compiling policy.cc
[978/1165] Compiling name_print.cc
[979/1165] Compiling t_crl.cc
[980/1165] Compiling a_verify.cc
[981/1165] Compiling by_file.cc
[982/1165] Compiling asn1_gen.cc
[983/1165] Compiling voprf.cc
[984/1165] Compiling by_dir.cc
[985/1165] Compiling pmbtoken.cc
[986/1165] Compiling thread_pthread.cc
[987/1165] Compiling a_digest.cc
[988/1165] Compiling thread_none.cc
[989/1165] Compiling thread_win.cc
[990/1165] Compiling a_sign.cc
[991/1165] Compiling thread.cc
[992/1165] Compiling trust_token.cc
[993/1165] Compiling stack.cc
[994/1165] Compiling sha512.cc
[995/1165] Compiling siphash.cc
[996/1165] Compiling slhdsa.cc
[997/1165] Compiling sha256.cc
[998/1165] Compiling sha1.cc
[999/1165] Compiling spake2plus.cc
[1000/1165] Compiling rsa_extra.cc
[1001/1165] Compiling refcount.cc
[1002/1165] Compiling rsa_print.cc
[1003/1165] Compiling rc4.cc
[1004/1165] Compiling windows.cc
[1005/1165] Compiling rsa_crypt.cc
[1006/1165] Compiling trusty.cc
[1007/1165] Compiling rand.cc
[1008/1165] Compiling rsa_asn1.cc
[1009/1165] Compiling urandom.cc
[1010/1165] Compiling passive.cc
[1011/1165] Compiling getentropy.cc
[1012/1165] Compiling poly1305_arm_asm.S
[1013/1165] Compiling ios.cc
[1014/1165] Compiling fork_detect.cc
[1015/1165] Compiling forkunsafe.cc
[1016/1165] Compiling deterministic.cc
[1017/1165] Compiling poly1305_vec.cc
[1018/1165] Compiling poly1305_arm.cc
[1019/1165] Compiling poly1305.cc
[1020/1165] Compiling pkcs8.cc
[1021/1165] Compiling pool.cc
[1022/1165] Compiling pkcs7_x509.cc
[1023/1165] Compiling pkcs8_x509.cc
[1024/1165] Compiling pkcs7.cc
[1025/1165] Compiling p5_pbev2.cc
[1026/1165] Compiling pem_pkey.cc
[1027/1165] Compiling pem_x509.cc
[1028/1165] Compiling pem_pk8.cc
[1029/1165] Compiling pem_xaux.cc
[1030/1165] Compiling pem_oth.cc
[1031/1165] Compiling mlkem.cc
[1032/1165] Compiling mem.cc
[1033/1165] Compiling obj_xref.cc
[1034/1165] Compiling pem_lib.cc
[1035/1165] Compiling obj.cc
[1036/1165] Compiling mldsa.cc
[1037/1165] Compiling poly_rq_mul.S
[1038/1165] Compiling lhash.cc
[1039/1165] Compiling pem_all.cc
[1040/1165] Compiling fips_shared_support.cc
[1041/1165] Compiling pem_info.cc
[1042/1165] Compiling md4.cc
[1043/1165] Compiling md5.cc
[1044/1165] Compiling hrss.cc
[1045/1165] Compiling kyber.cc
[1046/1165] Compiling pbkdf.cc
[1047/1165] Compiling hpke.cc
[1048/1165] Compiling sign.cc
[1049/1165] Compiling print.cc
[1050/1165] Compiling scrypt.cc
[1051/1165] Compiling ex_data.cc
[1052/1165] Compiling fuzzer_mode.cc
[1053/1165] Compiling p_x25519_asn1.cc
[1054/1165] Compiling p_x25519.cc
[1055/1165] Compiling p_ed25519_asn1.cc
[1056/1165] Compiling p_rsa_asn1.cc
[1057/1165] Compiling p_hkdf.cc
[1058/1165] Compiling p_rsa.cc
[1059/1165] Compiling p_dh_asn1.cc
[1060/1165] Compiling p_dsa_asn1.cc
[1061/1165] Compiling p_ec_asn1.cc
[1062/1165] Compiling p_ed25519.cc
[1063/1165] Compiling p_ec.cc
[1064/1165] Compiling err.cc
[1065/1165] Compiling p_dh.cc
[1066/1165] Compiling evp_asn1.cc
[1067/1165] Compiling engine.cc
[1068/1165] Compiling evp.cc
[1069/1165] Compiling evp_ctx.cc
[1070/1165] Compiling ecdsa_p1363.cc
[1071/1165] Compiling hash_to_curve.cc
[1072/1165] Compiling ecdh.cc
[1073/1165] Compiling ec_derive.cc
[1074/1165] Compiling ecdsa_asn1.cc
[1075/1165] Compiling params.cc
[1076/1165] Compiling dsa_asn1.cc
[1077/1165] Compiling dsa.cc
[1078/1165] Compiling ec_asn1.cc
[1079/1165] Compiling digest_extra.cc
[1080/1165] Compiling x25519-asm-arm.S
[1081/1165] Compiling curve25519_64_adx.cc
[1082/1165] Compiling des.cc
[1083/1165] Compiling dh_asn1.cc
[1084/1165] Compiling cpu_intel.cc
[1085/1165] Compiling spake25519.cc
[1086/1165] Compiling cpu_arm_linux.cc
[1087/1165] Compiling curve25519.cc
[1088/1165] Compiling crypto.cc
[1089/1165] Compiling cpu_arm_freebsd.cc
[1090/1165] Compiling cpu_aarch64_win.cc
[1091/1165] Compiling cpu_aarch64_sysreg.cc
[1092/1165] Compiling cpu_aarch64_linux.cc
[1092/1165] Compiling cpu_aarch64_openbsd.cc
[1094/1165] Compiling cpu_aarch64_fuchsia.cc
[1095/1165] Compiling conf.cc
[1096/1165] Compiling cpu_aarch64_apple.cc
[1097/1165] Compiling get_cipher.cc
[1098/1165] Compiling e_tls.cc
[1099/1165] Compiling cms.cc
[1100/1165] Compiling e_rc4.cc
[1100/1165] Compiling tls_cbc.cc
[1102/1165] Compiling e_rc2.cc
[1103/1165] Compiling e_des.cc
[1104/1165] Compiling e_chacha20poly1305.cc
[1105/1165] Compiling chacha.cc
[1106/1165] Compiling e_null.cc
[1107/1165] Compiling e_aeseax.cc
[1108/1165] Compiling unicode.cc
[1109/1165] Compiling cbs.cc
[1110/1165] Compiling e_aesgcmsiv.cc
[1111/1165] Compiling e_aesctrhmac.cc
[1112/1165] Compiling derive_key.cc
[1113/1165] Compiling exponentiation.cc
[1114/1165] Compiling asn1_compat.cc
[1115/1165] Compiling sqrt.cc
[1116/1165] Compiling buf.cc
[1117/1165] Compiling ber.cc
[1118/1165] Compiling div.cc
[1119/1165] Compiling blake2.cc
[1120/1165] Compiling cbb.cc
[1121/1165] Compiling convert.cc
[1122/1165] Compiling printf.cc
[1123/1165] Compiling hexdump.cc
[1124/1165] Compiling file.cc
[1125/1165] Compiling pair.cc
[1126/1165] Compiling bn_asn1.cc
[1127/1165] Compiling errno.cc
[1128/1165] Compiling fd.cc
[1129/1165] Compiling bio_mem.cc
[1130/1165] Compiling base64.cc
[1131/1165] Compiling bio.cc
[1132/1165] Compiling tasn_new.cc
[1133/1165] Compiling tasn_typ.cc
[1134/1165] Compiling tasn_fre.cc
[1135/1165] Compiling tasn_utl.cc
[1136/1165] Compiling f_string.cc
[1137/1165] Compiling tasn_enc.cc
[1138/1165] Compiling f_int.cc
[1139/1165] Compiling posix_time.cc
[1140/1165] Compiling asn_pack.cc
[1141/1165] Compiling asn1_par.cc
[1142/1165] Compiling asn1_lib.cc
[1143/1165] Compiling tasn_dec.cc
[1144/1165] Compiling a_utctm.cc
[1145/1165] Compiling a_time.cc
[1146/1165] Compiling bcm.cc
[1147/1165] Compiling a_mbstr.cc
[1148/1165] Compiling a_strex.cc
[1149/1165] Compiling a_octet.cc
[1150/1165] Compiling a_type.cc
[1151/1165] Compiling a_strnid.cc
[1152/1165] Compiling a_dup.cc
[1153/1165] Compiling a_i2d_fp.cc
[1154/1165] Compiling CAsyncHTTPClient CAsyncHTTPClient.c
[1154/1165] Write sources
[1157/1165] Compiling a_gentm.cc
[1158/1165] Write sources
[1159/1190] Compiling a_object.cc
[1160/1208] Compiling aes.cc
[1161/1208] Compiling a_int.cc
[1162/1208] Compiling a_bool.cc
[1163/1208] Compiling a_d2i_fp.cc
[1165/1208] Compiling Atomics AtomicStorage.swift
[1166/1208] Compiling Atomics AtomicValue.swift
[1167/1210] Compiling Atomics ManagedAtomic.swift
[1168/1210] Compiling Atomics ManagedAtomicLazyReference.swift
[1169/1210] Compiling Atomics UnsafeAtomic.swift
[1170/1210] Compiling Atomics UnsafeAtomicLazyReference.swift
[1171/1210] Compiling Atomics AtomicMemoryOrderings.swift
[1172/1210] Compiling Atomics DoubleWord.swift
[1173/1210] Compiling Atomics IntegerOperations.swift
[1174/1210] Compiling Atomics Unmanaged extensions.swift
[1174/1210] Compiling a_bitstr.cc
[1176/1210] Compiling Atomics AtomicInteger.swift
[1177/1210] Compiling Atomics AtomicOptionalWrappable.swift
[1178/1210] Compiling Atomics AtomicReference.swift
[1183/1221] Compiling Atomics OptionalRawRepresentable.swift
[1184/1221] Compiling Atomics RawRepresentable.swift
[1185/1221] Compiling Atomics AtomicBool.swift
[1191/1221] Compiling Algorithms Indexed.swift
[1192/1221] Compiling Algorithms Intersperse.swift
[1193/1221] Compiling Algorithms Partition.swift
[1194/1221] Compiling Algorithms Permutations.swift
[1195/1221] Compiling Algorithms Product.swift
[1199/1221] Compiling Algorithms Trim.swift
[1200/1221] Compiling Algorithms Unique.swift
[1201/1221] Compiling Algorithms Windows.swift
[1202/1221] Compiling CryptoBoringWrapper RandomBytes.swift
[1203/1221] Compiling CryptoBoringWrapper EllipticCurve.swift
[1204/1221] Emitting module Atomics
[1205/1221] Compiling CryptoBoringWrapper BoringSSLAEAD.swift
[1206/1221] Compiling Atomics IntegerConformances.swift
[1207/1221] Compiling Atomics PointerConformances.swift
[1208/1221] Compiling Atomics Primitives.native.swift
[1212/1222] Compiling CryptoBoringWrapper FiniteFieldArithmeticContext.swift
[1214/1229] Compiling CryptoBoringWrapper CryptoKitErrors_boring.swift
[1215/1229] Compiling CryptoBoringWrapper EllipticCurvePoint.swift
[1216/1229] Emitting module CryptoBoringWrapper
[1217/1229] Compiling CryptoBoringWrapper ArbitraryPrecisionInteger.swift
[1219/1313] Emitting module Algorithms
[1220/1313] Compiling Crypto Digests.swift
[1221/1313] Compiling Crypto HashFunctions.swift
[1222/1313] Compiling Crypto HashFunctions_SHA2.swift
[1223/1313] Compiling Crypto HashFunctions_SHA3.swift
[1225/1372] Compiling Crypto MLDSA_boring.swift
[1226/1372] Compiling Crypto MLDSA_wrapper.swift
[1227/1372] Compiling Crypto ECDSA.swift
[1228/1372] Compiling Crypto Ed25519.swift
[1229/1372] Compiling Crypto MLDSA.swift
[1230/1372] Compiling Crypto HKDF.swift
[1231/1372] Compiling Crypto AESWrap.swift
[1232/1372] Compiling Crypto AESWrap_boring.swift
[1233/1372] Compiling Crypto Ed25519_boring.swift
[1234/1380] Compiling Crypto DH.swift
[1235/1380] Compiling Crypto ECDH.swift
[1236/1380] Compiling Crypto ANSIx963.swift
[1237/1380] Compiling Crypto MACFunctions.swift
[1238/1380] Compiling Crypto MessageAuthenticationCode.swift
[1239/1380] Compiling Crypto AES.swift
[1240/1380] Compiling Crypto ECDSASignature_boring.swift
[1241/1380] Compiling Crypto ECDSA_boring.swift
[1242/1380] Compiling Crypto EdDSA_boring.swift
[1243/1380] Compiling Crypto HPKE-KEM-Curve25519.swift
[1244/1380] Compiling Crypto HPKE-NIST-EC-KEMs.swift
[1245/1380] Compiling Crypto HPKE-KEM.swift
[1246/1380] Compiling Crypto HPKE-Errors.swift
[1247/1380] Compiling Crypto HPKE.swift
[1248/1380] Compiling Crypto HPKE-Context.swift
[1249/1380] Compiling Crypto HPKE-KeySchedule.swift
[1250/1380] Compiling Crypto HPKE-Modes.swift
[1251/1380] Compiling Crypto Insecure.swift
[1252/1380] Compiling Crypto CryptoKitErrors.swift
[1253/1380] Compiling Crypto Digest_boring.swift
[1254/1380] Compiling Crypto Digest.swift
[1259/1380] Compiling Crypto Digest_xkcp.swift
[1260/1380] Compiling Crypto HPKE-AEAD.swift
[1261/1380] Compiling Crypto HPKE-Ciphersuite.swift
[1262/1380] Compiling Crypto HPKE-KDF.swift
[1263/1380] Compiling Crypto HPKE-KexKeyDerivation.swift
[1264/1391] Emitting module Crypto
[1280/1391] Compiling NIOCore SingleStepByteToMessageDecoder.swift
[1281/1391] Compiling NIOCore SocketAddresses.swift
[1282/1391] Compiling NIOCore SocketOptionProvider.swift
[1283/1391] Compiling NIOCore SystemCallHelpers.swift
[1284/1391] Compiling NIOCore TimeAmount+Duration.swift
[1285/1391] Compiling NIOCore TypeAssistedChannelHandler.swift
[1286/1391] Compiling NIOCore UniversalBootstrapSupport.swift
[1287/1391] Compiling NIOCore Utilities.swift
[1288/1391] Compiling Crypto HPKE-LabeledExtract.swift
[1289/1391] Compiling Crypto HPKE-Utils.swift
[1290/1391] Compiling Crypto DHKEM.swift
[1300/1391] Compiling Crypto Insecure_HashFunctions.swift
[1301/1391] Compiling Crypto MLKEM_boring.swift
[1302/1391] Compiling Crypto MLKEM_wrapper.swift
[1303/1391] Compiling Crypto XWing_boring.swift
[1304/1391] Compiling Crypto KEM-Errors.swift
[1305/1391] Compiling Crypto KEM.swift
[1306/1391] Compiling Crypto MLKEM.swift
[1307/1391] Compiling Crypto XWing.swift
[1308/1391] Compiling Crypto ECDH_boring.swift
[1312/1391] Compiling Crypto ASN1Null.swift
[1313/1391] Compiling Crypto ASN1OctetString.swift
[1314/1391] Compiling Crypto ASN1Strings.swift
[1315/1391] Compiling Crypto ArraySliceBigint.swift
[1316/1391] Compiling Crypto GeneralizedTime.swift
[1317/1391] Compiling Crypto ObjectIdentifier.swift
[1318/1391] Compiling Crypto ECDSASignature.swift
[1319/1391] Compiling Crypto PEMDocument.swift
[1320/1391] Compiling Crypto PKCS8PrivateKey.swift
[1321/1391] Compiling Crypto SEC1PrivateKey.swift
[1322/1391] Compiling Crypto SubjectPublicKeyInfo.swift
[1323/1391] Compiling Crypto CryptoError_boring.swift
[1324/1391] Compiling Crypto AES-GCM.swift
[1325/1391] Compiling Crypto AES-GCM_boring.swift
[1326/1391] Compiling Crypto ChaChaPoly_boring.swift
[1327/1391] Compiling Crypto ChaChaPoly.swift
[1328/1391] Compiling Crypto Cipher.swift
[1329/1391] Compiling Crypto Nonces.swift
[1330/1391] Compiling Crypto ASN1.swift
[1331/1391] Compiling Crypto ASN1Any.swift
[1332/1391] Compiling Crypto ASN1BitString.swift
[1333/1391] Compiling Crypto ASN1Boolean.swift
[1334/1391] Compiling Crypto ASN1Identifier.swift
[1335/1391] Compiling Crypto ASN1Integer.swift
[1344/1391] Compiling Crypto Signature.swift
[1345/1391] Compiling Crypto CryptoKitErrors_boring.swift
[1346/1391] Compiling Crypto Optional+withUnsafeBytes_boring.swift
[1347/1391] Compiling Crypto RNG_boring.swift
[1348/1391] Compiling Crypto SafeCompare_boring.swift
[1349/1391] Compiling Crypto Zeroization_boring.swift
[1350/1391] Compiling Crypto _CryptoModuleAnchor.swift
[1351/1391] Compiling Crypto PrettyBytes.swift
[1352/1391] Compiling Crypto SafeCompare.swift
[1353/1391] Compiling Crypto SecureBytes.swift
[1354/1391] Compiling Crypto Zeroization.swift
[1356/1454] Compiling CryptoExtras Data+Extensions.swift
[1357/1454] Compiling CryptoExtras DigestType.swift
[1358/1454] Compiling CryptoExtras Error.swift
[1359/1454] Compiling CryptoExtras I2OSP.swift
[1360/1454] Compiling CryptoExtras IntegerEncoding.swift
[1361/1454] Compiling CryptoExtras PEMDocument.swift
[1362/1454] Compiling CryptoExtras PrettyBytes.swift
[1363/1454] Compiling CryptoExtras SubjectPublicKeyInfo.swift
[1364/1462] Compiling CryptoExtras ARCServer.swift
[1365/1462] Compiling CryptoExtras ChaCha20CTR_boring.swift
[1366/1462] Compiling CryptoExtras ChaCha20CTR.swift
[1367/1462] Compiling CryptoExtras BoringSSLSHA512256Context.swift
[1368/1462] Compiling CryptoExtras BoringSSLSHA512256HashFunction.swift
[1369/1462] Compiling CryptoExtras SHA512256.swift
[1370/1462] Compiling CryptoExtras SHA512256Digest.swift
[1371/1462] Compiling CryptoExtras Curve25519+PEM.swift
[1372/1462] Compiling CryptoExtras ObjectIdentifier.swift
[1373/1462] Compiling CryptoExtras AES_CBC.swift
[1374/1462] Compiling CryptoExtras AES_CFB.swift
[1375/1462] Compiling CryptoExtras AES_CTR.swift
[1376/1462] Compiling CryptoExtras AES_GCM_SIV.swift
[1377/1462] Compiling CryptoExtras Block Function.swift
[1378/1462] Compiling CryptoExtras AES_CBC_boring.swift
[1379/1462] Compiling CryptoExtras AES_CFB_boring.swift
[1380/1462] Compiling CryptoExtras AES_CTR_boring.swift
[1381/1462] Compiling CryptoExtras AES_GCM_SIV_boring.swift
[1382/1462] Compiling CryptoExtras ThreadOps.swift
[1383/1462] Compiling CryptoExtras ThreadPosix.swift
[1384/1462] Compiling CryptoExtras ThreadSpecific.swift
[1385/1462] Compiling CryptoExtras ThreadWindows.swift
[1386/1462] Compiling CryptoExtras DLEQ.swift
[1387/1462] Compiling CryptoExtras Prover.swift
[1388/1462] Compiling CryptoExtras Verifier.swift
[1389/1462] Compiling CryptoExtras ZKPToolbox.swift
[1390/1462] Compiling CryptoExtras CMAC.swift
[1391/1462] Compiling CryptoExtras ARC+API.swift
[1392/1462] Compiling CryptoExtras ARC.swift
[1393/1462] Compiling CryptoExtras ARCCredential.swift
[1394/1462] Compiling CryptoExtras ARCEncoding.swift
[1395/1462] Compiling CryptoExtras ARCPrecredential.swift
[1396/1462] Compiling CryptoExtras ARCPresentation.swift
[1397/1462] Compiling CryptoExtras ARCRequest.swift
[1398/1462] Compiling CryptoExtras ARCResponse.swift
[1417/1462] Compiling CryptoExtras PBKDF2.swift
[1418/1462] Compiling CryptoExtras Scrypt_boring.swift
[1419/1462] Compiling CryptoExtras Scrypt.swift
[1420/1462] Compiling CryptoExtras OPRF.swift
[1421/1462] Compiling CryptoExtras OPRFClient.swift
[1422/1462] Compiling CryptoExtras OPRFServer.swift
[1423/1462] Compiling CryptoExtras VOPRF+API.swift
[1424/1462] Compiling CryptoExtras VOPRFClient.swift
[1425/1462] Compiling CryptoExtras VOPRFServer.swift
[1426/1462] Compiling CryptoExtras BoringSSLPassphraseCallbackManager.swift
[1427/1462] Compiling CryptoExtras RSA+BlindSigning.swift
[1428/1462] Compiling CryptoExtras RSA.swift
[1429/1462] Compiling CryptoExtras RSA_boring.swift
[1430/1462] Compiling CryptoExtras Reexport.swift
[1431/1462] Compiling CryptoExtras Zeroization_boring.swift
[1432/1462] Compiling CryptoExtras BoringSSLHelpers.swift
[1433/1462] Compiling CryptoExtras CryptoKitErrors_boring.swift
[1434/1462] Compiling CryptoExtras PKCS8DERRepresentation.swift
[1435/1462] Compiling CryptoExtras PKCS8PrivateKey.swift
[1436/1462] Compiling CryptoExtras RFC8410AlgorithmIdentifier.swift
[1437/1462] Compiling CryptoExtras ECToolbox_boring.swift
[1438/1462] Compiling CryptoExtras ECToolbox.swift
[1439/1462] Compiling CryptoExtras HashToField.swift
[1440/1462] Compiling CryptoExtras KDF.swift
[1441/1462] Compiling CryptoExtras PBKDF2_boring.swift
[1442/1462] Compiling CryptoExtras PBKDF2_commoncrypto.swift
[1452/1462] Emitting module CryptoExtras
[1463/1465] Compiling _CryptoExtras Exports.swift
[1464/1465] Emitting module _CryptoExtras
[1465/1466] Emitting module NIOCore
[1468/1617] Compiling NIOFoundationEssentialsCompat Codable+ByteBuffer.swift
[1469/1619] Emitting module NIOFoundationEssentialsCompat
[1470/1619] Compiling NIOFoundationEssentialsCompat ByteBuffer-foundation.swift
[1472/1620] Emitting module NIOEmbedded
[1473/1620] Compiling NIOPosix BaseStreamSocketChannel.swift
[1474/1620] Compiling NIOPosix Bootstrap.swift
[1475/1620] Compiling NIOPosix ControlMessage.swift
[1476/1620] Compiling NIOPosix DatagramVectorReadManager.swift
[1477/1620] Compiling NIOPosix Errors+Any.swift
[1478/1620] Compiling NIOPosix FileDescriptor.swift
[1479/1620] Compiling NIOPosix GetaddrinfoResolver.swift
[1480/1620] Compiling NIOPosix HappyEyeballs.swift
[1481/1620] Compiling NIOPosix IO.swift
[1482/1620] Compiling NIOPosix IntegerBitPacking.swift
[1483/1620] Compiling NIOPosix IntegerTypes.swift
[1484/1620] Compiling NIOPosix Linux.swift
[1485/1620] Compiling NIOPosix LinuxCPUSet.swift
[1486/1620] Compiling NIOPosix LinuxUring.swift
[1487/1633] Compiling NIOEmbedded AsyncTestingEventLoop.swift
[1488/1633] Compiling NIOEmbedded AsyncTestingChannel.swift
[1489/1633] Compiling NIOEmbedded Embedded.swift
[1491/1634] Compiling NIOPosix SelectorWSAPoll.swift
[1492/1634] Compiling NIOPosix ServerSocket.swift
[1493/1634] Compiling NIOPosix Socket.swift
[1494/1634] Compiling NIOPosix SocketChannel.swift
[1495/1634] Compiling NIOPosix SocketProtocols.swift
[1496/1634] Compiling NIOPosix StructuredConcurrencyHelpers.swift
[1497/1634] Compiling NIOPosix System.swift
[1498/1641] Compiling X509 OneOfPolicies.swift
[1499/1641] Compiling X509 PolicyBuilder.swift
[1500/1641] Compiling X509 BasicConstraintsPolicy.swift
[1501/1641] Compiling X509 DNSNames.swift
[1502/1641] Compiling X509 ExpiryPolicy.swift
[1503/1641] Compiling X509 IPConstraints.swift
[1504/1641] Compiling X509 NameConstraintsPolicy.swift
[1505/1641] Compiling X509 RFC5280Policy.swift
[1506/1641] Compiling X509 URIConstraints.swift
[1507/1641] Compiling X509 VersionPolicy.swift
[1508/1641] Compiling X509 ServerIdentityPolicy.swift
[1509/1641] Compiling X509 TrustRootLoading.swift
[1510/1641] Compiling X509 UnverifiedChain.swift
[1511/1641] Compiling NIOPosix PipeChannel.swift
[1512/1641] Compiling NIOPosix PipePair.swift
[1513/1641] Compiling NIOPosix Pool.swift
[1514/1641] Compiling NIOPosix PosixSingletons+ConcurrencyTakeOver.swift
[1515/1641] Compiling NIOPosix PosixSingletons.swift
[1516/1641] Compiling NIOPosix RawSocketBootstrap.swift
[1517/1641] Compiling NIOPosix Resolver.swift
[1518/1641] Compiling NIOPosix Selectable.swift
[1519/1641] Compiling NIOPosix SelectableChannel.swift
[1520/1641] Compiling NIOPosix SelectableEventLoop.swift
[1521/1641] Compiling NIOPosix SelectorEpoll.swift
[1522/1641] Compiling NIOPosix SelectorGeneric.swift
[1523/1641] Compiling NIOPosix SelectorKqueue.swift
[1524/1641] Compiling NIOPosix SelectorUring.swift
[1525/1641] Compiling X509 PKCS8PrivateKey.swift
[1526/1641] Compiling X509 PromiseAndFuture.swift
[1527/1641] Compiling X509 RDNAttribute.swift
[1528/1641] Compiling X509 RandomNumberGenerator+bytes.swift
[1529/1641] Compiling X509 RelativeDistinguishedName.swift
[1530/1641] Compiling X509 SEC1PrivateKey.swift
[1531/1641] Compiling X509 SecKeyWrapper.swift
[1532/1641] Compiling X509 Signature.swift
[1533/1641] Compiling X509 SignatureAlgorithm.swift
[1534/1641] Compiling X509 AllOfPolicies.swift
[1535/1641] Compiling X509 AnyPolicy.swift
[1536/1641] Compiling X509 CertificateStore.swift
[1537/1641] Compiling X509 CustomCertificateStore.swift
[1538/1641] Compiling NIOPosix Windows.swift
[1539/1641] Compiling X509 OCSPNonce.swift
[1540/1641] Compiling X509 OCSPPolicy.swift
[1541/1641] Compiling X509 OCSPRequest.swift
[1542/1641] Compiling X509 OCSPResponse.swift
[1543/1641] Compiling X509 OCSPResponseBytes.swift
[1544/1641] Compiling X509 OCSPResponseData.swift
[1545/1641] Compiling X509 OCSPResponseStatus.swift
[1546/1641] Compiling X509 OCSPSignature.swift
[1547/1641] Compiling X509 OCSPSingleRequest.swift
[1548/1641] Compiling X509 OCSPSingleResponse.swift
[1549/1641] Compiling X509 OCSPTBSRequest.swift
[1550/1641] Compiling X509 OCSPVersion.swift
[1551/1641] Compiling NIOPosix Thread.swift
[1552/1641] Compiling NIOPosix ThreadPosix.swift
[1553/1641] Compiling NIOPosix ThreadWindows.swift
[1554/1641] Compiling NIOPosix Utilities.swift
[1555/1641] Compiling NIOPosix VsockAddress.swift
[1556/1641] Compiling NIOPosix VsockChannelEvents.swift
[1558/1641] Emitting module NIOPosix
[1559/1641] Compiling NIOPosix BSDSocketAPICommon.swift
[1560/1641] Compiling NIOPosix BSDSocketAPIPosix.swift
[1561/1641] Compiling NIOPosix BSDSocketAPIWindows.swift
[1562/1641] Compiling NIOPosix BaseSocket.swift
[1563/1641] Compiling NIOPosix BaseSocketChannel+AccessibleTransport.swift
[1564/1641] Compiling NIOPosix BaseSocketChannel+SocketOptionProvider.swift
[1565/1641] Compiling NIOPosix BaseSocketChannel.swift
[1572/1641] Compiling NIOPosix MultiThreadedEventLoopGroup.swift
[1573/1641] Compiling NIOPosix NIOPosixSendableMetatype.swift
[1574/1641] Compiling NIOPosix NIORandomizedDNSResolver.swift
[1575/1641] Compiling NIOPosix NIOThreadPool.swift
[1576/1641] Compiling NIOPosix NonBlockingFileIO.swift
[1577/1641] Compiling NIOPosix PendingDatagramWritesManager.swift
[1578/1641] Compiling NIOPosix PendingWritesManager.swift
[1615/1644] Emitting module NIO
[1616/1644] Compiling NIO Exports.swift
[1632/1645] Emitting module X509
[1633/1670] Compiling NIOTLS TLSEvents.swift
[1634/1684] Compiling NIOFoundationCompat JSONSerialization+ByteBuffer.swift
[1635/1684] Compiling NIOFoundationCompat Exports.swift
[1636/1684] Compiling NIOFoundationCompat WaitSpinningRunLoop.swift
[1637/1684] Emitting module NIOFoundationCompat
[1638/1685] Emitting module NIOSOCKS
[1640/1686] Compiling NIOSOCKS SelectedAuthenticationMethod.swift
[1641/1686] Compiling NIOSOCKS SOCKSResponse.swift
[1642/1686] Compiling NIOSOCKS ClientStateMachine.swift
[1643/1686] Compiling NIOSOCKS SOCKSClientHandler.swift
[1644/1686] Compiling NIOSOCKS SOCKSServerHandshakeHandler.swift
[1645/1686] Compiling X509 ValidatedCertificateChain.swift
[1646/1686] Compiling X509 VerificationDiagnostic.swift
[1647/1686] Compiling X509 Verifier.swift
[1648/1686] Compiling X509 VerifierPolicy.swift
[1649/1686] Compiling X509 AlgorithmIdentifier.swift
[1650/1686] Compiling X509 ECDSASignature.swift
[1651/1686] Compiling X509 RSAPKCS1PublicKey.swift
[1652/1686] Compiling X509 SubjectPublicKeyInfo.swift
[1653/1686] Compiling X509 TBSCertificate.swift
[1654/1686] Compiling X509 Time.swift
[1655/1686] Compiling X509 TimeCalculations.swift
[1656/1686] Compiling X509 Validity.swift
[1657/1686] Compiling X509 X509SendableMetatype.swift
[1658/1687] Compiling NIOSOCKS ServerStateMachine.swift
[1660/1687] Compiling NIOSOCKS Messages.swift
[1661/1687] Compiling NIOSOCKS SOCKSRequest.swift
[1662/1689] Emitting module NIOHTTP1
[1663/1689] Compiling NIOTLS NIOTypedApplicationProtocolNegotiationHandler.swift
[1664/1689] Compiling NIOTLS ProtocolNegotiationHandlerStateMachine.swift
[1665/1689] Compiling NIOTLS SNIHandler.swift
[1666/1689] Compiling NIOTLS ApplicationProtocolNegotiationHandler.swift
[1667/1689] Emitting module NIOTLS
[1668/1689] Compiling NIOSOCKS Errors.swift
[1669/1689] Compiling NIOSOCKS Helpers.swift
[1670/1689] Compiling NIOSOCKS AuthenticationMethod.swift
[1671/1689] Compiling NIOSOCKS ClientGreeting.swift
[1676/1691] Compiling NIOHTTP1 HTTPServerPipelineHandler.swift
[1677/1691] Compiling NIOHTTP1 HTTPServerProtocolErrorHandler.swift
[1678/1691] Compiling NIOHTTP1 NIOTypedHTTPClientUpgradeHandler.swift
[1679/1691] Compiling NIOHTTP1 NIOTypedHTTPClientUpgraderStateMachine.swift
[1680/1702] Compiling JWTKit GoogleHostedDomainClaim.swift
[1681/1702] Compiling JWTKit IDClaim.swift
[1682/1702] Compiling JWTKit IssuedAtClaim.swift
[1683/1788] Compiling NIOSSL SSLErrors.swift
[1684/1788] Compiling NIOSSL SSLInit.swift
[1685/1788] Compiling NIOSSL SSLPKCS12Bundle.swift
[1686/1788] Compiling NIOSSL SSLPrivateKey.swift
[1687/1788] Compiling NIOSSL SSLCallbacks.swift
[1688/1788] Compiling NIOSSL SSLContext.swift
[1689/1788] Compiling JWTKit MLDSAType.swift
[1690/1788] Compiling JWTKit JWTKeyCollection+UnsecuredNone.swift
[1691/1788] Compiling JWTKit UnsecuredNoneSigner.swift
[1692/1788] Compiling JWTKit JWTKeyCollection+RSA.swift
[1693/1788] Compiling JWTKit RSA.swift
[1694/1788] Compiling JWTKit RSAError.swift
[1695/1788] Compiling JWTKit RSASigner.swift
[1696/1788] Compiling JWTKit Base64URL.swift
[1697/1788] Compiling JWTKit CryptoSigner.swift
[1698/1797] Compiling JWTKit HMAC.swift
[1699/1797] Compiling JWTKit HMACError.swift
[1700/1797] Compiling JWTKit HMACSigner.swift
[1701/1797] Compiling JWTKit JWTKeyCollection+HMAC.swift
[1702/1797] Compiling JWTKit Insecure.swift
[1703/1797] Compiling JWTKit JWK.swift
[1704/1797] Compiling JWTKit JWKIdentifier.swift
[1705/1797] Compiling JWTKit JWKS.swift
[1706/1797] Compiling JWTKit JWKSigner.swift
[1707/1797] Compiling NIOSSL ObjectIdentifier.swift
[1708/1797] Compiling NIOSSL PosixPort.swift
[1715/1797] Compiling NIOSSL SSLPublicKey.swift
[1716/1797] Compiling NIOSSL SecurityFrameworkCertificateVerification.swift
[1717/1797] Compiling JWTKit JWTAlgorithm.swift
[1718/1797] Compiling JWTKit JWTError.swift
[1719/1797] Compiling JWTKit JWTHeader+CommonFields.swift
[1720/1797] Compiling JWTKit JWTHeader.swift
[1721/1797] Compiling JWTKit JWTHeaderField.swift
[1722/1797] Compiling JWTKit JWTKeyCollection.swift
[1723/1797] Compiling JWTKit JWTParser+MandatoryVerificationFields.swift
[1724/1797] Compiling JWTKit JWTParser.swift
[1725/1797] Compiling JWTKit JWTPayload.swift
[1726/1797] Compiling JWTKit JWTSerializer.swift
[1727/1797] Compiling JWTKit JWTSigner.swift
[1728/1797] Compiling JWTKit JWTKeyCollection+MLDSA.swift
[1729/1797] Compiling JWTKit MLDSA.swift
[1730/1797] Compiling JWTKit MLDSA65+MLDSAKey.swift
[1731/1797] Compiling JWTKit MLDSA87+MLDSAKey.swift
[1732/1797] Compiling JWTKit MLDSAError.swift
[1733/1797] Compiling JWTKit MLDSAKey.swift
[1734/1797] Compiling JWTKit MLDSASigner.swift
[1735/1797] Compiling NIOSSL AndroidCABundle.swift
[1736/1797] Compiling NIOSSL ByteBufferBIO.swift
[1737/1797] Compiling NIOSSL CustomPrivateKey.swift
[1741/1798] Compiling NIOSSL FreeBSDCABundle.swift
[1742/1798] Compiling NIOSSL IdentityVerification.swift
[1743/1798] Compiling NIOSSL LinuxCABundle.swift
[1744/1798] Compiling NIOSSL NIOSSLClientHandler.swift
[1745/1798] Compiling NIOSSL NIOSSLHandler+Configuration.swift
[1746/1798] Compiling NIOSSL NIOSSLHandler.swift
[1747/1798] Compiling NIOSSL NIOSSLServerHandler.swift
[1748/1798] Compiling NIOSSL String+unsafeUninitializedCapacity.swift
[1749/1798] Compiling NIOSSL SSLCertificate.swift
[1750/1798] Compiling NIOSSL SSLCertificateExtensions.swift
[1751/1798] Compiling NIOSSL SSLCertificateName.swift
[1752/1798] Compiling NIOSSL SSLConnection.swift
[1753/1798] Compiling NIOSSL SubjectAlternativeName.swift
[1754/1798] Compiling NIOSSL NIOSSLSecureBytes.swift
[1755/1798] Compiling NIOSSL RNG.swift
[1756/1798] Compiling NIOSSL SafeCompare.swift
[1757/1798] Compiling JWTKit ECDSASigner.swift
[1758/1798] Emitting module JWTKit
[1777/1819] Compiling NIOHPACK HeaderTables.swift
[1781/1819] Emitting module NIOSSL
[1782/1819] Compiling NIOHPACK HuffmanTables.swift
[1783/1820] Compiling NIOHPACK IntegerCoding.swift
[1784/1820] Compiling NIOHPACK IndexedHeaderTable.swift
[1785/1820] Compiling NIOHPACK DynamicHeaderTable.swift
[1786/1820] Compiling NIOHPACK HPACKDecoder.swift
[1795/1820] Compiling NIOHPACK HuffmanCoding.swift
[1796/1820] Compiling NIOHTTPCompression HTTPResponseCompressor.swift
[1797/1820] Compiling NIOHTTPCompression HTTPDecompressor.swift
[1798/1820] Compiling JWTKit CustomizedJSONCoders.swift
[1799/1820] Compiling JWTKit Utilities.swift
[1800/1820] Compiling JWTKit AppleIdentityToken.swift
[1801/1820] Compiling JWTKit FirebaseAuthIdentityToken.swift
[1802/1820] Compiling JWTKit GoogleIdentityToken.swift
[1803/1820] Compiling JWTKit MicrosoftIdentityToken.swift
[1804/1820] Compiling JWTKit EmptyPolicy.swift
[1805/1820] Compiling JWTKit ValidationTimePayload.swift
[1806/1820] Compiling JWTKit X5CVerifier.swift
[1807/1820] Compiling NIOHTTPCompression HTTPRequestCompressor.swift
[1808/1820] Compiling NIOHPACK StaticHeaderTable.swift
[1809/1821] Emitting module NIOHPACK
[1811/1821] Compiling NIOHTTPCompression HTTPCompression.swift
[1812/1821] Compiling NIOHTTPCompression HTTPDecompression.swift
[1813/1821] Emitting module NIOHTTPCompression
[1814/1822] Compiling NIOHPACK HPACKEncoder.swift
[1815/1822] Compiling NIOHPACK HPACKErrors.swift
[1816/1822] Compiling NIOHPACK HPACKHeader.swift
[1820/1886] Compiling NIOHTTP2 HTTP2CommonInboundStreamMultiplexer.swift
[1821/1886] Compiling NIOHTTP2 HTTP2ConnectionStateChange.swift
[1822/1886] Compiling NIOHTTP2 HTTP2Error.swift
[1823/1886] Compiling NIOHTTP2 HTTP2ErrorCode.swift
[1825/1887] Compiling NIOHTTP2 MaySendFrames.swift
[1826/1887] Compiling NIOHTTP2 SendingDataState.swift
[1827/1887] Compiling NIOHTTP2 SendingGoawayState.swift
[1828/1887] Compiling NIOHTTP2 SendingHeadersState.swift
[1829/1887] Compiling NIOHTTP2 SendingPushPromiseState.swift
[1830/1887] Compiling NIOHTTP2 SendingRstStreamState.swift
[1831/1887] Compiling NIOHTTP2 SendingWindowUpdateState.swift
[1832/1887] Compiling NIOHTTP2 HTTP2SettingsState.swift
[1833/1887] Compiling NIOHTTP2 HasExtendedConnectSettings.swift
[1834/1895] Emitting module NIOHTTP2
[1835/1895] Compiling NIOHTTP2 HasFlowControlWindows.swift
[1836/1895] Compiling NIOHTTP2 HasLocalSettings.swift
[1837/1895] Compiling NIOHTTP2 HasRemoteSettings.swift
[1838/1895] Compiling NIOHTTP2 LocallyQuiescingState.swift
[1839/1895] Compiling NIOHTTP2 QuiescingState.swift
[1840/1895] Compiling NIOHTTP2 RemotelyQuiescingState.swift
[1841/1895] Compiling NIOHTTP2 SendAndReceiveGoawayState.swift
[1842/1895] Compiling NIOHTTP2 StateMachineResult.swift
[1843/1895] Compiling NIOHTTP2 ContentLengthVerifier.swift
[1844/1895] Compiling NIOHTTP2 NIOHTTP2ServerConnectionManagementHandler.swift
[1845/1895] Compiling NIOHTTP2 StreamChannelFlowController.swift
[1846/1895] Compiling NIOHTTP2 StreamChannelList.swift
[1847/1895] Compiling NIOHTTP2 StreamMap.swift
[1848/1895] Compiling NIOHTTP2 StreamStateMachine.swift
[1849/1895] Compiling NIOHTTP2 Timer.swift
[1850/1895] Compiling NIOHTTP2 UnsafeTransfer.swift
[1851/1895] Compiling NIOHTTP2 WatermarkedFlowController.swift
[1852/1895] Compiling NIOHTTP2 ConnectionStateMachine.swift
[1853/1895] Compiling NIOHTTP2 ConnectionStreamsState.swift
[1854/1895] Compiling NIOHTTP2 MayReceiveFrames.swift
[1855/1895] Compiling NIOHTTP2 ReceivingDataState.swift
[1856/1895] Compiling NIOHTTP2 ReceivingGoAwayState.swift
[1857/1895] Compiling NIOHTTP2 ReceivingHeadersState.swift
[1858/1895] Compiling NIOHTTP2 ReceivingPushPromiseState.swift
[1859/1895] Compiling NIOHTTP2 ReceivingRstStreamState.swift
[1860/1895] Compiling NIOHTTP2 ReceivingWindowUpdateState.swift
[1861/1895] Compiling NIOHTTP2 HTTP2ChannelHandler+InlineStreamMultiplexer.swift
[1862/1895] Compiling NIOHTTP2 HTTP2ChannelHandler.swift
[1867/1895] Compiling NIOHTTP2 HTTP2FlowControlWindow.swift
[1868/1895] Compiling NIOHTTP2 HTTP2Frame.swift
[1869/1895] Compiling NIOHTTP2 HTTP2FrameEncoder.swift
[1870/1895] Compiling NIOHTTP2 HTTP2StreamMultiplexer.swift
[1871/1895] Compiling NIOHTTP2 HTTP2ToHTTP1Codec.swift
[1872/1895] Compiling NIOHTTP2 HTTP2UserEvents.swift
[1873/1895] Compiling NIOHTTP2 InboundEventBuffer.swift
[1874/1895] Compiling NIOHTTP2 InboundWindowManager.swift
[1875/1895] Compiling NIOHTTP2 MultiplexerAbstractChannel.swift
[1876/1895] Compiling NIOHTTP2 NIOHTTP2FrameDelegate.swift
[1877/1895] Compiling NIOHTTP2 NIOHTTP2ServerConnectionManagementHandler+StateMachine.swift
[1878/1895] Compiling NIOHTTP2 HTTP2FrameParser.swift
[1879/1895] Compiling NIOHTTP2 HTTP2PingData.swift
[1880/1895] Compiling NIOHTTP2 HTTP2PipelineHelpers.swift
[1881/1895] Compiling NIOHTTP2 HTTP2Settings.swift
[1882/1895] Compiling NIOHTTP2 HTTP2Stream.swift
[1883/1895] Compiling NIOHTTP2 HTTP2StreamChannel+OutboundStreamMultiplexer.swift
[1884/1895] Compiling NIOHTTP2 HTTP2StreamChannel.swift
[1885/1895] Compiling NIOHTTP2 HTTP2StreamDelegate.swift
[1886/1895] Compiling NIOHTTP2 HTTP2StreamID.swift
[1887/1895] Compiling NIOHTTP2 DOSHeuristics.swift
[1888/1895] Compiling NIOHTTP2 Error+Any.swift
[1889/1895] Compiling NIOHTTP2 ConcurrentStreamBuffer.swift
[1890/1895] Compiling NIOHTTP2 ControlFrameBuffer.swift
[1891/1895] Compiling NIOHTTP2 OutboundFlowControlBuffer.swift
[1892/1895] Compiling NIOHTTP2 OutboundFrameBuffer.swift
[1893/1895] Compiling NIOHTTP2 GlitchesMonitor.swift
[1894/1895] Compiling NIOHTTP2 HPACKHeaders+Validation.swift
[1895/1895] Compiling NIOHTTP2 HTTP2ChannelHandler+InboundStreamMultiplexer.swift
[1897/1960] Compiling AsyncHTTPClient LRUCache.swift
[1898/1960] Compiling AsyncHTTPClient NIOLoopBound+Execute.swift
[1899/1960] Compiling AsyncHTTPClient NWErrorHandler.swift
[1900/1960] Compiling AsyncHTTPClient NWWaitingHandler.swift
[1901/1960] Compiling AsyncHTTPClient TLSConfiguration.swift
[1902/1960] Compiling AsyncHTTPClient RedirectState.swift
[1903/1960] Compiling AsyncHTTPClient RequestBag+StateMachine.swift
[1904/1960] Compiling AsyncHTTPClient RequestBag+Tracing.swift
[1905/1960] Compiling AsyncHTTPClient RequestBag.swift
[1906/1968] Emitting module AsyncHTTPClient
[1907/1968] Compiling AsyncHTTPClient AnyAsyncSequence.swift
[1908/1968] Compiling AsyncHTTPClient AnyAsyncSequenceProucerDelete.swift
[1909/1968] Compiling AsyncHTTPClient AsyncLazySequence.swift
[1910/1968] Compiling AsyncHTTPClient HTTPClient+execute.swift
[1911/1968] Compiling AsyncHTTPClient HTTPClient+shutdown.swift
[1912/1968] Compiling AsyncHTTPClient HTTPClient+tracing.swift
[1913/1968] Compiling AsyncHTTPClient HTTPClientRequest+Prepared.swift
[1914/1968] Compiling AsyncHTTPClient HTTPClientRequest+auth.swift
[1915/1968] Compiling AsyncHTTPClient HTTPClientRequest.swift
[1916/1968] Compiling AsyncHTTPClient RequestValidation.swift
[1917/1968] Compiling AsyncHTTPClient SSLContextCache.swift
[1918/1968] Compiling AsyncHTTPClient Scheme.swift
[1919/1968] Compiling AsyncHTTPClient Singleton.swift
[1920/1968] Compiling AsyncHTTPClient StringConvertibleInstances.swift
[1921/1968] Compiling AsyncHTTPClient StructuredConcurrencyHelpers.swift
[1922/1968] Compiling AsyncHTTPClient TracingSupport.swift
[1923/1968] Compiling AsyncHTTPClient Utils.swift
[1924/1968] Compiling AsyncHTTPClient DeconstructedURL.swift
[1925/1968] Compiling AsyncHTTPClient FileDownloadDelegate.swift
[1926/1968] Compiling AsyncHTTPClient FoundationExtensions.swift
[1927/1968] Compiling AsyncHTTPClient HTTPClient+HTTPCookie.swift
[1928/1968] Compiling AsyncHTTPClient HTTPClient+Proxy.swift
[1929/1968] Compiling AsyncHTTPClient HTTPClient+StructuredConcurrency.swift
[1930/1968] Compiling AsyncHTTPClient HTTPClient.swift
[1931/1968] Compiling AsyncHTTPClient HTTPClientConfiguration+SwiftConfiguration.swift
[1932/1968] Compiling AsyncHTTPClient HTTPHandler.swift
[1933/1968] Compiling AsyncHTTPClient HTTP1ProxyConnectHandler.swift
[1934/1968] Compiling AsyncHTTPClient SOCKSEventsHandler.swift
[1935/1968] Compiling AsyncHTTPClient TLSEventsHandler.swift
[1936/1968] Compiling AsyncHTTPClient HTTP1ClientChannelHandler.swift
[1937/1968] Compiling AsyncHTTPClient HTTP1Connection.swift
[1938/1968] Compiling AsyncHTTPClient HTTP1ConnectionStateMachine.swift
[1939/1968] Compiling AsyncHTTPClient HTTP2ClientRequestHandler.swift
[1940/1968] Compiling AsyncHTTPClient HTTP2Connection.swift
[1941/1968] Compiling AsyncHTTPClient HTTP2IdleHandler.swift
[1942/1968] Compiling AsyncHTTPClient RequestOptions.swift
[1943/1968] Compiling AsyncHTTPClient HTTPConnectionPool+Backoff.swift
[1944/1968] Compiling AsyncHTTPClient HTTPConnectionPool+HTTP1Connections.swift
[1945/1968] Compiling AsyncHTTPClient HTTPConnectionPool+HTTP1StateMachine.swift
[1946/1968] Compiling AsyncHTTPClient HTTPConnectionPool+HTTP2Connections.swift
[1947/1968] Compiling AsyncHTTPClient HTTPConnectionPool+HTTP2StateMachine.swift
[1948/1968] Compiling AsyncHTTPClient HTTPConnectionPool+RequestQueue.swift
[1949/1968] Compiling AsyncHTTPClient HTTPConnectionPool+StateMachine.swift
[1950/1968] Compiling AsyncHTTPClient ConnectionTarget.swift
[1951/1968] Compiling AsyncHTTPClient HTTPConnectionEvent.swift
[1952/1968] Compiling AsyncHTTPClient HTTPConnectionPool+Factory.swift
[1953/1968] Compiling AsyncHTTPClient HTTPConnectionPool+Manager.swift
[1954/1968] Compiling AsyncHTTPClient HTTPConnectionPool.swift
[1955/1968] Compiling AsyncHTTPClient HTTPExecutableRequest.swift
[1956/1968] Compiling AsyncHTTPClient HTTPRequestStateMachine+Demand.swift
[1957/1968] Compiling AsyncHTTPClient HTTPRequestStateMachine.swift
[1958/1968] Compiling AsyncHTTPClient RequestBodyLength.swift
[1959/1968] Compiling AsyncHTTPClient RequestFramingMetadata.swift
[1960/1968] Compiling AsyncHTTPClient HTTPClientResponse.swift
[1961/1968] Compiling AsyncHTTPClient SingleIteratorPrecondition.swift
[1962/1968] Compiling AsyncHTTPClient Transaction+StateMachine.swift
[1963/1968] Compiling AsyncHTTPClient Transaction.swift
[1964/1968] Compiling AsyncHTTPClient Base64.swift
[1965/1968] Compiling AsyncHTTPClient BasicAuth.swift
[1966/1968] Compiling AsyncHTTPClient BestEffortHashableTLSConfiguration.swift
[1967/1968] Compiling AsyncHTTPClient Configuration+BrowserLike.swift
[1968/1968] Compiling AsyncHTTPClient ConnectionPool.swift
[1970/1992] Compiling GoogleAuth ADC.swift
[1971/1992] Compiling GoogleAuth ADCPath.swift
[1972/1992] Compiling GoogleAuth ADCResolver.swift
[1973/1992] Compiling GoogleAuth AuthHeaders.swift
[1974/1995] Emitting module GoogleAuth
[1975/1995] Compiling GoogleAuth CredentialParserRegistry.swift
[1976/1995] Compiling GoogleAuth Credentials.swift
[1977/1995] Compiling GoogleAuth CredentialsError.swift
[1978/1995] Compiling GoogleAuth UserAccountData.swift
[1979/1995] Compiling GoogleAuth UserAccountTokenProvider.swift
[1980/1995] Compiling GoogleAuth UserCredentials.swift
[1981/1995] Compiling GoogleAuth ServiceAccountCredentials.swift
[1982/1995] Compiling GoogleAuth ServiceAccountData.swift
[1983/1995] Compiling GoogleAuth ServiceAccountTokenProvider.swift
[1984/1995] Compiling GoogleAuth AnonymousCredentials.swift
[1985/1995] Compiling GoogleAuth ApiKeyCredentials.swift
[1986/1995] Compiling GoogleAuth ExternalAccountCredentials.swift
[1987/1995] Compiling GoogleAuth SubjectTokenProvider.swift
[1988/1995] Compiling GoogleAuth MDSAccessTokenProvider.swift
[1989/1995] Compiling GoogleAuth MDSCredentials.swift
[1990/1995] Compiling GoogleAuth AuthHTTPClient.swift
[1991/1995] Compiling GoogleAuth AuthHTTPError.swift
[1992/1995] Compiling GoogleAuth RetryEngine.swift
[1993/1995] Compiling GoogleAuth STSHandler.swift
[1994/1995] Compiling GoogleAuth TokenCache.swift
[1995/1995] Compiling GoogleAuth PackageVersion.swift
[1997/2054] Compiling GoogleGax LimitedAttemptCount+PollingErrorPolicy.swift
[1998/2054] Compiling GoogleGax LimitedAttemptCount+RetryPolicy.swift
[1999/2054] Compiling GoogleGax LimitedAttemptCount.swift
[2000/2054] Compiling GoogleGax LimitedElapsedTime+PollingErrorPolicy.swift
[2001/2054] Compiling GoogleGax LimitedElapsedTime+RetryPolicy.swift
[2002/2054] Compiling GoogleGax LimitedElapsedTime.swift
[2003/2054] Compiling GoogleGax LongRunningOperations.swift
[2004/2054] Compiling GoogleGax NeverRetry.swift
[2005/2062] Emitting module GoogleGax
[2006/2062] Compiling GoogleGax BaseRetryPolicy.swift
[2007/2062] Compiling GoogleGax BindingError.swift
[2008/2062] Compiling GoogleGax CRC32C.swift
[2009/2062] Compiling GoogleGax CircuitBreaker.swift
[2010/2062] Compiling GoogleGax ClientError.swift
[2011/2062] Compiling GoogleGax ClientOptions.swift
[2012/2062] Compiling GoogleGax ContinueOnIO+PollingErrorPolicy.swift
[2013/2062] Compiling GoogleGax ContinueOnIO+RetryPolicy.swift
[2014/2062] Compiling GoogleGax Pagination.swift
/host/spi-builder-workspace/Sources/GoogleGax/Pagination.swift:44:22: error: cannot convert '@Sendable (String) async throws -> (response: ResponseType, items: [Item], nextToken: String)' to 'nonisolated(nonsending) @Sendable (String) async throws -> (response: ResponseType, items: [Item], nextToken: String)' because crossing of an isolation boundary requires parameter and result types to conform to 'Sendable' protocol
 42 |   ) where ResponseType: _PaginatedResponse<Item> {
 43 |     self.initialPageToken = initialPageToken ?? ""
 44 |     self.fetchPage = { token in
    |                      |- error: cannot convert '@Sendable (String) async throws -> (response: ResponseType, items: [Item], nextToken: String)' to 'nonisolated(nonsending) @Sendable (String) async throws -> (response: ResponseType, items: [Item], nextToken: String)' because crossing of an isolation boundary requires parameter and result types to conform to 'Sendable' protocol
    |                      `- note: type 'Item' does not conform to 'Sendable' protocol
 45 |       let response = try await listRpc(token)
 46 |       return (response, response._getPaginatedItems(), response._nextPageToken())
[2015/2062] Compiling GoogleGax PollingBackoffPolicy.swift
/host/spi-builder-workspace/Sources/GoogleGax/Pagination.swift:44:22: error: cannot convert '@Sendable (String) async throws -> (response: ResponseType, items: [Item], nextToken: String)' to 'nonisolated(nonsending) @Sendable (String) async throws -> (response: ResponseType, items: [Item], nextToken: String)' because crossing of an isolation boundary requires parameter and result types to conform to 'Sendable' protocol
 42 |   ) where ResponseType: _PaginatedResponse<Item> {
 43 |     self.initialPageToken = initialPageToken ?? ""
 44 |     self.fetchPage = { token in
    |                      |- error: cannot convert '@Sendable (String) async throws -> (response: ResponseType, items: [Item], nextToken: String)' to 'nonisolated(nonsending) @Sendable (String) async throws -> (response: ResponseType, items: [Item], nextToken: String)' because crossing of an isolation boundary requires parameter and result types to conform to 'Sendable' protocol
    |                      `- note: type 'Item' does not conform to 'Sendable' protocol
 45 |       let response = try await listRpc(token)
 46 |       return (response, response._getPaginatedItems(), response._nextPageToken())
[2016/2062] Compiling GoogleGax PollingErrorPolicy.swift
/host/spi-builder-workspace/Sources/GoogleGax/Pagination.swift:44:22: error: cannot convert '@Sendable (String) async throws -> (response: ResponseType, items: [Item], nextToken: String)' to 'nonisolated(nonsending) @Sendable (String) async throws -> (response: ResponseType, items: [Item], nextToken: String)' because crossing of an isolation boundary requires parameter and result types to conform to 'Sendable' protocol
 42 |   ) where ResponseType: _PaginatedResponse<Item> {
 43 |     self.initialPageToken = initialPageToken ?? ""
 44 |     self.fetchPage = { token in
    |                      |- error: cannot convert '@Sendable (String) async throws -> (response: ResponseType, items: [Item], nextToken: String)' to 'nonisolated(nonsending) @Sendable (String) async throws -> (response: ResponseType, items: [Item], nextToken: String)' because crossing of an isolation boundary requires parameter and result types to conform to 'Sendable' protocol
    |                      `- note: type 'Item' does not conform to 'Sendable' protocol
 45 |       let response = try await listRpc(token)
 46 |       return (response, response._getPaginatedItems(), response._nextPageToken())
[2017/2062] Compiling GoogleGax PollingResult.swift
/host/spi-builder-workspace/Sources/GoogleGax/Pagination.swift:44:22: error: cannot convert '@Sendable (String) async throws -> (response: ResponseType, items: [Item], nextToken: String)' to 'nonisolated(nonsending) @Sendable (String) async throws -> (response: ResponseType, items: [Item], nextToken: String)' because crossing of an isolation boundary requires parameter and result types to conform to 'Sendable' protocol
 42 |   ) where ResponseType: _PaginatedResponse<Item> {
 43 |     self.initialPageToken = initialPageToken ?? ""
 44 |     self.fetchPage = { token in
    |                      |- error: cannot convert '@Sendable (String) async throws -> (response: ResponseType, items: [Item], nextToken: String)' to 'nonisolated(nonsending) @Sendable (String) async throws -> (response: ResponseType, items: [Item], nextToken: String)' because crossing of an isolation boundary requires parameter and result types to conform to 'Sendable' protocol
    |                      `- note: type 'Item' does not conform to 'Sendable' protocol
 45 |       let response = try await listRpc(token)
 46 |       return (response, response._getPaginatedItems(), response._nextPageToken())
[2018/2062] Compiling GoogleGax PollingState.swift
/host/spi-builder-workspace/Sources/GoogleGax/Pagination.swift:44:22: error: cannot convert '@Sendable (String) async throws -> (response: ResponseType, items: [Item], nextToken: String)' to 'nonisolated(nonsending) @Sendable (String) async throws -> (response: ResponseType, items: [Item], nextToken: String)' because crossing of an isolation boundary requires parameter and result types to conform to 'Sendable' protocol
 42 |   ) where ResponseType: _PaginatedResponse<Item> {
 43 |     self.initialPageToken = initialPageToken ?? ""
 44 |     self.fetchPage = { token in
    |                      |- error: cannot convert '@Sendable (String) async throws -> (response: ResponseType, items: [Item], nextToken: String)' to 'nonisolated(nonsending) @Sendable (String) async throws -> (response: ResponseType, items: [Item], nextToken: String)' because crossing of an isolation boundary requires parameter and result types to conform to 'Sendable' protocol
    |                      `- note: type 'Item' does not conform to 'Sendable' protocol
 45 |       let response = try await listRpc(token)
 46 |       return (response, response._getPaginatedItems(), response._nextPageToken())
[2019/2062] Compiling GoogleGax ProtobufConversionError.swift
/host/spi-builder-workspace/Sources/GoogleGax/Pagination.swift:44:22: error: cannot convert '@Sendable (String) async throws -> (response: ResponseType, items: [Item], nextToken: String)' to 'nonisolated(nonsending) @Sendable (String) async throws -> (response: ResponseType, items: [Item], nextToken: String)' because crossing of an isolation boundary requires parameter and result types to conform to 'Sendable' protocol
 42 |   ) where ResponseType: _PaginatedResponse<Item> {
 43 |     self.initialPageToken = initialPageToken ?? ""
 44 |     self.fetchPage = { token in
    |                      |- error: cannot convert '@Sendable (String) async throws -> (response: ResponseType, items: [Item], nextToken: String)' to 'nonisolated(nonsending) @Sendable (String) async throws -> (response: ResponseType, items: [Item], nextToken: String)' because crossing of an isolation boundary requires parameter and result types to conform to 'Sendable' protocol
    |                      `- note: type 'Item' does not conform to 'Sendable' protocol
 45 |       let response = try await listRpc(token)
 46 |       return (response, response._getPaginatedItems(), response._nextPageToken())
[2020/2062] Compiling GoogleGax QueryParameter.swift
/host/spi-builder-workspace/Sources/GoogleGax/Pagination.swift:44:22: error: cannot convert '@Sendable (String) async throws -> (response: ResponseType, items: [Item], nextToken: String)' to 'nonisolated(nonsending) @Sendable (String) async throws -> (response: ResponseType, items: [Item], nextToken: String)' because crossing of an isolation boundary requires parameter and result types to conform to 'Sendable' protocol
 42 |   ) where ResponseType: _PaginatedResponse<Item> {
 43 |     self.initialPageToken = initialPageToken ?? ""
 44 |     self.fetchPage = { token in
    |                      |- error: cannot convert '@Sendable (String) async throws -> (response: ResponseType, items: [Item], nextToken: String)' to 'nonisolated(nonsending) @Sendable (String) async throws -> (response: ResponseType, items: [Item], nextToken: String)' because crossing of an isolation boundary requires parameter and result types to conform to 'Sendable' protocol
    |                      `- note: type 'Item' does not conform to 'Sendable' protocol
 45 |       let response = try await listRpc(token)
 46 |       return (response, response._getPaginatedItems(), response._nextPageToken())
[2021/2062] Compiling GoogleGax RequestError.swift
/host/spi-builder-workspace/Sources/GoogleGax/Pagination.swift:44:22: error: cannot convert '@Sendable (String) async throws -> (response: ResponseType, items: [Item], nextToken: String)' to 'nonisolated(nonsending) @Sendable (String) async throws -> (response: ResponseType, items: [Item], nextToken: String)' because crossing of an isolation boundary requires parameter and result types to conform to 'Sendable' protocol
 42 |   ) where ResponseType: _PaginatedResponse<Item> {
 43 |     self.initialPageToken = initialPageToken ?? ""
 44 |     self.fetchPage = { token in
    |                      |- error: cannot convert '@Sendable (String) async throws -> (response: ResponseType, items: [Item], nextToken: String)' to 'nonisolated(nonsending) @Sendable (String) async throws -> (response: ResponseType, items: [Item], nextToken: String)' because crossing of an isolation boundary requires parameter and result types to conform to 'Sendable' protocol
    |                      `- note: type 'Item' does not conform to 'Sendable' protocol
 45 |       let response = try await listRpc(token)
 46 |       return (response, response._getPaginatedItems(), response._nextPageToken())
[2022/2062] Compiling GoogleGax ContinueOnIO.swift
[2023/2062] Compiling GoogleGax CredentialsProtocol.swift
[2024/2062] Compiling GoogleGax ErrorWrapper.swift
[2025/2062] Compiling GoogleGax ExponentialBackoff+BackoffPolicy.swift
[2026/2062] Compiling GoogleGax ExponentialBackoff+PollingBackoffPolicy.swift
[2027/2062] Compiling GoogleGax ExponentialBackoff.swift
[2028/2062] Compiling GoogleGax HTTPClient.swift
[2029/2062] Compiling GoogleGax HTTPClientHolder.swift
[2030/2062] Compiling GoogleGax RequestOptions.swift
[2031/2062] Compiling GoogleGax RetryLoop.swift
[2032/2062] Compiling GoogleGax RetryPolicy.swift
[2033/2062] Compiling GoogleGax RetryResult.swift
[2034/2062] Compiling GoogleGax RetryState.swift
[2035/2062] Compiling GoogleGax RetryThrottler.swift
[2036/2062] Compiling GoogleGax RetryThrottlerError.swift
[2037/2062] Compiling GoogleGax RoutingMatcher.swift
[2038/2062] Compiling GoogleGax AIP194+PollingErrorPolicy.swift
[2039/2062] Compiling GoogleGax AIP194+RetryPolicy.swift
[2040/2062] Compiling GoogleGax AIP194.swift
[2041/2062] Compiling GoogleGax AdaptiveThrottler.swift
[2042/2062] Compiling GoogleGax AlwaysPoll.swift
[2043/2062] Compiling GoogleGax AlwaysRetry.swift
[2044/2062] Compiling GoogleGax ApiClientHeader.swift
[2045/2062] Compiling GoogleGax BackoffPolicy.swift
[2046/2062] Compiling GoogleGax BasePollingErrorPolicy.swift
[2047/2062] Compiling GoogleGax HTTPClientProtocol.swift
[2048/2062] Compiling GoogleGax HTTPClientRequest.swift
[2049/2062] Compiling GoogleGax HTTPClientResponse.swift
[2050/2062] Compiling GoogleGax HTTPHeaders.swift
[2051/2062] Compiling GoogleGax HTTPResponseBody.swift
[2052/2062] Compiling GoogleGax HeaderNames.swift
[2053/2062] Compiling GoogleGax Host.swift
[2054/2062] Compiling GoogleGax InProgressResult.swift
[2055/2062] Compiling GoogleGax ServiceError.swift
[2056/2062] Compiling GoogleGax StatusDetail.swift
[2057/2062] Compiling GoogleGax StrictIdempotency.swift
[2058/2062] Compiling GoogleGax ThrottleResult.swift
[2059/2062] Compiling GoogleGax TooManyRequests+PollingErrorPolicy.swift
[2060/2062] Compiling GoogleGax TooManyRequests+RetryPolicy.swift
[2061/2062] Compiling GoogleGax TooManyRequests.swift
[2062/2062] Compiling GoogleGax PackageVersion.swift
BUILD FAILURE 6.2 android