Build Information
Failed to build MetalANNS, reference main (139604), with Swift 6.3 for Android on 24 Aug 2026 16:36:41 UTC.
Build Command
bash -c docker run --pull=always --rm -v "checkouts-54344845-0":/host -w "$PWD" -e JAVA_HOME="/root/.sdkman/candidates/java/current" -e SPI_BUILD="1" -e SPI_PROCESSING="1" registry.gitlab.com/saguaro1/spi-images:android-6.3-latest swift build --swift-sdk aarch64-unknown-linux-android28 2>&1Build Log
========================================
RunAll
========================================
Builder version: 5.0.2
Interrupt handler set up.
========================================
Checkout
========================================
Clone URL: https://github.com/christopherkarani/MetalANNS.git
Reference: main
Initialized empty Git repository in /host/spi-builder-workspace/.git/
hint: Using 'master' as the name for the initial branch. This default branch name
hint: is subject to change. To configure the initial branch name to use in all
hint: of your new repositories, which will suppress this warning, call:
hint:
hint: git config --global init.defaultBranch <name>
hint:
hint: Names commonly chosen instead of 'master' are 'main', 'trunk' and
hint: 'development'. The just-created branch can be renamed via this command:
hint:
hint: git branch -m <name>
From https://github.com/christopherkarani/MetalANNS
* branch main -> FETCH_HEAD
* [new branch] main -> origin/main
HEAD is now at 1396049 chore: prepare 0.3.0 release
Cloned https://github.com/christopherkarani/MetalANNS.git
Revision (git rev-parse @):
13960499c40abd3f06443eb80258e08a6b777da4
SPI manifest file found: $PWD/.spi.yml
SUCCESS checkout https://github.com/christopherkarani/MetalANNS.git at main
========================================
Build
========================================
Selected platform: android
Swift version: 6.3
Building package at path: $PWD
https://github.com/christopherkarani/MetalANNS.git
Running build ...
bash -c docker run --pull=always --rm -v "checkouts-54344845-0":/host -w "$PWD" -e JAVA_HOME="/root/.sdkman/candidates/java/current" -e SPI_BUILD="1" -e SPI_PROCESSING="1" registry.gitlab.com/saguaro1/spi-images:android-6.3-latest swift build --swift-sdk aarch64-unknown-linux-android28 2>&1
android-6.3-latest: Pulling from saguaro1/spi-images
Digest: sha256:2b782c87e0bdf114eb0da12f6379a346f06569d6991407581da7dc03d1813adf
Status: Image is up to date for registry.gitlab.com/saguaro1/spi-images:android-6.3-latest
Fetching https://github.com/groue/GRDB.swift.git
[1/113869] Fetching grdb.swift
Fetched https://github.com/groue/GRDB.swift.git from cache (7.39s)
Computing version for https://github.com/groue/GRDB.swift.git
Computed https://github.com/groue/GRDB.swift.git at 7.11.1 (8.31s)
Creating working copy for https://github.com/groue/GRDB.swift.git
Working copy of https://github.com/groue/GRDB.swift.git resolved at 7.11.1
Building for debugging...
[0/24] Copying DistanceFloat16.metal
[0/24] Copying SearchFloat16.metal
[0/24] Copying PQDistance.metal
[0/24] Copying Distance.metal
[0/24] Copying Search.metal
[0/24] Copying NNDescentFloat16.metal
[0/24] Copying NNDescent.metal
[0/24] Copying HammingDistance.metal
[0/24] Copying FlatSearch.metal
[7/24] Copying Sort.metal
[10/24] Copying Info.plist
[10/24] Copying PrivacyInfo.xcprivacy
[12/24] Write sources
[16/24] Write swift-version-272D24FF697CF451.txt
[17/24] Compiling MetalANNSC dots.c
error: emit-module command failed with exit code 1 (use -v to see invocation)
[19/218] Emitting module MetalANNSCore
/host/spi-builder-workspace/Sources/MetalANNSCore/AccelerateBackend.swift:1:8: error: no such module 'Accelerate'
1 | import Accelerate
| `- error: no such module 'Accelerate'
2 | import Foundation
3 |
error: emit-module command failed with exit code 1 (use -v to see invocation)
[20/224] Emitting module GRDB
<module-includes>:1:10: note: in file included from <module-includes>:1:
1 | #include "shim.h"
| `- note: in file included from <module-includes>:1:
2 |
/host/spi-builder-workspace/.build/checkouts/GRDB.swift/Sources/GRDBSQLite/shim.h:1:10: error: 'sqlite3.h' file not found
1 | #include <sqlite3.h>
| `- error: 'sqlite3.h' file not found
2 |
3 | typedef void(*_errorLogCallback)(void *pArg, int iErrCode, const char *zMsg);
/host/spi-builder-workspace/.build/checkouts/GRDB.swift/GRDB/Core/Configuration.swift:10:8: error: could not build C module 'GRDBSQLite'
8 | import SQLCipher
9 | #else // Default SPM trait must be the default. It impossible to detect from Xcode.
10 | import GRDBSQLite
| `- error: could not build C module 'GRDBSQLite'
11 | #endif
12 |
[21/245] Compiling MetalANNSCore AccelerateBackend.swift
<module-includes>:1:10: note: in file included from <module-includes>:1:
1 | #include "shim.h"
| `- note: in file included from <module-includes>:1:
2 |
/host/spi-builder-workspace/.build/checkouts/GRDB.swift/Sources/GRDBSQLite/shim.h:1:10: error: 'sqlite3.h' file not found
1 | #include <sqlite3.h>
| `- error: 'sqlite3.h' file not found
2 |
3 | typedef void(*_errorLogCallback)(void *pArg, int iErrCode, const char *zMsg);
/host/spi-builder-workspace/.build/checkouts/GRDB.swift/GRDB/Core/Configuration.swift:10:8: error: could not build C module 'GRDBSQLite'
8 | import SQLCipher
9 | #else // Default SPM trait must be the default. It impossible to detect from Xcode.
10 | import GRDBSQLite
| `- error: could not build C module 'GRDBSQLite'
11 | #endif
12 |
[22/245] Compiling MetalANNSCore BatchIncrementalBuilder.swift
<module-includes>:1:10: note: in file included from <module-includes>:1:
1 | #include "shim.h"
| `- note: in file included from <module-includes>:1:
2 |
/host/spi-builder-workspace/.build/checkouts/GRDB.swift/Sources/GRDBSQLite/shim.h:1:10: error: 'sqlite3.h' file not found
1 | #include <sqlite3.h>
| `- error: 'sqlite3.h' file not found
2 |
3 | typedef void(*_errorLogCallback)(void *pArg, int iErrCode, const char *zMsg);
/host/spi-builder-workspace/.build/checkouts/GRDB.swift/GRDB/Core/Configuration.swift:10:8: error: could not build C module 'GRDBSQLite'
8 | import SQLCipher
9 | #else // Default SPM trait must be the default. It impossible to detect from Xcode.
10 | import GRDBSQLite
| `- error: could not build C module 'GRDBSQLite'
11 | #endif
12 |
[23/245] Compiling MetalANNSCore BeamSearchCPU.swift
<module-includes>:1:10: note: in file included from <module-includes>:1:
1 | #include "shim.h"
| `- note: in file included from <module-includes>:1:
2 |
/host/spi-builder-workspace/.build/checkouts/GRDB.swift/Sources/GRDBSQLite/shim.h:1:10: error: 'sqlite3.h' file not found
1 | #include <sqlite3.h>
| `- error: 'sqlite3.h' file not found
2 |
3 | typedef void(*_errorLogCallback)(void *pArg, int iErrCode, const char *zMsg);
/host/spi-builder-workspace/.build/checkouts/GRDB.swift/GRDB/Core/Configuration.swift:10:8: error: could not build C module 'GRDBSQLite'
8 | import SQLCipher
9 | #else // Default SPM trait must be the default. It impossible to detect from Xcode.
10 | import GRDBSQLite
| `- error: could not build C module 'GRDBSQLite'
11 | #endif
12 |
[24/245] Compiling MetalANNSCore BinaryVectorBuffer.swift
<module-includes>:1:10: note: in file included from <module-includes>:1:
1 | #include "shim.h"
| `- note: in file included from <module-includes>:1:
2 |
/host/spi-builder-workspace/.build/checkouts/GRDB.swift/Sources/GRDBSQLite/shim.h:1:10: error: 'sqlite3.h' file not found
1 | #include <sqlite3.h>
| `- error: 'sqlite3.h' file not found
2 |
3 | typedef void(*_errorLogCallback)(void *pArg, int iErrCode, const char *zMsg);
/host/spi-builder-workspace/.build/checkouts/GRDB.swift/GRDB/Core/Configuration.swift:10:8: error: could not build C module 'GRDBSQLite'
8 | import SQLCipher
9 | #else // Default SPM trait must be the default. It impossible to detect from Xcode.
10 | import GRDBSQLite
| `- error: could not build C module 'GRDBSQLite'
11 | #endif
12 |
[25/245] Compiling MetalANNSCore BoundedExactScan.swift
<module-includes>:1:10: note: in file included from <module-includes>:1:
1 | #include "shim.h"
| `- note: in file included from <module-includes>:1:
2 |
/host/spi-builder-workspace/.build/checkouts/GRDB.swift/Sources/GRDBSQLite/shim.h:1:10: error: 'sqlite3.h' file not found
1 | #include <sqlite3.h>
| `- error: 'sqlite3.h' file not found
2 |
3 | typedef void(*_errorLogCallback)(void *pArg, int iErrCode, const char *zMsg);
/host/spi-builder-workspace/.build/checkouts/GRDB.swift/GRDB/Core/Configuration.swift:10:8: error: could not build C module 'GRDBSQLite'
8 | import SQLCipher
9 | #else // Default SPM trait must be the default. It impossible to detect from Xcode.
10 | import GRDBSQLite
| `- error: could not build C module 'GRDBSQLite'
11 | #endif
12 |
[26/245] Compiling MetalANNSCore BoundedSelection.swift
<module-includes>:1:10: note: in file included from <module-includes>:1:
1 | #include "shim.h"
| `- note: in file included from <module-includes>:1:
2 |
/host/spi-builder-workspace/.build/checkouts/GRDB.swift/Sources/GRDBSQLite/shim.h:1:10: error: 'sqlite3.h' file not found
1 | #include <sqlite3.h>
| `- error: 'sqlite3.h' file not found
2 |
3 | typedef void(*_errorLogCallback)(void *pArg, int iErrCode, const char *zMsg);
/host/spi-builder-workspace/.build/checkouts/GRDB.swift/GRDB/Core/Configuration.swift:10:8: error: could not build C module 'GRDBSQLite'
8 | import SQLCipher
9 | #else // Default SPM trait must be the default. It impossible to detect from Xcode.
10 | import GRDBSQLite
| `- error: could not build C module 'GRDBSQLite'
11 | #endif
12 |
[27/245] Compiling MetalANNSCore CommandQueuePool.swift
<module-includes>:1:10: note: in file included from <module-includes>:1:
1 | #include "shim.h"
| `- note: in file included from <module-includes>:1:
2 |
/host/spi-builder-workspace/.build/checkouts/GRDB.swift/Sources/GRDBSQLite/shim.h:1:10: error: 'sqlite3.h' file not found
1 | #include <sqlite3.h>
| `- error: 'sqlite3.h' file not found
2 |
3 | typedef void(*_errorLogCallback)(void *pArg, int iErrCode, const char *zMsg);
/host/spi-builder-workspace/.build/checkouts/GRDB.swift/GRDB/Core/Configuration.swift:10:8: error: could not build C module 'GRDBSQLite'
8 | import SQLCipher
9 | #else // Default SPM trait must be the default. It impossible to detect from Xcode.
10 | import GRDBSQLite
| `- error: could not build C module 'GRDBSQLite'
11 | #endif
12 |
[28/245] Compiling MetalANNSCore GraphBuffer.swift
<module-includes>:1:10: note: in file included from <module-includes>:1:
1 | #include "shim.h"
| `- note: in file included from <module-includes>:1:
2 |
/host/spi-builder-workspace/.build/checkouts/GRDB.swift/Sources/GRDBSQLite/shim.h:1:10: error: 'sqlite3.h' file not found
1 | #include <sqlite3.h>
| `- error: 'sqlite3.h' file not found
2 |
3 | typedef void(*_errorLogCallback)(void *pArg, int iErrCode, const char *zMsg);
/host/spi-builder-workspace/.build/checkouts/GRDB.swift/GRDB/Core/Configuration.swift:10:8: error: could not build C module 'GRDBSQLite'
8 | import SQLCipher
9 | #else // Default SPM trait must be the default. It impossible to detect from Xcode.
10 | import GRDBSQLite
| `- error: could not build C module 'GRDBSQLite'
11 | #endif
12 |
[29/245] Compiling MetalANNSCore GraphPruner.swift
<module-includes>:1:10: note: in file included from <module-includes>:1:
1 | #include "shim.h"
| `- note: in file included from <module-includes>:1:
2 |
/host/spi-builder-workspace/.build/checkouts/GRDB.swift/Sources/GRDBSQLite/shim.h:1:10: error: 'sqlite3.h' file not found
1 | #include <sqlite3.h>
| `- error: 'sqlite3.h' file not found
2 |
3 | typedef void(*_errorLogCallback)(void *pArg, int iErrCode, const char *zMsg);
/host/spi-builder-workspace/.build/checkouts/GRDB.swift/GRDB/Core/Configuration.swift:10:8: error: could not build C module 'GRDBSQLite'
8 | import SQLCipher
9 | #else // Default SPM trait must be the default. It impossible to detect from Xcode.
10 | import GRDBSQLite
| `- error: could not build C module 'GRDBSQLite'
11 | #endif
12 |
[30/245] Compiling MetalANNSCore GraphRepairer.swift
<module-includes>:1:10: note: in file included from <module-includes>:1:
1 | #include "shim.h"
| `- note: in file included from <module-includes>:1:
2 |
/host/spi-builder-workspace/.build/checkouts/GRDB.swift/Sources/GRDBSQLite/shim.h:1:10: error: 'sqlite3.h' file not found
1 | #include <sqlite3.h>
| `- error: 'sqlite3.h' file not found
2 |
3 | typedef void(*_errorLogCallback)(void *pArg, int iErrCode, const char *zMsg);
/host/spi-builder-workspace/.build/checkouts/GRDB.swift/GRDB/Core/Configuration.swift:10:8: error: could not build C module 'GRDBSQLite'
8 | import SQLCipher
9 | #else // Default SPM trait must be the default. It impossible to detect from Xcode.
10 | import GRDBSQLite
| `- error: could not build C module 'GRDBSQLite'
11 | #endif
12 |
[31/245] Compiling MetalANNSCore HNSWBuilder.swift
<module-includes>:1:10: note: in file included from <module-includes>:1:
1 | #include "shim.h"
| `- note: in file included from <module-includes>:1:
2 |
/host/spi-builder-workspace/.build/checkouts/GRDB.swift/Sources/GRDBSQLite/shim.h:1:10: error: 'sqlite3.h' file not found
1 | #include <sqlite3.h>
| `- error: 'sqlite3.h' file not found
2 |
3 | typedef void(*_errorLogCallback)(void *pArg, int iErrCode, const char *zMsg);
/host/spi-builder-workspace/.build/checkouts/GRDB.swift/GRDB/Core/Configuration.swift:10:8: error: could not build C module 'GRDBSQLite'
8 | import SQLCipher
9 | #else // Default SPM trait must be the default. It impossible to detect from Xcode.
10 | import GRDBSQLite
| `- error: could not build C module 'GRDBSQLite'
11 | #endif
12 |
[32/245] Compiling MetalANNSCore HNSWConfiguration.swift
<module-includes>:1:10: note: in file included from <module-includes>:1:
1 | #include "shim.h"
| `- note: in file included from <module-includes>:1:
2 |
/host/spi-builder-workspace/.build/checkouts/GRDB.swift/Sources/GRDBSQLite/shim.h:1:10: error: 'sqlite3.h' file not found
1 | #include <sqlite3.h>
| `- error: 'sqlite3.h' file not found
2 |
3 | typedef void(*_errorLogCallback)(void *pArg, int iErrCode, const char *zMsg);
/host/spi-builder-workspace/.build/checkouts/GRDB.swift/GRDB/Core/Configuration.swift:10:8: error: could not build C module 'GRDBSQLite'
8 | import SQLCipher
9 | #else // Default SPM trait must be the default. It impossible to detect from Xcode.
10 | import GRDBSQLite
| `- error: could not build C module 'GRDBSQLite'
11 | #endif
12 |
[33/245] Compiling MetalANNSCore HNSWLayers.swift
<module-includes>:1:10: note: in file included from <module-includes>:1:
1 | #include "shim.h"
| `- note: in file included from <module-includes>:1:
2 |
/host/spi-builder-workspace/.build/checkouts/GRDB.swift/Sources/GRDBSQLite/shim.h:1:10: error: 'sqlite3.h' file not found
1 | #include <sqlite3.h>
| `- error: 'sqlite3.h' file not found
2 |
3 | typedef void(*_errorLogCallback)(void *pArg, int iErrCode, const char *zMsg);
/host/spi-builder-workspace/.build/checkouts/GRDB.swift/GRDB/Core/Configuration.swift:10:8: error: could not build C module 'GRDBSQLite'
8 | import SQLCipher
9 | #else // Default SPM trait must be the default. It impossible to detect from Xcode.
10 | import GRDBSQLite
| `- error: could not build C module 'GRDBSQLite'
11 | #endif
12 |
[34/245] Compiling MetalANNSCore HNSWSearchCPU.swift
<module-includes>:1:10: note: in file included from <module-includes>:1:
1 | #include "shim.h"
| `- note: in file included from <module-includes>:1:
2 |
/host/spi-builder-workspace/.build/checkouts/GRDB.swift/Sources/GRDBSQLite/shim.h:1:10: error: 'sqlite3.h' file not found
1 | #include <sqlite3.h>
| `- error: 'sqlite3.h' file not found
2 |
3 | typedef void(*_errorLogCallback)(void *pArg, int iErrCode, const char *zMsg);
/host/spi-builder-workspace/.build/checkouts/GRDB.swift/GRDB/Core/Configuration.swift:10:8: error: could not build C module 'GRDBSQLite'
8 | import SQLCipher
9 | #else // Default SPM trait must be the default. It impossible to detect from Xcode.
10 | import GRDBSQLite
| `- error: could not build C module 'GRDBSQLite'
11 | #endif
12 |
[35/245] Compiling MetalANNSCore IDMap.swift
<module-includes>:1:10: note: in file included from <module-includes>:1:
1 | #include "shim.h"
| `- note: in file included from <module-includes>:1:
2 |
/host/spi-builder-workspace/.build/checkouts/GRDB.swift/Sources/GRDBSQLite/shim.h:1:10: error: 'sqlite3.h' file not found
1 | #include <sqlite3.h>
| `- error: 'sqlite3.h' file not found
2 |
3 | typedef void(*_errorLogCallback)(void *pArg, int iErrCode, const char *zMsg);
/host/spi-builder-workspace/.build/checkouts/GRDB.swift/GRDB/Core/Configuration.swift:10:8: error: could not build C module 'GRDBSQLite'
8 | import SQLCipher
9 | #else // Default SPM trait must be the default. It impossible to detect from Xcode.
10 | import GRDBSQLite
| `- error: could not build C module 'GRDBSQLite'
11 | #endif
12 |
[36/245] Compiling MetalANNSCore IVFFlatSearch.swift
<module-includes>:1:10: note: in file included from <module-includes>:1:
1 | #include "shim.h"
| `- note: in file included from <module-includes>:1:
2 |
/host/spi-builder-workspace/.build/checkouts/GRDB.swift/Sources/GRDBSQLite/shim.h:1:10: error: 'sqlite3.h' file not found
1 | #include <sqlite3.h>
| `- error: 'sqlite3.h' file not found
2 |
3 | typedef void(*_errorLogCallback)(void *pArg, int iErrCode, const char *zMsg);
/host/spi-builder-workspace/.build/checkouts/GRDB.swift/GRDB/Core/Configuration.swift:10:8: error: could not build C module 'GRDBSQLite'
8 | import SQLCipher
9 | #else // Default SPM trait must be the default. It impossible to detect from Xcode.
10 | import GRDBSQLite
| `- error: could not build C module 'GRDBSQLite'
11 | #endif
12 |
[37/245] Compiling MetalANNSCore IncrementalBuilder.swift
<module-includes>:1:10: note: in file included from <module-includes>:1:
1 | #include "shim.h"
| `- note: in file included from <module-includes>:1:
2 |
/host/spi-builder-workspace/.build/checkouts/GRDB.swift/Sources/GRDBSQLite/shim.h:1:10: error: 'sqlite3.h' file not found
1 | #include <sqlite3.h>
| `- error: 'sqlite3.h' file not found
2 |
3 | typedef void(*_errorLogCallback)(void *pArg, int iErrCode, const char *zMsg);
/host/spi-builder-workspace/.build/checkouts/GRDB.swift/GRDB/Core/Configuration.swift:10:8: error: could not build C module 'GRDBSQLite'
8 | import SQLCipher
9 | #else // Default SPM trait must be the default. It impossible to detect from Xcode.
10 | import GRDBSQLite
| `- error: could not build C module 'GRDBSQLite'
11 | #endif
12 |
[38/245] Compiling MetalANNSCore IndexCompactor.swift
<module-includes>:1:10: note: in file included from <module-includes>:1:
1 | #include "shim.h"
| `- note: in file included from <module-includes>:1:
2 |
/host/spi-builder-workspace/.build/checkouts/GRDB.swift/Sources/GRDBSQLite/shim.h:1:10: error: 'sqlite3.h' file not found
1 | #include <sqlite3.h>
| `- error: 'sqlite3.h' file not found
2 |
3 | typedef void(*_errorLogCallback)(void *pArg, int iErrCode, const char *zMsg);
/host/spi-builder-workspace/.build/checkouts/GRDB.swift/GRDB/Core/Configuration.swift:10:8: error: could not build C module 'GRDBSQLite'
8 | import SQLCipher
9 | #else // Default SPM trait must be the default. It impossible to detect from Xcode.
10 | import GRDBSQLite
| `- error: could not build C module 'GRDBSQLite'
11 | #endif
12 |
[39/245] Compiling MetalANNSCore IndexSerializer.swift
<module-includes>:1:10: note: in file included from <module-includes>:1:
1 | #include "shim.h"
| `- note: in file included from <module-includes>:1:
2 |
/host/spi-builder-workspace/.build/checkouts/GRDB.swift/Sources/GRDBSQLite/shim.h:1:10: error: 'sqlite3.h' file not found
1 | #include <sqlite3.h>
| `- error: 'sqlite3.h' file not found
2 |
3 | typedef void(*_errorLogCallback)(void *pArg, int iErrCode, const char *zMsg);
/host/spi-builder-workspace/.build/checkouts/GRDB.swift/GRDB/Core/Configuration.swift:10:8: error: could not build C module 'GRDBSQLite'
8 | import SQLCipher
9 | #else // Default SPM trait must be the default. It impossible to detect from Xcode.
10 | import GRDBSQLite
| `- error: could not build C module 'GRDBSQLite'
11 | #endif
12 |
[40/245] Compiling MetalANNSCore Int8CodeCache.swift
<module-includes>:1:10: note: in file included from <module-includes>:1:
1 | #include "shim.h"
| `- note: in file included from <module-includes>:1:
2 |
/host/spi-builder-workspace/.build/checkouts/GRDB.swift/Sources/GRDBSQLite/shim.h:1:10: error: 'sqlite3.h' file not found
1 | #include <sqlite3.h>
| `- error: 'sqlite3.h' file not found
2 |
3 | typedef void(*_errorLogCallback)(void *pArg, int iErrCode, const char *zMsg);
/host/spi-builder-workspace/.build/checkouts/GRDB.swift/GRDB/Core/Configuration.swift:10:8: error: could not build C module 'GRDBSQLite'
8 | import SQLCipher
9 | #else // Default SPM trait must be the default. It impossible to detect from Xcode.
10 | import GRDBSQLite
| `- error: could not build C module 'GRDBSQLite'
11 | #endif
12 |
[41/245] Compiling MetalANNSCore MmapIndexLoader.swift
<module-includes>:1:10: note: in file included from <module-includes>:1:
1 | #include "shim.h"
| `- note: in file included from <module-includes>:1:
2 |
/host/spi-builder-workspace/.build/checkouts/GRDB.swift/Sources/GRDBSQLite/shim.h:1:10: error: 'sqlite3.h' file not found
1 | #include <sqlite3.h>
| `- error: 'sqlite3.h' file not found
2 |
3 | typedef void(*_errorLogCallback)(void *pArg, int iErrCode, const char *zMsg);
/host/spi-builder-workspace/.build/checkouts/GRDB.swift/GRDB/Core/Configuration.swift:10:8: error: could not build C module 'GRDBSQLite'
8 | import SQLCipher
9 | #else // Default SPM trait must be the default. It impossible to detect from Xcode.
10 | import GRDBSQLite
| `- error: could not build C module 'GRDBSQLite'
11 | #endif
12 |
[42/245] Compiling MetalANNSCore SearchGPU.swift
/host/spi-builder-workspace/Sources/MetalANNSCore/AccelerateBackend.swift:1:8: error: no such module 'Accelerate'
1 | import Accelerate
| `- error: no such module 'Accelerate'
2 | import Foundation
3 |
[43/245] Compiling MetalANNSCore SearchResult.swift
/host/spi-builder-workspace/Sources/MetalANNSCore/AccelerateBackend.swift:1:8: error: no such module 'Accelerate'
1 | import Accelerate
| `- error: no such module 'Accelerate'
2 | import Foundation
3 |
[44/245] Compiling MetalANNSCore SoftDeletion.swift
/host/spi-builder-workspace/Sources/MetalANNSCore/AccelerateBackend.swift:1:8: error: no such module 'Accelerate'
1 | import Accelerate
| `- error: no such module 'Accelerate'
2 | import Foundation
3 |
[45/245] Compiling MetalANNSCore VectorBuffer.swift
/host/spi-builder-workspace/Sources/MetalANNSCore/AccelerateBackend.swift:1:8: error: no such module 'Accelerate'
1 | import Accelerate
| `- error: no such module 'Accelerate'
2 | import Foundation
3 |
[46/245] Compiling MetalANNSCore VectorStorage.swift
/host/spi-builder-workspace/Sources/MetalANNSCore/AccelerateBackend.swift:1:8: error: no such module 'Accelerate'
1 | import Accelerate
| `- error: no such module 'Accelerate'
2 | import Foundation
3 |
[47/245] Compiling MetalANNSCore resource_bundle_accessor.swift
/host/spi-builder-workspace/Sources/MetalANNSCore/AccelerateBackend.swift:1:8: error: no such module 'Accelerate'
1 | import Accelerate
| `- error: no such module 'Accelerate'
2 | import Foundation
3 |
[48/245] Compiling MetalANNSCore KMeans.swift
/host/spi-builder-workspace/Sources/MetalANNSCore/AccelerateBackend.swift:1:8: error: no such module 'Accelerate'
1 | import Accelerate
| `- error: no such module 'Accelerate'
2 | import Foundation
3 |
[49/245] Compiling MetalANNSCore MetadataBuffer.swift
/host/spi-builder-workspace/Sources/MetalANNSCore/AccelerateBackend.swift:1:8: error: no such module 'Accelerate'
1 | import Accelerate
| `- error: no such module 'Accelerate'
2 | import Foundation
3 |
[50/245] Compiling MetalANNSCore MetadataStore.swift
/host/spi-builder-workspace/Sources/MetalANNSCore/AccelerateBackend.swift:1:8: error: no such module 'Accelerate'
1 | import Accelerate
| `- error: no such module 'Accelerate'
2 | import Foundation
3 |
[51/245] Compiling MetalANNSCore MetalBackend.swift
/host/spi-builder-workspace/Sources/MetalANNSCore/AccelerateBackend.swift:1:8: error: no such module 'Accelerate'
1 | import Accelerate
| `- error: no such module 'Accelerate'
2 | import Foundation
3 |
[52/245] Compiling MetalANNSCore MetalDevice.swift
/host/spi-builder-workspace/Sources/MetalANNSCore/AccelerateBackend.swift:1:8: error: no such module 'Accelerate'
1 | import Accelerate
| `- error: no such module 'Accelerate'
2 | import Foundation
3 |
[53/245] Compiling MetalANNSCore Metric.swift
/host/spi-builder-workspace/Sources/MetalANNSCore/AccelerateBackend.swift:1:8: error: no such module 'Accelerate'
1 | import Accelerate
| `- error: no such module 'Accelerate'
2 | import Foundation
3 |
[54/245] Compiling MetalANNSCore ProductQuantizer.swift
/host/spi-builder-workspace/Sources/MetalANNSCore/AccelerateBackend.swift:1:8: error: no such module 'Accelerate'
1 | import Accelerate
| `- error: no such module 'Accelerate'
2 | import Foundation
3 |
[55/245] Compiling MetalANNSCore QuantizedStorage.swift
/host/spi-builder-workspace/Sources/MetalANNSCore/AccelerateBackend.swift:1:8: error: no such module 'Accelerate'
1 | import Accelerate
| `- error: no such module 'Accelerate'
2 | import Foundation
3 |
[56/245] Compiling MetalANNSCore RepairConfiguration.swift
/host/spi-builder-workspace/Sources/MetalANNSCore/AccelerateBackend.swift:1:8: error: no such module 'Accelerate'
1 | import Accelerate
| `- error: no such module 'Accelerate'
2 | import Foundation
3 |
[57/245] Compiling MetalANNSCore SIMDDistance.swift
/host/spi-builder-workspace/Sources/MetalANNSCore/AccelerateBackend.swift:1:8: error: no such module 'Accelerate'
1 | import Accelerate
| `- error: no such module 'Accelerate'
2 | import Foundation
3 |
[58/245] Compiling MetalANNSCore SearchBufferPool.swift
/host/spi-builder-workspace/Sources/MetalANNSCore/AccelerateBackend.swift:1:8: error: no such module 'Accelerate'
1 | import Accelerate
| `- error: no such module 'Accelerate'
2 | import Foundation
3 |
[59/245] Compiling MetalANNSCore SearchFilter.swift
/host/spi-builder-workspace/Sources/MetalANNSCore/AccelerateBackend.swift:1:8: error: no such module 'Accelerate'
1 | import Accelerate
| `- error: no such module 'Accelerate'
2 | import Foundation
3 |
/host/spi-builder-workspace/Sources/MetalANNSCore/AccelerateBackend.swift:1:8: error: no such module 'Accelerate'
1 | import Accelerate
| `- error: no such module 'Accelerate'
2 | import Foundation
3 |
/host/spi-builder-workspace/Sources/MetalANNSCore/AccelerateBackend.swift:1:8: error: no such module 'Accelerate'
1 | import Accelerate
| `- error: no such module 'Accelerate'
2 | import Foundation
3 |
/host/spi-builder-workspace/Sources/MetalANNSCore/AccelerateBackend.swift:1:8: error: no such module 'Accelerate'
1 | import Accelerate
| `- error: no such module 'Accelerate'
2 | import Foundation
3 |
/host/spi-builder-workspace/Sources/MetalANNSCore/AccelerateBackend.swift:1:8: error: no such module 'Accelerate'
1 | import Accelerate
| `- error: no such module 'Accelerate'
2 | import Foundation
3 |
/host/spi-builder-workspace/Sources/MetalANNSCore/AccelerateBackend.swift:1:8: error: no such module 'Accelerate'
1 | import Accelerate
| `- error: no such module 'Accelerate'
2 | import Foundation
3 |
/host/spi-builder-workspace/Sources/MetalANNSCore/AccelerateBackend.swift:1:8: error: no such module 'Accelerate'
1 | import Accelerate
| `- error: no such module 'Accelerate'
2 | import Foundation
3 |
/host/spi-builder-workspace/Sources/MetalANNSCore/AccelerateBackend.swift:1:8: error: no such module 'Accelerate'
1 | import Accelerate
| `- error: no such module 'Accelerate'
2 | import Foundation
3 |
/host/spi-builder-workspace/Sources/MetalANNSCore/AccelerateBackend.swift:1:8: error: no such module 'Accelerate'
1 | import Accelerate
| `- error: no such module 'Accelerate'
2 | import Foundation
3 |
/host/spi-builder-workspace/Sources/MetalANNSCore/AccelerateBackend.swift:1:8: error: no such module 'Accelerate'
1 | import Accelerate
| `- error: no such module 'Accelerate'
2 | import Foundation
3 |
/host/spi-builder-workspace/Sources/MetalANNSCore/AccelerateBackend.swift:1:8: error: no such module 'Accelerate'
1 | import Accelerate
| `- error: no such module 'Accelerate'
2 | import Foundation
3 |
/host/spi-builder-workspace/Sources/MetalANNSCore/AccelerateBackend.swift:1:8: error: no such module 'Accelerate'
1 | import Accelerate
| `- error: no such module 'Accelerate'
2 | import Foundation
3 |
/host/spi-builder-workspace/Sources/MetalANNSCore/AccelerateBackend.swift:1:8: error: no such module 'Accelerate'
1 | import Accelerate
| `- error: no such module 'Accelerate'
2 | import Foundation
3 |
/host/spi-builder-workspace/Sources/MetalANNSCore/AccelerateBackend.swift:1:8: error: no such module 'Accelerate'
1 | import Accelerate
| `- error: no such module 'Accelerate'
2 | import Foundation
3 |
/host/spi-builder-workspace/Sources/MetalANNSCore/AccelerateBackend.swift:1:8: error: no such module 'Accelerate'
1 | import Accelerate
| `- error: no such module 'Accelerate'
2 | import Foundation
3 |
[74/245] Compiling GRDB FTS5+QueryInterface.swift
<module-includes>:1:10: note: in file included from <module-includes>:1:
1 | #include "shim.h"
| `- note: in file included from <module-includes>:1:
2 |
/host/spi-builder-workspace/.build/checkouts/GRDB.swift/Sources/GRDBSQLite/shim.h:1:10: error: 'sqlite3.h' file not found
1 | #include <sqlite3.h>
| `- error: 'sqlite3.h' file not found
2 |
3 | typedef void(*_errorLogCallback)(void *pArg, int iErrCode, const char *zMsg);
/host/spi-builder-workspace/.build/checkouts/GRDB.swift/GRDB/Core/Configuration.swift:10:8: error: could not build C module 'GRDBSQLite'
8 | import SQLCipher
9 | #else // Default SPM trait must be the default. It impossible to detect from Xcode.
10 | import GRDBSQLite
| `- error: could not build C module 'GRDBSQLite'
11 | #endif
12 |
[75/245] Compiling GRDB ForeignKey.swift
<module-includes>:1:10: note: in file included from <module-includes>:1:
1 | #include "shim.h"
| `- note: in file included from <module-includes>:1:
2 |
/host/spi-builder-workspace/.build/checkouts/GRDB.swift/Sources/GRDBSQLite/shim.h:1:10: error: 'sqlite3.h' file not found
1 | #include <sqlite3.h>
| `- error: 'sqlite3.h' file not found
2 |
3 | typedef void(*_errorLogCallback)(void *pArg, int iErrCode, const char *zMsg);
/host/spi-builder-workspace/.build/checkouts/GRDB.swift/GRDB/Core/Configuration.swift:10:8: error: could not build C module 'GRDBSQLite'
8 | import SQLCipher
9 | #else // Default SPM trait must be the default. It impossible to detect from Xcode.
10 | import GRDBSQLite
| `- error: could not build C module 'GRDBSQLite'
11 | #endif
12 |
[76/245] Compiling GRDB Association.swift
<module-includes>:1:10: note: in file included from <module-includes>:1:
1 | #include "shim.h"
| `- note: in file included from <module-includes>:1:
2 |
/host/spi-builder-workspace/.build/checkouts/GRDB.swift/Sources/GRDBSQLite/shim.h:1:10: error: 'sqlite3.h' file not found
1 | #include <sqlite3.h>
| `- error: 'sqlite3.h' file not found
2 |
3 | typedef void(*_errorLogCallback)(void *pArg, int iErrCode, const char *zMsg);
/host/spi-builder-workspace/.build/checkouts/GRDB.swift/GRDB/Core/Configuration.swift:10:8: error: could not build C module 'GRDBSQLite'
8 | import SQLCipher
9 | #else // Default SPM trait must be the default. It impossible to detect from Xcode.
10 | import GRDBSQLite
| `- error: could not build C module 'GRDBSQLite'
11 | #endif
12 |
[77/245] Compiling GRDB AssociationAggregate.swift
<module-includes>:1:10: note: in file included from <module-includes>:1:
1 | #include "shim.h"
| `- note: in file included from <module-includes>:1:
2 |
/host/spi-builder-workspace/.build/checkouts/GRDB.swift/Sources/GRDBSQLite/shim.h:1:10: error: 'sqlite3.h' file not found
1 | #include <sqlite3.h>
| `- error: 'sqlite3.h' file not found
2 |
3 | typedef void(*_errorLogCallback)(void *pArg, int iErrCode, const char *zMsg);
/host/spi-builder-workspace/.build/checkouts/GRDB.swift/GRDB/Core/Configuration.swift:10:8: error: could not build C module 'GRDBSQLite'
8 | import SQLCipher
9 | #else // Default SPM trait must be the default. It impossible to detect from Xcode.
10 | import GRDBSQLite
| `- error: could not build C module 'GRDBSQLite'
11 | #endif
12 |
[78/245] Compiling GRDB BelongsToAssociation.swift
<module-includes>:1:10: note: in file included from <module-includes>:1:
1 | #include "shim.h"
| `- note: in file included from <module-includes>:1:
2 |
/host/spi-builder-workspace/.build/checkouts/GRDB.swift/Sources/GRDBSQLite/shim.h:1:10: error: 'sqlite3.h' file not found
1 | #include <sqlite3.h>
| `- error: 'sqlite3.h' file not found
2 |
3 | typedef void(*_errorLogCallback)(void *pArg, int iErrCode, const char *zMsg);
/host/spi-builder-workspace/.build/checkouts/GRDB.swift/GRDB/Core/Configuration.swift:10:8: error: could not build C module 'GRDBSQLite'
8 | import SQLCipher
9 | #else // Default SPM trait must be the default. It impossible to detect from Xcode.
10 | import GRDBSQLite
| `- error: could not build C module 'GRDBSQLite'
11 | #endif
12 |
[79/245] Compiling GRDB HasManyAssociation.swift
<module-includes>:1:10: note: in file included from <module-includes>:1:
1 | #include "shim.h"
| `- note: in file included from <module-includes>:1:
2 |
/host/spi-builder-workspace/.build/checkouts/GRDB.swift/Sources/GRDBSQLite/shim.h:1:10: error: 'sqlite3.h' file not found
1 | #include <sqlite3.h>
| `- error: 'sqlite3.h' file not found
2 |
3 | typedef void(*_errorLogCallback)(void *pArg, int iErrCode, const char *zMsg);
/host/spi-builder-workspace/.build/checkouts/GRDB.swift/GRDB/Core/Configuration.swift:10:8: error: could not build C module 'GRDBSQLite'
8 | import SQLCipher
9 | #else // Default SPM trait must be the default. It impossible to detect from Xcode.
10 | import GRDBSQLite
| `- error: could not build C module 'GRDBSQLite'
11 | #endif
12 |
[80/245] Compiling GRDB HasManyThroughAssociation.swift
<module-includes>:1:10: note: in file included from <module-includes>:1:
1 | #include "shim.h"
| `- note: in file included from <module-includes>:1:
2 |
/host/spi-builder-workspace/.build/checkouts/GRDB.swift/Sources/GRDBSQLite/shim.h:1:10: error: 'sqlite3.h' file not found
1 | #include <sqlite3.h>
| `- error: 'sqlite3.h' file not found
2 |
3 | typedef void(*_errorLogCallback)(void *pArg, int iErrCode, const char *zMsg);
/host/spi-builder-workspace/.build/checkouts/GRDB.swift/GRDB/Core/Configuration.swift:10:8: error: could not build C module 'GRDBSQLite'
8 | import SQLCipher
9 | #else // Default SPM trait must be the default. It impossible to detect from Xcode.
10 | import GRDBSQLite
| `- error: could not build C module 'GRDBSQLite'
11 | #endif
12 |
[81/245] Compiling GRDB HasOneAssociation.swift
<module-includes>:1:10: note: in file included from <module-includes>:1:
1 | #include "shim.h"
| `- note: in file included from <module-includes>:1:
2 |
/host/spi-builder-workspace/.build/checkouts/GRDB.swift/Sources/GRDBSQLite/shim.h:1:10: error: 'sqlite3.h' file not found
1 | #include <sqlite3.h>
| `- error: 'sqlite3.h' file not found
2 |
3 | typedef void(*_errorLogCallback)(void *pArg, int iErrCode, const char *zMsg);
/host/spi-builder-workspace/.build/checkouts/GRDB.swift/GRDB/Core/Configuration.swift:10:8: error: could not build C module 'GRDBSQLite'
8 | import SQLCipher
9 | #else // Default SPM trait must be the default. It impossible to detect from Xcode.
10 | import GRDBSQLite
| `- error: could not build C module 'GRDBSQLite'
11 | #endif
12 |
[82/245] Compiling GRDB HasOneThroughAssociation.swift
<module-includes>:1:10: note: in file included from <module-includes>:1:
1 | #include "shim.h"
| `- note: in file included from <module-includes>:1:
2 |
/host/spi-builder-workspace/.build/checkouts/GRDB.swift/Sources/GRDBSQLite/shim.h:1:10: error: 'sqlite3.h' file not found
1 | #include <sqlite3.h>
| `- error: 'sqlite3.h' file not found
2 |
3 | typedef void(*_errorLogCallback)(void *pArg, int iErrCode, const char *zMsg);
/host/spi-builder-workspace/.build/checkouts/GRDB.swift/GRDB/Core/Configuration.swift:10:8: error: could not build C module 'GRDBSQLite'
8 | import SQLCipher
9 | #else // Default SPM trait must be the default. It impossible to detect from Xcode.
10 | import GRDBSQLite
| `- error: could not build C module 'GRDBSQLite'
11 | #endif
12 |
[83/245] Compiling GRDB JoinAssociation.swift
<module-includes>:1:10: note: in file included from <module-includes>:1:
1 | #include "shim.h"
| `- note: in file included from <module-includes>:1:
2 |
/host/spi-builder-workspace/.build/checkouts/GRDB.swift/Sources/GRDBSQLite/shim.h:1:10: error: 'sqlite3.h' file not found
1 | #include <sqlite3.h>
| `- error: 'sqlite3.h' file not found
2 |
3 | typedef void(*_errorLogCallback)(void *pArg, int iErrCode, const char *zMsg);
/host/spi-builder-workspace/.build/checkouts/GRDB.swift/GRDB/Core/Configuration.swift:10:8: error: could not build C module 'GRDBSQLite'
8 | import SQLCipher
9 | #else // Default SPM trait must be the default. It impossible to detect from Xcode.
10 | import GRDBSQLite
| `- error: could not build C module 'GRDBSQLite'
11 | #endif
12 |
[84/245] Compiling MetalANNSCore ComputeBackend.swift
/host/spi-builder-workspace/Sources/MetalANNSCore/AccelerateBackend.swift:1:8: error: no such module 'Accelerate'
1 | import Accelerate
| `- error: no such module 'Accelerate'
2 | import Foundation
3 |
[85/245] Compiling MetalANNSCore DiskBackedVectorBuffer.swift
/host/spi-builder-workspace/Sources/MetalANNSCore/AccelerateBackend.swift:1:8: error: no such module 'Accelerate'
1 | import Accelerate
| `- error: no such module 'Accelerate'
2 | import Foundation
3 |
[86/245] Compiling MetalANNSCore Errors.swift
/host/spi-builder-workspace/Sources/MetalANNSCore/AccelerateBackend.swift:1:8: error: no such module 'Accelerate'
1 | import Accelerate
| `- error: no such module 'Accelerate'
2 | import Foundation
3 |
[87/245] Compiling MetalANNSCore FlatGPUSearch.swift
/host/spi-builder-workspace/Sources/MetalANNSCore/AccelerateBackend.swift:1:8: error: no such module 'Accelerate'
1 | import Accelerate
| `- error: no such module 'Accelerate'
2 | import Foundation
3 |
[88/245] Compiling MetalANNSCore Float16VectorBuffer.swift
/host/spi-builder-workspace/Sources/MetalANNSCore/AccelerateBackend.swift:1:8: error: no such module 'Accelerate'
1 | import Accelerate
| `- error: no such module 'Accelerate'
2 | import Foundation
3 |
[89/245] Compiling MetalANNSCore FullGPUSearch.swift
/host/spi-builder-workspace/Sources/MetalANNSCore/AccelerateBackend.swift:1:8: error: no such module 'Accelerate'
1 | import Accelerate
| `- error: no such module 'Accelerate'
2 | import Foundation
3 |
[90/245] Compiling MetalANNSCore GPUADCSearch.swift
/host/spi-builder-workspace/Sources/MetalANNSCore/AccelerateBackend.swift:1:8: error: no such module 'Accelerate'
1 | import Accelerate
| `- error: no such module 'Accelerate'
2 | import Foundation
3 |
[91/245] Compiling GRDB CommonTableExpression.swift
<module-includes>:1:10: note: in file included from <module-includes>:1:
1 | #include "shim.h"
| `- note: in file included from <module-includes>:1:
2 |
/host/spi-builder-workspace/.build/checkouts/GRDB.swift/Sources/GRDBSQLite/shim.h:1:10: error: 'sqlite3.h' file not found
1 | #include <sqlite3.h>
| `- error: 'sqlite3.h' file not found
2 |
3 | typedef void(*_errorLogCallback)(void *pArg, int iErrCode, const char *zMsg);
/host/spi-builder-workspace/.build/checkouts/GRDB.swift/GRDB/Core/Configuration.swift:10:8: error: could not build C module 'GRDBSQLite'
8 | import SQLCipher
9 | #else // Default SPM trait must be the default. It impossible to detect from Xcode.
10 | import GRDBSQLite
| `- error: could not build C module 'GRDBSQLite'
11 | #endif
12 |
[92/245] Compiling GRDB QueryInterfaceRequest.swift
<module-includes>:1:10: note: in file included from <module-includes>:1:
1 | #include "shim.h"
| `- note: in file included from <module-includes>:1:
2 |
/host/spi-builder-workspace/.build/checkouts/GRDB.swift/Sources/GRDBSQLite/shim.h:1:10: error: 'sqlite3.h' file not found
1 | #include <sqlite3.h>
| `- error: 'sqlite3.h' file not found
2 |
3 | typedef void(*_errorLogCallback)(void *pArg, int iErrCode, const char *zMsg);
/host/spi-builder-workspace/.build/checkouts/GRDB.swift/GRDB/Core/Configuration.swift:10:8: error: could not build C module 'GRDBSQLite'
8 | import SQLCipher
9 | #else // Default SPM trait must be the default. It impossible to detect from Xcode.
10 | import GRDBSQLite
| `- error: could not build C module 'GRDBSQLite'
11 | #endif
12 |
[93/245] Compiling GRDB RequestProtocols.swift
<module-includes>:1:10: note: in file included from <module-includes>:1:
1 | #include "shim.h"
| `- note: in file included from <module-includes>:1:
2 |
/host/spi-builder-workspace/.build/checkouts/GRDB.swift/Sources/GRDBSQLite/shim.h:1:10: error: 'sqlite3.h' file not found
1 | #include <sqlite3.h>
| `- error: 'sqlite3.h' file not found
2 |
3 | typedef void(*_errorLogCallback)(void *pArg, int iErrCode, const char *zMsg);
/host/spi-builder-workspace/.build/checkouts/GRDB.swift/GRDB/Core/Configuration.swift:10:8: error: could not build C module 'GRDBSQLite'
8 | import SQLCipher
9 | #else // Default SPM trait must be the default. It impossible to detect from Xcode.
10 | import GRDBSQLite
| `- error: could not build C module 'GRDBSQLite'
11 | #endif
12 |
[94/245] Compiling GRDB Column.swift
<module-includes>:1:10: note: in file included from <module-includes>:1:
1 | #include "shim.h"
| `- note: in file included from <module-includes>:1:
2 |
/host/spi-builder-workspace/.build/checkouts/GRDB.swift/Sources/GRDBSQLite/shim.h:1:10: error: 'sqlite3.h' file not found
1 | #include <sqlite3.h>
| `- error: 'sqlite3.h' file not found
2 |
3 | typedef void(*_errorLogCallback)(void *pArg, int iErrCode, const char *zMsg);
/host/spi-builder-workspace/.build/checkouts/GRDB.swift/GRDB/Core/Configuration.swift:10:8: error: could not build C module 'GRDBSQLite'
8 | import SQLCipher
9 | #else // Default SPM trait must be the default. It impossible to detect from Xcode.
10 | import GRDBSQLite
| `- error: could not build C module 'GRDBSQLite'
11 | #endif
12 |
[95/245] Compiling GRDB DatabasePromise.swift
<module-includes>:1:10: note: in file included from <module-includes>:1:
1 | #include "shim.h"
| `- note: in file included from <module-includes>:1:
2 |
/host/spi-builder-workspace/.build/checkouts/GRDB.swift/Sources/GRDBSQLite/shim.h:1:10: error: 'sqlite3.h' file not found
1 | #include <sqlite3.h>
| `- error: 'sqlite3.h' file not found
2 |
3 | typedef void(*_errorLogCallback)(void *pArg, int iErrCode, const char *zMsg);
/host/spi-builder-workspace/.build/checkouts/GRDB.swift/GRDB/Core/Configuration.swift:10:8: error: could not build C module 'GRDBSQLite'
8 | import SQLCipher
9 | #else // Default SPM trait must be the default. It impossible to detect from Xcode.
10 | import GRDBSQLite
| `- error: could not build C module 'GRDBSQLite'
11 | #endif
12 |
[96/245] Compiling GRDB SQLAssociation.swift
<module-includes>:1:10: note: in file included from <module-includes>:1:
1 | #include "shim.h"
| `- note: in file included from <module-includes>:1:
2 |
/host/spi-builder-workspace/.build/checkouts/GRDB.swift/Sources/GRDBSQLite/shim.h:1:10: error: 'sqlite3.h' file not found
1 | #include <sqlite3.h>
| `- error: 'sqlite3.h' file not found
2 |
3 | typedef void(*_errorLogCallback)(void *pArg, int iErrCode, const char *zMsg);
/host/spi-builder-workspace/.build/checkouts/GRDB.swift/GRDB/Core/Configuration.swift:10:8: error: could not build C module 'GRDBSQLite'
8 | import SQLCipher
9 | #else // Default SPM trait must be the default. It impossible to detect from Xcode.
10 | import GRDBSQLite
| `- error: could not build C module 'GRDBSQLite'
11 | #endif
12 |
[97/245] Compiling GRDB SQLCollection.swift
<module-includes>:1:10: note: in file included from <module-includes>:1:
1 | #include "shim.h"
| `- note: in file included from <module-includes>:1:
2 |
/host/spi-builder-workspace/.build/checkouts/GRDB.swift/Sources/GRDBSQLite/shim.h:1:10: error: 'sqlite3.h' file not found
1 | #include <sqlite3.h>
| `- error: 'sqlite3.h' file not found
2 |
3 | typedef void(*_errorLogCallback)(void *pArg, int iErrCode, const char *zMsg);
/host/spi-builder-workspace/.build/checkouts/GRDB.swift/GRDB/Core/Configuration.swift:10:8: error: could not build C module 'GRDBSQLite'
8 | import SQLCipher
9 | #else // Default SPM trait must be the default. It impossible to detect from Xcode.
10 | import GRDBSQLite
| `- error: could not build C module 'GRDBSQLite'
11 | #endif
12 |
[98/245] Compiling GRDB SQLExpression.swift
<module-includes>:1:10: note: in file included from <module-includes>:1:
1 | #include "shim.h"
| `- note: in file included from <module-includes>:1:
2 |
/host/spi-builder-workspace/.build/checkouts/GRDB.swift/Sources/GRDBSQLite/shim.h:1:10: error: 'sqlite3.h' file not found
1 | #include <sqlite3.h>
| `- error: 'sqlite3.h' file not found
2 |
3 | typedef void(*_errorLogCallback)(void *pArg, int iErrCode, const char *zMsg);
/host/spi-builder-workspace/.build/checkouts/GRDB.swift/GRDB/Core/Configuration.swift:10:8: error: could not build C module 'GRDBSQLite'
8 | import SQLCipher
9 | #else // Default SPM trait must be the default. It impossible to detect from Xcode.
10 | import GRDBSQLite
| `- error: could not build C module 'GRDBSQLite'
11 | #endif
12 |
[99/245] Compiling GRDB SQLForeignKeyRequest.swift
<module-includes>:1:10: note: in file included from <module-includes>:1:
1 | #include "shim.h"
| `- note: in file included from <module-includes>:1:
2 |
/host/spi-builder-workspace/.build/checkouts/GRDB.swift/Sources/GRDBSQLite/shim.h:1:10: error: 'sqlite3.h' file not found
1 | #include <sqlite3.h>
| `- error: 'sqlite3.h' file not found
2 |
3 | typedef void(*_errorLogCallback)(void *pArg, int iErrCode, const char *zMsg);
/host/spi-builder-workspace/.build/checkouts/GRDB.swift/GRDB/Core/Configuration.swift:10:8: error: could not build C module 'GRDBSQLite'
8 | import SQLCipher
9 | #else // Default SPM trait must be the default. It impossible to detect from Xcode.
10 | import GRDBSQLite
| `- error: could not build C module 'GRDBSQLite'
11 | #endif
12 |
[100/245] Compiling GRDB SQLFunctions.swift
<module-includes>:1:10: note: in file included from <module-includes>:1:
1 | #include "shim.h"
| `- note: in file included from <module-includes>:1:
2 |
/host/spi-builder-workspace/.build/checkouts/GRDB.swift/Sources/GRDBSQLite/shim.h:1:10: error: 'sqlite3.h' file not found
1 | #include <sqlite3.h>
| `- error: 'sqlite3.h' file not found
2 |
3 | typedef void(*_errorLogCallback)(void *pArg, int iErrCode, const char *zMsg);
/host/spi-builder-workspace/.build/checkouts/GRDB.swift/GRDB/Core/Configuration.swift:10:8: error: could not build C module 'GRDBSQLite'
8 | import SQLCipher
9 | #else // Default SPM trait must be the default. It impossible to detect from Xcode.
10 | import GRDBSQLite
| `- error: could not build C module 'GRDBSQLite'
11 | #endif
12 |
[101/245] Compiling GRDB SQLOperators.swift
<module-includes>:1:10: note: in file included from <module-includes>:1:
1 | #include "shim.h"
| `- note: in file included from <module-includes>:1:
2 |
/host/spi-builder-workspace/.build/checkouts/GRDB.swift/Sources/GRDBSQLite/shim.h:1:10: error: 'sqlite3.h' file not found
1 | #include <sqlite3.h>
| `- error: 'sqlite3.h' file not found
2 |
3 | typedef void(*_errorLogCallback)(void *pArg, int iErrCode, const char *zMsg);
/host/spi-builder-workspace/.build/checkouts/GRDB.swift/GRDB/Core/Configuration.swift:10:8: error: could not build C module 'GRDBSQLite'
8 | import SQLCipher
9 | #else // Default SPM trait must be the default. It impossible to detect from Xcode.
10 | import GRDBSQLite
| `- error: could not build C module 'GRDBSQLite'
11 | #endif
12 |
/host/spi-builder-workspace/Sources/MetalANNSCore/AccelerateBackend.swift:1:8: error: no such module 'Accelerate'
1 | import Accelerate
| `- error: no such module 'Accelerate'
2 | import Foundation
3 |
[103/245] Compiling MetalANNSCore NNDescentCPU.swift
/host/spi-builder-workspace/Sources/MetalANNSCore/AccelerateBackend.swift:1:8: error: no such module 'Accelerate'
1 | import Accelerate
| `- error: no such module 'Accelerate'
2 | import Foundation
3 |
[104/245] Compiling MetalANNSCore NNDescentGPU.swift
/host/spi-builder-workspace/Sources/MetalANNSCore/AccelerateBackend.swift:1:8: error: no such module 'Accelerate'
1 | import Accelerate
| `- error: no such module 'Accelerate'
2 | import Foundation
3 |
[105/245] Compiling MetalANNSCore PQVectorBuffer.swift
/host/spi-builder-workspace/Sources/MetalANNSCore/AccelerateBackend.swift:1:8: error: no such module 'Accelerate'
1 | import Accelerate
| `- error: no such module 'Accelerate'
2 | import Foundation
3 |
[106/245] Compiling MetalANNSCore ParallelFlatScan.swift
/host/spi-builder-workspace/Sources/MetalANNSCore/AccelerateBackend.swift:1:8: error: no such module 'Accelerate'
1 | import Accelerate
| `- error: no such module 'Accelerate'
2 | import Foundation
3 |
[107/245] Compiling MetalANNSCore PipelineCache.swift
/host/spi-builder-workspace/Sources/MetalANNSCore/AccelerateBackend.swift:1:8: error: no such module 'Accelerate'
1 | import Accelerate
| `- error: no such module 'Accelerate'
2 | import Foundation
3 |
/host/spi-builder-workspace/Sources/MetalANNSCore/AccelerateBackend.swift:1:8: error: no such module 'Accelerate'
1 | import Accelerate
| `- error: no such module 'Accelerate'
2 | import Foundation
3 |
/host/spi-builder-workspace/Sources/MetalANNSCore/AccelerateBackend.swift:1:8: error: no such module 'Accelerate'
1 | import Accelerate
| `- error: no such module 'Accelerate'
2 | import Foundation
3 |
/host/spi-builder-workspace/Sources/MetalANNSCore/AccelerateBackend.swift:1:8: error: no such module 'Accelerate'
1 | import Accelerate
| `- error: no such module 'Accelerate'
2 | import Foundation
3 |
/host/spi-builder-workspace/Sources/MetalANNSCore/AccelerateBackend.swift:1:8: error: no such module 'Accelerate'
1 | import Accelerate
| `- error: no such module 'Accelerate'
2 | import Foundation
3 |
/host/spi-builder-workspace/Sources/MetalANNSCore/AccelerateBackend.swift:1:8: error: no such module 'Accelerate'
1 | import Accelerate
| `- error: no such module 'Accelerate'
2 | import Foundation
3 |
/host/spi-builder-workspace/Sources/MetalANNSCore/AccelerateBackend.swift:1:8: error: no such module 'Accelerate'
1 | import Accelerate
| `- error: no such module 'Accelerate'
2 | import Foundation
3 |
[114/245] Compiling GRDB NSData.swift
<module-includes>:1:10: note: in file included from <module-includes>:1:
1 | #include "shim.h"
| `- note: in file included from <module-includes>:1:
2 |
/host/spi-builder-workspace/.build/checkouts/GRDB.swift/Sources/GRDBSQLite/shim.h:1:10: error: 'sqlite3.h' file not found
1 | #include <sqlite3.h>
| `- error: 'sqlite3.h' file not found
2 |
3 | typedef void(*_errorLogCallback)(void *pArg, int iErrCode, const char *zMsg);
/host/spi-builder-workspace/.build/checkouts/GRDB.swift/GRDB/Core/Configuration.swift:10:8: error: could not build C module 'GRDBSQLite'
8 | import SQLCipher
9 | #else // Default SPM trait must be the default. It impossible to detect from Xcode.
10 | import GRDBSQLite
| `- error: could not build C module 'GRDBSQLite'
11 | #endif
12 |
[115/245] Compiling GRDB NSNull.swift
<module-includes>:1:10: note: in file included from <module-includes>:1:
1 | #include "shim.h"
| `- note: in file included from <module-includes>:1:
2 |
/host/spi-builder-workspace/.build/checkouts/GRDB.swift/Sources/GRDBSQLite/shim.h:1:10: error: 'sqlite3.h' file not found
1 | #include <sqlite3.h>
| `- error: 'sqlite3.h' file not found
2 |
3 | typedef void(*_errorLogCallback)(void *pArg, int iErrCode, const char *zMsg);
/host/spi-builder-workspace/.build/checkouts/GRDB.swift/GRDB/Core/Configuration.swift:10:8: error: could not build C module 'GRDBSQLite'
8 | import SQLCipher
9 | #else // Default SPM trait must be the default. It impossible to detect from Xcode.
10 | import GRDBSQLite
| `- error: could not build C module 'GRDBSQLite'
11 | #endif
12 |
[116/245] Compiling GRDB NSNumber.swift
<module-includes>:1:10: note: in file included from <module-includes>:1:
1 | #include "shim.h"
| `- note: in file included from <module-includes>:1:
2 |
/host/spi-builder-workspace/.build/checkouts/GRDB.swift/Sources/GRDBSQLite/shim.h:1:10: error: 'sqlite3.h' file not found
1 | #include <sqlite3.h>
| `- error: 'sqlite3.h' file not found
2 |
3 | typedef void(*_errorLogCallback)(void *pArg, int iErrCode, const char *zMsg);
/host/spi-builder-workspace/.build/checkouts/GRDB.swift/GRDB/Core/Configuration.swift:10:8: error: could not build C module 'GRDBSQLite'
8 | import SQLCipher
9 | #else // Default SPM trait must be the default. It impossible to detect from Xcode.
10 | import GRDBSQLite
| `- error: could not build C module 'GRDBSQLite'
11 | #endif
12 |
[117/245] Compiling GRDB NSString.swift
<module-includes>:1:10: note: in file included from <module-includes>:1:
1 | #include "shim.h"
| `- note: in file included from <module-includes>:1:
2 |
/host/spi-builder-workspace/.build/checkouts/GRDB.swift/Sources/GRDBSQLite/shim.h:1:10: error: 'sqlite3.h' file not found
1 | #include <sqlite3.h>
| `- error: 'sqlite3.h' file not found
2 |
3 | typedef void(*_errorLogCallback)(void *pArg, int iErrCode, const char *zMsg);
/host/spi-builder-workspace/.build/checkouts/GRDB.swift/GRDB/Core/Configuration.swift:10:8: error: could not build C module 'GRDBSQLite'
8 | import SQLCipher
9 | #else // Default SPM trait must be the default. It impossible to detect from Xcode.
10 | import GRDBSQLite
| `- error: could not build C module 'GRDBSQLite'
11 | #endif
12 |
[118/245] Compiling GRDB SQLiteDateParser.swift
<module-includes>:1:10: note: in file included from <module-includes>:1:
1 | #include "shim.h"
| `- note: in file included from <module-includes>:1:
2 |
/host/spi-builder-workspace/.build/checkouts/GRDB.swift/Sources/GRDBSQLite/shim.h:1:10: error: 'sqlite3.h' file not found
1 | #include <sqlite3.h>
| `- error: 'sqlite3.h' file not found
2 |
3 | typedef void(*_errorLogCallback)(void *pArg, int iErrCode, const char *zMsg);
/host/spi-builder-workspace/.build/checkouts/GRDB.swift/GRDB/Core/Configuration.swift:10:8: error: could not build C module 'GRDBSQLite'
8 | import SQLCipher
9 | #else // Default SPM trait must be the default. It impossible to detect from Xcode.
10 | import GRDBSQLite
| `- error: could not build C module 'GRDBSQLite'
11 | #endif
12 |
[119/245] Compiling GRDB URL.swift
<module-includes>:1:10: note: in file included from <module-includes>:1:
1 | #include "shim.h"
| `- note: in file included from <module-includes>:1:
2 |
/host/spi-builder-workspace/.build/checkouts/GRDB.swift/Sources/GRDBSQLite/shim.h:1:10: error: 'sqlite3.h' file not found
1 | #include <sqlite3.h>
| `- error: 'sqlite3.h' file not found
2 |
3 | typedef void(*_errorLogCallback)(void *pArg, int iErrCode, const char *zMsg);
/host/spi-builder-workspace/.build/checkouts/GRDB.swift/GRDB/Core/Configuration.swift:10:8: error: could not build C module 'GRDBSQLite'
8 | import SQLCipher
9 | #else // Default SPM trait must be the default. It impossible to detect from Xcode.
10 | import GRDBSQLite
| `- error: could not build C module 'GRDBSQLite'
11 | #endif
12 |
[120/245] Compiling GRDB UUID.swift
<module-includes>:1:10: note: in file included from <module-includes>:1:
1 | #include "shim.h"
| `- note: in file included from <module-includes>:1:
2 |
/host/spi-builder-workspace/.build/checkouts/GRDB.swift/Sources/GRDBSQLite/shim.h:1:10: error: 'sqlite3.h' file not found
1 | #include <sqlite3.h>
| `- error: 'sqlite3.h' file not found
2 |
3 | typedef void(*_errorLogCallback)(void *pArg, int iErrCode, const char *zMsg);
/host/spi-builder-workspace/.build/checkouts/GRDB.swift/GRDB/Core/Configuration.swift:10:8: error: could not build C module 'GRDBSQLite'
8 | import SQLCipher
9 | #else // Default SPM trait must be the default. It impossible to detect from Xcode.
10 | import GRDBSQLite
| `- error: could not build C module 'GRDBSQLite'
11 | #endif
12 |
[121/245] Compiling GRDB DatabaseValueConvertible+Decodable.swift
<module-includes>:1:10: note: in file included from <module-includes>:1:
1 | #include "shim.h"
| `- note: in file included from <module-includes>:1:
2 |
/host/spi-builder-workspace/.build/checkouts/GRDB.swift/Sources/GRDBSQLite/shim.h:1:10: error: 'sqlite3.h' file not found
1 | #include <sqlite3.h>
| `- error: 'sqlite3.h' file not found
2 |
3 | typedef void(*_errorLogCallback)(void *pArg, int iErrCode, const char *zMsg);
/host/spi-builder-workspace/.build/checkouts/GRDB.swift/GRDB/Core/Configuration.swift:10:8: error: could not build C module 'GRDBSQLite'
8 | import SQLCipher
9 | #else // Default SPM trait must be the default. It impossible to detect from Xcode.
10 | import GRDBSQLite
| `- error: could not build C module 'GRDBSQLite'
11 | #endif
12 |
[122/245] Compiling GRDB DatabaseValueConvertible+Encodable.swift
<module-includes>:1:10: note: in file included from <module-includes>:1:
1 | #include "shim.h"
| `- note: in file included from <module-includes>:1:
2 |
/host/spi-builder-workspace/.build/checkouts/GRDB.swift/Sources/GRDBSQLite/shim.h:1:10: error: 'sqlite3.h' file not found
1 | #include <sqlite3.h>
| `- error: 'sqlite3.h' file not found
2 |
3 | typedef void(*_errorLogCallback)(void *pArg, int iErrCode, const char *zMsg);
/host/spi-builder-workspace/.build/checkouts/GRDB.swift/GRDB/Core/Configuration.swift:10:8: error: could not build C module 'GRDBSQLite'
8 | import SQLCipher
9 | #else // Default SPM trait must be the default. It impossible to detect from Xcode.
10 | import GRDBSQLite
| `- error: could not build C module 'GRDBSQLite'
11 | #endif
12 |
[123/245] Compiling GRDB DatabaseValueConvertible+RawRepresentable.swift
<module-includes>:1:10: note: in file included from <module-includes>:1:
1 | #include "shim.h"
| `- note: in file included from <module-includes>:1:
2 |
/host/spi-builder-workspace/.build/checkouts/GRDB.swift/Sources/GRDBSQLite/shim.h:1:10: error: 'sqlite3.h' file not found
1 | #include <sqlite3.h>
| `- error: 'sqlite3.h' file not found
2 |
3 | typedef void(*_errorLogCallback)(void *pArg, int iErrCode, const char *zMsg);
/host/spi-builder-workspace/.build/checkouts/GRDB.swift/GRDB/Core/Configuration.swift:10:8: error: could not build C module 'GRDBSQLite'
8 | import SQLCipher
9 | #else // Default SPM trait must be the default. It impossible to detect from Xcode.
10 | import GRDBSQLite
| `- error: could not build C module 'GRDBSQLite'
11 | #endif
12 |
[124/245] Compiling GRDB JSONRequiredEncoder.swift
<module-includes>:1:10: note: in file included from <module-includes>:1:
1 | #include "shim.h"
| `- note: in file included from <module-includes>:1:
2 |
/host/spi-builder-workspace/.build/checkouts/GRDB.swift/Sources/GRDBSQLite/shim.h:1:10: error: 'sqlite3.h' file not found
1 | #include <sqlite3.h>
| `- error: 'sqlite3.h' file not found
2 |
3 | typedef void(*_errorLogCallback)(void *pArg, int iErrCode, const char *zMsg);
/host/spi-builder-workspace/.build/checkouts/GRDB.swift/GRDB/Core/Configuration.swift:10:8: error: could not build C module 'GRDBSQLite'
8 | import SQLCipher
9 | #else // Default SPM trait must be the default. It impossible to detect from Xcode.
10 | import GRDBSQLite
| `- error: could not build C module 'GRDBSQLite'
11 | #endif
12 |
[125/245] Compiling GRDB Optional.swift
<module-includes>:1:10: note: in file included from <module-includes>:1:
1 | #include "shim.h"
| `- note: in file included from <module-includes>:1:
2 |
/host/spi-builder-workspace/.build/checkouts/GRDB.swift/Sources/GRDBSQLite/shim.h:1:10: error: 'sqlite3.h' file not found
1 | #include <sqlite3.h>
| `- error: 'sqlite3.h' file not found
2 |
3 | typedef void(*_errorLogCallback)(void *pArg, int iErrCode, const char *zMsg);
/host/spi-builder-workspace/.build/checkouts/GRDB.swift/GRDB/Core/Configuration.swift:10:8: error: could not build C module 'GRDBSQLite'
8 | import SQLCipher
9 | #else // Default SPM trait must be the default. It impossible to detect from Xcode.
10 | import GRDBSQLite
| `- error: could not build C module 'GRDBSQLite'
11 | #endif
12 |
[126/245] Compiling GRDB StandardLibrary.swift
<module-includes>:1:10: note: in file included from <module-includes>:1:
1 | #include "shim.h"
| `- note: in file included from <module-includes>:1:
2 |
/host/spi-builder-workspace/.build/checkouts/GRDB.swift/Sources/GRDBSQLite/shim.h:1:10: error: 'sqlite3.h' file not found
1 | #include <sqlite3.h>
| `- error: 'sqlite3.h' file not found
2 |
3 | typedef void(*_errorLogCallback)(void *pArg, int iErrCode, const char *zMsg);
/host/spi-builder-workspace/.build/checkouts/GRDB.swift/GRDB/Core/Configuration.swift:10:8: error: could not build C module 'GRDBSQLite'
8 | import SQLCipher
9 | #else // Default SPM trait must be the default. It impossible to detect from Xcode.
10 | import GRDBSQLite
| `- error: could not build C module 'GRDBSQLite'
11 | #endif
12 |
[127/245] Compiling GRDB TransactionClock.swift
<module-includes>:1:10: note: in file included from <module-includes>:1:
1 | #include "shim.h"
| `- note: in file included from <module-includes>:1:
2 |
/host/spi-builder-workspace/.build/checkouts/GRDB.swift/Sources/GRDBSQLite/shim.h:1:10: error: 'sqlite3.h' file not found
1 | #include <sqlite3.h>
| `- error: 'sqlite3.h' file not found
2 |
3 | typedef void(*_errorLogCallback)(void *pArg, int iErrCode, const char *zMsg);
/host/spi-builder-workspace/.build/checkouts/GRDB.swift/GRDB/Core/Configuration.swift:10:8: error: could not build C module 'GRDBSQLite'
8 | import SQLCipher
9 | #else // Default SPM trait must be the default. It impossible to detect from Xcode.
10 | import GRDBSQLite
| `- error: could not build C module 'GRDBSQLite'
11 | #endif
12 |
[128/245] Compiling GRDB TransactionObserver.swift
<module-includes>:1:10: note: in file included from <module-includes>:1:
1 | #include "shim.h"
| `- note: in file included from <module-includes>:1:
2 |
/host/spi-builder-workspace/.build/checkouts/GRDB.swift/Sources/GRDBSQLite/shim.h:1:10: error: 'sqlite3.h' file not found
1 | #include <sqlite3.h>
| `- error: 'sqlite3.h' file not found
2 |
3 | typedef void(*_errorLogCallback)(void *pArg, int iErrCode, const char *zMsg);
/host/spi-builder-workspace/.build/checkouts/GRDB.swift/GRDB/Core/Configuration.swift:10:8: error: could not build C module 'GRDBSQLite'
8 | import SQLCipher
9 | #else // Default SPM trait must be the default. It impossible to detect from Xcode.
10 | import GRDBSQLite
| `- error: could not build C module 'GRDBSQLite'
11 | #endif
12 |
[129/245] Compiling GRDB WALSnapshot.swift
<module-includes>:1:10: note: in file included from <module-includes>:1:
1 | #include "shim.h"
| `- note: in file included from <module-includes>:1:
2 |
/host/spi-builder-workspace/.build/checkouts/GRDB.swift/Sources/GRDBSQLite/shim.h:1:10: error: 'sqlite3.h' file not found
1 | #include <sqlite3.h>
| `- error: 'sqlite3.h' file not found
2 |
3 | typedef void(*_errorLogCallback)(void *pArg, int iErrCode, const char *zMsg);
/host/spi-builder-workspace/.build/checkouts/GRDB.swift/GRDB/Core/Configuration.swift:10:8: error: could not build C module 'GRDBSQLite'
8 | import SQLCipher
9 | #else // Default SPM trait must be the default. It impossible to detect from Xcode.
10 | import GRDBSQLite
| `- error: could not build C module 'GRDBSQLite'
11 | #endif
12 |
[130/245] Compiling GRDB WALSnapshotTransaction.swift
<module-includes>:1:10: note: in file included from <module-includes>:1:
1 | #include "shim.h"
| `- note: in file included from <module-includes>:1:
2 |
/host/spi-builder-workspace/.build/checkouts/GRDB.swift/Sources/GRDBSQLite/shim.h:1:10: error: 'sqlite3.h' file not found
1 | #include <sqlite3.h>
| `- error: 'sqlite3.h' file not found
2 |
3 | typedef void(*_errorLogCallback)(void *pArg, int iErrCode, const char *zMsg);
/host/spi-builder-workspace/.build/checkouts/GRDB.swift/GRDB/Core/Configuration.swift:10:8: error: could not build C module 'GRDBSQLite'
8 | import SQLCipher
9 | #else // Default SPM trait must be the default. It impossible to detect from Xcode.
10 | import GRDBSQLite
| `- error: could not build C module 'GRDBSQLite'
11 | #endif
12 |
[131/245] Compiling GRDB Database+Dump.swift
<module-includes>:1:10: note: in file included from <module-includes>:1:
1 | #include "shim.h"
| `- note: in file included from <module-includes>:1:
2 |
/host/spi-builder-workspace/.build/checkouts/GRDB.swift/Sources/GRDBSQLite/shim.h:1:10: error: 'sqlite3.h' file not found
1 | #include <sqlite3.h>
| `- error: 'sqlite3.h' file not found
2 |
3 | typedef void(*_errorLogCallback)(void *pArg, int iErrCode, const char *zMsg);
/host/spi-builder-workspace/.build/checkouts/GRDB.swift/GRDB/Core/Configuration.swift:10:8: error: could not build C module 'GRDBSQLite'
8 | import SQLCipher
9 | #else // Default SPM trait must be the default. It impossible to detect from Xcode.
10 | import GRDBSQLite
| `- error: could not build C module 'GRDBSQLite'
11 | #endif
12 |
[132/245] Compiling GRDB DatabaseReader+dump.swift
<module-includes>:1:10: note: in file included from <module-includes>:1:
1 | #include "shim.h"
| `- note: in file included from <module-includes>:1:
2 |
/host/spi-builder-workspace/.build/checkouts/GRDB.swift/Sources/GRDBSQLite/shim.h:1:10: error: 'sqlite3.h' file not found
1 | #include <sqlite3.h>
| `- error: 'sqlite3.h' file not found
2 |
3 | typedef void(*_errorLogCallback)(void *pArg, int iErrCode, const char *zMsg);
/host/spi-builder-workspace/.build/checkouts/GRDB.swift/GRDB/Core/Configuration.swift:10:8: error: could not build C module 'GRDBSQLite'
8 | import SQLCipher
9 | #else // Default SPM trait must be the default. It impossible to detect from Xcode.
10 | import GRDBSQLite
| `- error: could not build C module 'GRDBSQLite'
11 | #endif
12 |
[133/245] Compiling GRDB DumpFormat.swift
<module-includes>:1:10: note: in file included from <module-includes>:1:
1 | #include "shim.h"
| `- note: in file included from <module-includes>:1:
2 |
/host/spi-builder-workspace/.build/checkouts/GRDB.swift/Sources/GRDBSQLite/shim.h:1:10: error: 'sqlite3.h' file not found
1 | #include <sqlite3.h>
| `- error: 'sqlite3.h' file not found
2 |
3 | typedef void(*_errorLogCallback)(void *pArg, int iErrCode, const char *zMsg);
/host/spi-builder-workspace/.build/checkouts/GRDB.swift/GRDB/Core/Configuration.swift:10:8: error: could not build C module 'GRDBSQLite'
8 | import SQLCipher
9 | #else // Default SPM trait must be the default. It impossible to detect from Xcode.
10 | import GRDBSQLite
| `- error: could not build C module 'GRDBSQLite'
11 | #endif
12 |
[134/245] Compiling GRDB DebugDumpFormat.swift
<module-includes>:1:10: note: in file included from <module-includes>:1:
1 | #include "shim.h"
| `- note: in file included from <module-includes>:1:
2 |
/host/spi-builder-workspace/.build/checkouts/GRDB.swift/Sources/GRDBSQLite/shim.h:1:10: error: 'sqlite3.h' file not found
1 | #include <sqlite3.h>
| `- error: 'sqlite3.h' file not found
2 |
3 | typedef void(*_errorLogCallback)(void *pArg, int iErrCode, const char *zMsg);
/host/spi-builder-workspace/.build/checkouts/GRDB.swift/GRDB/Core/Configuration.swift:10:8: error: could not build C module 'GRDBSQLite'
8 | import SQLCipher
9 | #else // Default SPM trait must be the default. It impossible to detect from Xcode.
10 | import GRDBSQLite
| `- error: could not build C module 'GRDBSQLite'
11 | #endif
12 |
<module-includes>:1:10: note: in file included from <module-includes>:1:
1 | #include "shim.h"
| `- note: in file included from <module-includes>:1:
2 |
/host/spi-builder-workspace/.build/checkouts/GRDB.swift/Sources/GRDBSQLite/shim.h:1:10: error: 'sqlite3.h' file not found
1 | #include <sqlite3.h>
| `- error: 'sqlite3.h' file not found
2 |
3 | typedef void(*_errorLogCallback)(void *pArg, int iErrCode, const char *zMsg);
BUILD FAILURE 6.3 android