The Swift Package Index logo.Swift Package Index

Build Information

Failed to build NWWebSocket, reference 1.0.0 (770267), with Swift 6.1 for Linux on 4 Oct 2026 07:14:28 UTC.

Build Command

bash -c docker run --pull=always --rm -v "checkouts-54344843-0":/host -w "$PWD" -e JAVA_HOME="/root/.sdkman/candidates/java/current" -e SPI_BUILD="1" -e SPI_PROCESSING="1" registry.gitlab.com/saguaro1/spi-images:basic-6.1-latest swift build --triple x86_64-unknown-linux-gnu 2>&1

Build Log

========================================
RunAll
========================================
Builder version: 5.1.1
Interrupt handler set up.
========================================
Checkout
========================================
Clone URL: https://github.com/pusher/NWWebSocket.git
Reference: 1.0.0
Initialized empty Git repository in /host/spi-builder-workspace/.git/
hint: Using 'master' as the name for the initial branch. This default branch name
hint: is subject to change. To configure the initial branch name to use in all
hint: of your new repositories, which will suppress this warning, call:
hint:
hint: 	git config --global init.defaultBranch <name>
hint:
hint: Names commonly chosen instead of 'master' are 'main', 'trunk' and
hint: 'development'. The just-created branch can be renamed via this command:
hint:
hint: 	git branch -m <name>
From https://github.com/pusher/NWWebSocket
 * tag               1.0.0      -> FETCH_HEAD
HEAD is now at 7702675 Merge pull request #70 from pusher/bump-ios-minimum-to-15
Cloned https://github.com/pusher/NWWebSocket.git
Revision (git rev-parse @):
77026756335b3a9822b92e04b2b20c9b3e1c5c14
SUCCESS checkout https://github.com/pusher/NWWebSocket.git at 1.0.0
========================================
Build
========================================
Selected platform:         linux
Swift version:             6.1
Building package at path:  $PWD
https://github.com/pusher/NWWebSocket.git
https://github.com/pusher/NWWebSocket.git
WARNING: environment variable SUPPRESS_SWIFT_6_FLAGS is not set
Running build ...
bash -c docker run --pull=always --rm -v "checkouts-54344843-0":/host -w "$PWD" -e JAVA_HOME="/root/.sdkman/candidates/java/current" -e SPI_BUILD="1" -e SPI_PROCESSING="1" registry.gitlab.com/saguaro1/spi-images:basic-6.1-latest swift build --triple x86_64-unknown-linux-gnu -Xswiftc -Xfrontend -Xswiftc -stats-output-dir -Xswiftc -Xfrontend -Xswiftc .stats -Xswiftc -strict-concurrency=complete -Xswiftc -enable-upcoming-feature -Xswiftc StrictConcurrency -Xswiftc -enable-upcoming-feature -Xswiftc DisableOutwardActorInference -Xswiftc -enable-upcoming-feature -Xswiftc GlobalActorIsolatedTypesUsability -Xswiftc -enable-upcoming-feature -Xswiftc InferSendableFromCaptures 2>&1
basic-6.1-latest: Pulling from saguaro1/spi-images
Digest: sha256:bebe373f64586285d153a73cebf57004d534988a7110464fd581e50dd24c756b
Status: Image is up to date for registry.gitlab.com/saguaro1/spi-images:basic-6.1-latest
Building for debugging...
[0/2] Write sources
[1/2] Write swift-version-24593BA9C3E375BF.txt
[3/6] Compiling NWWebSocket WebSocketConnection.swift
/host/spi-builder-workspace/Sources/NWWebSocket/Extension/NWConnection+Extension.swift:1:8: error: no such module 'Network'
 1 | import Network
   |        `- error: no such module 'Network'
 2 |
 3 | fileprivate var _intentionalDisconnection: Bool = false
[4/6] Compiling NWWebSocket NWWebSocket.swift
/host/spi-builder-workspace/Sources/NWWebSocket/Extension/NWConnection+Extension.swift:1:8: error: no such module 'Network'
 1 | import Network
   |        `- error: no such module 'Network'
 2 |
 3 | fileprivate var _intentionalDisconnection: Bool = false
[5/6] Compiling NWWebSocket NWConnection+Extension.swift
/host/spi-builder-workspace/Sources/NWWebSocket/Extension/NWConnection+Extension.swift:1:8: error: no such module 'Network'
 1 | import Network
   |        `- error: no such module 'Network'
 2 |
 3 | fileprivate var _intentionalDisconnection: Bool = false
error: emit-module command failed with exit code 1 (use -v to see invocation)
[6/6] Emitting module NWWebSocket
/host/spi-builder-workspace/Sources/NWWebSocket/Extension/NWConnection+Extension.swift:1:8: error: no such module 'Network'
 1 | import Network
   |        `- error: no such module 'Network'
 2 |
 3 | fileprivate var _intentionalDisconnection: Bool = false
Running build ...
bash -c docker run --pull=always --rm -v "checkouts-54344843-0":/host -w "$PWD" -e JAVA_HOME="/root/.sdkman/candidates/java/current" -e SPI_BUILD="1" -e SPI_PROCESSING="1" registry.gitlab.com/saguaro1/spi-images:basic-6.1-latest swift build --triple x86_64-unknown-linux-gnu 2>&1
basic-6.1-latest: Pulling from saguaro1/spi-images
Digest: sha256:bebe373f64586285d153a73cebf57004d534988a7110464fd581e50dd24c756b
Status: Image is up to date for registry.gitlab.com/saguaro1/spi-images:basic-6.1-latest
[0/1] Planning build
Building for debugging...
[0/1] Write swift-version-24593BA9C3E375BF.txt
error: emit-module command failed with exit code 1 (use -v to see invocation)
[2/5] Emitting module NWWebSocket
/host/spi-builder-workspace/Sources/NWWebSocket/Extension/NWConnection+Extension.swift:1:8: error: no such module 'Network'
 1 | import Network
   |        `- error: no such module 'Network'
 2 |
 3 | fileprivate var _intentionalDisconnection: Bool = false
[3/5] Compiling NWWebSocket NWWebSocket.swift
/host/spi-builder-workspace/Sources/NWWebSocket/Extension/NWConnection+Extension.swift:1:8: error: no such module 'Network'
 1 | import Network
   |        `- error: no such module 'Network'
 2 |
 3 | fileprivate var _intentionalDisconnection: Bool = false
[4/5] Compiling NWWebSocket NWConnection+Extension.swift
/host/spi-builder-workspace/Sources/NWWebSocket/Extension/NWConnection+Extension.swift:1:8: error: no such module 'Network'
 1 | import Network
   |        `- error: no such module 'Network'
 2 |
 3 | fileprivate var _intentionalDisconnection: Bool = false
[5/5] Compiling NWWebSocket WebSocketConnection.swift
/host/spi-builder-workspace/Sources/NWWebSocket/Extension/NWConnection+Extension.swift:1:8: error: no such module 'Network'
 1 | import Network
   |        `- error: no such module 'Network'
 2 |
 3 | fileprivate var _intentionalDisconnection: Bool = false
BUILD FAILURE 6.1 linux