Build Information
Failed to build BottomSheet, reference main (3d1238), with Swift 6.4 for watchOS using Xcode 27.0 on 22 Sep 2026 09:29:12 UTC.
Build Command
env DEVELOPER_DIR=/Applications/Xcode-27.0.0-Release.Candidate.app xcrun xcodebuild -IDEClonedSourcePackagesDirPathOverride=$PWD/.dependencies -skipMacroValidation -skipPackagePluginValidation -derivedDataPath $PWD/.derivedData build -scheme BottomSheet -destination generic/platform=watchOSBuild Log
cd /Users/admin/builder/spi-builder-workspace/.swiftpm/xcode
builtin-SwiftPerFileCompile VisualEffectView.swift
SwiftCompile normal arm64_32 Compiling\ UIScrollViewWrapper.swift,\ BundleExtension.swift,\ ColorExtension.swift,\ UIApplicationExtension.swift /Users/admin/builder/spi-builder-workspace/Sources/BottomSheet/Helper/AppleScrollBehaviourScrollView/UIScrollViewWrapper.swift /Users/admin/builder/spi-builder-workspace/Sources/BottomSheet/Helper/Extensions/BundleExtension.swift /Users/admin/builder/spi-builder-workspace/Sources/BottomSheet/Helper/Extensions/ColorExtension.swift /Users/admin/builder/spi-builder-workspace/Sources/BottomSheet/Helper/Extensions/UIApplicationExtension.swift (in target 'BottomSheet' from project 'BottomSheet')
/Users/admin/builder/spi-builder-workspace/Sources/BottomSheet/Helper/AppleScrollBehaviourScrollView/UIScrollViewWrapper.swift:19:18: error: cannot find type 'UIViewControllerRepresentableContext' in scope
17 |
18 | func makeUIViewController(
19 | context: UIViewControllerRepresentableContext<Self>
| `- error: cannot find type 'UIViewControllerRepresentableContext' in scope
20 | ) -> UIScrollViewViewController<Content> {
21 | let viewController = UIScrollViewViewController(rootView: self.content)
/Users/admin/builder/spi-builder-workspace/Sources/BottomSheet/Helper/AppleScrollBehaviourScrollView/UIScrollViewWrapper.swift:28:18: error: cannot find type 'UIViewControllerRepresentableContext' in scope
26 | func updateUIViewController(
27 | _ viewController: UIScrollViewViewController<Content>,
28 | context: UIViewControllerRepresentableContext<Self>
| `- error: cannot find type 'UIViewControllerRepresentableContext' in scope
29 | ) {
30 | // Update the content
/Users/admin/builder/spi-builder-workspace/Sources/BottomSheet/Helper/AppleScrollBehaviourScrollView/UIScrollViewWrapper.swift:206:56: error: 'UIScrollView' is unavailable in watchOS
204 | @Binding fileprivate var isScrollEnabled: Bool
205 |
206 | func scrollViewWillBeginDragging(_ scrollView: UIScrollView) {
| `- error: 'UIScrollView' is unavailable in watchOS
207 | DispatchQueue.main.async {
208 | self.contentOffsetAnimation?.invalidate()
/Applications/Xcode-27.0.0-Release.Candidate.app/Contents/Developer/Platforms/WatchOS.platform/Developer/SDKs/WatchOS27.0.sdk/System/Library/Frameworks/UIKit.framework/Headers/UIScrollView.h:87:12: note: 'UIScrollView' has been explicitly marked unavailable here
85 |
86 | UIKIT_EXTERN API_AVAILABLE(ios(2.0)) API_UNAVAILABLE(watchos) NS_SWIFT_UI_ACTOR
87 | @interface UIScrollView : UIView <NSCoding, UIFocusItemScrollableContainer>
| `- note: 'UIScrollView' has been explicitly marked unavailable here
88 |
89 | @property(nonatomic) CGPoint contentOffset; // default CGPointZero
/Users/admin/builder/spi-builder-workspace/Sources/BottomSheet/Helper/AppleScrollBehaviourScrollView/UIScrollViewWrapper.swift:214:27: error: 'UIScrollView' is unavailable in watchOS
212 |
213 | func scrollViewDidEndDragging(
214 | _ scrollView: UIScrollView,
| `- error: 'UIScrollView' is unavailable in watchOS
215 | willDecelerate decelerate: Bool
216 | ) {
/Applications/Xcode-27.0.0-Release.Candidate.app/Contents/Developer/Platforms/WatchOS.platform/Developer/SDKs/WatchOS27.0.sdk/System/Library/Frameworks/UIKit.framework/Headers/UIScrollView.h:87:12: note: 'UIScrollView' has been explicitly marked unavailable here
85 |
86 | UIKIT_EXTERN API_AVAILABLE(ios(2.0)) API_UNAVAILABLE(watchos) NS_SWIFT_UI_ACTOR
87 | @interface UIScrollView : UIView <NSCoding, UIFocusItemScrollableContainer>
| `- note: 'UIScrollView' has been explicitly marked unavailable here
88 |
89 | @property(nonatomic) CGPoint contentOffset; // default CGPointZero
/Users/admin/builder/spi-builder-workspace/Sources/BottomSheet/Helper/AppleScrollBehaviourScrollView/UIScrollViewWrapper.swift:220:57: error: 'UIScrollView' is unavailable in watchOS
218 | }
219 |
220 | func scrollViewDidEndDecelerating(_ scrollView: UIScrollView) {
| `- error: 'UIScrollView' is unavailable in watchOS
221 | self.updateScroll(for: scrollView.contentOffset)
222 | }
/Applications/Xcode-27.0.0-Release.Candidate.app/Contents/Developer/Platforms/WatchOS.platform/Developer/SDKs/WatchOS27.0.sdk/System/Library/Frameworks/UIKit.framework/Headers/UIScrollView.h:87:12: note: 'UIScrollView' has been explicitly marked unavailable here
85 |
86 | UIKIT_EXTERN API_AVAILABLE(ios(2.0)) API_UNAVAILABLE(watchos) NS_SWIFT_UI_ACTOR
87 | @interface UIScrollView : UIView <NSCoding, UIFocusItemScrollableContainer>
| `- note: 'UIScrollView' has been explicitly marked unavailable here
88 |
89 | @property(nonatomic) CGPoint contentOffset; // default CGPointZero
/Users/admin/builder/spi-builder-workspace/Sources/BottomSheet/Helper/AppleScrollBehaviourScrollView/UIScrollViewWrapper.swift:201:34: error: 'UIScrollViewDelegate' is unavailable in watchOS
199 | }
200 |
201 | class Coordinator: NSObject, UIScrollViewDelegate {
| `- error: 'UIScrollViewDelegate' is unavailable in watchOS
202 |
203 | @Binding fileprivate var contentOffsetAnimation: TimerAnimation?
/Applications/Xcode-27.0.0-Release.Candidate.app/Contents/Developer/Platforms/WatchOS.platform/Developer/SDKs/WatchOS27.0.sdk/System/Library/Frameworks/UIKit.framework/Headers/UIScrollView.h:312:11: note: 'UIScrollViewDelegate' has been explicitly marked unavailable here
310 |
311 | API_UNAVAILABLE(watchos) NS_SWIFT_UI_ACTOR
312 | @protocol UIScrollViewDelegate<NSObject>
| `- note: 'UIScrollViewDelegate' has been explicitly marked unavailable here
313 |
314 | @optional
/Users/admin/builder/spi-builder-workspace/Sources/BottomSheet/Helper/AppleScrollBehaviourScrollView/UIScrollViewWrapper.swift:11:53: error: cannot find type 'UIViewControllerRepresentable' in scope
9 | import SwiftUI
10 |
11 | internal struct UIScrollViewWrapper<Content: View>: UIViewControllerRepresentable {
| `- error: cannot find type 'UIViewControllerRepresentable' in scope
12 |
13 | @State private var contentOffsetAnimation: TimerAnimation?
/Users/admin/builder/spi-builder-workspace/Sources/BottomSheet/Helper/AppleScrollBehaviourScrollView/UIScrollViewWrapper.swift:256:33: error: 'UIScrollView' is unavailable in watchOS
254 | internal class UIScrollViewViewController<Content: View>: UIViewController {
255 |
256 | fileprivate let scrollView: UIScrollView
| `- error: 'UIScrollView' is unavailable in watchOS
257 | fileprivate let hostingController: UIHostingController<Content>
258 |
/Applications/Xcode-27.0.0-Release.Candidate.app/Contents/Developer/Platforms/WatchOS.platform/Developer/SDKs/WatchOS27.0.sdk/System/Library/Frameworks/UIKit.framework/Headers/UIScrollView.h:87:12: note: 'UIScrollView' has been explicitly marked unavailable here
85 |
86 | UIKIT_EXTERN API_AVAILABLE(ios(2.0)) API_UNAVAILABLE(watchos) NS_SWIFT_UI_ACTOR
87 | @interface UIScrollView : UIView <NSCoding, UIFocusItemScrollableContainer>
| `- note: 'UIScrollView' has been explicitly marked unavailable here
88 |
89 | @property(nonatomic) CGPoint contentOffset; // default CGPointZero
/Users/admin/builder/spi-builder-workspace/Sources/BottomSheet/Helper/AppleScrollBehaviourScrollView/UIScrollViewWrapper.swift:257:40: error: cannot find type 'UIHostingController' in scope
255 |
256 | fileprivate let scrollView: UIScrollView
257 | fileprivate let hostingController: UIHostingController<Content>
| `- error: cannot find type 'UIHostingController' in scope
258 |
259 | override func viewDidLoad() {
/Users/admin/builder/spi-builder-workspace/Sources/BottomSheet/Helper/AppleScrollBehaviourScrollView/UIScrollViewWrapper.swift:254:59: error: 'UIViewController' is unavailable in watchOS
252 | }
253 |
254 | internal class UIScrollViewViewController<Content: View>: UIViewController {
| `- error: 'UIViewController' is unavailable in watchOS
255 |
256 | fileprivate let scrollView: UIScrollView
/Applications/Xcode-27.0.0-Release.Candidate.app/Contents/Developer/Platforms/WatchOS.platform/Developer/SDKs/WatchOS27.0.sdk/System/Library/Frameworks/UIKit.framework/Headers/UIViewController.h:104:12: note: 'UIViewController' has been explicitly marked unavailable here
102 |
103 | UIKIT_EXTERN API_AVAILABLE(ios(2.0)) API_UNAVAILABLE(watchos) NS_SWIFT_UI_ACTOR
104 | @interface UIViewController : UIResponder <NSCoding, UIAppearanceContainer, UITraitEnvironment, UIContentContainer, UIFocusEnvironment>
| `- note: 'UIViewController' has been explicitly marked unavailable here
105 |
106 | /*
/Users/admin/builder/spi-builder-workspace/Sources/BottomSheet/Helper/AppleScrollBehaviourScrollView/UIScrollViewWrapper.swift:71:17: error: 'UIScrollView' is unavailable in watchOS
69 |
70 | let velocityY = (value.location.y - value.predictedEndLocation.y) / (
71 | UIScrollView.DecelerationRate.normal.rawValue / (
| `- error: 'UIScrollView' is unavailable in watchOS
72 | 1000.0 * (1.0 - UIScrollView.DecelerationRate.normal.rawValue)
73 | )
/Applications/Xcode-27.0.0-Release.Candidate.app/Contents/Developer/Platforms/WatchOS.platform/Developer/SDKs/WatchOS27.0.sdk/System/Library/Frameworks/UIKit.framework/Headers/UIScrollView.h:87:12: note: 'UIScrollView' has been explicitly marked unavailable here
85 |
86 | UIKIT_EXTERN API_AVAILABLE(ios(2.0)) API_UNAVAILABLE(watchos) NS_SWIFT_UI_ACTOR
87 | @interface UIScrollView : UIView <NSCoding, UIFocusItemScrollableContainer>
| `- note: 'UIScrollView' has been explicitly marked unavailable here
88 |
89 | @property(nonatomic) CGPoint contentOffset; // default CGPointZero
/Users/admin/builder/spi-builder-workspace/Sources/BottomSheet/Helper/AppleScrollBehaviourScrollView/UIScrollViewWrapper.swift:71:47: error: 'normal' is unavailable in watchOS
69 |
70 | let velocityY = (value.location.y - value.predictedEndLocation.y) / (
71 | UIScrollView.DecelerationRate.normal.rawValue / (
| `- error: 'normal' is unavailable in watchOS
72 | 1000.0 * (1.0 - UIScrollView.DecelerationRate.normal.rawValue)
73 | )
/Applications/Xcode-27.0.0-Release.Candidate.app/Contents/Developer/Platforms/WatchOS.platform/Developer/SDKs/WatchOS27.0.sdk/System/Library/Frameworks/UIKit.framework/Headers/UIScrollView.h:46:49: note: 'normal' has been explicitly marked unavailable here
44 | typedef CGFloat UIScrollViewDecelerationRate NS_TYPED_ENUM API_UNAVAILABLE(watchos);
45 |
46 | UIKIT_EXTERN const UIScrollViewDecelerationRate UIScrollViewDecelerationRateNormal API_AVAILABLE(ios(3.0)) API_UNAVAILABLE(watchos);
| `- note: 'normal' has been explicitly marked unavailable here
47 | UIKIT_EXTERN const UIScrollViewDecelerationRate UIScrollViewDecelerationRateFast API_AVAILABLE(ios(3.0)) API_UNAVAILABLE(watchos);
48 |
/Users/admin/builder/spi-builder-workspace/Sources/BottomSheet/Helper/AppleScrollBehaviourScrollView/UIScrollViewWrapper.swift:72:37: error: 'UIScrollView' is unavailable in watchOS
70 | let velocityY = (value.location.y - value.predictedEndLocation.y) / (
71 | UIScrollView.DecelerationRate.normal.rawValue / (
72 | 1000.0 * (1.0 - UIScrollView.DecelerationRate.normal.rawValue)
| `- error: 'UIScrollView' is unavailable in watchOS
73 | )
74 | )
/Applications/Xcode-27.0.0-Release.Candidate.app/Contents/Developer/Platforms/WatchOS.platform/Developer/SDKs/WatchOS27.0.sdk/System/Library/Frameworks/UIKit.framework/Headers/UIScrollView.h:87:12: note: 'UIScrollView' has been explicitly marked unavailable here
85 |
86 | UIKIT_EXTERN API_AVAILABLE(ios(2.0)) API_UNAVAILABLE(watchos) NS_SWIFT_UI_ACTOR
87 | @interface UIScrollView : UIView <NSCoding, UIFocusItemScrollableContainer>
| `- note: 'UIScrollView' has been explicitly marked unavailable here
88 |
89 | @property(nonatomic) CGPoint contentOffset; // default CGPointZero
/Users/admin/builder/spi-builder-workspace/Sources/BottomSheet/Helper/AppleScrollBehaviourScrollView/UIScrollViewWrapper.swift:72:67: error: 'normal' is unavailable in watchOS
70 | let velocityY = (value.location.y - value.predictedEndLocation.y) / (
71 | UIScrollView.DecelerationRate.normal.rawValue / (
72 | 1000.0 * (1.0 - UIScrollView.DecelerationRate.normal.rawValue)
| `- error: 'normal' is unavailable in watchOS
73 | )
74 | )
/Applications/Xcode-27.0.0-Release.Candidate.app/Contents/Developer/Platforms/WatchOS.platform/Developer/SDKs/WatchOS27.0.sdk/System/Library/Frameworks/UIKit.framework/Headers/UIScrollView.h:46:49: note: 'normal' has been explicitly marked unavailable here
44 | typedef CGFloat UIScrollViewDecelerationRate NS_TYPED_ENUM API_UNAVAILABLE(watchos);
45 |
46 | UIKIT_EXTERN const UIScrollViewDecelerationRate UIScrollViewDecelerationRateNormal API_AVAILABLE(ios(3.0)) API_UNAVAILABLE(watchos);
| `- note: 'normal' has been explicitly marked unavailable here
47 | UIKIT_EXTERN const UIScrollViewDecelerationRate UIScrollViewDecelerationRateFast API_AVAILABLE(ios(3.0)) API_UNAVAILABLE(watchos);
48 |
/Users/admin/builder/spi-builder-workspace/Sources/BottomSheet/Helper/AppleScrollBehaviourScrollView/UIScrollViewWrapper.swift:117:41: error: 'UIScrollView' is unavailable in watchOS
115 | ) {
116 | let initialValueY: CGFloat = viewController.scrollView.contentOffset.y
117 | let decelerationRate: CGFloat = UIScrollView.DecelerationRate.normal.rawValue
| `- error: 'UIScrollView' is unavailable in watchOS
118 | let dCoeff = 1000 * log(decelerationRate)
119 | let duration: TimeInterval = velocityY == 0 ? 0 : TimeInterval(
/Applications/Xcode-27.0.0-Release.Candidate.app/Contents/Developer/Platforms/WatchOS.platform/Developer/SDKs/WatchOS27.0.sdk/System/Library/Frameworks/UIKit.framework/Headers/UIScrollView.h:87:12: note: 'UIScrollView' has been explicitly marked unavailable here
85 |
86 | UIKIT_EXTERN API_AVAILABLE(ios(2.0)) API_UNAVAILABLE(watchos) NS_SWIFT_UI_ACTOR
87 | @interface UIScrollView : UIView <NSCoding, UIFocusItemScrollableContainer>
| `- note: 'UIScrollView' has been explicitly marked unavailable here
88 |
89 | @property(nonatomic) CGPoint contentOffset; // default CGPointZero
/Users/admin/builder/spi-builder-workspace/Sources/BottomSheet/Helper/AppleScrollBehaviourScrollView/UIScrollViewWrapper.swift:117:71: error: 'normal' is unavailable in watchOS
115 | ) {
116 | let initialValueY: CGFloat = viewController.scrollView.contentOffset.y
117 | let decelerationRate: CGFloat = UIScrollView.DecelerationRate.normal.rawValue
| `- error: 'normal' is unavailable in watchOS
118 | let dCoeff = 1000 * log(decelerationRate)
119 | let duration: TimeInterval = velocityY == 0 ? 0 : TimeInterval(
/Applications/Xcode-27.0.0-Release.Candidate.app/Contents/Developer/Platforms/WatchOS.platform/Developer/SDKs/WatchOS27.0.sdk/System/Library/Frameworks/UIKit.framework/Headers/UIScrollView.h:46:49: note: 'normal' has been explicitly marked unavailable here
44 | typedef CGFloat UIScrollViewDecelerationRate NS_TYPED_ENUM API_UNAVAILABLE(watchos);
45 |
46 | UIKIT_EXTERN const UIScrollViewDecelerationRate UIScrollViewDecelerationRateNormal API_AVAILABLE(ios(3.0)) API_UNAVAILABLE(watchos);
| `- note: 'normal' has been explicitly marked unavailable here
47 | UIKIT_EXTERN const UIScrollViewDecelerationRate UIScrollViewDecelerationRateFast API_AVAILABLE(ios(3.0)) API_UNAVAILABLE(watchos);
48 |
/Users/admin/builder/spi-builder-workspace/Sources/BottomSheet/Helper/AppleScrollBehaviourScrollView/UIScrollViewWrapper.swift:167:21: error: 'UIScreen' is unavailable in watchOS
165 | let scale = viewController.traitCollection.displayScale
166 | #else
167 | let scale = UIScreen.main.scale
| `- error: 'UIScreen' is unavailable in watchOS
168 | #endif
169 | let threshold = 0.5 / scale
/Applications/Xcode-27.0.0-Release.Candidate.app/Contents/Developer/Platforms/WatchOS.platform/Developer/SDKs/WatchOS27.0.sdk/System/Library/Frameworks/UIKit.framework/Headers/UIScreen.h:54:12: note: 'UIScreen' has been explicitly marked unavailable here
52 |
53 | UIKIT_EXTERN API_AVAILABLE(ios(2.0)) API_UNAVAILABLE(visionos, watchos) NS_SWIFT_UI_ACTOR
54 | @interface UIScreen : NSObject <UITraitEnvironment>
| `- note: 'UIScreen' has been explicitly marked unavailable here
55 |
56 | @property(class, nonatomic, readonly) NSArray<UIScreen *> *screens API_DEPRECATED("Use UIApplication.shared.openSessions to find open sessions with scenes from other screens", ios(3.2, 16.0), visionos(1.0, 1.0)) API_UNAVAILABLE(watchos); // all screens currently attached to the device
/Users/admin/builder/spi-builder-workspace/Sources/BottomSheet/Helper/AppleScrollBehaviourScrollView/UIScrollViewWrapper.swift:167:30: error: 'main' is unavailable in watchOS
165 | let scale = viewController.traitCollection.displayScale
166 | #else
167 | let scale = UIScreen.main.scale
| `- error: 'main' is unavailable in watchOS
168 | #endif
169 | let threshold = 0.5 / scale
/Applications/Xcode-27.0.0-Release.Candidate.app/Contents/Developer/Platforms/WatchOS.platform/Developer/SDKs/WatchOS27.0.sdk/System/Library/Frameworks/UIKit.framework/Headers/UIScreen.h:57:49: note: 'main' has been explicitly marked unavailable here
55 |
56 | @property(class, nonatomic, readonly) NSArray<UIScreen *> *screens API_DEPRECATED("Use UIApplication.shared.openSessions to find open sessions with scenes from other screens", ios(3.2, 16.0), visionos(1.0, 1.0)) API_UNAVAILABLE(watchos); // all screens currently attached to the device
57 | @property(class, nonatomic, readonly) UIScreen *mainScreen API_DEPRECATED("Use a UIScreen instance found through context instead (i.e, view.window.windowScene.screen), or for properties like UIScreen.scale with trait equivalents, use a traitCollection found through context.", ios(2.0, 26.0), tvos(9.0, 26.0), visionos(1.0, 26.0)) API_UNAVAILABLE(watchos);
| `- note: 'main' has been explicitly marked unavailable here
58 |
59 | @property(nonatomic,readonly) CGRect bounds; // Bounds of entire screen in points
/Users/admin/builder/spi-builder-workspace/Sources/BottomSheet/Helper/AppleScrollBehaviourScrollView/UIScrollViewWrapper.swift:285:9: error: 'NSLayoutConstraint' is unavailable in watchOS
283 | // ScrollView Constraints
284 | private func createConstraints() {
285 | NSLayoutConstraint.activate([
| `- error: 'NSLayoutConstraint' is unavailable in watchOS
286 | self.scrollView.leadingAnchor.constraint(equalTo: self.view.leadingAnchor),
287 | self.scrollView.trailingAnchor.constraint(equalTo: self.view.trailingAnchor),
/Applications/Xcode-27.0.0-Release.Candidate.app/Contents/Developer/Platforms/WatchOS.platform/Developer/SDKs/WatchOS27.0.sdk/System/Library/Frameworks/UIKit.framework/Headers/NSLayoutConstraint.h:126:12: note: 'NSLayoutConstraint' has been explicitly marked unavailable here
124 |
125 | NSLAYOUTCONSTRAINT_EXTERN API_AVAILABLE(macos(10.7), ios(6.0), tvos(9.0)) API_UNAVAILABLE(watchos) NS_SWIFT_UI_ACTOR
126 | @interface NSLayoutConstraint : NSObject
| `- note: 'NSLayoutConstraint' has been explicitly marked unavailable here
127 |
128 | /* Create an array of constraints using an ASCII-art-like visual format string. The values of the `metrics` dictionary should be NSNumber (or some other type that responds to -doubleValue and returns a double).
/Users/admin/builder/spi-builder-workspace/Sources/BottomSheet/Helper/AppleScrollBehaviourScrollView/UIScrollViewWrapper.swift:295:26: error: 'UIScrollView' is unavailable in watchOS
293 | fileprivate init(rootView: Content) {
294 | // Create the UIScrollView
295 | let scrollView = UIScrollView()
| `- error: 'UIScrollView' is unavailable in watchOS
296 | scrollView.translatesAutoresizingMaskIntoConstraints = false
297 | scrollView.alwaysBounceVertical = true
/Applications/Xcode-27.0.0-Release.Candidate.app/Contents/Developer/Platforms/WatchOS.platform/Developer/SDKs/WatchOS27.0.sdk/System/Library/Frameworks/UIKit.framework/Headers/UIScrollView.h:87:12: note: 'UIScrollView' has been explicitly marked unavailable here
85 |
86 | UIKIT_EXTERN API_AVAILABLE(ios(2.0)) API_UNAVAILABLE(watchos) NS_SWIFT_UI_ACTOR
87 | @interface UIScrollView : UIView <NSCoding, UIFocusItemScrollableContainer>
| `- note: 'UIScrollView' has been explicitly marked unavailable here
88 |
89 | @property(nonatomic) CGPoint contentOffset; // default CGPointZero
/Users/admin/builder/spi-builder-workspace/Sources/BottomSheet/Helper/AppleScrollBehaviourScrollView/UIScrollViewWrapper.swift:295:26: error: 'init()' is unavailable in watchOS
293 | fileprivate init(rootView: Content) {
294 | // Create the UIScrollView
295 | let scrollView = UIScrollView()
| `- error: 'init()' is unavailable in watchOS
296 | scrollView.translatesAutoresizingMaskIntoConstraints = false
297 | scrollView.alwaysBounceVertical = true
/Applications/Xcode-27.0.0-Release.Candidate.app/Contents/Developer/Platforms/WatchOS.platform/Developer/SDKs/WatchOS27.0.sdk/System/Library/Frameworks/UIKit.framework/Headers/UIView.h:158:1: note: 'init()' has been explicitly marked unavailable here
156 | - (instancetype)initWithFrame:(CGRect)frame NS_DESIGNATED_INITIALIZER;
157 | - (nullable instancetype)initWithCoder:(NSCoder *)coder NS_DESIGNATED_INITIALIZER;
158 | - (instancetype)init API_AVAILABLE(ios(2.0), tvos(9.0), visionos(1.0)) API_UNAVAILABLE(watchos);
| `- note: 'init()' has been explicitly marked unavailable here
159 |
160 | @property(nonatomic,getter=isUserInteractionEnabled) BOOL userInteractionEnabled; // default is YES. if set to NO, user events (touch, keys) are ignored and removed from the event queue.
/Users/admin/builder/spi-builder-workspace/Sources/BottomSheet/Helper/AppleScrollBehaviourScrollView/UIScrollViewWrapper.swift:302:33: error: cannot find 'UIHostingController' in scope
300 |
301 | // Create the UIHostingController
302 | let hostingController = UIHostingController(rootView: rootView)
| `- error: cannot find 'UIHostingController' in scope
303 | hostingController.view.backgroundColor = .clear
304 | self.hostingController = hostingController
/Users/admin/builder/spi-builder-workspace/Sources/BottomSheet/Helper/AppleScrollBehaviourScrollView/UIScrollViewWrapper.swift:303:51: error: cannot infer contextual base in reference to member 'clear'
301 | // Create the UIHostingController
302 | let hostingController = UIHostingController(rootView: rootView)
303 | hostingController.view.backgroundColor = .clear
| `- error: cannot infer contextual base in reference to member 'clear'
304 | self.hostingController = hostingController
305 |
/Users/admin/builder/spi-builder-workspace/Sources/BottomSheet/Helper/Extensions/ColorExtension.swift:14:46: error: 'tertiaryLabel' is unavailable in watchOS
12 | static var tertiaryLabel = Color(NSColor.tertiaryLabelColor)
13 | #else
14 | static var tertiaryLabel = Color(UIColor.tertiaryLabel)
| `- error: 'tertiaryLabel' is unavailable in watchOS
15 | #endif
16 | }
/Applications/Xcode-27.0.0-Release.Candidate.app/Contents/Developer/Platforms/WatchOS.platform/Developer/SDKs/WatchOS27.0.sdk/System/Library/Frameworks/UIKit.framework/Headers/UIInterface.h:173:49: note: 'tertiaryLabel' has been explicitly marked unavailable here
171 | @property (class, nonatomic, readonly) UIColor *labelColor API_AVAILABLE(ios(13.0), tvos(13.0)) API_UNAVAILABLE(watchos);
172 | @property (class, nonatomic, readonly) UIColor *secondaryLabelColor API_AVAILABLE(ios(13.0), tvos(13.0)) API_UNAVAILABLE(watchos);
173 | @property (class, nonatomic, readonly) UIColor *tertiaryLabelColor API_AVAILABLE(ios(13.0), tvos(13.0)) API_UNAVAILABLE(watchos);
| `- note: 'tertiaryLabel' has been explicitly marked unavailable here
174 | @property (class, nonatomic, readonly) UIColor *quaternaryLabelColor API_AVAILABLE(ios(13.0), tvos(13.0)) API_UNAVAILABLE(watchos);
175 |
SwiftCompile normal arm64_32 /Users/admin/builder/spi-builder-workspace/Sources/BottomSheet/Helper/AppleScrollBehaviourScrollView/UIScrollViewWrapper.swift (in target 'BottomSheet' from project 'BottomSheet')
cd /Users/admin/builder/spi-builder-workspace/.swiftpm/xcode
builtin-SwiftPerFileCompile UIScrollViewWrapper.swift
SwiftCompile normal arm64_32 /Users/admin/builder/spi-builder-workspace/Sources/BottomSheet/Helper/Extensions/BundleExtension.swift (in target 'BottomSheet' from project 'BottomSheet')
cd /Users/admin/builder/spi-builder-workspace/.swiftpm/xcode
builtin-SwiftPerFileCompile BundleExtension.swift
SwiftCompile normal arm64_32 /Users/admin/builder/spi-builder-workspace/Sources/BottomSheet/Helper/Extensions/ColorExtension.swift (in target 'BottomSheet' from project 'BottomSheet')
cd /Users/admin/builder/spi-builder-workspace/.swiftpm/xcode
builtin-SwiftPerFileCompile ColorExtension.swift
SwiftCompile normal arm64_32 /Users/admin/builder/spi-builder-workspace/Sources/BottomSheet/Helper/Extensions/UIApplicationExtension.swift (in target 'BottomSheet' from project 'BottomSheet')
cd /Users/admin/builder/spi-builder-workspace/.swiftpm/xcode
builtin-SwiftPerFileCompile UIApplicationExtension.swift
SwiftEmitModule normal arm64_32 Emitting\ module\ for\ BottomSheet (in target 'BottomSheet' from project 'BottomSheet')
/Users/admin/builder/spi-builder-workspace/Sources/BottomSheet/Helper/AppleScrollBehaviourScrollView/TimerAnimation.swift:60:35: error: 'CADisplayLink' is unavailable in watchOS
58 | private let animations: Animations
59 | private let completion: Completion?
60 | private weak var displayLink: CADisplayLink?
| `- error: 'CADisplayLink' is unavailable in watchOS
61 |
62 | private var running: Bool = true
/Applications/Xcode-27.0.0-Release.Candidate.app/Contents/Developer/Platforms/WatchOS.platform/Developer/SDKs/WatchOS27.0.sdk/System/Library/Frameworks/QuartzCore.framework/Headers/CADisplayLink.h:21:12: note: 'CADisplayLink' has been explicitly marked unavailable here
19 | API_AVAILABLE(macos(14.0))
20 |
21 | @interface CADisplayLink : NSObject
| `- note: 'CADisplayLink' has been explicitly marked unavailable here
22 | {
23 | @private
/Users/admin/builder/spi-builder-workspace/Sources/BottomSheet/Helper/AppleScrollBehaviourScrollView/TimerAnimation.swift:66:51: error: 'CADisplayLink' is unavailable in watchOS
64 | private let firstFrameTimestamp: CFTimeInterval
65 |
66 | @objc private func handleFrame(_ displayLink: CADisplayLink) {
| `- error: 'CADisplayLink' is unavailable in watchOS
67 | guard self.running else {
68 | return
/Applications/Xcode-27.0.0-Release.Candidate.app/Contents/Developer/Platforms/WatchOS.platform/Developer/SDKs/WatchOS27.0.sdk/System/Library/Frameworks/QuartzCore.framework/Headers/CADisplayLink.h:21:12: note: 'CADisplayLink' has been explicitly marked unavailable here
19 | API_AVAILABLE(macos(14.0))
20 |
21 | @interface CADisplayLink : NSObject
| `- note: 'CADisplayLink' has been explicitly marked unavailable here
22 | {
23 | @private
/Users/admin/builder/spi-builder-workspace/Sources/BottomSheet/Helper/AppleScrollBehaviourScrollView/UIScrollViewWrapper.swift:19:18: error: cannot find type 'UIViewControllerRepresentableContext' in scope
17 |
18 | func makeUIViewController(
19 | context: UIViewControllerRepresentableContext<Self>
| `- error: cannot find type 'UIViewControllerRepresentableContext' in scope
20 | ) -> UIScrollViewViewController<Content> {
21 | let viewController = UIScrollViewViewController(rootView: self.content)
/Users/admin/builder/spi-builder-workspace/Sources/BottomSheet/Helper/AppleScrollBehaviourScrollView/UIScrollViewWrapper.swift:28:18: error: cannot find type 'UIViewControllerRepresentableContext' in scope
26 | func updateUIViewController(
27 | _ viewController: UIScrollViewViewController<Content>,
28 | context: UIViewControllerRepresentableContext<Self>
| `- error: cannot find type 'UIViewControllerRepresentableContext' in scope
29 | ) {
30 | // Update the content
/Users/admin/builder/spi-builder-workspace/Sources/BottomSheet/Helper/AppleScrollBehaviourScrollView/UIScrollViewWrapper.swift:206:56: error: 'UIScrollView' is unavailable in watchOS
204 | @Binding fileprivate var isScrollEnabled: Bool
205 |
206 | func scrollViewWillBeginDragging(_ scrollView: UIScrollView) {
| `- error: 'UIScrollView' is unavailable in watchOS
207 | DispatchQueue.main.async {
208 | self.contentOffsetAnimation?.invalidate()
/Applications/Xcode-27.0.0-Release.Candidate.app/Contents/Developer/Platforms/WatchOS.platform/Developer/SDKs/WatchOS27.0.sdk/System/Library/Frameworks/UIKit.framework/Headers/UIScrollView.h:87:12: note: 'UIScrollView' has been explicitly marked unavailable here
85 |
86 | UIKIT_EXTERN API_AVAILABLE(ios(2.0)) API_UNAVAILABLE(watchos) NS_SWIFT_UI_ACTOR
87 | @interface UIScrollView : UIView <NSCoding, UIFocusItemScrollableContainer>
| `- note: 'UIScrollView' has been explicitly marked unavailable here
88 |
89 | @property(nonatomic) CGPoint contentOffset; // default CGPointZero
/Users/admin/builder/spi-builder-workspace/Sources/BottomSheet/Helper/AppleScrollBehaviourScrollView/UIScrollViewWrapper.swift:214:27: error: 'UIScrollView' is unavailable in watchOS
212 |
213 | func scrollViewDidEndDragging(
214 | _ scrollView: UIScrollView,
| `- error: 'UIScrollView' is unavailable in watchOS
215 | willDecelerate decelerate: Bool
216 | ) {
/Applications/Xcode-27.0.0-Release.Candidate.app/Contents/Developer/Platforms/WatchOS.platform/Developer/SDKs/WatchOS27.0.sdk/System/Library/Frameworks/UIKit.framework/Headers/UIScrollView.h:87:12: note: 'UIScrollView' has been explicitly marked unavailable here
85 |
86 | UIKIT_EXTERN API_AVAILABLE(ios(2.0)) API_UNAVAILABLE(watchos) NS_SWIFT_UI_ACTOR
87 | @interface UIScrollView : UIView <NSCoding, UIFocusItemScrollableContainer>
| `- note: 'UIScrollView' has been explicitly marked unavailable here
88 |
89 | @property(nonatomic) CGPoint contentOffset; // default CGPointZero
/Users/admin/builder/spi-builder-workspace/Sources/BottomSheet/Helper/AppleScrollBehaviourScrollView/UIScrollViewWrapper.swift:220:57: error: 'UIScrollView' is unavailable in watchOS
218 | }
219 |
220 | func scrollViewDidEndDecelerating(_ scrollView: UIScrollView) {
| `- error: 'UIScrollView' is unavailable in watchOS
221 | self.updateScroll(for: scrollView.contentOffset)
222 | }
/Applications/Xcode-27.0.0-Release.Candidate.app/Contents/Developer/Platforms/WatchOS.platform/Developer/SDKs/WatchOS27.0.sdk/System/Library/Frameworks/UIKit.framework/Headers/UIScrollView.h:87:12: note: 'UIScrollView' has been explicitly marked unavailable here
85 |
86 | UIKIT_EXTERN API_AVAILABLE(ios(2.0)) API_UNAVAILABLE(watchos) NS_SWIFT_UI_ACTOR
87 | @interface UIScrollView : UIView <NSCoding, UIFocusItemScrollableContainer>
| `- note: 'UIScrollView' has been explicitly marked unavailable here
88 |
89 | @property(nonatomic) CGPoint contentOffset; // default CGPointZero
/Users/admin/builder/spi-builder-workspace/Sources/BottomSheet/Helper/AppleScrollBehaviourScrollView/UIScrollViewWrapper.swift:201:34: error: 'UIScrollViewDelegate' is unavailable in watchOS
199 | }
200 |
201 | class Coordinator: NSObject, UIScrollViewDelegate {
| `- error: 'UIScrollViewDelegate' is unavailable in watchOS
202 |
203 | @Binding fileprivate var contentOffsetAnimation: TimerAnimation?
/Applications/Xcode-27.0.0-Release.Candidate.app/Contents/Developer/Platforms/WatchOS.platform/Developer/SDKs/WatchOS27.0.sdk/System/Library/Frameworks/UIKit.framework/Headers/UIScrollView.h:312:11: note: 'UIScrollViewDelegate' has been explicitly marked unavailable here
310 |
311 | API_UNAVAILABLE(watchos) NS_SWIFT_UI_ACTOR
312 | @protocol UIScrollViewDelegate<NSObject>
| `- note: 'UIScrollViewDelegate' has been explicitly marked unavailable here
313 |
314 | @optional
/Users/admin/builder/spi-builder-workspace/Sources/BottomSheet/Helper/AppleScrollBehaviourScrollView/UIScrollViewWrapper.swift:11:53: error: cannot find type 'UIViewControllerRepresentable' in scope
9 | import SwiftUI
10 |
11 | internal struct UIScrollViewWrapper<Content: View>: UIViewControllerRepresentable {
| `- error: cannot find type 'UIViewControllerRepresentable' in scope
12 |
13 | @State private var contentOffsetAnimation: TimerAnimation?
/Users/admin/builder/spi-builder-workspace/Sources/BottomSheet/Helper/AppleScrollBehaviourScrollView/UIScrollViewWrapper.swift:256:33: error: 'UIScrollView' is unavailable in watchOS
254 | internal class UIScrollViewViewController<Content: View>: UIViewController {
255 |
256 | fileprivate let scrollView: UIScrollView
| `- error: 'UIScrollView' is unavailable in watchOS
257 | fileprivate let hostingController: UIHostingController<Content>
258 |
/Applications/Xcode-27.0.0-Release.Candidate.app/Contents/Developer/Platforms/WatchOS.platform/Developer/SDKs/WatchOS27.0.sdk/System/Library/Frameworks/UIKit.framework/Headers/UIScrollView.h:87:12: note: 'UIScrollView' has been explicitly marked unavailable here
85 |
86 | UIKIT_EXTERN API_AVAILABLE(ios(2.0)) API_UNAVAILABLE(watchos) NS_SWIFT_UI_ACTOR
87 | @interface UIScrollView : UIView <NSCoding, UIFocusItemScrollableContainer>
| `- note: 'UIScrollView' has been explicitly marked unavailable here
88 |
89 | @property(nonatomic) CGPoint contentOffset; // default CGPointZero
/Users/admin/builder/spi-builder-workspace/Sources/BottomSheet/Helper/AppleScrollBehaviourScrollView/UIScrollViewWrapper.swift:257:40: error: cannot find type 'UIHostingController' in scope
255 |
256 | fileprivate let scrollView: UIScrollView
257 | fileprivate let hostingController: UIHostingController<Content>
| `- error: cannot find type 'UIHostingController' in scope
258 |
259 | override func viewDidLoad() {
/Users/admin/builder/spi-builder-workspace/Sources/BottomSheet/Helper/AppleScrollBehaviourScrollView/UIScrollViewWrapper.swift:254:59: error: 'UIViewController' is unavailable in watchOS
252 | }
253 |
254 | internal class UIScrollViewViewController<Content: View>: UIViewController {
| `- error: 'UIViewController' is unavailable in watchOS
255 |
256 | fileprivate let scrollView: UIScrollView
/Applications/Xcode-27.0.0-Release.Candidate.app/Contents/Developer/Platforms/WatchOS.platform/Developer/SDKs/WatchOS27.0.sdk/System/Library/Frameworks/UIKit.framework/Headers/UIViewController.h:104:12: note: 'UIViewController' has been explicitly marked unavailable here
102 |
103 | UIKIT_EXTERN API_AVAILABLE(ios(2.0)) API_UNAVAILABLE(watchos) NS_SWIFT_UI_ACTOR
104 | @interface UIViewController : UIResponder <NSCoding, UIAppearanceContainer, UITraitEnvironment, UIContentContainer, UIFocusEnvironment>
| `- note: 'UIViewController' has been explicitly marked unavailable here
105 |
106 | /*
/Users/admin/builder/spi-builder-workspace/Sources/BottomSheet/Helper/Extensions/ColorExtension.swift:14:46: error: 'tertiaryLabel' is unavailable in watchOS
12 | static var tertiaryLabel = Color(NSColor.tertiaryLabelColor)
13 | #else
14 | static var tertiaryLabel = Color(UIColor.tertiaryLabel)
| `- error: 'tertiaryLabel' is unavailable in watchOS
15 | #endif
16 | }
/Applications/Xcode-27.0.0-Release.Candidate.app/Contents/Developer/Platforms/WatchOS.platform/Developer/SDKs/WatchOS27.0.sdk/System/Library/Frameworks/UIKit.framework/Headers/UIInterface.h:173:49: note: 'tertiaryLabel' has been explicitly marked unavailable here
171 | @property (class, nonatomic, readonly) UIColor *labelColor API_AVAILABLE(ios(13.0), tvos(13.0)) API_UNAVAILABLE(watchos);
172 | @property (class, nonatomic, readonly) UIColor *secondaryLabelColor API_AVAILABLE(ios(13.0), tvos(13.0)) API_UNAVAILABLE(watchos);
173 | @property (class, nonatomic, readonly) UIColor *tertiaryLabelColor API_AVAILABLE(ios(13.0), tvos(13.0)) API_UNAVAILABLE(watchos);
| `- note: 'tertiaryLabel' has been explicitly marked unavailable here
174 | @property (class, nonatomic, readonly) UIColor *quaternaryLabelColor API_AVAILABLE(ios(13.0), tvos(13.0)) API_UNAVAILABLE(watchos);
175 |
/Users/admin/builder/spi-builder-workspace/Sources/BottomSheet/Helper/Extensions/UIApplicationExtension.swift:11:20: error: 'UIApplication' is unavailable in watchOS
9 | import UIKit
10 |
11 | internal extension UIApplication {
| `- error: 'UIApplication' is unavailable in watchOS
12 | func endEditing() {
13 | sendAction(
/Applications/Xcode-27.0.0-Release.Candidate.app/Contents/Developer/Platforms/WatchOS.platform/Developer/SDKs/WatchOS27.0.sdk/System/Library/Frameworks/UIKit.framework/Headers/UIApplication.h:85:12: note: 'UIApplication' has been explicitly marked unavailable here
83 |
84 | UIKIT_EXTERN API_AVAILABLE(ios(2.0)) API_UNAVAILABLE(watchos) NS_SWIFT_UI_ACTOR
85 | @interface UIApplication : UIResponder
| `- note: 'UIApplication' has been explicitly marked unavailable here
86 |
87 | @property(class, nonatomic, readonly) UIApplication *sharedApplication NS_EXTENSION_UNAVAILABLE_IOS("Use view controller based solutions where appropriate instead.");
/Users/admin/builder/spi-builder-workspace/Sources/BottomSheet/Helper/Views/VisualEffectView.swift:234:30: error: cannot find type 'Context' in scope
232 | var visualEffect: VisualEffect
233 |
234 | func makeUIView(context: Context) -> UIVisualEffectView {
| `- error: cannot find type 'Context' in scope
235 | let view = UIVisualEffectView(effect: UIBlurEffect(style: self.visualEffect.blurStyle))
236 | view.autoresizingMask = [
/Users/admin/builder/spi-builder-workspace/Sources/BottomSheet/Helper/Views/VisualEffectView.swift:234:42: error: 'UIVisualEffectView' is unavailable in watchOS
232 | var visualEffect: VisualEffect
233 |
234 | func makeUIView(context: Context) -> UIVisualEffectView {
| `- error: 'UIVisualEffectView' is unavailable in watchOS
235 | let view = UIVisualEffectView(effect: UIBlurEffect(style: self.visualEffect.blurStyle))
236 | view.autoresizingMask = [
/Applications/Xcode-27.0.0-Release.Candidate.app/Contents/Developer/Platforms/WatchOS.platform/Developer/SDKs/WatchOS27.0.sdk/System/Library/Frameworks/UIKit.framework/Headers/UIVisualEffectView.h:28:12: note: 'UIVisualEffectView' has been explicitly marked unavailable here
26 |
27 | UIKIT_EXTERN API_AVAILABLE(ios(8.0)) API_UNAVAILABLE(watchos) NS_SWIFT_UI_ACTOR
28 | @interface UIVisualEffectView : UIView <NSSecureCoding>
| `- note: 'UIVisualEffectView' has been explicitly marked unavailable here
29 |
30 | @property (nonatomic, strong, readonly) UIView *contentView; // Do not add subviews directly to UIVisualEffectView, use this view instead.
/Users/admin/builder/spi-builder-workspace/Sources/BottomSheet/Helper/Views/VisualEffectView.swift:245:18: error: cannot find type 'Context' in scope
243 | func updateUIView(
244 | _ uiView: UIVisualEffectView,
245 | context: Context
| `- error: cannot find type 'Context' in scope
246 | ) {
247 | uiView.effect = UIBlurEffect(style: self.visualEffect.blurStyle)
/Users/admin/builder/spi-builder-workspace/Sources/BottomSheet/Helper/Views/VisualEffectView.swift:244:19: error: 'UIVisualEffectView' is unavailable in watchOS
242 |
243 | func updateUIView(
244 | _ uiView: UIVisualEffectView,
| `- error: 'UIVisualEffectView' is unavailable in watchOS
245 | context: Context
246 | ) {
/Applications/Xcode-27.0.0-Release.Candidate.app/Contents/Developer/Platforms/WatchOS.platform/Developer/SDKs/WatchOS27.0.sdk/System/Library/Frameworks/UIKit.framework/Headers/UIVisualEffectView.h:28:12: note: 'UIVisualEffectView' has been explicitly marked unavailable here
26 |
27 | UIKIT_EXTERN API_AVAILABLE(ios(8.0)) API_UNAVAILABLE(watchos) NS_SWIFT_UI_ACTOR
28 | @interface UIVisualEffectView : UIView <NSSecureCoding>
| `- note: 'UIVisualEffectView' has been explicitly marked unavailable here
29 |
30 | @property (nonatomic, strong, readonly) UIView *contentView; // Do not add subviews directly to UIVisualEffectView, use this view instead.
/Users/admin/builder/spi-builder-workspace/Sources/BottomSheet/Helper/Views/VisualEffectView.swift:230:35: error: cannot find type 'UIViewRepresentable' in scope
228 | }
229 | #elseif canImport(UIKit)
230 | internal struct VisualEffectView: UIViewRepresentable {
| `- error: cannot find type 'UIViewRepresentable' in scope
231 |
232 | var visualEffect: VisualEffect
Failed frontend command:
/Applications/Xcode-27.0.0-Release.Candidate.app/Contents/Developer/Toolchains/XcodeDefault.xctoolchain/usr/bin/swift-frontend -frontend -emit-module -experimental-skip-non-inlinable-function-bodies-without-types /Users/admin/builder/spi-builder-workspace/.derivedData/Build/Intermediates.noindex/BottomSheet.build/Debug-watchos/BottomSheet-t.build/DerivedSources/resource_bundle_accessor.swift /Users/admin/builder/spi-builder-workspace/Sources/BottomSheet/BottomSheet+ViewModifiers/BottomSheet+AccountingForKeyboardHeight.swift /Users/admin/builder/spi-builder-workspace/Sources/BottomSheet/BottomSheet+ViewModifiers/BottomSheet+AppleScrollBehavior.swift /Users/admin/builder/spi-builder-workspace/Sources/BottomSheet/BottomSheet+ViewModifiers/BottomSheet+BackgroundBlur.swift /Users/admin/builder/spi-builder-workspace/Sources/BottomSheet/BottomSheet+ViewModifiers/BottomSheet+CloseButton.swift /Users/admin/builder/spi-builder-workspace/Sources/BottomSheet/BottomSheet+ViewModifiers/BottomSheet+ContentDrag.swift /Users/admin/builder/spi-builder-workspace/Sources/BottomSheet/BottomSheet+ViewModifiers/BottomSheet+CustomAnimation.swift /Users/admin/builder/spi-builder-workspace/Sources/BottomSheet/BottomSheet+ViewModifiers/BottomSheet+CustomBackground+iOS15.swift /Users/admin/builder/spi-builder-workspace/Sources/BottomSheet/BottomSheet+ViewModifiers/BottomSheet+CustomBackground.swift /Users/admin/builder/spi-builder-workspace/Sources/BottomSheet/BottomSheet+ViewModifiers/BottomSheet+DragGesture.swift /Users/admin/builder/spi-builder-workspace/Sources/BottomSheet/BottomSheet+ViewModifiers/BottomSheet+DragIndicator.swift /Users/admin/builder/spi-builder-workspace/Sources/BottomSheet/BottomSheet+ViewModifiers/BottomSheet+FlickThrough.swift /Users/admin/builder/spi-builder-workspace/Sources/BottomSheet/BottomSheet+ViewModifiers/BottomSheet+FloatingIPadSheet.swift /Users/admin/builder/spi-builder-workspace/Sources/BottomSheet/BottomSheet+ViewModifiers/BottomSheet+OnDismiss.swift /Users/admin/builder/spi-builder-workspace/Sources/BottomSheet/BottomSheet+ViewModifiers/BottomSheet+Resizable.swift /Users/admin/builder/spi-builder-workspace/Sources/BottomSheet/BottomSheet+ViewModifiers/BottomSheet+SheetWidth.swift /Users/admin/builder/spi-builder-workspace/Sources/BottomSheet/BottomSheet+ViewModifiers/BottomSheet+SwipeToDismiss.swift /Users/admin/builder/spi-builder-workspace/Sources/BottomSheet/BottomSheet+ViewModifiers/BottomSheet+TapToDismiss.swift /Users/admin/builder/spi-builder-workspace/Sources/BottomSheet/BottomSheet+ViewModifiers/BottomSheet+Threshold.swift /Users/admin/builder/spi-builder-workspace/Sources/BottomSheet/BottomSheet.swift /Users/admin/builder/spi-builder-workspace/Sources/BottomSheet/BottomSheetView/BottomSheetView+Calculations.swift /Users/admin/builder/spi-builder-workspace/Sources/BottomSheet/BottomSheetView/BottomSheetView+DragIndicatorAction.swift /Users/admin/builder/spi-builder-workspace/Sources/BottomSheet/BottomSheetView/BottomSheetView+Gestures.swift /Users/admin/builder/spi-builder-workspace/Sources/BottomSheet/BottomSheetView/BottomSheetView+HelperViews.swift /Users/admin/builder/spi-builder-workspace/Sources/BottomSheet/BottomSheetView/BottomSheetView+KeyboardHeight.swift /Users/admin/builder/spi-builder-workspace/Sources/BottomSheet/BottomSheetView/BottomSheetView+SwitchPosition.swift /Users/admin/builder/spi-builder-workspace/Sources/BottomSheet/BottomSheetView/BottomSheetView.swift /Users/admin/builder/spi-builder-workspace/Sources/BottomSheet/Helper/AppleScrollBehaviourScrollView/DragGestureExtension.swift /Users/admin/builder/spi-builder-workspace/Sources/BottomSheet/Helper/AppleScrollBehaviourScrollView/TimerAnimation.swift /Users/admin/builder/spi-builder-workspace/Sources/BottomSheet/Helper/AppleScrollBehaviourScrollView/UIScrollViewWrapper.swift /Users/admin/builder/spi-builder-workspace/Sources/BottomSheet/Helper/Extensions/BundleExtension.swift /Users/admin/builder/spi-builder-workspace/Sources/BottomSheet/Helper/Extensions/ColorExtension.swift /Users/admin/builder/spi-builder-workspace/Sources/BottomSheet/Helper/Extensions/UIApplicationExtension.swift /Users/admin/builder/spi-builder-workspace/Sources/BottomSheet/Helper/Extensions/ViewExtension.swift /Users/admin/builder/spi-builder-workspace/Sources/BottomSheet/Helper/ViewModifiers/IgnoresSafeAreaCompatible.swift /Users/admin/builder/spi-builder-workspace/Sources/BottomSheet/Helper/ViewModifiers/RoundedCornerViewModifier.swift /Users/admin/builder/spi-builder-workspace/Sources/BottomSheet/Helper/Views/VisualEffectView.swift /Users/admin/builder/spi-builder-workspace/Sources/BottomSheet/Models/BottomSheetConfiguration.swift /Users/admin/builder/spi-builder-workspace/Sources/BottomSheet/Models/BottomSheetPosition.swift /Users/admin/builder/spi-builder-workspace/Sources/BottomSheet/Models/BottomSheetWidth.swift /Users/admin/builder/spi-builder-workspace/.derivedData/Build/Intermediates.noindex/BottomSheet.build/Debug-watchos/BottomSheet-t.build/DerivedSources/GeneratedAssetSymbols.swift -target arm64_32-apple-watchos9.0 -module-can-import-version DeveloperToolsSupport 24.0.24 24.0.24 -module-can-import-version SwiftUI 8.0.84.1 8.0.84 -module-can-import-version UIKit 9127.0.84.1 9127.0.84 -disable-cross-import-overlay-search -load-resolved-plugin /Applications/Xcode-27.0.0-Release.Candidate.app/Contents/Developer/Platforms/WatchOS.platform/Developer/usr/lib/swift/host/plugins/libFoundationMacros.dylib\#/Applications/Xcode-27.0.0-Release.Candidate.app/Contents/Developer/Platforms/WatchOS.platform/Developer/usr/bin/swift-plugin-server\#FoundationMacros -load-resolved-plugin /Applications/Xcode-27.0.0-Release.Candidate.app/Contents/Developer/Platforms/WatchOS.platform/Developer/usr/lib/swift/host/plugins/libObservationMacros.dylib\#/Applications/Xcode-27.0.0-Release.Candidate.app/Contents/Developer/Platforms/WatchOS.platform/Developer/usr/bin/swift-plugin-server\#ObservationMacros -load-resolved-plugin /Applications/Xcode-27.0.0-Release.Candidate.app/Contents/Developer/Platforms/WatchOS.platform/Developer/usr/lib/swift/host/plugins/libPreviewsMacros.dylib\#/Applications/Xcode-27.0.0-Release.Candidate.app/Contents/Developer/Platforms/WatchOS.platform/Developer/usr/bin/swift-plugin-server\#PreviewsMacros -load-resolved-plugin /Applications/Xcode-27.0.0-Release.Candidate.app/Contents/Developer/Platforms/WatchOS.platform/Developer/usr/lib/swift/host/plugins/libSwiftMacros.dylib\#/Applications/Xcode-27.0.0-Release.Candidate.app/Contents/Developer/Platforms/WatchOS.platform/Developer/usr/bin/swift-plugin-server\#SwiftMacros -load-resolved-plugin /Applications/Xcode-27.0.0-Release.Candidate.app/Contents/Developer/Platforms/WatchOS.platform/Developer/usr/lib/swift/host/plugins/libSwiftUIMacros.dylib\#/Applications/Xcode-27.0.0-Release.Candidate.app/Contents/Developer/Platforms/WatchOS.platform/Developer/usr/bin/swift-plugin-server\#SwiftUIMacros -disable-implicit-swift-modules -Xcc -fno-implicit-modules -Xcc -fno-implicit-module-maps -explicit-swift-module-map-file /Users/admin/builder/spi-builder-workspace/.derivedData/Build/Intermediates.noindex/BottomSheet.build/Debug-watchos/BottomSheet-t.build/Objects-normal/arm64_32/BottomSheet-dependencies-1.json -enable-objc-interop -sdk /Applications/Xcode-27.0.0-Release.Candidate.app/Contents/Developer/Platforms/WatchOS.platform/Developer/SDKs/WatchOS27.0.sdk -I /Users/admin/builder/spi-builder-workspace/.derivedData/Build/Products/Debug-watchos -Isystem /Applications/Xcode-27.0.0-Release.Candidate.app/Contents/Developer/Platforms/WatchOS.platform/Developer/usr/lib -F /Users/admin/builder/spi-builder-workspace/.derivedData/Build/Products/Debug-watchos -F /Applications/Xcode-27.0.0-Release.Candidate.app/Contents/Developer/Platforms/WatchOS.platform/Developer/Library/Frameworks -F /Applications/Xcode-27.0.0-Release.Candidate.app/Contents/Developer/Platforms/WatchOS.platform/Developer/SDKs/WatchOS27.0.sdk/Developer/Library/Frameworks -module-cache-path /Users/admin/builder/spi-builder-workspace/.derivedData/Build/Intermediates.noindex/SwiftExplicitPrecompiledModules -no-color-diagnostics -Xcc -fno-color-diagnostics -enable-testing -g -debug-info-format\=dwarf -dwarf-version\=4 -swift-version 5 -Onone -D SWIFT_PACKAGE -D DEBUG -D SWIFT_MODULE_RESOURCE_BUNDLE_AVAILABLE -D Xcode -serialize-debugging-options -enable-experimental-feature DebugDescriptionMacro -empty-abi-descriptor -validate-clang-modules-once -clang-build-session-file /Users/admin/builder/spi-builder-workspace/.derivedData/ModuleCache.noindex/Session.modulevalidation -Xcc -working-directory -Xcc /Users/admin/builder/spi-builder-workspace/.swiftpm/xcode -enable-anonymous-context-mangled-names -file-compilation-dir /Users/admin/builder/spi-builder-workspace/.swiftpm/xcode -Xcc -D_LIBCPP_HARDENING_MODE\=_LIBCPP_HARDENING_MODE_DEBUG -Xcc -ivfsstatcache -Xcc /Users/admin/builder/spi-builder-workspace/.derivedData/SDKStatCaches.noindex/watchos27.0-24R360-e829b21a6f8c9b70876ba0858053c04477534ef55a1706bf4c1112bbb242f0a2.sdkstatcache -Xcc -fmodules-prune-interval\=86400 -Xcc -fmodules-prune-after\=345600 -Xcc -I/Users/admin/builder/spi-builder-workspace/.derivedData/Build/Products/Debug-watchos/include -Xcc -I/Users/admin/builder/spi-builder-workspace/.derivedData/Build/Intermediates.noindex/BottomSheet.build/Debug-watchos/BottomSheet-t.build/DerivedSources-normal/arm64_32 -Xcc -I/Users/admin/builder/spi-builder-workspace/.derivedData/Build/Intermediates.noindex/BottomSheet.build/Debug-watchos/BottomSheet-t.build/DerivedSources/arm64_32 -Xcc -I/Users/admin/builder/spi-builder-workspace/.derivedData/Build/Intermediates.noindex/BottomSheet.build/Debug-watchos/BottomSheet-t.build/DerivedSources -Xcc -DSWIFT_PACKAGE -Xcc -DDEBUG\=1 -no-auto-bridging-header-chaining -module-name BottomSheet -package-name spi_builder_workspace -const-gather-protocols-file /Users/admin/builder/spi-builder-workspace/.derivedData/Build/Intermediates.noindex/BottomSheet.build/Debug-watchos/BottomSheet-t.build/Objects-normal/arm64_32/BottomSheet_const_extract_protocols.json -disable-clang-spi -clang-target arm64_32-apple-watchos27.0 -target-sdk-version 27.0 -target-sdk-name watchos27.0 -in-process-plugin-server-path /Applications/Xcode-27.0.0-Release.Candidate.app/Contents/Developer/Toolchains/XcodeDefault.xctoolchain/usr/lib/swift/host/libSwiftInProcPluginServer.dylib -emit-module-doc-path /Users/admin/builder/spi-builder-workspace/.derivedData/Build/Intermediates.noindex/BottomSheet.build/Debug-watchos/BottomSheet-t.build/Objects-normal/arm64_32/BottomSheet.swiftdoc -emit-module-source-info-path /Users/admin/builder/spi-builder-workspace/.derivedData/Build/Intermediates.noindex/BottomSheet.build/Debug-watchos/BottomSheet-t.build/Objects-normal/arm64_32/BottomSheet.swiftsourceinfo -emit-objc-header-path /Users/admin/builder/spi-builder-workspace/.derivedData/Build/Intermediates.noindex/BottomSheet.build/Debug-watchos/BottomSheet-t.build/Objects-normal/arm64_32/BottomSheet-Swift.h -serialize-diagnostics-path /Users/admin/builder/spi-builder-workspace/.derivedData/Build/Intermediates.noindex/BottomSheet.build/Debug-watchos/BottomSheet-t.build/Objects-normal/arm64_32/BottomSheet-primary-emit-module.dia -emit-dependencies-path /Users/admin/builder/spi-builder-workspace/.derivedData/Build/Intermediates.noindex/BottomSheet.build/Debug-watchos/BottomSheet-t.build/Objects-normal/arm64_32/BottomSheet-primary-emit-module.d -parse-as-library -o /Users/admin/builder/spi-builder-workspace/.derivedData/Build/Intermediates.noindex/BottomSheet.build/Debug-watchos/BottomSheet-t.build/Objects-normal/arm64_32/BottomSheet.swiftmodule -emit-abi-descriptor-path /Users/admin/builder/spi-builder-workspace/.derivedData/Build/Intermediates.noindex/BottomSheet.build/Debug-watchos/BottomSheet-t.build/Objects-normal/arm64_32/BottomSheet.abi.json
SwiftCompile normal arm64_32 (in target 'BottomSheet' from project 'BottomSheet')
cd /Users/admin/builder/spi-builder-workspace/.swiftpm/xcode
SwiftCompile normal arm64_32 Compiling\ BottomSheet+ContentDrag.swift,\ BottomSheet+CustomAnimation.swift,\ BottomSheet+CustomBackground+iOS15.swift,\ BottomSheet+CustomBackground.swift /Users/admin/builder/spi-builder-workspace/Sources/BottomSheet/BottomSheet+ViewModifiers/BottomSheet+ContentDrag.swift /Users/admin/builder/spi-builder-workspace/Sources/BottomSheet/BottomSheet+ViewModifiers/BottomSheet+CustomAnimation.swift /Users/admin/builder/spi-builder-workspace/Sources/BottomSheet/BottomSheet+ViewModifiers/BottomSheet+CustomBackground+iOS15.swift /Users/admin/builder/spi-builder-workspace/Sources/BottomSheet/BottomSheet+ViewModifiers/BottomSheet+CustomBackground.swift (in target 'BottomSheet' from project 'BottomSheet')
SwiftCompile normal arm64_32 /Users/admin/builder/spi-builder-workspace/Sources/BottomSheet/BottomSheet+ViewModifiers/BottomSheet+ContentDrag.swift (in target 'BottomSheet' from project 'BottomSheet')
cd /Users/admin/builder/spi-builder-workspace/.swiftpm/xcode
builtin-SwiftPerFileCompile BottomSheet+ContentDrag.swift
SwiftCompile normal arm64_32 /Users/admin/builder/spi-builder-workspace/Sources/BottomSheet/BottomSheet+ViewModifiers/BottomSheet+CustomAnimation.swift (in target 'BottomSheet' from project 'BottomSheet')
cd /Users/admin/builder/spi-builder-workspace/.swiftpm/xcode
builtin-SwiftPerFileCompile BottomSheet+CustomAnimation.swift
SwiftCompile normal arm64_32 /Users/admin/builder/spi-builder-workspace/Sources/BottomSheet/BottomSheet+ViewModifiers/BottomSheet+CustomBackground+iOS15.swift (in target 'BottomSheet' from project 'BottomSheet')
cd /Users/admin/builder/spi-builder-workspace/.swiftpm/xcode
builtin-SwiftPerFileCompile BottomSheet+CustomBackground+iOS15.swift
SwiftCompile normal arm64_32 /Users/admin/builder/spi-builder-workspace/Sources/BottomSheet/BottomSheet+ViewModifiers/BottomSheet+CustomBackground.swift (in target 'BottomSheet' from project 'BottomSheet')
cd /Users/admin/builder/spi-builder-workspace/.swiftpm/xcode
builtin-SwiftPerFileCompile BottomSheet+CustomBackground.swift
SwiftCompile normal arm64_32 Compiling\ BottomSheet+OnDismiss.swift,\ BottomSheet+Resizable.swift,\ BottomSheet+SheetWidth.swift,\ BottomSheet+SwipeToDismiss.swift /Users/admin/builder/spi-builder-workspace/Sources/BottomSheet/BottomSheet+ViewModifiers/BottomSheet+OnDismiss.swift /Users/admin/builder/spi-builder-workspace/Sources/BottomSheet/BottomSheet+ViewModifiers/BottomSheet+Resizable.swift /Users/admin/builder/spi-builder-workspace/Sources/BottomSheet/BottomSheet+ViewModifiers/BottomSheet+SheetWidth.swift /Users/admin/builder/spi-builder-workspace/Sources/BottomSheet/BottomSheet+ViewModifiers/BottomSheet+SwipeToDismiss.swift (in target 'BottomSheet' from project 'BottomSheet')
SwiftCompile normal arm64_32 /Users/admin/builder/spi-builder-workspace/Sources/BottomSheet/BottomSheet+ViewModifiers/BottomSheet+OnDismiss.swift (in target 'BottomSheet' from project 'BottomSheet')
cd /Users/admin/builder/spi-builder-workspace/.swiftpm/xcode
builtin-SwiftPerFileCompile BottomSheet+OnDismiss.swift
SwiftCompile normal arm64_32 /Users/admin/builder/spi-builder-workspace/Sources/BottomSheet/BottomSheet+ViewModifiers/BottomSheet+Resizable.swift (in target 'BottomSheet' from project 'BottomSheet')
cd /Users/admin/builder/spi-builder-workspace/.swiftpm/xcode
builtin-SwiftPerFileCompile BottomSheet+Resizable.swift
SwiftCompile normal arm64_32 /Users/admin/builder/spi-builder-workspace/Sources/BottomSheet/BottomSheet+ViewModifiers/BottomSheet+SheetWidth.swift (in target 'BottomSheet' from project 'BottomSheet')
cd /Users/admin/builder/spi-builder-workspace/.swiftpm/xcode
builtin-SwiftPerFileCompile BottomSheet+SheetWidth.swift
SwiftCompile normal arm64_32 /Users/admin/builder/spi-builder-workspace/Sources/BottomSheet/BottomSheet+ViewModifiers/BottomSheet+SwipeToDismiss.swift (in target 'BottomSheet' from project 'BottomSheet')
cd /Users/admin/builder/spi-builder-workspace/.swiftpm/xcode
builtin-SwiftPerFileCompile BottomSheet+SwipeToDismiss.swift
SwiftCompile normal arm64_32 Compiling\ BottomSheet+DragGesture.swift,\ BottomSheet+DragIndicator.swift,\ BottomSheet+FlickThrough.swift,\ BottomSheet+FloatingIPadSheet.swift /Users/admin/builder/spi-builder-workspace/Sources/BottomSheet/BottomSheet+ViewModifiers/BottomSheet+DragGesture.swift /Users/admin/builder/spi-builder-workspace/Sources/BottomSheet/BottomSheet+ViewModifiers/BottomSheet+DragIndicator.swift /Users/admin/builder/spi-builder-workspace/Sources/BottomSheet/BottomSheet+ViewModifiers/BottomSheet+FlickThrough.swift /Users/admin/builder/spi-builder-workspace/Sources/BottomSheet/BottomSheet+ViewModifiers/BottomSheet+FloatingIPadSheet.swift (in target 'BottomSheet' from project 'BottomSheet')
SwiftCompile normal arm64_32 /Users/admin/builder/spi-builder-workspace/Sources/BottomSheet/BottomSheet+ViewModifiers/BottomSheet+DragGesture.swift (in target 'BottomSheet' from project 'BottomSheet')
cd /Users/admin/builder/spi-builder-workspace/.swiftpm/xcode
builtin-SwiftPerFileCompile BottomSheet+DragGesture.swift
SwiftCompile normal arm64_32 /Users/admin/builder/spi-builder-workspace/Sources/BottomSheet/BottomSheet+ViewModifiers/BottomSheet+DragIndicator.swift (in target 'BottomSheet' from project 'BottomSheet')
cd /Users/admin/builder/spi-builder-workspace/.swiftpm/xcode
builtin-SwiftPerFileCompile BottomSheet+DragIndicator.swift
SwiftCompile normal arm64_32 /Users/admin/builder/spi-builder-workspace/Sources/BottomSheet/BottomSheet+ViewModifiers/BottomSheet+FlickThrough.swift (in target 'BottomSheet' from project 'BottomSheet')
cd /Users/admin/builder/spi-builder-workspace/.swiftpm/xcode
builtin-SwiftPerFileCompile BottomSheet+FlickThrough.swift
SwiftCompile normal arm64_32 /Users/admin/builder/spi-builder-workspace/Sources/BottomSheet/BottomSheet+ViewModifiers/BottomSheet+FloatingIPadSheet.swift (in target 'BottomSheet' from project 'BottomSheet')
cd /Users/admin/builder/spi-builder-workspace/.swiftpm/xcode
builtin-SwiftPerFileCompile BottomSheet+FloatingIPadSheet.swift
SwiftCompile normal arm64_32 Compiling\ BottomSheet+TapToDismiss.swift,\ BottomSheet+Threshold.swift,\ BottomSheet.swift,\ BottomSheetView+Calculations.swift /Users/admin/builder/spi-builder-workspace/Sources/BottomSheet/BottomSheet+ViewModifiers/BottomSheet+TapToDismiss.swift /Users/admin/builder/spi-builder-workspace/Sources/BottomSheet/BottomSheet+ViewModifiers/BottomSheet+Threshold.swift /Users/admin/builder/spi-builder-workspace/Sources/BottomSheet/BottomSheet.swift /Users/admin/builder/spi-builder-workspace/Sources/BottomSheet/BottomSheetView/BottomSheetView+Calculations.swift (in target 'BottomSheet' from project 'BottomSheet')
/Users/admin/builder/spi-builder-workspace/Sources/BottomSheet/BottomSheetView/BottomSheetView+Calculations.swift:49:20: error: 'UIApplication' is unavailable in watchOS
47 | return NSApplication.shared.mainMenu?.menuBarHeight ?? 20
48 | #else
49 | return UIApplication.shared.windows.first?.safeAreaInsets.top ?? 10
| `- error: 'UIApplication' is unavailable in watchOS
50 | #endif
51 | } else {
/Applications/Xcode-27.0.0-Release.Candidate.app/Contents/Developer/Platforms/WatchOS.platform/Developer/SDKs/WatchOS27.0.sdk/System/Library/Frameworks/UIKit.framework/Headers/UIApplication.h:85:12: note: 'UIApplication' has been explicitly marked unavailable here
83 |
84 | UIKIT_EXTERN API_AVAILABLE(ios(2.0)) API_UNAVAILABLE(watchos) NS_SWIFT_UI_ACTOR
85 | @interface UIApplication : UIResponder
| `- note: 'UIApplication' has been explicitly marked unavailable here
86 |
87 | @property(class, nonatomic, readonly) UIApplication *sharedApplication NS_EXTENSION_UNAVAILABLE_IOS("Use view controller based solutions where appropriate instead.");
/Users/admin/builder/spi-builder-workspace/Sources/BottomSheet/BottomSheetView/BottomSheetView+Calculations.swift:49:41: error: 'windows' is unavailable in watchOS
47 | return NSApplication.shared.mainMenu?.menuBarHeight ?? 20
48 | #else
49 | return UIApplication.shared.windows.first?.safeAreaInsets.top ?? 10
| `- error: 'windows' is unavailable in watchOS
50 | #endif
51 | } else {
/Applications/Xcode-27.0.0-Release.Candidate.app/Contents/Developer/Platforms/WatchOS.platform/Developer/SDKs/WatchOS27.0.sdk/System/Library/Frameworks/UIKit.framework/Headers/UIApplication.h:109:62: note: 'windows' has been explicitly marked unavailable here
107 |
108 | @property(nullable, nonatomic,readonly) UIWindow *keyWindow API_DEPRECATED("Should not be used for applications that support multiple scenes as it returns a key window across all connected scenes", ios(2.0, 13.0)) API_UNAVAILABLE(visionos, watchos);
109 | @property(nonatomic,readonly) NSArray<__kindof UIWindow *> *windows API_DEPRECATED("Use UIWindowScene.windows on a relevant window scene instead", ios(2.0, 15.0), visionos(1.0, 1.0)) API_UNAVAILABLE(watchos);
| `- note: 'windows' has been explicitly marked unavailable here
110 |
111 | - (BOOL)sendAction:(SEL)action to:(nullable id)target from:(nullable id)sender forEvent:(nullable UIEvent *)event;
/Users/admin/builder/spi-builder-workspace/Sources/BottomSheet/BottomSheetView/BottomSheetView+Calculations.swift:49:56: error: 'safeAreaInsets' is unavailable in watchOS
47 | return NSApplication.shared.mainMenu?.menuBarHeight ?? 20
48 | #else
49 | return UIApplication.shared.windows.first?.safeAreaInsets.top ?? 10
| `- error: 'safeAreaInsets' is unavailable in watchOS
50 | #endif
51 | } else {
/Applications/Xcode-27.0.0-Release.Candidate.app/Contents/Developer/Platforms/WatchOS.platform/Developer/SDKs/WatchOS27.0.sdk/System/Library/Frameworks/UIKit.framework/Headers/UIView.h:293:45: note: 'safeAreaInsets' has been explicitly marked unavailable here
291 | - (void)layoutMarginsDidChange API_AVAILABLE(ios(8.0));
292 |
293 | @property (nonatomic,readonly) UIEdgeInsets safeAreaInsets API_AVAILABLE(ios(11.0), tvos(11.0)) API_UNAVAILABLE(watchos);
| `- note: 'safeAreaInsets' has been explicitly marked unavailable here
294 | - (void)safeAreaInsetsDidChange API_AVAILABLE(ios(11.0), tvos(11.0)) API_UNAVAILABLE(watchos);
295 |
/Users/admin/builder/spi-builder-workspace/Sources/BottomSheet/BottomSheetView/BottomSheetView+Calculations.swift:79:20: error: 'UIApplication' is unavailable in watchOS
77 | #if !os(macOS)
78 | // Safe area as height (iPhone)
79 | return UIApplication.shared.windows.first?.safeAreaInsets.bottom ?? 20
| `- error: 'UIApplication' is unavailable in watchOS
80 | #else
81 | // Should never be called
/Applications/Xcode-27.0.0-Release.Candidate.app/Contents/Developer/Platforms/WatchOS.platform/Developer/SDKs/WatchOS27.0.sdk/System/Library/Frameworks/UIKit.framework/Headers/UIApplication.h:85:12: note: 'UIApplication' has been explicitly marked unavailable here
83 |
84 | UIKIT_EXTERN API_AVAILABLE(ios(2.0)) API_UNAVAILABLE(watchos) NS_SWIFT_UI_ACTOR
85 | @interface UIApplication : UIResponder
| `- note: 'UIApplication' has been explicitly marked unavailable here
86 |
87 | @property(class, nonatomic, readonly) UIApplication *sharedApplication NS_EXTENSION_UNAVAILABLE_IOS("Use view controller based solutions where appropriate instead.");
/Users/admin/builder/spi-builder-workspace/Sources/BottomSheet/BottomSheetView/BottomSheetView+Calculations.swift:79:41: error: 'windows' is unavailable in watchOS
77 | #if !os(macOS)
78 | // Safe area as height (iPhone)
79 | return UIApplication.shared.windows.first?.safeAreaInsets.bottom ?? 20
| `- error: 'windows' is unavailable in watchOS
80 | #else
81 | // Should never be called
/Applications/Xcode-27.0.0-Release.Candidate.app/Contents/Developer/Platforms/WatchOS.platform/Developer/SDKs/WatchOS27.0.sdk/System/Library/Frameworks/UIKit.framework/Headers/UIApplication.h:109:62: note: 'windows' has been explicitly marked unavailable here
107 |
108 | @property(nullable, nonatomic,readonly) UIWindow *keyWindow API_DEPRECATED("Should not be used for applications that support multiple scenes as it returns a key window across all connected scenes", ios(2.0, 13.0)) API_UNAVAILABLE(visionos, watchos);
109 | @property(nonatomic,readonly) NSArray<__kindof UIWindow *> *windows API_DEPRECATED("Use UIWindowScene.windows on a relevant window scene instead", ios(2.0, 15.0), visionos(1.0, 1.0)) API_UNAVAILABLE(watchos);
| `- note: 'windows' has been explicitly marked unavailable here
110 |
111 | - (BOOL)sendAction:(SEL)action to:(nullable id)target from:(nullable id)sender forEvent:(nullable UIEvent *)event;
/Users/admin/builder/spi-builder-workspace/Sources/BottomSheet/BottomSheetView/BottomSheetView+Calculations.swift:79:56: error: 'safeAreaInsets' is unavailable in watchOS
77 | #if !os(macOS)
78 | // Safe area as height (iPhone)
79 | return UIApplication.shared.windows.first?.safeAreaInsets.bottom ?? 20
| `- error: 'safeAreaInsets' is unavailable in watchOS
80 | #else
81 | // Should never be called
/Applications/Xcode-27.0.0-Release.Candidate.app/Contents/Developer/Platforms/WatchOS.platform/Developer/SDKs/WatchOS27.0.sdk/System/Library/Frameworks/UIKit.framework/Headers/UIView.h:293:45: note: 'safeAreaInsets' has been explicitly marked unavailable here
291 | - (void)layoutMarginsDidChange API_AVAILABLE(ios(8.0));
292 |
293 | @property (nonatomic,readonly) UIEdgeInsets safeAreaInsets API_AVAILABLE(ios(11.0), tvos(11.0)) API_UNAVAILABLE(watchos);
| `- note: 'safeAreaInsets' has been explicitly marked unavailable here
294 | - (void)safeAreaInsetsDidChange API_AVAILABLE(ios(11.0), tvos(11.0)) API_UNAVAILABLE(watchos);
295 |
/Users/admin/builder/spi-builder-workspace/Sources/BottomSheet/BottomSheetView/BottomSheetView+Calculations.swift:189:19: error: 'UIDevice' is unavailable in watchOS
187 | // On iPad use 30% of the width
188 | return geometry.size.width * 0.3
189 | } else if UIDevice.current.userInterfaceIdiom == .phone && UIDevice.current.orientation.isLandscape {
| `- error: 'UIDevice' is unavailable in watchOS
190 | // On iPhone landscape use 40% of the width
191 | return geometry.size.width * 0.4
/Applications/Xcode-27.0.0-Release.Candidate.app/Contents/Developer/Platforms/WatchOS.platform/Developer/SDKs/WatchOS27.0.sdk/System/Library/Frameworks/UIKit.framework/Headers/UIDevice.h:35:12: note: 'UIDevice' has been explicitly marked unavailable here
33 |
34 | UIKIT_EXTERN API_AVAILABLE(ios(2.0)) API_UNAVAILABLE(watchos) NS_SWIFT_UI_ACTOR
35 | @interface UIDevice : NSObject
| `- note: 'UIDevice' has been explicitly marked unavailable here
36 |
37 | @property(class, nonatomic, readonly) UIDevice *currentDevice;
/Users/admin/builder/spi-builder-workspace/Sources/BottomSheet/BottomSheetView/BottomSheetView+Calculations.swift:189:68: error: 'UIDevice' is unavailable in watchOS
187 | // On iPad use 30% of the width
188 | return geometry.size.width * 0.3
189 | } else if UIDevice.current.userInterfaceIdiom == .phone && UIDevice.current.orientation.isLandscape {
| `- error: 'UIDevice' is unavailable in watchOS
190 | // On iPhone landscape use 40% of the width
191 | return geometry.size.width * 0.4
/Applications/Xcode-27.0.0-Release.Candidate.app/Contents/Developer/Platforms/WatchOS.platform/Developer/SDKs/WatchOS27.0.sdk/System/Library/Frameworks/UIKit.framework/Headers/UIDevice.h:35:12: note: 'UIDevice' has been explicitly marked unavailable here
33 |
34 | UIKIT_EXTERN API_AVAILABLE(ios(2.0)) API_UNAVAILABLE(watchos) NS_SWIFT_UI_ACTOR
35 | @interface UIDevice : NSObject
| `- note: 'UIDevice' has been explicitly marked unavailable here
36 |
37 | @property(class, nonatomic, readonly) UIDevice *currentDevice;
/Users/admin/builder/spi-builder-workspace/Sources/BottomSheet/BottomSheetView/BottomSheetView+Calculations.swift:189:97: error: 'isLandscape' is unavailable in watchOS
187 | // On iPad use 30% of the width
188 | return geometry.size.width * 0.3
189 | } else if UIDevice.current.userInterfaceIdiom == .phone && UIDevice.current.orientation.isLandscape {
| `- error: 'isLandscape' is unavailable in watchOS
190 | // On iPhone landscape use 40% of the width
191 | return geometry.size.width * 0.4
UIKit.UIDeviceOrientation.isLandscape:3:14: note: 'isLandscape' has been explicitly marked unavailable here
1 | enum UIDeviceOrientation {
2 | @available(watchOS, unavailable)
3 | public var isLandscape: Bool { get }}
| `- note: 'isLandscape' has been explicitly marked unavailable here
4 |
SwiftCompile normal arm64_32 /Users/admin/builder/spi-builder-workspace/Sources/BottomSheet/BottomSheet+ViewModifiers/BottomSheet+TapToDismiss.swift (in target 'BottomSheet' from project 'BottomSheet')
cd /Users/admin/builder/spi-builder-workspace/.swiftpm/xcode
builtin-SwiftPerFileCompile BottomSheet+TapToDismiss.swift
SwiftCompile normal arm64_32 /Users/admin/builder/spi-builder-workspace/Sources/BottomSheet/BottomSheet+ViewModifiers/BottomSheet+Threshold.swift (in target 'BottomSheet' from project 'BottomSheet')
cd /Users/admin/builder/spi-builder-workspace/.swiftpm/xcode
builtin-SwiftPerFileCompile BottomSheet+Threshold.swift
SwiftCompile normal arm64_32 /Users/admin/builder/spi-builder-workspace/Sources/BottomSheet/BottomSheet.swift (in target 'BottomSheet' from project 'BottomSheet')
cd /Users/admin/builder/spi-builder-workspace/.swiftpm/xcode
builtin-SwiftPerFileCompile BottomSheet.swift
SwiftCompile normal arm64_32 /Users/admin/builder/spi-builder-workspace/Sources/BottomSheet/BottomSheetView/BottomSheetView+Calculations.swift (in target 'BottomSheet' from project 'BottomSheet')
cd /Users/admin/builder/spi-builder-workspace/.swiftpm/xcode
builtin-SwiftPerFileCompile BottomSheetView+Calculations.swift
SwiftCompile normal arm64_32 Compiling\ BottomSheetView+DragIndicatorAction.swift,\ BottomSheetView+Gestures.swift,\ BottomSheetView+HelperViews.swift,\ BottomSheetView+KeyboardHeight.swift /Users/admin/builder/spi-builder-workspace/Sources/BottomSheet/BottomSheetView/BottomSheetView+DragIndicatorAction.swift /Users/admin/builder/spi-builder-workspace/Sources/BottomSheet/BottomSheetView/BottomSheetView+Gestures.swift /Users/admin/builder/spi-builder-workspace/Sources/BottomSheet/BottomSheetView/BottomSheetView+HelperViews.swift /Users/admin/builder/spi-builder-workspace/Sources/BottomSheet/BottomSheetView/BottomSheetView+KeyboardHeight.swift (in target 'BottomSheet' from project 'BottomSheet')
/Users/admin/builder/spi-builder-workspace/Sources/BottomSheet/BottomSheetView/BottomSheetView+HelperViews.swift:14:14: error: value of type 'VisualEffectView' has no member 'opacity'
12 | func fullScreenBackground(with geometry: GeometryProxy) -> some View {
13 | VisualEffectView(visualEffect: self.configuration.backgroundBlurMaterial)
14 | .opacity(
| `- error: value of type 'VisualEffectView' has no member 'opacity'
15 | // When `backgroundBlur` is enabled the opacity is calculated
16 | // based on the current height of the BottomSheet relative to its maximum height
/Users/admin/builder/spi-builder-workspace/Sources/BottomSheet/BottomSheetView/BottomSheetView+HelperViews.swift:275:10: error: value of type 'UIScrollViewWrapper<MContent>' has no member 'gesture'
273 | }
274 | // Make ScrollView drag-able
275 | .gesture(
| `- error: value of type 'UIScrollViewWrapper<MContent>' has no member 'gesture'
276 | self.isScrollEnabled ? nil : self.appleScrollViewDragGesture(with: geometry)
277 | )
/Users/admin/builder/spi-builder-workspace/Sources/BottomSheet/Helper/Extensions/ColorExtension.swift:14:46: error: 'tertiaryLabel' is unavailable in watchOS
12 | static var tertiaryLabel = Color(NSColor.tertiaryLabelColor)
13 | #else
14 | static var tertiaryLabel = Color(UIColor.tertiaryLabel)
| `- error: 'tertiaryLabel' is unavailable in watchOS
15 | #endif
16 | }
/Applications/Xcode-27.0.0-Release.Candidate.app/Contents/Developer/Platforms/WatchOS.platform/Developer/SDKs/WatchOS27.0.sdk/System/Library/Frameworks/UIKit.framework/Headers/UIInterface.h:173:49: note: 'tertiaryLabel' has been explicitly marked unavailable here
171 | @property (class, nonatomic, readonly) UIColor *labelColor API_AVAILABLE(ios(13.0), tvos(13.0)) API_UNAVAILABLE(watchos);
172 | @property (class, nonatomic, readonly) UIColor *secondaryLabelColor API_AVAILABLE(ios(13.0), tvos(13.0)) API_UNAVAILABLE(watchos);
173 | @property (class, nonatomic, readonly) UIColor *tertiaryLabelColor API_AVAILABLE(ios(13.0), tvos(13.0)) API_UNAVAILABLE(watchos);
| `- note: 'tertiaryLabel' has been explicitly marked unavailable here
174 | @property (class, nonatomic, readonly) UIColor *quaternaryLabelColor API_AVAILABLE(ios(13.0), tvos(13.0)) API_UNAVAILABLE(watchos);
175 |
/Users/admin/builder/spi-builder-workspace/Sources/BottomSheet/BottomSheetView/BottomSheetView+HelperViews.swift:378:22: error: value of type 'VisualEffectView' has no member 'cornerRadius'
376 | // On iPhone and iPad not floating only to the top corners,
377 | // on iPad floating and Mac to all corners
378 | .cornerRadius(
| `- error: value of type 'VisualEffectView' has no member 'cornerRadius'
379 | 10,
380 | corners: self.isIPadFloatingOrMac ? .allCorners : [
SwiftCompile normal arm64_32 /Users/admin/builder/spi-builder-workspace/Sources/BottomSheet/BottomSheetView/BottomSheetView+DragIndicatorAction.swift (in target 'BottomSheet' from project 'BottomSheet')
cd /Users/admin/builder/spi-builder-workspace/.swiftpm/xcode
builtin-SwiftPerFileCompile BottomSheetView+DragIndicatorAction.swift
SwiftCompile normal arm64_32 /Users/admin/builder/spi-builder-workspace/Sources/BottomSheet/BottomSheetView/BottomSheetView+Gestures.swift (in target 'BottomSheet' from project 'BottomSheet')
cd /Users/admin/builder/spi-builder-workspace/.swiftpm/xcode
builtin-SwiftPerFileCompile BottomSheetView+Gestures.swift
SwiftCompile normal arm64_32 /Users/admin/builder/spi-builder-workspace/Sources/BottomSheet/BottomSheetView/BottomSheetView+HelperViews.swift (in target 'BottomSheet' from project 'BottomSheet')
cd /Users/admin/builder/spi-builder-workspace/.swiftpm/xcode
builtin-SwiftPerFileCompile BottomSheetView+HelperViews.swift
SwiftCompile normal arm64_32 /Users/admin/builder/spi-builder-workspace/Sources/BottomSheet/BottomSheetView/BottomSheetView+KeyboardHeight.swift (in target 'BottomSheet' from project 'BottomSheet')
cd /Users/admin/builder/spi-builder-workspace/.swiftpm/xcode
builtin-SwiftPerFileCompile BottomSheetView+KeyboardHeight.swift
SwiftCompile normal arm64_32 Compiling\ resource_bundle_accessor.swift,\ BottomSheet+AccountingForKeyboardHeight.swift,\ BottomSheet+AppleScrollBehavior.swift,\ BottomSheet+BackgroundBlur.swift,\ BottomSheet+CloseButton.swift /Users/admin/builder/spi-builder-workspace/.derivedData/Build/Intermediates.noindex/BottomSheet.build/Debug-watchos/BottomSheet-t.build/DerivedSources/resource_bundle_accessor.swift /Users/admin/builder/spi-builder-workspace/Sources/BottomSheet/BottomSheet+ViewModifiers/BottomSheet+AccountingForKeyboardHeight.swift /Users/admin/builder/spi-builder-workspace/Sources/BottomSheet/BottomSheet+ViewModifiers/BottomSheet+AppleScrollBehavior.swift /Users/admin/builder/spi-builder-workspace/Sources/BottomSheet/BottomSheet+ViewModifiers/BottomSheet+BackgroundBlur.swift /Users/admin/builder/spi-builder-workspace/Sources/BottomSheet/BottomSheet+ViewModifiers/BottomSheet+CloseButton.swift (in target 'BottomSheet' from project 'BottomSheet')
SwiftCompile normal arm64_32 /Users/admin/builder/spi-builder-workspace/.derivedData/Build/Intermediates.noindex/BottomSheet.build/Debug-watchos/BottomSheet-t.build/DerivedSources/resource_bundle_accessor.swift (in target 'BottomSheet' from project 'BottomSheet')
cd /Users/admin/builder/spi-builder-workspace/.swiftpm/xcode
builtin-SwiftPerFileCompile resource_bundle_accessor.swift
SwiftCompile normal arm64_32 /Users/admin/builder/spi-builder-workspace/Sources/BottomSheet/BottomSheet+ViewModifiers/BottomSheet+AccountingForKeyboardHeight.swift (in target 'BottomSheet' from project 'BottomSheet')
cd /Users/admin/builder/spi-builder-workspace/.swiftpm/xcode
builtin-SwiftPerFileCompile BottomSheet+AccountingForKeyboardHeight.swift
SwiftCompile normal arm64_32 /Users/admin/builder/spi-builder-workspace/Sources/BottomSheet/BottomSheet+ViewModifiers/BottomSheet+AppleScrollBehavior.swift (in target 'BottomSheet' from project 'BottomSheet')
cd /Users/admin/builder/spi-builder-workspace/.swiftpm/xcode
builtin-SwiftPerFileCompile BottomSheet+AppleScrollBehavior.swift
SwiftCompile normal arm64_32 /Users/admin/builder/spi-builder-workspace/Sources/BottomSheet/BottomSheet+ViewModifiers/BottomSheet+BackgroundBlur.swift (in target 'BottomSheet' from project 'BottomSheet')
cd /Users/admin/builder/spi-builder-workspace/.swiftpm/xcode
builtin-SwiftPerFileCompile BottomSheet+BackgroundBlur.swift
SwiftCompile normal arm64_32 /Users/admin/builder/spi-builder-workspace/Sources/BottomSheet/BottomSheet+ViewModifiers/BottomSheet+CloseButton.swift (in target 'BottomSheet' from project 'BottomSheet')
cd /Users/admin/builder/spi-builder-workspace/.swiftpm/xcode
builtin-SwiftPerFileCompile BottomSheet+CloseButton.swift
SwiftEmitModule normal arm64 Emitting\ module\ for\ BottomSheet (in target 'BottomSheet' from project 'BottomSheet')
SwiftCompile normal arm64 (in target 'BottomSheet' from project 'BottomSheet')
cd /Users/admin/builder/spi-builder-workspace/.swiftpm/xcode
PruneExplicitPrecompiledModules /Users/admin/builder/spi-builder-workspace/.derivedData/SDKExplicitPrecompiledModules
PruneExplicitPrecompiledModules /Users/admin/builder/spi-builder-workspace/.derivedData/Build/Intermediates.noindex/ExplicitPrecompiledModules
PruneExplicitPrecompiledModules /Users/admin/builder/spi-builder-workspace/.derivedData/Build/Intermediates.noindex/SwiftExplicitPrecompiledModules
2026-09-22 05:28:59.228 xcodebuild[623:3868] [MT] IDERunDestination: Supported platforms for the buildables in the current scheme is empty.
** BUILD FAILED **
The following build commands failed:
SwiftEmitModule normal arm64_32 Emitting\ module\ for\ BottomSheet (in target 'BottomSheet' from project 'BottomSheet')
SwiftCompile normal arm64_32 (in target 'BottomSheet' from project 'BottomSheet')
Building workspace BottomSheet with scheme BottomSheet
(3 failures)
Command line invocation:
/Applications/Xcode-27.0.0-Release.Candidate.app/Contents/Developer/usr/bin/xcodebuild -IDEClonedSourcePackagesDirPathOverride=/Users/admin/builder/spi-builder-workspace/.dependencies -resolvePackageDependencies
Resolve Package Graph
Resolved source packages:
BottomSheet: /Users/admin/builder/spi-builder-workspace
resolved source packages: BottomSheet
2026-09-22 05:29:08.538 xcodebuild[804:4697] [MT] IDERunDestination: Supported platforms for the buildables in the current scheme is empty.
{
"dependencies" : [
],
"manifest_display_name" : "BottomSheet",
"name" : "BottomSheet",
"path" : "/Users/admin/builder/spi-builder-workspace",
"platforms" : [
{
"name" : "ios",
"version" : "13.0"
},
{
"name" : "maccatalyst",
"version" : "13.0"
},
{
"name" : "macos",
"version" : "10.15"
},
{
"name" : "visionos",
"version" : "1.0"
}
],
"products" : [
{
"name" : "BottomSheet",
"targets" : [
"BottomSheet"
],
"type" : {
"library" : [
"automatic"
]
}
}
],
"targets" : [
{
"c99name" : "BottomSheet",
"module_type" : "SwiftTarget",
"name" : "BottomSheet",
"path" : "Sources/BottomSheet",
"product_memberships" : [
"BottomSheet"
],
"sources" : [
"BottomSheet+ViewModifiers/BottomSheet+AccountingForKeyboardHeight.swift",
"BottomSheet+ViewModifiers/BottomSheet+AppleScrollBehavior.swift",
"BottomSheet+ViewModifiers/BottomSheet+BackgroundBlur.swift",
"BottomSheet+ViewModifiers/BottomSheet+CloseButton.swift",
"BottomSheet+ViewModifiers/BottomSheet+ContentDrag.swift",
"BottomSheet+ViewModifiers/BottomSheet+CustomAnimation.swift",
"BottomSheet+ViewModifiers/BottomSheet+CustomBackground+iOS15.swift",
"BottomSheet+ViewModifiers/BottomSheet+CustomBackground.swift",
"BottomSheet+ViewModifiers/BottomSheet+DragGesture.swift",
"BottomSheet+ViewModifiers/BottomSheet+DragIndicator.swift",
"BottomSheet+ViewModifiers/BottomSheet+FlickThrough.swift",
"BottomSheet+ViewModifiers/BottomSheet+FloatingIPadSheet.swift",
"BottomSheet+ViewModifiers/BottomSheet+OnDismiss.swift",
"BottomSheet+ViewModifiers/BottomSheet+Resizable.swift",
"BottomSheet+ViewModifiers/BottomSheet+SheetWidth.swift",
"BottomSheet+ViewModifiers/BottomSheet+SwipeToDismiss.swift",
"BottomSheet+ViewModifiers/BottomSheet+TapToDismiss.swift",
"BottomSheet+ViewModifiers/BottomSheet+Threshold.swift",
"BottomSheet.swift",
"BottomSheetView/BottomSheetView+Calculations.swift",
"BottomSheetView/BottomSheetView+DragIndicatorAction.swift",
"BottomSheetView/BottomSheetView+Gestures.swift",
"BottomSheetView/BottomSheetView+HelperViews.swift",
"BottomSheetView/BottomSheetView+KeyboardHeight.swift",
"BottomSheetView/BottomSheetView+SwitchPosition.swift",
"BottomSheetView/BottomSheetView.swift",
"Helper/AppleScrollBehaviourScrollView/DragGestureExtension.swift",
"Helper/AppleScrollBehaviourScrollView/TimerAnimation.swift",
"Helper/AppleScrollBehaviourScrollView/UIScrollViewWrapper.swift",
"Helper/Extensions/BundleExtension.swift",
"Helper/Extensions/ColorExtension.swift",
"Helper/Extensions/UIApplicationExtension.swift",
"Helper/Extensions/ViewExtension.swift",
"Helper/ViewModifiers/IgnoresSafeAreaCompatible.swift",
"Helper/ViewModifiers/RoundedCornerViewModifier.swift",
"Helper/Views/VisualEffectView.swift",
"Models/BottomSheetConfiguration.swift",
"Models/BottomSheetPosition.swift",
"Models/BottomSheetWidth.swift"
],
"type" : "library"
}
],
"tools_version" : "5.9"
}
{
"workspace" : {
"name" : "BottomSheet",
"schemes" : [
"BottomSheet"
]
}
}
2026-09-22 05:29:09.778 xcodebuild[812:4761] [MT] IDERunDestination: Supported platforms for the buildables in the current scheme is empty.
Running build ...
env DEVELOPER_DIR=/Applications/Xcode-27.0.0-Release.Candidate.app xcrun xcodebuild -IDEClonedSourcePackagesDirPathOverride=$PWD/.dependencies -skipMacroValidation -skipPackagePluginValidation -derivedDataPath $PWD/.derivedData build -scheme BottomSheet -destination generic/platform=watchOS
Command line invocation:
/Applications/Xcode-27.0.0-Release.Candidate.app/Contents/Developer/usr/bin/xcodebuild -IDEClonedSourcePackagesDirPathOverride=/Users/admin/builder/spi-builder-workspace/.dependencies -skipMacroValidation -skipPackagePluginValidation -derivedDataPath /Users/admin/builder/spi-builder-workspace/.derivedData build -scheme BottomSheet -destination generic/platform=watchOS
Resolve Package Graph
Resolved source packages:
BottomSheet: /Users/admin/builder/spi-builder-workspace
ComputePackagePrebuildTargetDependencyGraph
Prepare packages
CreateBuildRequest
SendProjectDescription
CreateBuildOperation
ComputeTargetDependencyGraph
note: Building targets in dependency order
note: Target dependency graph (3 targets)
Target 'BottomSheet-product' in project 'BottomSheet'
➜ Explicit dependency on target 'BottomSheet' in project 'BottomSheet'
➜ Explicit dependency on target 'BottomSheet_BottomSheet' in project 'BottomSheet'
Target 'BottomSheet' in project 'BottomSheet'
➜ Explicit dependency on target 'BottomSheet_BottomSheet' in project 'BottomSheet'
Target 'BottomSheet_BottomSheet' in project 'BottomSheet' (no dependencies)
GatherProvisioningInputs
CreateBuildDescription
ClangStatCache /Applications/Xcode-27.0.0-Release.Candidate.app/Contents/Developer/Toolchains/XcodeDefault.xctoolchain/usr/bin/clang-stat-cache /Applications/Xcode-27.0.0-Release.Candidate.app/Contents/Developer/Platforms/WatchOS.platform/Developer/SDKs/WatchOS27.0.sdk /Users/admin/builder/spi-builder-workspace/.derivedData/SDKStatCaches.noindex/watchos27.0-24R360-e829b21a6f8c9b70876ba0858053c04477534ef55a1706bf4c1112bbb242f0a2.sdkstatcache
cd /Users/admin/builder/spi-builder-workspace/.swiftpm/xcode
/Applications/Xcode-27.0.0-Release.Candidate.app/Contents/Developer/Toolchains/XcodeDefault.xctoolchain/usr/bin/clang-stat-cache /Applications/Xcode-27.0.0-Release.Candidate.app/Contents/Developer/Platforms/WatchOS.platform/Developer/SDKs/WatchOS27.0.sdk -o /Users/admin/builder/spi-builder-workspace/.derivedData/SDKStatCaches.noindex/watchos27.0-24R360-e829b21a6f8c9b70876ba0858053c04477534ef55a1706bf4c1112bbb242f0a2.sdkstatcache
SwiftDriver BottomSheet normal arm64_32 com.apple.xcode.tools.swift.compiler (in target 'BottomSheet' from project 'BottomSheet')
cd /Users/admin/builder/spi-builder-workspace/.swiftpm/xcode
builtin-SwiftDriver -- /Applications/Xcode-27.0.0-Release.Candidate.app/Contents/Developer/Toolchains/XcodeDefault.xctoolchain/usr/bin/swiftc -parse-as-library -module-name BottomSheet -Onone @/Users/admin/builder/spi-builder-workspace/.derivedData/Build/Intermediates.noindex/BottomSheet.build/Debug-watchos/BottomSheet-t.build/Objects-normal/arm64_32/BottomSheet.SwiftFileList -DSWIFT_PACKAGE -DDEBUG -DSWIFT_MODULE_RESOURCE_BUNDLE_AVAILABLE -DXcode -plugin-path /Applications/Xcode-27.0.0-Release.Candidate.app/Contents/Developer/Toolchains/XcodeDefault.xctoolchain/usr/lib/swift/host/plugins/testing -enable-experimental-feature DebugDescriptionMacro -sdk /Applications/Xcode-27.0.0-Release.Candidate.app/Contents/Developer/Platforms/WatchOS.platform/Developer/SDKs/WatchOS27.0.sdk -target arm64_32-apple-watchos9.0 -g -module-cache-path /Users/admin/builder/spi-builder-workspace/.derivedData/ModuleCache.noindex -Xfrontend -serialize-debugging-options -enable-testing -index-store-path /Users/admin/builder/spi-builder-workspace/.derivedData/Index.noindex/DataStore -Xcc -D_LIBCPP_HARDENING_MODE\=_LIBCPP_HARDENING_MODE_DEBUG -swift-version 5 -I /Users/admin/builder/spi-builder-workspace/.derivedData/Build/Products/Debug-watchos -Isystem /Applications/Xcode-27.0.0-Release.Candidate.app/Contents/Developer/Platforms/WatchOS.platform/Developer/usr/lib -F /Users/admin/builder/spi-builder-workspace/.derivedData/Build/Products/Debug-watchos -F /Applications/Xcode-27.0.0-Release.Candidate.app/Contents/Developer/Platforms/WatchOS.platform/Developer/Library/Frameworks -F /Applications/Xcode-27.0.0-Release.Candidate.app/Contents/Developer/Platforms/WatchOS.platform/Developer/SDKs/WatchOS27.0.sdk/Developer/Library/Frameworks -c -j10 -enable-batch-mode -incremental -Xcc -ivfsstatcache -Xcc /Users/admin/builder/spi-builder-workspace/.derivedData/SDKStatCaches.noindex/watchos27.0-24R360-e829b21a6f8c9b70876ba0858053c04477534ef55a1706bf4c1112bbb242f0a2.sdkstatcache -output-file-map /Users/admin/builder/spi-builder-workspace/.derivedData/Build/Intermediates.noindex/BottomSheet.build/Debug-watchos/BottomSheet-t.build/Objects-normal/arm64_32/BottomSheet-OutputFileMap.json -save-temps -no-color-diagnostics -explicit-module-build -module-cache-path /Users/admin/builder/spi-builder-workspace/.derivedData/Build/Intermediates.noindex/SwiftExplicitPrecompiledModules -clang-scanner-module-cache-path /Users/admin/builder/spi-builder-workspace/.derivedData/ModuleCache.noindex -sdk-module-cache-path /Users/admin/builder/spi-builder-workspace/.derivedData/SDKExplicitPrecompiledModules -emit-dependencies -emit-module -emit-module-path /Users/admin/builder/spi-builder-workspace/.derivedData/Build/Intermediates.noindex/BottomSheet.build/Debug-watchos/BottomSheet-t.build/Objects-normal/arm64_32/BottomSheet.swiftmodule -serialize-diagnostics -dependency-scan-serialize-diagnostics-path /Users/admin/builder/spi-builder-workspace/.derivedData/Build/Intermediates.noindex/BottomSheet.build/Debug-watchos/BottomSheet-t.build/Objects-normal/arm64_32/BottomSheet-dependency-scan.dia -validate-clang-modules-once -clang-build-session-file /Users/admin/builder/spi-builder-workspace/.derivedData/ModuleCache.noindex/Session.modulevalidation -Xcc -fmodules-prune-interval\=86400 -Xcc -fmodules-prune-after\=345600 -package-name spi_builder_workspace -emit-const-values -const-gather-protocols-list /Users/admin/builder/spi-builder-workspace/.derivedData/Build/Intermediates.noindex/BottomSheet.build/Debug-watchos/BottomSheet-t.build/Objects-normal/arm64_32/BottomSheet_const_extract_protocols.json -Xcc -I/Users/admin/builder/spi-builder-workspace/.derivedData/Build/Products/Debug-watchos/include -Xcc -I/Users/admin/builder/spi-builder-workspace/.derivedData/Build/Intermediates.noindex/BottomSheet.build/Debug-watchos/BottomSheet-t.build/DerivedSources-normal/arm64_32 -Xcc -I/Users/admin/builder/spi-builder-workspace/.derivedData/Build/Intermediates.noindex/BottomSheet.build/Debug-watchos/BottomSheet-t.build/DerivedSources/arm64_32 -Xcc -I/Users/admin/builder/spi-builder-workspace/.derivedData/Build/Intermediates.noindex/BottomSheet.build/Debug-watchos/BottomSheet-t.build/DerivedSources -Xcc -DSWIFT_PACKAGE -Xcc -DDEBUG\=1 -emit-objc-header -emit-objc-header-path /Users/admin/builder/spi-builder-workspace/.derivedData/Build/Intermediates.noindex/BottomSheet.build/Debug-watchos/BottomSheet-t.build/Objects-normal/arm64_32/BottomSheet-Swift.h -working-directory /Users/admin/builder/spi-builder-workspace/.swiftpm/xcode -experimental-emit-module-separately -disable-cmo
SwiftDriver BottomSheet normal arm64 com.apple.xcode.tools.swift.compiler (in target 'BottomSheet' from project 'BottomSheet')
cd /Users/admin/builder/spi-builder-workspace/.swiftpm/xcode
builtin-SwiftDriver -- /Applications/Xcode-27.0.0-Release.Candidate.app/Contents/Developer/Toolchains/XcodeDefault.xctoolchain/usr/bin/swiftc -parse-as-library -module-name BottomSheet -Onone @/Users/admin/builder/spi-builder-workspace/.derivedData/Build/Intermediates.noindex/BottomSheet.build/Debug-watchos/BottomSheet-t.build/Objects-normal/arm64/BottomSheet.SwiftFileList -DSWIFT_PACKAGE -DDEBUG -DSWIFT_MODULE_RESOURCE_BUNDLE_AVAILABLE -DXcode -plugin-path /Applications/Xcode-27.0.0-Release.Candidate.app/Contents/Developer/Toolchains/XcodeDefault.xctoolchain/usr/lib/swift/host/plugins/testing -enable-experimental-feature DebugDescriptionMacro -sdk /Applications/Xcode-27.0.0-Release.Candidate.app/Contents/Developer/Platforms/WatchOS.platform/Developer/SDKs/WatchOS27.0.sdk -target arm64-apple-watchos9.0 -g -module-cache-path /Users/admin/builder/spi-builder-workspace/.derivedData/ModuleCache.noindex -Xfrontend -serialize-debugging-options -enable-testing -index-store-path /Users/admin/builder/spi-builder-workspace/.derivedData/Index.noindex/DataStore -Xcc -D_LIBCPP_HARDENING_MODE\=_LIBCPP_HARDENING_MODE_DEBUG -swift-version 5 -I /Users/admin/builder/spi-builder-workspace/.derivedData/Build/Products/Debug-watchos -Isystem /Applications/Xcode-27.0.0-Release.Candidate.app/Contents/Developer/Platforms/WatchOS.platform/Developer/usr/lib -F /Users/admin/builder/spi-builder-workspace/.derivedData/Build/Products/Debug-watchos -F /Applications/Xcode-27.0.0-Release.Candidate.app/Contents/Developer/Platforms/WatchOS.platform/Developer/Library/Frameworks -F /Applications/Xcode-27.0.0-Release.Candidate.app/Contents/Developer/Platforms/WatchOS.platform/Developer/SDKs/WatchOS27.0.sdk/Developer/Library/Frameworks -c -j10 -enable-batch-mode -incremental -Xcc -ivfsstatcache -Xcc /Users/admin/builder/spi-builder-workspace/.derivedData/SDKStatCaches.noindex/watchos27.0-24R360-e829b21a6f8c9b70876ba0858053c04477534ef55a1706bf4c1112bbb242f0a2.sdkstatcache -output-file-map /Users/admin/builder/spi-builder-workspace/.derivedData/Build/Intermediates.noindex/BottomSheet.build/Debug-watchos/BottomSheet-t.build/Objects-normal/arm64/BottomSheet-OutputFileMap.json -save-temps -no-color-diagnostics -explicit-module-build -module-cache-path /Users/admin/builder/spi-builder-workspace/.derivedData/Build/Intermediates.noindex/SwiftExplicitPrecompiledModules -clang-scanner-module-cache-path /Users/admin/builder/spi-builder-workspace/.derivedData/ModuleCache.noindex -sdk-module-cache-path /Users/admin/builder/spi-builder-workspace/.derivedData/SDKExplicitPrecompiledModules -emit-dependencies -emit-module -emit-module-path /Users/admin/builder/spi-builder-workspace/.derivedData/Build/Intermediates.noindex/BottomSheet.build/Debug-watchos/BottomSheet-t.build/Objects-normal/arm64/BottomSheet.swiftmodule -serialize-diagnostics -dependency-scan-serialize-diagnostics-path /Users/admin/builder/spi-builder-workspace/.derivedData/Build/Intermediates.noindex/BottomSheet.build/Debug-watchos/BottomSheet-t.build/Objects-normal/arm64/BottomSheet-dependency-scan.dia -validate-clang-modules-once -clang-build-session-file /Users/admin/builder/spi-builder-workspace/.derivedData/ModuleCache.noindex/Session.modulevalidation -Xcc -fmodules-prune-interval\=86400 -Xcc -fmodules-prune-after\=345600 -package-name spi_builder_workspace -emit-const-values -const-gather-protocols-list /Users/admin/builder/spi-builder-workspace/.derivedData/Build/Intermediates.noindex/BottomSheet.build/Debug-watchos/BottomSheet-t.build/Objects-normal/arm64/BottomSheet_const_extract_protocols.json -Xcc -I/Users/admin/builder/spi-builder-workspace/.derivedData/Build/Products/Debug-watchos/include -Xcc -I/Users/admin/builder/spi-builder-workspace/.derivedData/Build/Intermediates.noindex/BottomSheet.build/Debug-watchos/BottomSheet-t.build/DerivedSources-normal/arm64 -Xcc -I/Users/admin/builder/spi-builder-workspace/.derivedData/Build/Intermediates.noindex/BottomSheet.build/Debug-watchos/BottomSheet-t.build/DerivedSources/arm64 -Xcc -I/Users/admin/builder/spi-builder-workspace/.derivedData/Build/Intermediates.noindex/BottomSheet.build/Debug-watchos/BottomSheet-t.build/DerivedSources -Xcc -DSWIFT_PACKAGE -Xcc -DDEBUG\=1 -emit-objc-header -emit-objc-header-path /Users/admin/builder/spi-builder-workspace/.derivedData/Build/Intermediates.noindex/BottomSheet.build/Debug-watchos/BottomSheet-t.build/Objects-normal/arm64/BottomSheet-Swift.h -working-directory /Users/admin/builder/spi-builder-workspace/.swiftpm/xcode -experimental-emit-module-separately -disable-cmo
SwiftCompile normal arm64_32 Compiling\ BottomSheet+ContentDrag.swift,\ BottomSheet+CustomAnimation.swift,\ BottomSheet+CustomBackground+iOS15.swift,\ BottomSheet+CustomBackground.swift /Users/admin/builder/spi-builder-workspace/Sources/BottomSheet/BottomSheet+ViewModifiers/BottomSheet+ContentDrag.swift /Users/admin/builder/spi-builder-workspace/Sources/BottomSheet/BottomSheet+ViewModifiers/BottomSheet+CustomAnimation.swift /Users/admin/builder/spi-builder-workspace/Sources/BottomSheet/BottomSheet+ViewModifiers/BottomSheet+CustomBackground+iOS15.swift /Users/admin/builder/spi-builder-workspace/Sources/BottomSheet/BottomSheet+ViewModifiers/BottomSheet+CustomBackground.swift (in target 'BottomSheet' from project 'BottomSheet')
SwiftCompile normal arm64_32 /Users/admin/builder/spi-builder-workspace/Sources/BottomSheet/BottomSheet+ViewModifiers/BottomSheet+ContentDrag.swift (in target 'BottomSheet' from project 'BottomSheet')
cd /Users/admin/builder/spi-builder-workspace/.swiftpm/xcode
builtin-SwiftPerFileCompile BottomSheet+ContentDrag.swift
SwiftCompile normal arm64_32 /Users/admin/builder/spi-builder-workspace/Sources/BottomSheet/BottomSheet+ViewModifiers/BottomSheet+CustomAnimation.swift (in target 'BottomSheet' from project 'BottomSheet')
cd /Users/admin/builder/spi-builder-workspace/.swiftpm/xcode
builtin-SwiftPerFileCompile BottomSheet+CustomAnimation.swift
SwiftCompile normal arm64_32 /Users/admin/builder/spi-builder-workspace/Sources/BottomSheet/BottomSheet+ViewModifiers/BottomSheet+CustomBackground+iOS15.swift (in target 'BottomSheet' from project 'BottomSheet')
cd /Users/admin/builder/spi-builder-workspace/.swiftpm/xcode
builtin-SwiftPerFileCompile BottomSheet+CustomBackground+iOS15.swift
SwiftCompile normal arm64_32 /Users/admin/builder/spi-builder-workspace/Sources/BottomSheet/BottomSheet+ViewModifiers/BottomSheet+CustomBackground.swift (in target 'BottomSheet' from project 'BottomSheet')
cd /Users/admin/builder/spi-builder-workspace/.swiftpm/xcode
builtin-SwiftPerFileCompile BottomSheet+CustomBackground.swift
SwiftEmitModule normal arm64_32 Emitting\ module\ for\ BottomSheet (in target 'BottomSheet' from project 'BottomSheet')
/Users/admin/builder/spi-builder-workspace/Sources/BottomSheet/Helper/AppleScrollBehaviourScrollView/TimerAnimation.swift:60:35: error: 'CADisplayLink' is unavailable in watchOS
58 | private let animations: Animations
59 | private let completion: Completion?
60 | private weak var displayLink: CADisplayLink?
| `- error: 'CADisplayLink' is unavailable in watchOS
61 |
62 | private var running: Bool = true
/Applications/Xcode-27.0.0-Release.Candidate.app/Contents/Developer/Platforms/WatchOS.platform/Developer/SDKs/WatchOS27.0.sdk/System/Library/Frameworks/QuartzCore.framework/Headers/CADisplayLink.h:21:12: note: 'CADisplayLink' has been explicitly marked unavailable here
19 | API_AVAILABLE(macos(14.0))
20 |
21 | @interface CADisplayLink : NSObject
| `- note: 'CADisplayLink' has been explicitly marked unavailable here
22 | {
23 | @private
/Users/admin/builder/spi-builder-workspace/Sources/BottomSheet/Helper/AppleScrollBehaviourScrollView/TimerAnimation.swift:66:51: error: 'CADisplayLink' is unavailable in watchOS
64 | private let firstFrameTimestamp: CFTimeInterval
65 |
66 | @objc private func handleFrame(_ displayLink: CADisplayLink) {
| `- error: 'CADisplayLink' is unavailable in watchOS
67 | guard self.running else {
68 | return
/Applications/Xcode-27.0.0-Release.Candidate.app/Contents/Developer/Platforms/WatchOS.platform/Developer/SDKs/WatchOS27.0.sdk/System/Library/Frameworks/QuartzCore.framework/Headers/CADisplayLink.h:21:12: note: 'CADisplayLink' has been explicitly marked unavailable here
19 | API_AVAILABLE(macos(14.0))
20 |
21 | @interface CADisplayLink : NSObject
| `- note: 'CADisplayLink' has been explicitly marked unavailable here
22 | {
23 | @private
/Users/admin/builder/spi-builder-workspace/Sources/BottomSheet/Helper/AppleScrollBehaviourScrollView/UIScrollViewWrapper.swift:19:18: error: cannot find type 'UIViewControllerRepresentableContext' in scope
17 |
18 | func makeUIViewController(
19 | context: UIViewControllerRepresentableContext<Self>
| `- error: cannot find type 'UIViewControllerRepresentableContext' in scope
20 | ) -> UIScrollViewViewController<Content> {
21 | let viewController = UIScrollViewViewController(rootView: self.content)
/Users/admin/builder/spi-builder-workspace/Sources/BottomSheet/Helper/AppleScrollBehaviourScrollView/UIScrollViewWrapper.swift:28:18: error: cannot find type 'UIViewControllerRepresentableContext' in scope
26 | func updateUIViewController(
27 | _ viewController: UIScrollViewViewController<Content>,
28 | context: UIViewControllerRepresentableContext<Self>
| `- error: cannot find type 'UIViewControllerRepresentableContext' in scope
29 | ) {
30 | // Update the content
/Users/admin/builder/spi-builder-workspace/Sources/BottomSheet/Helper/AppleScrollBehaviourScrollView/UIScrollViewWrapper.swift:206:56: error: 'UIScrollView' is unavailable in watchOS
204 | @Binding fileprivate var isScrollEnabled: Bool
205 |
206 | func scrollViewWillBeginDragging(_ scrollView: UIScrollView) {
| `- error: 'UIScrollView' is unavailable in watchOS
207 | DispatchQueue.main.async {
208 | self.contentOffsetAnimation?.invalidate()
/Applications/Xcode-27.0.0-Release.Candidate.app/Contents/Developer/Platforms/WatchOS.platform/Developer/SDKs/WatchOS27.0.sdk/System/Library/Frameworks/UIKit.framework/Headers/UIScrollView.h:87:12: note: 'UIScrollView' has been explicitly marked unavailable here
85 |
86 | UIKIT_EXTERN API_AVAILABLE(ios(2.0)) API_UNAVAILABLE(watchos) NS_SWIFT_UI_ACTOR
87 | @interface UIScrollView : UIView <NSCoding, UIFocusItemScrollableContainer>
| `- note: 'UIScrollView' has been explicitly marked unavailable here
88 |
89 | @property(nonatomic) CGPoint contentOffset; // default CGPointZero
/Users/admin/builder/spi-builder-workspace/Sources/BottomSheet/Helper/AppleScrollBehaviourScrollView/UIScrollViewWrapper.swift:214:27: error: 'UIScrollView' is unavailable in watchOS
212 |
213 | func scrollViewDidEndDragging(
214 | _ scrollView: UIScrollView,
| `- error: 'UIScrollView' is unavailable in watchOS
215 | willDecelerate decelerate: Bool
216 | ) {
/Applications/Xcode-27.0.0-Release.Candidate.app/Contents/Developer/Platforms/WatchOS.platform/Developer/SDKs/WatchOS27.0.sdk/System/Library/Frameworks/UIKit.framework/Headers/UIScrollView.h:87:12: note: 'UIScrollView' has been explicitly marked unavailable here
85 |
86 | UIKIT_EXTERN API_AVAILABLE(ios(2.0)) API_UNAVAILABLE(watchos) NS_SWIFT_UI_ACTOR
87 | @interface UIScrollView : UIView <NSCoding, UIFocusItemScrollableContainer>
| `- note: 'UIScrollView' has been explicitly marked unavailable here
88 |
89 | @property(nonatomic) CGPoint contentOffset; // default CGPointZero
/Users/admin/builder/spi-builder-workspace/Sources/BottomSheet/Helper/AppleScrollBehaviourScrollView/UIScrollViewWrapper.swift:220:57: error: 'UIScrollView' is unavailable in watchOS
218 | }
219 |
220 | func scrollViewDidEndDecelerating(_ scrollView: UIScrollView) {
| `- error: 'UIScrollView' is unavailable in watchOS
221 | self.updateScroll(for: scrollView.contentOffset)
222 | }
/Applications/Xcode-27.0.0-Release.Candidate.app/Contents/Developer/Platforms/WatchOS.platform/Developer/SDKs/WatchOS27.0.sdk/System/Library/Frameworks/UIKit.framework/Headers/UIScrollView.h:87:12: note: 'UIScrollView' has been explicitly marked unavailable here
85 |
86 | UIKIT_EXTERN API_AVAILABLE(ios(2.0)) API_UNAVAILABLE(watchos) NS_SWIFT_UI_ACTOR
87 | @interface UIScrollView : UIView <NSCoding, UIFocusItemScrollableContainer>
| `- note: 'UIScrollView' has been explicitly marked unavailable here
88 |
89 | @property(nonatomic) CGPoint contentOffset; // default CGPointZero
/Users/admin/builder/spi-builder-workspace/Sources/BottomSheet/Helper/AppleScrollBehaviourScrollView/UIScrollViewWrapper.swift:201:34: error: 'UIScrollViewDelegate' is unavailable in watchOS
199 | }
200 |
201 | class Coordinator: NSObject, UIScrollViewDelegate {
| `- error: 'UIScrollViewDelegate' is unavailable in watchOS
202 |
203 | @Binding fileprivate var contentOffsetAnimation: TimerAnimation?
/Applications/Xcode-27.0.0-Release.Candidate.app/Contents/Developer/Platforms/WatchOS.platform/Developer/SDKs/WatchOS27.0.sdk/System/Library/Frameworks/UIKit.framework/Headers/UIScrollView.h:312:11: note: 'UIScrollViewDelegate' has been explicitly marked unavailable here
310 |
311 | API_UNAVAILABLE(watchos) NS_SWIFT_UI_ACTOR
312 | @protocol UIScrollViewDelegate<NSObject>
| `- note: 'UIScrollViewDelegate' has been explicitly marked unavailable here
313 |
314 | @optional
/Users/admin/builder/spi-builder-workspace/Sources/BottomSheet/Helper/AppleScrollBehaviourScrollView/UIScrollViewWrapper.swift:11:53: error: cannot find type 'UIViewControllerRepresentable' in scope
9 | import SwiftUI
10 |
11 | internal struct UIScrollViewWrapper<Content: View>: UIViewControllerRepresentable {
| `- error: cannot find type 'UIViewControllerRepresentable' in scope
12 |
13 | @State private var contentOffsetAnimation: TimerAnimation?
/Users/admin/builder/spi-builder-workspace/Sources/BottomSheet/Helper/AppleScrollBehaviourScrollView/UIScrollViewWrapper.swift:256:33: error: 'UIScrollView' is unavailable in watchOS
254 | internal class UIScrollViewViewController<Content: View>: UIViewController {
255 |
256 | fileprivate let scrollView: UIScrollView
| `- error: 'UIScrollView' is unavailable in watchOS
257 | fileprivate let hostingController: UIHostingController<Content>
258 |
/Applications/Xcode-27.0.0-Release.Candidate.app/Contents/Developer/Platforms/WatchOS.platform/Developer/SDKs/WatchOS27.0.sdk/System/Library/Frameworks/UIKit.framework/Headers/UIScrollView.h:87:12: note: 'UIScrollView' has been explicitly marked unavailable here
85 |
86 | UIKIT_EXTERN API_AVAILABLE(ios(2.0)) API_UNAVAILABLE(watchos) NS_SWIFT_UI_ACTOR
87 | @interface UIScrollView : UIView <NSCoding, UIFocusItemScrollableContainer>
| `- note: 'UIScrollView' has been explicitly marked unavailable here
88 |
89 | @property(nonatomic) CGPoint contentOffset; // default CGPointZero
/Users/admin/builder/spi-builder-workspace/Sources/BottomSheet/Helper/AppleScrollBehaviourScrollView/UIScrollViewWrapper.swift:257:40: error: cannot find type 'UIHostingController' in scope
255 |
256 | fileprivate let scrollView: UIScrollView
257 | fileprivate let hostingController: UIHostingController<Content>
| `- error: cannot find type 'UIHostingController' in scope
258 |
259 | override func viewDidLoad() {
/Users/admin/builder/spi-builder-workspace/Sources/BottomSheet/Helper/AppleScrollBehaviourScrollView/UIScrollViewWrapper.swift:254:59: error: 'UIViewController' is unavailable in watchOS
252 | }
253 |
254 | internal class UIScrollViewViewController<Content: View>: UIViewController {
| `- error: 'UIViewController' is unavailable in watchOS
255 |
256 | fileprivate let scrollView: UIScrollView
/Applications/Xcode-27.0.0-Release.Candidate.app/Contents/Developer/Platforms/WatchOS.platform/Developer/SDKs/WatchOS27.0.sdk/System/Library/Frameworks/UIKit.framework/Headers/UIViewController.h:104:12: note: 'UIViewController' has been explicitly marked unavailable here
102 |
103 | UIKIT_EXTERN API_AVAILABLE(ios(2.0)) API_UNAVAILABLE(watchos) NS_SWIFT_UI_ACTOR
104 | @interface UIViewController : UIResponder <NSCoding, UIAppearanceContainer, UITraitEnvironment, UIContentContainer, UIFocusEnvironment>
| `- note: 'UIViewController' has been explicitly marked unavailable here
105 |
106 | /*
/Users/admin/builder/spi-builder-workspace/Sources/BottomSheet/Helper/Extensions/ColorExtension.swift:14:46: error: 'tertiaryLabel' is unavailable in watchOS
12 | static var tertiaryLabel = Color(NSColor.tertiaryLabelColor)
13 | #else
14 | static var tertiaryLabel = Color(UIColor.tertiaryLabel)
| `- error: 'tertiaryLabel' is unavailable in watchOS
15 | #endif
16 | }
/Applications/Xcode-27.0.0-Release.Candidate.app/Contents/Developer/Platforms/WatchOS.platform/Developer/SDKs/WatchOS27.0.sdk/System/Library/Frameworks/UIKit.framework/Headers/UIInterface.h:173:49: note: 'tertiaryLabel' has been explicitly marked unavailable here
171 | @property (class, nonatomic, readonly) UIColor *labelColor API_AVAILABLE(ios(13.0), tvos(13.0)) API_UNAVAILABLE(watchos);
172 | @property (class, nonatomic, readonly) UIColor *secondaryLabelColor API_AVAILABLE(ios(13.0), tvos(13.0)) API_UNAVAILABLE(watchos);
173 | @property (class, nonatomic, readonly) UIColor *tertiaryLabelColor API_AVAILABLE(ios(13.0), tvos(13.0)) API_UNAVAILABLE(watchos);
| `- note: 'tertiaryLabel' has been explicitly marked unavailable here
174 | @property (class, nonatomic, readonly) UIColor *quaternaryLabelColor API_AVAILABLE(ios(13.0), tvos(13.0)) API_UNAVAILABLE(watchos);
175 |
/Users/admin/builder/spi-builder-workspace/Sources/BottomSheet/Helper/Extensions/UIApplicationExtension.swift:11:20: error: 'UIApplication' is unavailable in watchOS
9 | import UIKit
10 |
11 | internal extension UIApplication {
| `- error: 'UIApplication' is unavailable in watchOS
12 | func endEditing() {
13 | sendAction(
/Applications/Xcode-27.0.0-Release.Candidate.app/Contents/Developer/Platforms/WatchOS.platform/Developer/SDKs/WatchOS27.0.sdk/System/Library/Frameworks/UIKit.framework/Headers/UIApplication.h:85:12: note: 'UIApplication' has been explicitly marked unavailable here
83 |
84 | UIKIT_EXTERN API_AVAILABLE(ios(2.0)) API_UNAVAILABLE(watchos) NS_SWIFT_UI_ACTOR
85 | @interface UIApplication : UIResponder
| `- note: 'UIApplication' has been explicitly marked unavailable here
86 |
87 | @property(class, nonatomic, readonly) UIApplication *sharedApplication NS_EXTENSION_UNAVAILABLE_IOS("Use view controller based solutions where appropriate instead.");
/Users/admin/builder/spi-builder-workspace/Sources/BottomSheet/Helper/Views/VisualEffectView.swift:234:30: error: cannot find type 'Context' in scope
232 | var visualEffect: VisualEffect
233 |
234 | func makeUIView(context: Context) -> UIVisualEffectView {
| `- error: cannot find type 'Context' in scope
235 | let view = UIVisualEffectView(effect: UIBlurEffect(style: self.visualEffect.blurStyle))
236 | view.autoresizingMask = [
/Users/admin/builder/spi-builder-workspace/Sources/BottomSheet/Helper/Views/VisualEffectView.swift:234:42: error: 'UIVisualEffectView' is unavailable in watchOS
232 | var visualEffect: VisualEffect
233 |
234 | func makeUIView(context: Context) -> UIVisualEffectView {
| `- error: 'UIVisualEffectView' is unavailable in watchOS
235 | let view = UIVisualEffectView(effect: UIBlurEffect(style: self.visualEffect.blurStyle))
236 | view.autoresizingMask = [
/Applications/Xcode-27.0.0-Release.Candidate.app/Contents/Developer/Platforms/WatchOS.platform/Developer/SDKs/WatchOS27.0.sdk/System/Library/Frameworks/UIKit.framework/Headers/UIVisualEffectView.h:28:12: note: 'UIVisualEffectView' has been explicitly marked unavailable here
26 |
27 | UIKIT_EXTERN API_AVAILABLE(ios(8.0)) API_UNAVAILABLE(watchos) NS_SWIFT_UI_ACTOR
28 | @interface UIVisualEffectView : UIView <NSSecureCoding>
| `- note: 'UIVisualEffectView' has been explicitly marked unavailable here
29 |
30 | @property (nonatomic, strong, readonly) UIView *contentView; // Do not add subviews directly to UIVisualEffectView, use this view instead.
/Users/admin/builder/spi-builder-workspace/Sources/BottomSheet/Helper/Views/VisualEffectView.swift:245:18: error: cannot find type 'Context' in scope
243 | func updateUIView(
244 | _ uiView: UIVisualEffectView,
245 | context: Context
| `- error: cannot find type 'Context' in scope
246 | ) {
247 | uiView.effect = UIBlurEffect(style: self.visualEffect.blurStyle)
/Users/admin/builder/spi-builder-workspace/Sources/BottomSheet/Helper/Views/VisualEffectView.swift:244:19: error: 'UIVisualEffectView' is unavailable in watchOS
242 |
243 | func updateUIView(
244 | _ uiView: UIVisualEffectView,
| `- error: 'UIVisualEffectView' is unavailable in watchOS
245 | context: Context
246 | ) {
/Applications/Xcode-27.0.0-Release.Candidate.app/Contents/Developer/Platforms/WatchOS.platform/Developer/SDKs/WatchOS27.0.sdk/System/Library/Frameworks/UIKit.framework/Headers/UIVisualEffectView.h:28:12: note: 'UIVisualEffectView' has been explicitly marked unavailable here
26 |
27 | UIKIT_EXTERN API_AVAILABLE(ios(8.0)) API_UNAVAILABLE(watchos) NS_SWIFT_UI_ACTOR
28 | @interface UIVisualEffectView : UIView <NSSecureCoding>
| `- note: 'UIVisualEffectView' has been explicitly marked unavailable here
29 |
30 | @property (nonatomic, strong, readonly) UIView *contentView; // Do not add subviews directly to UIVisualEffectView, use this view instead.
/Users/admin/builder/spi-builder-workspace/Sources/BottomSheet/Helper/Views/VisualEffectView.swift:230:35: error: cannot find type 'UIViewRepresentable' in scope
228 | }
229 | #elseif canImport(UIKit)
230 | internal struct VisualEffectView: UIViewRepresentable {
| `- error: cannot find type 'UIViewRepresentable' in scope
231 |
232 | var visualEffect: VisualEffect
Failed frontend command:
/Applications/Xcode-27.0.0-Release.Candidate.app/Contents/Developer/Toolchains/XcodeDefault.xctoolchain/usr/bin/swift-frontend -frontend -emit-module -experimental-skip-non-inlinable-function-bodies-without-types /Users/admin/builder/spi-builder-workspace/.derivedData/Build/Intermediates.noindex/BottomSheet.build/Debug-watchos/BottomSheet-t.build/DerivedSources/resource_bundle_accessor.swift /Users/admin/builder/spi-builder-workspace/Sources/BottomSheet/BottomSheet+ViewModifiers/BottomSheet+AccountingForKeyboardHeight.swift /Users/admin/builder/spi-builder-workspace/Sources/BottomSheet/BottomSheet+ViewModifiers/BottomSheet+AppleScrollBehavior.swift /Users/admin/builder/spi-builder-workspace/Sources/BottomSheet/BottomSheet+ViewModifiers/BottomSheet+BackgroundBlur.swift /Users/admin/builder/spi-builder-workspace/Sources/BottomSheet/BottomSheet+ViewModifiers/BottomSheet+CloseButton.swift /Users/admin/builder/spi-builder-workspace/Sources/BottomSheet/BottomSheet+ViewModifiers/BottomSheet+ContentDrag.swift /Users/admin/builder/spi-builder-workspace/Sources/BottomSheet/BottomSheet+ViewModifiers/BottomSheet+CustomAnimation.swift /Users/admin/builder/spi-builder-workspace/Sources/BottomSheet/BottomSheet+ViewModifiers/BottomSheet+CustomBackground+iOS15.swift /Users/admin/builder/spi-builder-workspace/Sources/BottomSheet/BottomSheet+ViewModifiers/BottomSheet+CustomBackground.swift /Users/admin/builder/spi-builder-workspace/Sources/BottomSheet/BottomSheet+ViewModifiers/BottomSheet+DragGesture.swift /Users/admin/builder/spi-builder-workspace/Sources/BottomSheet/BottomSheet+ViewModifiers/BottomSheet+DragIndicator.swift /Users/admin/builder/spi-builder-workspace/Sources/BottomSheet/BottomSheet+ViewModifiers/BottomSheet+FlickThrough.swift /Users/admin/builder/spi-builder-workspace/Sources/BottomSheet/BottomSheet+ViewModifiers/BottomSheet+FloatingIPadSheet.swift /Users/admin/builder/spi-builder-workspace/Sources/BottomSheet/BottomSheet+ViewModifiers/BottomSheet+OnDismiss.swift /Users/admin/builder/spi-builder-workspace/Sources/BottomSheet/BottomSheet+ViewModifiers/BottomSheet+Resizable.swift /Users/admin/builder/spi-builder-workspace/Sources/BottomSheet/BottomSheet+ViewModifiers/BottomSheet+SheetWidth.swift /Users/admin/builder/spi-builder-workspace/Sources/BottomSheet/BottomSheet+ViewModifiers/BottomSheet+SwipeToDismiss.swift /Users/admin/builder/spi-builder-workspace/Sources/BottomSheet/BottomSheet+ViewModifiers/BottomSheet+TapToDismiss.swift /Users/admin/builder/spi-builder-workspace/Sources/BottomSheet/BottomSheet+ViewModifiers/BottomSheet+Threshold.swift /Users/admin/builder/spi-builder-workspace/Sources/BottomSheet/BottomSheet.swift /Users/admin/builder/spi-builder-workspace/Sources/BottomSheet/BottomSheetView/BottomSheetView+Calculations.swift /Users/admin/builder/spi-builder-workspace/Sources/BottomSheet/BottomSheetView/BottomSheetView+DragIndicatorAction.swift /Users/admin/builder/spi-builder-workspace/Sources/BottomSheet/BottomSheetView/BottomSheetView+Gestures.swift /Users/admin/builder/spi-builder-workspace/Sources/BottomSheet/BottomSheetView/BottomSheetView+HelperViews.swift /Users/admin/builder/spi-builder-workspace/Sources/BottomSheet/BottomSheetView/BottomSheetView+KeyboardHeight.swift /Users/admin/builder/spi-builder-workspace/Sources/BottomSheet/BottomSheetView/BottomSheetView+SwitchPosition.swift /Users/admin/builder/spi-builder-workspace/Sources/BottomSheet/BottomSheetView/BottomSheetView.swift /Users/admin/builder/spi-builder-workspace/Sources/BottomSheet/Helper/AppleScrollBehaviourScrollView/DragGestureExtension.swift /Users/admin/builder/spi-builder-workspace/Sources/BottomSheet/Helper/AppleScrollBehaviourScrollView/TimerAnimation.swift /Users/admin/builder/spi-builder-workspace/Sources/BottomSheet/Helper/AppleScrollBehaviourScrollView/UIScrollViewWrapper.swift /Users/admin/builder/spi-builder-workspace/Sources/BottomSheet/Helper/Extensions/BundleExtension.swift /Users/admin/builder/spi-builder-workspace/Sources/BottomSheet/Helper/Extensions/ColorExtension.swift /Users/admin/builder/spi-builder-workspace/Sources/BottomSheet/Helper/Extensions/UIApplicationExtension.swift /Users/admin/builder/spi-builder-workspace/Sources/BottomSheet/Helper/Extensions/ViewExtension.swift /Users/admin/builder/spi-builder-workspace/Sources/BottomSheet/Helper/ViewModifiers/IgnoresSafeAreaCompatible.swift /Users/admin/builder/spi-builder-workspace/Sources/BottomSheet/Helper/ViewModifiers/RoundedCornerViewModifier.swift /Users/admin/builder/spi-builder-workspace/Sources/BottomSheet/Helper/Views/VisualEffectView.swift /Users/admin/builder/spi-builder-workspace/Sources/BottomSheet/Models/BottomSheetConfiguration.swift /Users/admin/builder/spi-builder-workspace/Sources/BottomSheet/Models/BottomSheetPosition.swift /Users/admin/builder/spi-builder-workspace/Sources/BottomSheet/Models/BottomSheetWidth.swift /Users/admin/builder/spi-builder-workspace/.derivedData/Build/Intermediates.noindex/BottomSheet.build/Debug-watchos/BottomSheet-t.build/DerivedSources/GeneratedAssetSymbols.swift -target arm64_32-apple-watchos9.0 -module-can-import-version DeveloperToolsSupport 24.0.24 24.0.24 -module-can-import-version SwiftUI 8.0.84.1 8.0.84 -module-can-import-version UIKit 9127.0.84.1 9127.0.84 -disable-cross-import-overlay-search -load-resolved-plugin /Applications/Xcode-27.0.0-Release.Candidate.app/Contents/Developer/Platforms/WatchOS.platform/Developer/usr/lib/swift/host/plugins/libFoundationMacros.dylib\#/Applications/Xcode-27.0.0-Release.Candidate.app/Contents/Developer/Platforms/WatchOS.platform/Developer/usr/bin/swift-plugin-server\#FoundationMacros -load-resolved-plugin /Applications/Xcode-27.0.0-Release.Candidate.app/Contents/Developer/Platforms/WatchOS.platform/Developer/usr/lib/swift/host/plugins/libObservationMacros.dylib\#/Applications/Xcode-27.0.0-Release.Candidate.app/Contents/Developer/Platforms/WatchOS.platform/Developer/usr/bin/swift-plugin-server\#ObservationMacros -load-resolved-plugin /Applications/Xcode-27.0.0-Release.Candidate.app/Contents/Developer/Platforms/WatchOS.platform/Developer/usr/lib/swift/host/plugins/libPreviewsMacros.dylib\#/Applications/Xcode-27.0.0-Release.Candidate.app/Contents/Developer/Platforms/WatchOS.platform/Developer/usr/bin/swift-plugin-server\#PreviewsMacros -load-resolved-plugin /Applications/Xcode-27.0.0-Release.Candidate.app/Contents/Developer/Platforms/WatchOS.platform/Developer/usr/lib/swift/host/plugins/libSwiftMacros.dylib\#/Applications/Xcode-27.0.0-Release.Candidate.app/Contents/Developer/Platforms/WatchOS.platform/Developer/usr/bin/swift-plugin-server\#SwiftMacros -load-resolved-plugin /Applications/Xcode-27.0.0-Release.Candidate.app/Contents/Developer/Platforms/WatchOS.platform/Developer/usr/lib/swift/host/plugins/libSwiftUIMacros.dylib\#/Applications/Xcode-27.0.0-Release.Candidate.app/Contents/Developer/Platforms/WatchOS.platform/Developer/usr/bin/swift-plugin-server\#SwiftUIMacros -disable-implicit-swift-modules -Xcc -fno-implicit-modules -Xcc -fno-implicit-module-maps -explicit-swift-module-map-file /Users/admin/builder/spi-builder-workspace/.derivedData/Build/Intermediates.noindex/BottomSheet.build/Debug-watchos/BottomSheet-t.build/Objects-normal/arm64_32/BottomSheet-dependencies-1.json -enable-objc-interop -sdk /Applications/Xcode-27.0.0-Release.Candidate.app/Contents/Developer/Platforms/WatchOS.platform/Developer/SDKs/WatchOS27.0.sdk -I /Users/admin/builder/spi-builder-workspace/.derivedData/Build/Products/Debug-watchos -Isystem /Applications/Xcode-27.0.0-Release.Candidate.app/Contents/Developer/Platforms/WatchOS.platform/Developer/usr/lib -F /Users/admin/builder/spi-builder-workspace/.derivedData/Build/Products/Debug-watchos -F /Applications/Xcode-27.0.0-Release.Candidate.app/Contents/Developer/Platforms/WatchOS.platform/Developer/Library/Frameworks -F /Applications/Xcode-27.0.0-Release.Candidate.app/Contents/Developer/Platforms/WatchOS.platform/Developer/SDKs/WatchOS27.0.sdk/Developer/Library/Frameworks -module-cache-path /Users/admin/builder/spi-builder-workspace/.derivedData/Build/Intermediates.noindex/SwiftExplicitPrecompiledModules -no-color-diagnostics -Xcc -fno-color-diagnostics -enable-testing -g -debug-info-format\=dwarf -dwarf-version\=4 -swift-version 5 -Onone -D SWIFT_PACKAGE -D DEBUG -D SWIFT_MODULE_RESOURCE_BUNDLE_AVAILABLE -D Xcode -serialize-debugging-options -enable-experimental-feature DebugDescriptionMacro -empty-abi-descriptor -validate-clang-modules-once -clang-build-session-file /Users/admin/builder/spi-builder-workspace/.derivedData/ModuleCache.noindex/Session.modulevalidation -Xcc -working-directory -Xcc /Users/admin/builder/spi-builder-workspace/.swiftpm/xcode -enable-anonymous-context-mangled-names -file-compilation-dir /Users/admin/builder/spi-builder-workspace/.swiftpm/xcode -Xcc -D_LIBCPP_HARDENING_MODE\=_LIBCPP_HARDENING_MODE_DEBUG -Xcc -ivfsstatcache -Xcc /Users/admin/builder/spi-builder-workspace/.derivedData/SDKStatCaches.noindex/watchos27.0-24R360-e829b21a6f8c9b70876ba0858053c04477534ef55a1706bf4c1112bbb242f0a2.sdkstatcache -Xcc -fmodules-prune-interval\=86400 -Xcc -fmodules-prune-after\=345600 -Xcc -I/Users/admin/builder/spi-builder-workspace/.derivedData/Build/Products/Debug-watchos/include -Xcc -I/Users/admin/builder/spi-builder-workspace/.derivedData/Build/Intermediates.noindex/BottomSheet.build/Debug-watchos/BottomSheet-t.build/DerivedSources-normal/arm64_32 -Xcc -I/Users/admin/builder/spi-builder-workspace/.derivedData/Build/Intermediates.noindex/BottomSheet.build/Debug-watchos/BottomSheet-t.build/DerivedSources/arm64_32 -Xcc -I/Users/admin/builder/spi-builder-workspace/.derivedData/Build/Intermediates.noindex/BottomSheet.build/Debug-watchos/BottomSheet-t.build/DerivedSources -Xcc -DSWIFT_PACKAGE -Xcc -DDEBUG\=1 -no-auto-bridging-header-chaining -module-name BottomSheet -package-name spi_builder_workspace -const-gather-protocols-file /Users/admin/builder/spi-builder-workspace/.derivedData/Build/Intermediates.noindex/BottomSheet.build/Debug-watchos/BottomSheet-t.build/Objects-normal/arm64_32/BottomSheet_const_extract_protocols.json -disable-clang-spi -clang-target arm64_32-apple-watchos27.0 -target-sdk-version 27.0 -target-sdk-name watchos27.0 -in-process-plugin-server-path /Applications/Xcode-27.0.0-Release.Candidate.app/Contents/Developer/Toolchains/XcodeDefault.xctoolchain/usr/lib/swift/host/libSwiftInProcPluginServer.dylib -emit-module-doc-path /Users/admin/builder/spi-builder-workspace/.derivedData/Build/Intermediates.noindex/BottomSheet.build/Debug-watchos/BottomSheet-t.build/Objects-normal/arm64_32/BottomSheet.swiftdoc -emit-module-source-info-path /Users/admin/builder/spi-builder-workspace/.derivedData/Build/Intermediates.noindex/BottomSheet.build/Debug-watchos/BottomSheet-t.build/Objects-normal/arm64_32/BottomSheet.swiftsourceinfo -emit-objc-header-path /Users/admin/builder/spi-builder-workspace/.derivedData/Build/Intermediates.noindex/BottomSheet.build/Debug-watchos/BottomSheet-t.build/Objects-normal/arm64_32/BottomSheet-Swift.h -serialize-diagnostics-path /Users/admin/builder/spi-builder-workspace/.derivedData/Build/Intermediates.noindex/BottomSheet.build/Debug-watchos/BottomSheet-t.build/Objects-normal/arm64_32/BottomSheet-primary-emit-module.dia -emit-dependencies-path /Users/admin/builder/spi-builder-workspace/.derivedData/Build/Intermediates.noindex/BottomSheet.build/Debug-watchos/BottomSheet-t.build/Objects-normal/arm64_32/BottomSheet-primary-emit-module.d -parse-as-library -o /Users/admin/builder/spi-builder-workspace/.derivedData/Build/Intermediates.noindex/BottomSheet.build/Debug-watchos/BottomSheet-t.build/Objects-normal/arm64_32/BottomSheet.swiftmodule -emit-abi-descriptor-path /Users/admin/builder/spi-builder-workspace/.derivedData/Build/Intermediates.noindex/BottomSheet.build/Debug-watchos/BottomSheet-t.build/Objects-normal/arm64_32/BottomSheet.abi.json
SwiftCompile normal arm64_32 (in target 'BottomSheet' from project 'BottomSheet')
cd /Users/admin/builder/spi-builder-workspace/.swiftpm/xcode
SwiftCompile normal arm64_32 Compiling\ resource_bundle_accessor.swift,\ BottomSheet+AccountingForKeyboardHeight.swift,\ BottomSheet+AppleScrollBehavior.swift,\ BottomSheet+BackgroundBlur.swift,\ BottomSheet+CloseButton.swift /Users/admin/builder/spi-builder-workspace/.derivedData/Build/Intermediates.noindex/BottomSheet.build/Debug-watchos/BottomSheet-t.build/DerivedSources/resource_bundle_accessor.swift /Users/admin/builder/spi-builder-workspace/Sources/BottomSheet/BottomSheet+ViewModifiers/BottomSheet+AccountingForKeyboardHeight.swift /Users/admin/builder/spi-builder-workspace/Sources/BottomSheet/BottomSheet+ViewModifiers/BottomSheet+AppleScrollBehavior.swift /Users/admin/builder/spi-builder-workspace/Sources/BottomSheet/BottomSheet+ViewModifiers/BottomSheet+BackgroundBlur.swift /Users/admin/builder/spi-builder-workspace/Sources/BottomSheet/BottomSheet+ViewModifiers/BottomSheet+CloseButton.swift (in target 'BottomSheet' from project 'BottomSheet')
SwiftCompile normal arm64_32 /Users/admin/builder/spi-builder-workspace/.derivedData/Build/Intermediates.noindex/BottomSheet.build/Debug-watchos/BottomSheet-t.build/DerivedSources/resource_bundle_accessor.swift (in target 'BottomSheet' from project 'BottomSheet')
cd /Users/admin/builder/spi-builder-workspace/.swiftpm/xcode
builtin-SwiftPerFileCompile resource_bundle_accessor.swift
SwiftCompile normal arm64_32 /Users/admin/builder/spi-builder-workspace/Sources/BottomSheet/BottomSheet+ViewModifiers/BottomSheet+AccountingForKeyboardHeight.swift (in target 'BottomSheet' from project 'BottomSheet')
cd /Users/admin/builder/spi-builder-workspace/.swiftpm/xcode
builtin-SwiftPerFileCompile BottomSheet+AccountingForKeyboardHeight.swift
SwiftCompile normal arm64_32 /Users/admin/builder/spi-builder-workspace/Sources/BottomSheet/BottomSheet+ViewModifiers/BottomSheet+AppleScrollBehavior.swift (in target 'BottomSheet' from project 'BottomSheet')
cd /Users/admin/builder/spi-builder-workspace/.swiftpm/xcode
builtin-SwiftPerFileCompile BottomSheet+AppleScrollBehavior.swift
SwiftCompile normal arm64_32 /Users/admin/builder/spi-builder-workspace/Sources/BottomSheet/BottomSheet+ViewModifiers/BottomSheet+BackgroundBlur.swift (in target 'BottomSheet' from project 'BottomSheet')
cd /Users/admin/builder/spi-builder-workspace/.swiftpm/xcode
builtin-SwiftPerFileCompile BottomSheet+BackgroundBlur.swift
SwiftCompile normal arm64_32 /Users/admin/builder/spi-builder-workspace/Sources/BottomSheet/BottomSheet+ViewModifiers/BottomSheet+CloseButton.swift (in target 'BottomSheet' from project 'BottomSheet')
cd /Users/admin/builder/spi-builder-workspace/.swiftpm/xcode
builtin-SwiftPerFileCompile BottomSheet+CloseButton.swift
SwiftCompile normal arm64_32 Compiling\ BottomSheetView+DragIndicatorAction.swift,\ BottomSheetView+Gestures.swift,\ BottomSheetView+HelperViews.swift,\ BottomSheetView+KeyboardHeight.swift /Users/admin/builder/spi-builder-workspace/Sources/BottomSheet/BottomSheetView/BottomSheetView+DragIndicatorAction.swift /Users/admin/builder/spi-builder-workspace/Sources/BottomSheet/BottomSheetView/BottomSheetView+Gestures.swift /Users/admin/builder/spi-builder-workspace/Sources/BottomSheet/BottomSheetView/BottomSheetView+HelperViews.swift /Users/admin/builder/spi-builder-workspace/Sources/BottomSheet/BottomSheetView/BottomSheetView+KeyboardHeight.swift (in target 'BottomSheet' from project 'BottomSheet')
/Users/admin/builder/spi-builder-workspace/Sources/BottomSheet/BottomSheetView/BottomSheetView+HelperViews.swift:14:14: error: value of type 'VisualEffectView' has no member 'opacity'
12 | func fullScreenBackground(with geometry: GeometryProxy) -> some View {
13 | VisualEffectView(visualEffect: self.configuration.backgroundBlurMaterial)
14 | .opacity(
| `- error: value of type 'VisualEffectView' has no member 'opacity'
15 | // When `backgroundBlur` is enabled the opacity is calculated
16 | // based on the current height of the BottomSheet relative to its maximum height
/Users/admin/builder/spi-builder-workspace/Sources/BottomSheet/BottomSheetView/BottomSheetView+HelperViews.swift:275:10: error: value of type 'UIScrollViewWrapper<MContent>' has no member 'gesture'
273 | }
274 | // Make ScrollView drag-able
275 | .gesture(
| `- error: value of type 'UIScrollViewWrapper<MContent>' has no member 'gesture'
276 | self.isScrollEnabled ? nil : self.appleScrollViewDragGesture(with: geometry)
277 | )
/Users/admin/builder/spi-builder-workspace/Sources/BottomSheet/Helper/Extensions/ColorExtension.swift:14:46: error: 'tertiaryLabel' is unavailable in watchOS
12 | static var tertiaryLabel = Color(NSColor.tertiaryLabelColor)
13 | #else
14 | static var tertiaryLabel = Color(UIColor.tertiaryLabel)
| `- error: 'tertiaryLabel' is unavailable in watchOS
15 | #endif
16 | }
/Applications/Xcode-27.0.0-Release.Candidate.app/Contents/Developer/Platforms/WatchOS.platform/Developer/SDKs/WatchOS27.0.sdk/System/Library/Frameworks/UIKit.framework/Headers/UIInterface.h:173:49: note: 'tertiaryLabel' has been explicitly marked unavailable here
171 | @property (class, nonatomic, readonly) UIColor *labelColor API_AVAILABLE(ios(13.0), tvos(13.0)) API_UNAVAILABLE(watchos);
172 | @property (class, nonatomic, readonly) UIColor *secondaryLabelColor API_AVAILABLE(ios(13.0), tvos(13.0)) API_UNAVAILABLE(watchos);
173 | @property (class, nonatomic, readonly) UIColor *tertiaryLabelColor API_AVAILABLE(ios(13.0), tvos(13.0)) API_UNAVAILABLE(watchos);
| `- note: 'tertiaryLabel' has been explicitly marked unavailable here
174 | @property (class, nonatomic, readonly) UIColor *quaternaryLabelColor API_AVAILABLE(ios(13.0), tvos(13.0)) API_UNAVAILABLE(watchos);
175 |
/Users/admin/builder/spi-builder-workspace/Sources/BottomSheet/BottomSheetView/BottomSheetView+HelperViews.swift:378:22: error: value of type 'VisualEffectView' has no member 'cornerRadius'
376 | // On iPhone and iPad not floating only to the top corners,
377 | // on iPad floating and Mac to all corners
378 | .cornerRadius(
| `- error: value of type 'VisualEffectView' has no member 'cornerRadius'
379 | 10,
380 | corners: self.isIPadFloatingOrMac ? .allCorners : [
/Users/admin/builder/spi-builder-workspace/Sources/BottomSheet/BottomSheetView/BottomSheetView+KeyboardHeight.swift:21:19: error: 'UIResponder' is unavailable in watchOS
19 | self,
20 | selector: #selector(self.keyboardWillShow),
21 | name: UIResponder.keyboardWillShowNotification,
| `- error: 'UIResponder' is unavailable in watchOS
22 | object: nil
23 | )
/Applications/Xcode-27.0.0-Release.Candidate.app/Contents/Developer/Platforms/WatchOS.platform/Developer/SDKs/WatchOS27.0.sdk/System/Library/Frameworks/UIKit.framework/Headers/UIResponder.h:82:12: note: 'UIResponder' has been explicitly marked unavailable here
80 |
81 | UIKIT_EXTERN API_AVAILABLE(ios(2.0)) API_UNAVAILABLE(watchos) NS_SWIFT_UI_ACTOR
82 | @interface UIResponder : NSObject <UIResponderStandardEditActions>
| `- note: 'UIResponder' has been explicitly marked unavailable here
83 |
84 | @property(nonatomic, readonly, nullable) UIResponder *nextResponder;
/Users/admin/builder/spi-builder-workspace/Sources/BottomSheet/BottomSheetView/BottomSheetView+KeyboardHeight.swift:21:31: error: 'keyboardWillShowNotification' is unavailable in watchOS
19 | self,
20 | selector: #selector(self.keyboardWillShow),
21 | name: UIResponder.keyboardWillShowNotification,
| `- error: 'keyboardWillShowNotification' is unavailable in watchOS
22 | object: nil
23 | )
/Applications/Xcode-27.0.0-Release.Candidate.app/Contents/Developer/Platforms/WatchOS.platform/Developer/SDKs/WatchOS27.0.sdk/System/Library/Frameworks/UIKit.framework/Headers/UIWindow.h:132:39: note: 'keyboardWillShowNotification' has been explicitly marked unavailable here
130 | // Use the various UICoordinateSpace convertRect facilities to get the frame in the desired coordinate system.
131 | // Animation key/value pairs are only available for the "will" family of notification.
132 | UIKIT_EXTERN NSNotificationName const UIKeyboardWillShowNotification API_UNAVAILABLE(tvos, watchos) NS_SWIFT_NONISOLATED;
| `- note: 'keyboardWillShowNotification' has been explicitly marked unavailable here
133 | UIKIT_EXTERN NSNotificationName const UIKeyboardDidShowNotification API_UNAVAILABLE(tvos, watchos) NS_SWIFT_NONISOLATED;
134 | UIKIT_EXTERN NSNotificationName const UIKeyboardWillHideNotification API_UNAVAILABLE(tvos, watchos) NS_SWIFT_NONISOLATED;
/Users/admin/builder/spi-builder-workspace/Sources/BottomSheet/BottomSheetView/BottomSheetView+KeyboardHeight.swift:28:19: error: 'UIResponder' is unavailable in watchOS
26 | self,
27 | selector: #selector(self.keyboardWillHide),
28 | name: UIResponder.keyboardWillHideNotification,
| `- error: 'UIResponder' is unavailable in watchOS
29 | object: nil
30 | )
/Applications/Xcode-27.0.0-Release.Candidate.app/Contents/Developer/Platforms/WatchOS.platform/Developer/SDKs/WatchOS27.0.sdk/System/Library/Frameworks/UIKit.framework/Headers/UIResponder.h:82:12: note: 'UIResponder' has been explicitly marked unavailable here
80 |
81 | UIKIT_EXTERN API_AVAILABLE(ios(2.0)) API_UNAVAILABLE(watchos) NS_SWIFT_UI_ACTOR
82 | @interface UIResponder : NSObject <UIResponderStandardEditActions>
| `- note: 'UIResponder' has been explicitly marked unavailable here
83 |
84 | @property(nonatomic, readonly, nullable) UIResponder *nextResponder;
SwiftCompile normal arm64_32 /Users/admin/builder/spi-builder-workspace/Sources/BottomSheet/BottomSheetView/BottomSheetView+DragIndicatorAction.swift (in target 'BottomSheet' from project 'BottomSheet')
cd /Users/admin/builder/spi-builder-workspace/.swiftpm/xcode
builtin-SwiftPerFileCompile BottomSheetView+DragIndicatorAction.swift
SwiftCompile normal arm64_32 /Users/admin/builder/spi-builder-workspace/Sources/BottomSheet/BottomSheetView/BottomSheetView+Gestures.swift (in target 'BottomSheet' from project 'BottomSheet')
cd /Users/admin/builder/spi-builder-workspace/.swiftpm/xcode
builtin-SwiftPerFileCompile BottomSheetView+Gestures.swift
SwiftCompile normal arm64_32 /Users/admin/builder/spi-builder-workspace/Sources/BottomSheet/BottomSheetView/BottomSheetView+HelperViews.swift (in target 'BottomSheet' from project 'BottomSheet')
cd /Users/admin/builder/spi-builder-workspace/.swiftpm/xcode
builtin-SwiftPerFileCompile BottomSheetView+HelperViews.swift
SwiftCompile normal arm64_32 /Users/admin/builder/spi-builder-workspace/Sources/BottomSheet/BottomSheetView/BottomSheetView+KeyboardHeight.swift (in target 'BottomSheet' from project 'BottomSheet')
cd /Users/admin/builder/spi-builder-workspace/.swiftpm/xcode
builtin-SwiftPerFileCompile BottomSheetView+KeyboardHeight.swift
SwiftCompile normal arm64_32 Compiling\ BottomSheetView+SwitchPosition.swift,\ BottomSheetView.swift,\ DragGestureExtension.swift,\ TimerAnimation.swift /Users/admin/builder/spi-builder-workspace/Sources/BottomSheet/BottomSheetView/BottomSheetView+SwitchPosition.swift /Users/admin/builder/spi-builder-workspace/Sources/BottomSheet/BottomSheetView/BottomSheetView.swift /Users/admin/builder/spi-builder-workspace/Sources/BottomSheet/Helper/AppleScrollBehaviourScrollView/DragGestureExtension.swift /Users/admin/builder/spi-builder-workspace/Sources/BottomSheet/Helper/AppleScrollBehaviourScrollView/TimerAnimation.swift (in target 'BottomSheet' from project 'BottomSheet')
/Users/admin/builder/spi-builder-workspace/Sources/BottomSheet/Helper/AppleScrollBehaviourScrollView/TimerAnimation.swift:60:35: error: 'CADisplayLink' is unavailable in watchOS
58 | private let animations: Animations
59 | private let completion: Completion?
60 | private weak var displayLink: CADisplayLink?
| `- error: 'CADisplayLink' is unavailable in watchOS
61 |
62 | private var running: Bool = true
/Applications/Xcode-27.0.0-Release.Candidate.app/Contents/Developer/Platforms/WatchOS.platform/Developer/SDKs/WatchOS27.0.sdk/System/Library/Frameworks/QuartzCore.framework/Headers/CADisplayLink.h:21:12: note: 'CADisplayLink' has been explicitly marked unavailable here
19 | API_AVAILABLE(macos(14.0))
20 |
21 | @interface CADisplayLink : NSObject
| `- note: 'CADisplayLink' has been explicitly marked unavailable here
22 | {
23 | @private
/Users/admin/builder/spi-builder-workspace/Sources/BottomSheet/Helper/AppleScrollBehaviourScrollView/TimerAnimation.swift:66:51: error: 'CADisplayLink' is unavailable in watchOS
64 | private let firstFrameTimestamp: CFTimeInterval
65 |
66 | @objc private func handleFrame(_ displayLink: CADisplayLink) {
| `- error: 'CADisplayLink' is unavailable in watchOS
67 | guard self.running else {
68 | return
/Applications/Xcode-27.0.0-Release.Candidate.app/Contents/Developer/Platforms/WatchOS.platform/Developer/SDKs/WatchOS27.0.sdk/System/Library/Frameworks/QuartzCore.framework/Headers/CADisplayLink.h:21:12: note: 'CADisplayLink' has been explicitly marked unavailable here
19 | API_AVAILABLE(macos(14.0))
20 |
21 | @interface CADisplayLink : NSObject
| `- note: 'CADisplayLink' has been explicitly marked unavailable here
22 | {
23 | @private
/Users/admin/builder/spi-builder-workspace/Sources/BottomSheet/Helper/AppleScrollBehaviourScrollView/TimerAnimation.swift:29:36: error: 'CACurrentMediaTime()' is unavailable in watchOS
27 | self.completion = completion
28 |
29 | self.firstFrameTimestamp = CACurrentMediaTime()
| `- error: 'CACurrentMediaTime()' is unavailable in watchOS
30 |
31 | let displayLink = CADisplayLink(
/Applications/Xcode-27.0.0-Release.Candidate.app/Contents/Developer/Platforms/WatchOS.platform/Developer/SDKs/WatchOS27.0.sdk/System/Library/Frameworks/QuartzCore.framework/Headers/CABase.h:127:26: note: 'CACurrentMediaTime()' has been explicitly marked unavailable here
125 | * calling mach_absolute_time () and converting the units to seconds. */
126 |
127 | CA_EXTERN CFTimeInterval CACurrentMediaTime (void)
| `- note: 'CACurrentMediaTime()' has been explicitly marked unavailable here
128 | API_AVAILABLE(macos(10.5), ios(2.0)) API_UNAVAILABLE(watchos);
129 |
/Users/admin/builder/spi-builder-workspace/Sources/BottomSheet/Helper/AppleScrollBehaviourScrollView/TimerAnimation.swift:31:27: error: 'CADisplayLink' is unavailable in watchOS
29 | self.firstFrameTimestamp = CACurrentMediaTime()
30 |
31 | let displayLink = CADisplayLink(
| `- error: 'CADisplayLink' is unavailable in watchOS
32 | target: self,
33 | selector: #selector(
/Applications/Xcode-27.0.0-Release.Candidate.app/Contents/Developer/Platforms/WatchOS.platform/Developer/SDKs/WatchOS27.0.sdk/System/Library/Frameworks/QuartzCore.framework/Headers/CADisplayLink.h:21:12: note: 'CADisplayLink' has been explicitly marked unavailable here
19 | API_AVAILABLE(macos(14.0))
20 |
21 | @interface CADisplayLink : NSObject
| `- note: 'CADisplayLink' has been explicitly marked unavailable here
22 | {
23 | @private
SwiftCompile normal arm64_32 /Users/admin/builder/spi-builder-workspace/Sources/BottomSheet/BottomSheetView/BottomSheetView+SwitchPosition.swift (in target 'BottomSheet' from project 'BottomSheet')
cd /Users/admin/builder/spi-builder-workspace/.swiftpm/xcode
builtin-SwiftPerFileCompile BottomSheetView+SwitchPosition.swift
SwiftCompile normal arm64_32 /Users/admin/builder/spi-builder-workspace/Sources/BottomSheet/BottomSheetView/BottomSheetView.swift (in target 'BottomSheet' from project 'BottomSheet')
cd /Users/admin/builder/spi-builder-workspace/.swiftpm/xcode
builtin-SwiftPerFileCompile BottomSheetView.swift
SwiftCompile normal arm64_32 /Users/admin/builder/spi-builder-workspace/Sources/BottomSheet/Helper/AppleScrollBehaviourScrollView/DragGestureExtension.swift (in target 'BottomSheet' from project 'BottomSheet')
cd /Users/admin/builder/spi-builder-workspace/.swiftpm/xcode
builtin-SwiftPerFileCompile DragGestureExtension.swift
SwiftCompile normal arm64_32 /Users/admin/builder/spi-builder-workspace/Sources/BottomSheet/Helper/AppleScrollBehaviourScrollView/TimerAnimation.swift (in target 'BottomSheet' from project 'BottomSheet')
cd /Users/admin/builder/spi-builder-workspace/.swiftpm/xcode
builtin-SwiftPerFileCompile TimerAnimation.swift
SwiftCompile normal arm64_32 Compiling\ BottomSheet+TapToDismiss.swift,\ BottomSheet+Threshold.swift,\ BottomSheet.swift,\ BottomSheetView+Calculations.swift /Users/admin/builder/spi-builder-workspace/Sources/BottomSheet/BottomSheet+ViewModifiers/BottomSheet+TapToDismiss.swift /Users/admin/builder/spi-builder-workspace/Sources/BottomSheet/BottomSheet+ViewModifiers/BottomSheet+Threshold.swift /Users/admin/builder/spi-builder-workspace/Sources/BottomSheet/BottomSheet.swift /Users/admin/builder/spi-builder-workspace/Sources/BottomSheet/BottomSheetView/BottomSheetView+Calculations.swift (in target 'BottomSheet' from project 'BottomSheet')
/Users/admin/builder/spi-builder-workspace/Sources/BottomSheet/BottomSheetView/BottomSheetView+Calculations.swift:49:20: error: 'UIApplication' is unavailable in watchOS
47 | return NSApplication.shared.mainMenu?.menuBarHeight ?? 20
48 | #else
49 | return UIApplication.shared.windows.first?.safeAreaInsets.top ?? 10
| `- error: 'UIApplication' is unavailable in watchOS
50 | #endif
51 | } else {
/Applications/Xcode-27.0.0-Release.Candidate.app/Contents/Developer/Platforms/WatchOS.platform/Developer/SDKs/WatchOS27.0.sdk/System/Library/Frameworks/UIKit.framework/Headers/UIApplication.h:85:12: note: 'UIApplication' has been explicitly marked unavailable here
83 |
84 | UIKIT_EXTERN API_AVAILABLE(ios(2.0)) API_UNAVAILABLE(watchos) NS_SWIFT_UI_ACTOR
85 | @interface UIApplication : UIResponder
| `- note: 'UIApplication' has been explicitly marked unavailable here
86 |
87 | @property(class, nonatomic, readonly) UIApplication *sharedApplication NS_EXTENSION_UNAVAILABLE_IOS("Use view controller based solutions where appropriate instead.");
/Users/admin/builder/spi-builder-workspace/Sources/BottomSheet/BottomSheetView/BottomSheetView+Calculations.swift:49:41: error: 'windows' is unavailable in watchOS
47 | return NSApplication.shared.mainMenu?.menuBarHeight ?? 20
48 | #else
49 | return UIApplication.shared.windows.first?.safeAreaInsets.top ?? 10
| `- error: 'windows' is unavailable in watchOS
50 | #endif
51 | } else {
/Applications/Xcode-27.0.0-Release.Candidate.app/Contents/Developer/Platforms/WatchOS.platform/Developer/SDKs/WatchOS27.0.sdk/System/Library/Frameworks/UIKit.framework/Headers/UIApplication.h:109:62: note: 'windows' has been explicitly marked unavailable here
107 |
108 | @property(nullable, nonatomic,readonly) UIWindow *keyWindow API_DEPRECATED("Should not be used for applications that support multiple scenes as it returns a key window across all connected scenes", ios(2.0, 13.0)) API_UNAVAILABLE(visionos, watchos);
109 | @property(nonatomic,readonly) NSArray<__kindof UIWindow *> *windows API_DEPRECATED("Use UIWindowScene.windows on a relevant window scene instead", ios(2.0, 15.0), visionos(1.0, 1.0)) API_UNAVAILABLE(watchos);
| `- note: 'windows' has been explicitly marked unavailable here
110 |
111 | - (BOOL)sendAction:(SEL)action to:(nullable id)target from:(nullable id)sender forEvent:(nullable UIEvent *)event;
/Users/admin/builder/spi-builder-workspace/Sources/BottomSheet/BottomSheetView/BottomSheetView+Calculations.swift:49:56: error: 'safeAreaInsets' is unavailable in watchOS
47 | return NSApplication.shared.mainMenu?.menuBarHeight ?? 20
48 | #else
49 | return UIApplication.shared.windows.first?.safeAreaInsets.top ?? 10
| `- error: 'safeAreaInsets' is unavailable in watchOS
50 | #endif
51 | } else {
/Applications/Xcode-27.0.0-Release.Candidate.app/Contents/Developer/Platforms/WatchOS.platform/Developer/SDKs/WatchOS27.0.sdk/System/Library/Frameworks/UIKit.framework/Headers/UIView.h:293:45: note: 'safeAreaInsets' has been explicitly marked unavailable here
291 | - (void)layoutMarginsDidChange API_AVAILABLE(ios(8.0));
292 |
293 | @property (nonatomic,readonly) UIEdgeInsets safeAreaInsets API_AVAILABLE(ios(11.0), tvos(11.0)) API_UNAVAILABLE(watchos);
| `- note: 'safeAreaInsets' has been explicitly marked unavailable here
294 | - (void)safeAreaInsetsDidChange API_AVAILABLE(ios(11.0), tvos(11.0)) API_UNAVAILABLE(watchos);
295 |
/Users/admin/builder/spi-builder-workspace/Sources/BottomSheet/BottomSheetView/BottomSheetView+Calculations.swift:79:20: error: 'UIApplication' is unavailable in watchOS
77 | #if !os(macOS)
78 | // Safe area as height (iPhone)
79 | return UIApplication.shared.windows.first?.safeAreaInsets.bottom ?? 20
| `- error: 'UIApplication' is unavailable in watchOS
80 | #else
81 | // Should never be called
/Applications/Xcode-27.0.0-Release.Candidate.app/Contents/Developer/Platforms/WatchOS.platform/Developer/SDKs/WatchOS27.0.sdk/System/Library/Frameworks/UIKit.framework/Headers/UIApplication.h:85:12: note: 'UIApplication' has been explicitly marked unavailable here
83 |
84 | UIKIT_EXTERN API_AVAILABLE(ios(2.0)) API_UNAVAILABLE(watchos) NS_SWIFT_UI_ACTOR
85 | @interface UIApplication : UIResponder
| `- note: 'UIApplication' has been explicitly marked unavailable here
86 |
87 | @property(class, nonatomic, readonly) UIApplication *sharedApplication NS_EXTENSION_UNAVAILABLE_IOS("Use view controller based solutions where appropriate instead.");
/Users/admin/builder/spi-builder-workspace/Sources/BottomSheet/BottomSheetView/BottomSheetView+Calculations.swift:79:41: error: 'windows' is unavailable in watchOS
77 | #if !os(macOS)
78 | // Safe area as height (iPhone)
79 | return UIApplication.shared.windows.first?.safeAreaInsets.bottom ?? 20
| `- error: 'windows' is unavailable in watchOS
80 | #else
81 | // Should never be called
/Applications/Xcode-27.0.0-Release.Candidate.app/Contents/Developer/Platforms/WatchOS.platform/Developer/SDKs/WatchOS27.0.sdk/System/Library/Frameworks/UIKit.framework/Headers/UIApplication.h:109:62: note: 'windows' has been explicitly marked unavailable here
107 |
108 | @property(nullable, nonatomic,readonly) UIWindow *keyWindow API_DEPRECATED("Should not be used for applications that support multiple scenes as it returns a key window across all connected scenes", ios(2.0, 13.0)) API_UNAVAILABLE(visionos, watchos);
109 | @property(nonatomic,readonly) NSArray<__kindof UIWindow *> *windows API_DEPRECATED("Use UIWindowScene.windows on a relevant window scene instead", ios(2.0, 15.0), visionos(1.0, 1.0)) API_UNAVAILABLE(watchos);
| `- note: 'windows' has been explicitly marked unavailable here
110 |
111 | - (BOOL)sendAction:(SEL)action to:(nullable id)target from:(nullable id)sender forEvent:(nullable UIEvent *)event;
/Users/admin/builder/spi-builder-workspace/Sources/BottomSheet/BottomSheetView/BottomSheetView+Calculations.swift:79:56: error: 'safeAreaInsets' is unavailable in watchOS
77 | #if !os(macOS)
78 | // Safe area as height (iPhone)
79 | return UIApplication.shared.windows.first?.safeAreaInsets.bottom ?? 20
| `- error: 'safeAreaInsets' is unavailable in watchOS
80 | #else
81 | // Should never be called
/Applications/Xcode-27.0.0-Release.Candidate.app/Contents/Developer/Platforms/WatchOS.platform/Developer/SDKs/WatchOS27.0.sdk/System/Library/Frameworks/UIKit.framework/Headers/UIView.h:293:45: note: 'safeAreaInsets' has been explicitly marked unavailable here
291 | - (void)layoutMarginsDidChange API_AVAILABLE(ios(8.0));
292 |
293 | @property (nonatomic,readonly) UIEdgeInsets safeAreaInsets API_AVAILABLE(ios(11.0), tvos(11.0)) API_UNAVAILABLE(watchos);
| `- note: 'safeAreaInsets' has been explicitly marked unavailable here
294 | - (void)safeAreaInsetsDidChange API_AVAILABLE(ios(11.0), tvos(11.0)) API_UNAVAILABLE(watchos);
295 |
/Users/admin/builder/spi-builder-workspace/Sources/BottomSheet/BottomSheetView/BottomSheetView+Calculations.swift:189:19: error: 'UIDevice' is unavailable in watchOS
187 | // On iPad use 30% of the width
188 | return geometry.size.width * 0.3
189 | } else if UIDevice.current.userInterfaceIdiom == .phone && UIDevice.current.orientation.isLandscape {
| `- error: 'UIDevice' is unavailable in watchOS
190 | // On iPhone landscape use 40% of the width
191 | return geometry.size.width * 0.4
/Applications/Xcode-27.0.0-Release.Candidate.app/Contents/Developer/Platforms/WatchOS.platform/Developer/SDKs/WatchOS27.0.sdk/System/Library/Frameworks/UIKit.framework/Headers/UIDevice.h:35:12: note: 'UIDevice' has been explicitly marked unavailable here
33 |
34 | UIKIT_EXTERN API_AVAILABLE(ios(2.0)) API_UNAVAILABLE(watchos) NS_SWIFT_UI_ACTOR
35 | @interface UIDevice : NSObject
| `- note: 'UIDevice' has been explicitly marked unavailable here
36 |
37 | @property(class, nonatomic, readonly) UIDevice *currentDevice;
/Users/admin/builder/spi-builder-workspace/Sources/BottomSheet/BottomSheetView/BottomSheetView+Calculations.swift:189:68: error: 'UIDevice' is unavailable in watchOS
187 | // On iPad use 30% of the width
188 | return geometry.size.width * 0.3
189 | } else if UIDevice.current.userInterfaceIdiom == .phone && UIDevice.current.orientation.isLandscape {
| `- error: 'UIDevice' is unavailable in watchOS
190 | // On iPhone landscape use 40% of the width
191 | return geometry.size.width * 0.4
/Applications/Xcode-27.0.0-Release.Candidate.app/Contents/Developer/Platforms/WatchOS.platform/Developer/SDKs/WatchOS27.0.sdk/System/Library/Frameworks/UIKit.framework/Headers/UIDevice.h:35:12: note: 'UIDevice' has been explicitly marked unavailable here
33 |
34 | UIKIT_EXTERN API_AVAILABLE(ios(2.0)) API_UNAVAILABLE(watchos) NS_SWIFT_UI_ACTOR
35 | @interface UIDevice : NSObject
| `- note: 'UIDevice' has been explicitly marked unavailable here
36 |
37 | @property(class, nonatomic, readonly) UIDevice *currentDevice;
/Users/admin/builder/spi-builder-workspace/Sources/BottomSheet/BottomSheetView/BottomSheetView+Calculations.swift:189:97: error: 'isLandscape' is unavailable in watchOS
187 | // On iPad use 30% of the width
188 | return geometry.size.width * 0.3
189 | } else if UIDevice.current.userInterfaceIdiom == .phone && UIDevice.current.orientation.isLandscape {
| `- error: 'isLandscape' is unavailable in watchOS
190 | // On iPhone landscape use 40% of the width
191 | return geometry.size.width * 0.4
UIKit.UIDeviceOrientation.isLandscape:3:14: note: 'isLandscape' has been explicitly marked unavailable here
1 | enum UIDeviceOrientation {
2 | @available(watchOS, unavailable)
3 | public var isLandscape: Bool { get }}
| `- note: 'isLandscape' has been explicitly marked unavailable here
4 |
SwiftCompile normal arm64_32 /Users/admin/builder/spi-builder-workspace/Sources/BottomSheet/BottomSheet+ViewModifiers/BottomSheet+TapToDismiss.swift (in target 'BottomSheet' from project 'BottomSheet')
cd /Users/admin/builder/spi-builder-workspace/.swiftpm/xcode
builtin-SwiftPerFileCompile BottomSheet+TapToDismiss.swift
SwiftCompile normal arm64_32 /Users/admin/builder/spi-builder-workspace/Sources/BottomSheet/BottomSheet+ViewModifiers/BottomSheet+Threshold.swift (in target 'BottomSheet' from project 'BottomSheet')
cd /Users/admin/builder/spi-builder-workspace/.swiftpm/xcode
builtin-SwiftPerFileCompile BottomSheet+Threshold.swift
SwiftCompile normal arm64_32 /Users/admin/builder/spi-builder-workspace/Sources/BottomSheet/BottomSheet.swift (in target 'BottomSheet' from project 'BottomSheet')
cd /Users/admin/builder/spi-builder-workspace/.swiftpm/xcode
builtin-SwiftPerFileCompile BottomSheet.swift
SwiftCompile normal arm64_32 /Users/admin/builder/spi-builder-workspace/Sources/BottomSheet/BottomSheetView/BottomSheetView+Calculations.swift (in target 'BottomSheet' from project 'BottomSheet')
cd /Users/admin/builder/spi-builder-workspace/.swiftpm/xcode
builtin-SwiftPerFileCompile BottomSheetView+Calculations.swift
SwiftCompile normal arm64_32 Compiling\ BottomSheet+OnDismiss.swift,\ BottomSheet+Resizable.swift,\ BottomSheet+SheetWidth.swift,\ BottomSheet+SwipeToDismiss.swift /Users/admin/builder/spi-builder-workspace/Sources/BottomSheet/BottomSheet+ViewModifiers/BottomSheet+OnDismiss.swift /Users/admin/builder/spi-builder-workspace/Sources/BottomSheet/BottomSheet+ViewModifiers/BottomSheet+Resizable.swift /Users/admin/builder/spi-builder-workspace/Sources/BottomSheet/BottomSheet+ViewModifiers/BottomSheet+SheetWidth.swift /Users/admin/builder/spi-builder-workspace/Sources/BottomSheet/BottomSheet+ViewModifiers/BottomSheet+SwipeToDismiss.swift (in target 'BottomSheet' from project 'BottomSheet')
SwiftCompile normal arm64_32 /Users/admin/builder/spi-builder-workspace/Sources/BottomSheet/BottomSheet+ViewModifiers/BottomSheet+OnDismiss.swift (in target 'BottomSheet' from project 'BottomSheet')
cd /Users/admin/builder/spi-builder-workspace/.swiftpm/xcode
builtin-SwiftPerFileCompile BottomSheet+OnDismiss.swift
SwiftCompile normal arm64_32 /Users/admin/builder/spi-builder-workspace/Sources/BottomSheet/BottomSheet+ViewModifiers/BottomSheet+Resizable.swift (in target 'BottomSheet' from project 'BottomSheet')
cd /Users/admin/builder/spi-builder-workspace/.swiftpm/xcode
builtin-SwiftPerFileCompile BottomSheet+Resizable.swift
SwiftCompile normal arm64_32 /Users/admin/builder/spi-builder-workspace/Sources/BottomSheet/BottomSheet+ViewModifiers/BottomSheet+SheetWidth.swift (in target 'BottomSheet' from project 'BottomSheet')
cd /Users/admin/builder/spi-builder-workspace/.swiftpm/xcode
builtin-SwiftPerFileCompile BottomSheet+SheetWidth.swift
SwiftCompile normal arm64_32 /Users/admin/builder/spi-builder-workspace/Sources/BottomSheet/BottomSheet+ViewModifiers/BottomSheet+SwipeToDismiss.swift (in target 'BottomSheet' from project 'BottomSheet')
cd /Users/admin/builder/spi-builder-workspace/.swiftpm/xcode
builtin-SwiftPerFileCompile BottomSheet+SwipeToDismiss.swift
SwiftCompile normal arm64_32 Compiling\ ViewExtension.swift,\ IgnoresSafeAreaCompatible.swift,\ RoundedCornerViewModifier.swift,\ VisualEffectView.swift /Users/admin/builder/spi-builder-workspace/Sources/BottomSheet/Helper/Extensions/ViewExtension.swift /Users/admin/builder/spi-builder-workspace/Sources/BottomSheet/Helper/ViewModifiers/IgnoresSafeAreaCompatible.swift /Users/admin/builder/spi-builder-workspace/Sources/BottomSheet/Helper/ViewModifiers/RoundedCornerViewModifier.swift /Users/admin/builder/spi-builder-workspace/Sources/BottomSheet/Helper/Views/VisualEffectView.swift (in target 'BottomSheet' from project 'BottomSheet')
/Users/admin/builder/spi-builder-workspace/Sources/BottomSheet/Helper/Views/VisualEffectView.swift:234:30: error: cannot find type 'Context' in scope
232 | var visualEffect: VisualEffect
233 |
234 | func makeUIView(context: Context) -> UIVisualEffectView {
| `- error: cannot find type 'Context' in scope
235 | let view = UIVisualEffectView(effect: UIBlurEffect(style: self.visualEffect.blurStyle))
236 | view.autoresizingMask = [
/Users/admin/builder/spi-builder-workspace/Sources/BottomSheet/Helper/Views/VisualEffectView.swift:234:42: error: 'UIVisualEffectView' is unavailable in watchOS
232 | var visualEffect: VisualEffect
233 |
234 | func makeUIView(context: Context) -> UIVisualEffectView {
| `- error: 'UIVisualEffectView' is unavailable in watchOS
235 | let view = UIVisualEffectView(effect: UIBlurEffect(style: self.visualEffect.blurStyle))
236 | view.autoresizingMask = [
/Applications/Xcode-27.0.0-Release.Candidate.app/Contents/Developer/Platforms/WatchOS.platform/Developer/SDKs/WatchOS27.0.sdk/System/Library/Frameworks/UIKit.framework/Headers/UIVisualEffectView.h:28:12: note: 'UIVisualEffectView' has been explicitly marked unavailable here
26 |
27 | UIKIT_EXTERN API_AVAILABLE(ios(8.0)) API_UNAVAILABLE(watchos) NS_SWIFT_UI_ACTOR
28 | @interface UIVisualEffectView : UIView <NSSecureCoding>
| `- note: 'UIVisualEffectView' has been explicitly marked unavailable here
29 |
30 | @property (nonatomic, strong, readonly) UIView *contentView; // Do not add subviews directly to UIVisualEffectView, use this view instead.
/Users/admin/builder/spi-builder-workspace/Sources/BottomSheet/Helper/Views/VisualEffectView.swift:245:18: error: cannot find type 'Context' in scope
243 | func updateUIView(
244 | _ uiView: UIVisualEffectView,
245 | context: Context
| `- error: cannot find type 'Context' in scope
246 | ) {
247 | uiView.effect = UIBlurEffect(style: self.visualEffect.blurStyle)
/Users/admin/builder/spi-builder-workspace/Sources/BottomSheet/Helper/Views/VisualEffectView.swift:244:19: error: 'UIVisualEffectView' is unavailable in watchOS
242 |
243 | func updateUIView(
244 | _ uiView: UIVisualEffectView,
| `- error: 'UIVisualEffectView' is unavailable in watchOS
245 | context: Context
246 | ) {
/Applications/Xcode-27.0.0-Release.Candidate.app/Contents/Developer/Platforms/WatchOS.platform/Developer/SDKs/WatchOS27.0.sdk/System/Library/Frameworks/UIKit.framework/Headers/UIVisualEffectView.h:28:12: note: 'UIVisualEffectView' has been explicitly marked unavailable here
26 |
27 | UIKIT_EXTERN API_AVAILABLE(ios(8.0)) API_UNAVAILABLE(watchos) NS_SWIFT_UI_ACTOR
28 | @interface UIVisualEffectView : UIView <NSSecureCoding>
| `- note: 'UIVisualEffectView' has been explicitly marked unavailable here
29 |
30 | @property (nonatomic, strong, readonly) UIView *contentView; // Do not add subviews directly to UIVisualEffectView, use this view instead.
/Users/admin/builder/spi-builder-workspace/Sources/BottomSheet/Helper/Views/VisualEffectView.swift:230:35: error: cannot find type 'UIViewRepresentable' in scope
228 | }
229 | #elseif canImport(UIKit)
230 | internal struct VisualEffectView: UIViewRepresentable {
| `- error: cannot find type 'UIViewRepresentable' in scope
231 |
232 | var visualEffect: VisualEffect
/Users/admin/builder/spi-builder-workspace/Sources/BottomSheet/Helper/Views/VisualEffectView.swift:235:85: error: value of type 'VisualEffect' has no member 'blurStyle'
233 |
234 | func makeUIView(context: Context) -> UIVisualEffectView {
235 | let view = UIVisualEffectView(effect: UIBlurEffect(style: self.visualEffect.blurStyle))
| `- error: value of type 'VisualEffect' has no member 'blurStyle'
236 | view.autoresizingMask = [
237 | .flexibleWidth,
/Users/admin/builder/spi-builder-workspace/Sources/BottomSheet/Helper/Views/VisualEffectView.swift:237:14: error: reference to member 'flexibleWidth' cannot be resolved without a contextual type
235 | let view = UIVisualEffectView(effect: UIBlurEffect(style: self.visualEffect.blurStyle))
236 | view.autoresizingMask = [
237 | .flexibleWidth,
| `- error: reference to member 'flexibleWidth' cannot be resolved without a contextual type
238 | .flexibleHeight
239 | ]
/Users/admin/builder/spi-builder-workspace/Sources/BottomSheet/Helper/Views/VisualEffectView.swift:238:14: error: reference to member 'flexibleHeight' cannot be resolved without a contextual type
236 | view.autoresizingMask = [
237 | .flexibleWidth,
238 | .flexibleHeight
| `- error: reference to member 'flexibleHeight' cannot be resolved without a contextual type
239 | ]
240 | return view
SwiftCompile normal arm64_32 /Users/admin/builder/spi-builder-workspace/Sources/BottomSheet/Helper/Extensions/ViewExtension.swift (in target 'BottomSheet' from project 'BottomSheet')
cd /Users/admin/builder/spi-builder-workspace/.swiftpm/xcode
builtin-SwiftPerFileCompile ViewExtension.swift
SwiftCompile normal arm64_32 /Users/admin/builder/spi-builder-workspace/Sources/BottomSheet/Helper/ViewModifiers/IgnoresSafeAreaCompatible.swift (in target 'BottomSheet' from project 'BottomSheet')
cd /Users/admin/builder/spi-builder-workspace/.swiftpm/xcode
builtin-SwiftPerFileCompile IgnoresSafeAreaCompatible.swift
SwiftCompile normal arm64_32 /Users/admin/builder/spi-builder-workspace/Sources/BottomSheet/Helper/ViewModifiers/RoundedCornerViewModifier.swift (in target 'BottomSheet' from project 'BottomSheet')
cd /Users/admin/builder/spi-builder-workspace/.swiftpm/xcode
builtin-SwiftPerFileCompile RoundedCornerViewModifier.swift
SwiftCompile normal arm64_32 /Users/admin/builder/spi-builder-workspace/Sources/BottomSheet/Helper/Views/VisualEffectView.swift (in target 'BottomSheet' from project 'BottomSheet')
cd /Users/admin/builder/spi-builder-workspace/.swiftpm/xcode
builtin-SwiftPerFileCompile VisualEffectView.swift
SwiftCompile normal arm64_32 Compiling\ BottomSheet+DragGesture.swift,\ BottomSheet+DragIndicator.swift,\ BottomSheet+FlickThrough.swift,\ BottomSheet+FloatingIPadSheet.swift /Users/admin/builder/spi-builder-workspace/Sources/BottomSheet/BottomSheet+ViewModifiers/BottomSheet+DragGesture.swift /Users/admin/builder/spi-builder-workspace/Sources/BottomSheet/BottomSheet+ViewModifiers/BottomSheet+DragIndicator.swift /Users/admin/builder/spi-builder-workspace/Sources/BottomSheet/BottomSheet+ViewModifiers/BottomSheet+FlickThrough.swift /Users/admin/builder/spi-builder-workspace/Sources/BottomSheet/BottomSheet+ViewModifiers/BottomSheet+FloatingIPadSheet.swift (in target 'BottomSheet' from project 'BottomSheet')
SwiftCompile normal arm64_32 /Users/admin/builder/spi-builder-workspace/Sources/BottomSheet/BottomSheet+ViewModifiers/BottomSheet+DragGesture.swift (in target 'BottomSheet' from project 'BottomSheet')
cd /Users/admin/builder/spi-builder-workspace/.swiftpm/xcode
builtin-SwiftPerFileCompile BottomSheet+DragGesture.swift
SwiftCompile normal arm64_32 /Users/admin/builder/spi-builder-workspace/Sources/BottomSheet/BottomSheet+ViewModifiers/BottomSheet+DragIndicator.swift (in target 'BottomSheet' from project 'BottomSheet')
cd /Users/admin/builder/spi-builder-workspace/.swiftpm/xcode
builtin-SwiftPerFileCompile BottomSheet+DragIndicator.swift
SwiftCompile normal arm64_32 /Users/admin/builder/spi-builder-workspace/Sources/BottomSheet/BottomSheet+ViewModifiers/BottomSheet+FlickThrough.swift (in target 'BottomSheet' from project 'BottomSheet')
cd /Users/admin/builder/spi-builder-workspace/.swiftpm/xcode
builtin-SwiftPerFileCompile BottomSheet+FlickThrough.swift
SwiftCompile normal arm64_32 /Users/admin/builder/spi-builder-workspace/Sources/BottomSheet/BottomSheet+ViewModifiers/BottomSheet+FloatingIPadSheet.swift (in target 'BottomSheet' from project 'BottomSheet')
cd /Users/admin/builder/spi-builder-workspace/.swiftpm/xcode
builtin-SwiftPerFileCompile BottomSheet+FloatingIPadSheet.swift
SwiftCompile normal arm64_32 Compiling\ UIScrollViewWrapper.swift,\ BundleExtension.swift,\ ColorExtension.swift,\ UIApplicationExtension.swift /Users/admin/builder/spi-builder-workspace/Sources/BottomSheet/Helper/AppleScrollBehaviourScrollView/UIScrollViewWrapper.swift /Users/admin/builder/spi-builder-workspace/Sources/BottomSheet/Helper/Extensions/BundleExtension.swift /Users/admin/builder/spi-builder-workspace/Sources/BottomSheet/Helper/Extensions/ColorExtension.swift /Users/admin/builder/spi-builder-workspace/Sources/BottomSheet/Helper/Extensions/UIApplicationExtension.swift (in target 'BottomSheet' from project 'BottomSheet')
/Users/admin/builder/spi-builder-workspace/Sources/BottomSheet/Helper/AppleScrollBehaviourScrollView/UIScrollViewWrapper.swift:19:18: error: cannot find type 'UIViewControllerRepresentableContext' in scope
17 |
18 | func makeUIViewController(
19 | context: UIViewControllerRepresentableContext<Self>
| `- error: cannot find type 'UIViewControllerRepresentableContext' in scope
20 | ) -> UIScrollViewViewController<Content> {
21 | let viewController = UIScrollViewViewController(rootView: self.content)
/Users/admin/builder/spi-builder-workspace/Sources/BottomSheet/Helper/AppleScrollBehaviourScrollView/UIScrollViewWrapper.swift:28:18: error: cannot find type 'UIViewControllerRepresentableContext' in scope
26 | func updateUIViewController(
27 | _ viewController: UIScrollViewViewController<Content>,
28 | context: UIViewControllerRepresentableContext<Self>
| `- error: cannot find type 'UIViewControllerRepresentableContext' in scope
29 | ) {
30 | // Update the content
/Users/admin/builder/spi-builder-workspace/Sources/BottomSheet/Helper/AppleScrollBehaviourScrollView/UIScrollViewWrapper.swift:206:56: error: 'UIScrollView' is unavailable in watchOS
204 | @Binding fileprivate var isScrollEnabled: Bool
205 |
206 | func scrollViewWillBeginDragging(_ scrollView: UIScrollView) {
| `- error: 'UIScrollView' is unavailable in watchOS
207 | DispatchQueue.main.async {
208 | self.contentOffsetAnimation?.invalidate()
/Applications/Xcode-27.0.0-Release.Candidate.app/Contents/Developer/Platforms/WatchOS.platform/Developer/SDKs/WatchOS27.0.sdk/System/Library/Frameworks/UIKit.framework/Headers/UIScrollView.h:87:12: note: 'UIScrollView' has been explicitly marked unavailable here
85 |
86 | UIKIT_EXTERN API_AVAILABLE(ios(2.0)) API_UNAVAILABLE(watchos) NS_SWIFT_UI_ACTOR
87 | @interface UIScrollView : UIView <NSCoding, UIFocusItemScrollableContainer>
| `- note: 'UIScrollView' has been explicitly marked unavailable here
88 |
89 | @property(nonatomic) CGPoint contentOffset; // default CGPointZero
/Users/admin/builder/spi-builder-workspace/Sources/BottomSheet/Helper/AppleScrollBehaviourScrollView/UIScrollViewWrapper.swift:214:27: error: 'UIScrollView' is unavailable in watchOS
212 |
213 | func scrollViewDidEndDragging(
214 | _ scrollView: UIScrollView,
| `- error: 'UIScrollView' is unavailable in watchOS
215 | willDecelerate decelerate: Bool
216 | ) {
/Applications/Xcode-27.0.0-Release.Candidate.app/Contents/Developer/Platforms/WatchOS.platform/Developer/SDKs/WatchOS27.0.sdk/System/Library/Frameworks/UIKit.framework/Headers/UIScrollView.h:87:12: note: 'UIScrollView' has been explicitly marked unavailable here
85 |
86 | UIKIT_EXTERN API_AVAILABLE(ios(2.0)) API_UNAVAILABLE(watchos) NS_SWIFT_UI_ACTOR
87 | @interface UIScrollView : UIView <NSCoding, UIFocusItemScrollableContainer>
| `- note: 'UIScrollView' has been explicitly marked unavailable here
88 |
89 | @property(nonatomic) CGPoint contentOffset; // default CGPointZero
/Users/admin/builder/spi-builder-workspace/Sources/BottomSheet/Helper/AppleScrollBehaviourScrollView/UIScrollViewWrapper.swift:220:57: error: 'UIScrollView' is unavailable in watchOS
218 | }
219 |
220 | func scrollViewDidEndDecelerating(_ scrollView: UIScrollView) {
| `- error: 'UIScrollView' is unavailable in watchOS
221 | self.updateScroll(for: scrollView.contentOffset)
222 | }
/Applications/Xcode-27.0.0-Release.Candidate.app/Contents/Developer/Platforms/WatchOS.platform/Developer/SDKs/WatchOS27.0.sdk/System/Library/Frameworks/UIKit.framework/Headers/UIScrollView.h:87:12: note: 'UIScrollView' has been explicitly marked unavailable here
85 |
86 | UIKIT_EXTERN API_AVAILABLE(ios(2.0)) API_UNAVAILABLE(watchos) NS_SWIFT_UI_ACTOR
87 | @interface UIScrollView : UIView <NSCoding, UIFocusItemScrollableContainer>
| `- note: 'UIScrollView' has been explicitly marked unavailable here
88 |
89 | @property(nonatomic) CGPoint contentOffset; // default CGPointZero
/Users/admin/builder/spi-builder-workspace/Sources/BottomSheet/Helper/AppleScrollBehaviourScrollView/UIScrollViewWrapper.swift:201:34: error: 'UIScrollViewDelegate' is unavailable in watchOS
199 | }
200 |
201 | class Coordinator: NSObject, UIScrollViewDelegate {
| `- error: 'UIScrollViewDelegate' is unavailable in watchOS
202 |
203 | @Binding fileprivate var contentOffsetAnimation: TimerAnimation?
/Applications/Xcode-27.0.0-Release.Candidate.app/Contents/Developer/Platforms/WatchOS.platform/Developer/SDKs/WatchOS27.0.sdk/System/Library/Frameworks/UIKit.framework/Headers/UIScrollView.h:312:11: note: 'UIScrollViewDelegate' has been explicitly marked unavailable here
310 |
311 | API_UNAVAILABLE(watchos) NS_SWIFT_UI_ACTOR
312 | @protocol UIScrollViewDelegate<NSObject>
| `- note: 'UIScrollViewDelegate' has been explicitly marked unavailable here
313 |
314 | @optional
/Users/admin/builder/spi-builder-workspace/Sources/BottomSheet/Helper/AppleScrollBehaviourScrollView/UIScrollViewWrapper.swift:11:53: error: cannot find type 'UIViewControllerRepresentable' in scope
9 | import SwiftUI
10 |
11 | internal struct UIScrollViewWrapper<Content: View>: UIViewControllerRepresentable {
| `- error: cannot find type 'UIViewControllerRepresentable' in scope
12 |
13 | @State private var contentOffsetAnimation: TimerAnimation?
/Users/admin/builder/spi-builder-workspace/Sources/BottomSheet/Helper/AppleScrollBehaviourScrollView/UIScrollViewWrapper.swift:256:33: error: 'UIScrollView' is unavailable in watchOS
254 | internal class UIScrollViewViewController<Content: View>: UIViewController {
255 |
256 | fileprivate let scrollView: UIScrollView
| `- error: 'UIScrollView' is unavailable in watchOS
257 | fileprivate let hostingController: UIHostingController<Content>
258 |
/Applications/Xcode-27.0.0-Release.Candidate.app/Contents/Developer/Platforms/WatchOS.platform/Developer/SDKs/WatchOS27.0.sdk/System/Library/Frameworks/UIKit.framework/Headers/UIScrollView.h:87:12: note: 'UIScrollView' has been explicitly marked unavailable here
85 |
86 | UIKIT_EXTERN API_AVAILABLE(ios(2.0)) API_UNAVAILABLE(watchos) NS_SWIFT_UI_ACTOR
87 | @interface UIScrollView : UIView <NSCoding, UIFocusItemScrollableContainer>
| `- note: 'UIScrollView' has been explicitly marked unavailable here
88 |
89 | @property(nonatomic) CGPoint contentOffset; // default CGPointZero
/Users/admin/builder/spi-builder-workspace/Sources/BottomSheet/Helper/AppleScrollBehaviourScrollView/UIScrollViewWrapper.swift:257:40: error: cannot find type 'UIHostingController' in scope
255 |
256 | fileprivate let scrollView: UIScrollView
257 | fileprivate let hostingController: UIHostingController<Content>
| `- error: cannot find type 'UIHostingController' in scope
258 |
259 | override func viewDidLoad() {
/Users/admin/builder/spi-builder-workspace/Sources/BottomSheet/Helper/AppleScrollBehaviourScrollView/UIScrollViewWrapper.swift:254:59: error: 'UIViewController' is unavailable in watchOS
252 | }
253 |
254 | internal class UIScrollViewViewController<Content: View>: UIViewController {
| `- error: 'UIViewController' is unavailable in watchOS
255 |
256 | fileprivate let scrollView: UIScrollView
/Applications/Xcode-27.0.0-Release.Candidate.app/Contents/Developer/Platforms/WatchOS.platform/Developer/SDKs/WatchOS27.0.sdk/System/Library/Frameworks/UIKit.framework/Headers/UIViewController.h:104:12: note: 'UIViewController' has been explicitly marked unavailable here
102 |
103 | UIKIT_EXTERN API_AVAILABLE(ios(2.0)) API_UNAVAILABLE(watchos) NS_SWIFT_UI_ACTOR
104 | @interface UIViewController : UIResponder <NSCoding, UIAppearanceContainer, UITraitEnvironment, UIContentContainer, UIFocusEnvironment>
| `- note: 'UIViewController' has been explicitly marked unavailable here
105 |
106 | /*
/Users/admin/builder/spi-builder-workspace/Sources/BottomSheet/Helper/AppleScrollBehaviourScrollView/UIScrollViewWrapper.swift:71:17: error: 'UIScrollView' is unavailable in watchOS
69 |
70 | let velocityY = (value.location.y - value.predictedEndLocation.y) / (
71 | UIScrollView.DecelerationRate.normal.rawValue / (
| `- error: 'UIScrollView' is unavailable in watchOS
72 | 1000.0 * (1.0 - UIScrollView.DecelerationRate.normal.rawValue)
73 | )
/Applications/Xcode-27.0.0-Release.Candidate.app/Contents/Developer/Platforms/WatchOS.platform/Developer/SDKs/WatchOS27.0.sdk/System/Library/Frameworks/UIKit.framework/Headers/UIScrollView.h:87:12: note: 'UIScrollView' has been explicitly marked unavailable here
85 |
86 | UIKIT_EXTERN API_AVAILABLE(ios(2.0)) API_UNAVAILABLE(watchos) NS_SWIFT_UI_ACTOR
87 | @interface UIScrollView : UIView <NSCoding, UIFocusItemScrollableContainer>
| `- note: 'UIScrollView' has been explicitly marked unavailable here
88 |
89 | @property(nonatomic) CGPoint contentOffset; // default CGPointZero
/Users/admin/builder/spi-builder-workspace/Sources/BottomSheet/Helper/AppleScrollBehaviourScrollView/UIScrollViewWrapper.swift:71:47: error: 'normal' is unavailable in watchOS
69 |
70 | let velocityY = (value.location.y - value.predictedEndLocation.y) / (
71 | UIScrollView.DecelerationRate.normal.rawValue / (
| `- error: 'normal' is unavailable in watchOS
72 | 1000.0 * (1.0 - UIScrollView.DecelerationRate.normal.rawValue)
73 | )
/Applications/Xcode-27.0.0-Release.Candidate.app/Contents/Developer/Platforms/WatchOS.platform/Developer/SDKs/WatchOS27.0.sdk/System/Library/Frameworks/UIKit.framework/Headers/UIScrollView.h:46:49: note: 'normal' has been explicitly marked unavailable here
44 | typedef CGFloat UIScrollViewDecelerationRate NS_TYPED_ENUM API_UNAVAILABLE(watchos);
45 |
46 | UIKIT_EXTERN const UIScrollViewDecelerationRate UIScrollViewDecelerationRateNormal API_AVAILABLE(ios(3.0)) API_UNAVAILABLE(watchos);
| `- note: 'normal' has been explicitly marked unavailable here
47 | UIKIT_EXTERN const UIScrollViewDecelerationRate UIScrollViewDecelerationRateFast API_AVAILABLE(ios(3.0)) API_UNAVAILABLE(watchos);
48 |
/Users/admin/builder/spi-builder-workspace/Sources/BottomSheet/Helper/AppleScrollBehaviourScrollView/UIScrollViewWrapper.swift:72:37: error: 'UIScrollView' is unavailable in watchOS
70 | let velocityY = (value.location.y - value.predictedEndLocation.y) / (
71 | UIScrollView.DecelerationRate.normal.rawValue / (
72 | 1000.0 * (1.0 - UIScrollView.DecelerationRate.normal.rawValue)
| `- error: 'UIScrollView' is unavailable in watchOS
73 | )
74 | )
/Applications/Xcode-27.0.0-Release.Candidate.app/Contents/Developer/Platforms/WatchOS.platform/Developer/SDKs/WatchOS27.0.sdk/System/Library/Frameworks/UIKit.framework/Headers/UIScrollView.h:87:12: note: 'UIScrollView' has been explicitly marked unavailable here
85 |
86 | UIKIT_EXTERN API_AVAILABLE(ios(2.0)) API_UNAVAILABLE(watchos) NS_SWIFT_UI_ACTOR
87 | @interface UIScrollView : UIView <NSCoding, UIFocusItemScrollableContainer>
| `- note: 'UIScrollView' has been explicitly marked unavailable here
88 |
89 | @property(nonatomic) CGPoint contentOffset; // default CGPointZero
/Users/admin/builder/spi-builder-workspace/Sources/BottomSheet/Helper/AppleScrollBehaviourScrollView/UIScrollViewWrapper.swift:72:67: error: 'normal' is unavailable in watchOS
70 | let velocityY = (value.location.y - value.predictedEndLocation.y) / (
71 | UIScrollView.DecelerationRate.normal.rawValue / (
72 | 1000.0 * (1.0 - UIScrollView.DecelerationRate.normal.rawValue)
| `- error: 'normal' is unavailable in watchOS
73 | )
74 | )
/Applications/Xcode-27.0.0-Release.Candidate.app/Contents/Developer/Platforms/WatchOS.platform/Developer/SDKs/WatchOS27.0.sdk/System/Library/Frameworks/UIKit.framework/Headers/UIScrollView.h:46:49: note: 'normal' has been explicitly marked unavailable here
44 | typedef CGFloat UIScrollViewDecelerationRate NS_TYPED_ENUM API_UNAVAILABLE(watchos);
45 |
46 | UIKIT_EXTERN const UIScrollViewDecelerationRate UIScrollViewDecelerationRateNormal API_AVAILABLE(ios(3.0)) API_UNAVAILABLE(watchos);
| `- note: 'normal' has been explicitly marked unavailable here
47 | UIKIT_EXTERN const UIScrollViewDecelerationRate UIScrollViewDecelerationRateFast API_AVAILABLE(ios(3.0)) API_UNAVAILABLE(watchos);
48 |
/Users/admin/builder/spi-builder-workspace/Sources/BottomSheet/Helper/AppleScrollBehaviourScrollView/UIScrollViewWrapper.swift:117:41: error: 'UIScrollView' is unavailable in watchOS
115 | ) {
116 | let initialValueY: CGFloat = viewController.scrollView.contentOffset.y
117 | let decelerationRate: CGFloat = UIScrollView.DecelerationRate.normal.rawValue
| `- error: 'UIScrollView' is unavailable in watchOS
118 | let dCoeff = 1000 * log(decelerationRate)
119 | let duration: TimeInterval = velocityY == 0 ? 0 : TimeInterval(
/Applications/Xcode-27.0.0-Release.Candidate.app/Contents/Developer/Platforms/WatchOS.platform/Developer/SDKs/WatchOS27.0.sdk/System/Library/Frameworks/UIKit.framework/Headers/UIScrollView.h:87:12: note: 'UIScrollView' has been explicitly marked unavailable here
85 |
86 | UIKIT_EXTERN API_AVAILABLE(ios(2.0)) API_UNAVAILABLE(watchos) NS_SWIFT_UI_ACTOR
87 | @interface UIScrollView : UIView <NSCoding, UIFocusItemScrollableContainer>
| `- note: 'UIScrollView' has been explicitly marked unavailable here
88 |
89 | @property(nonatomic) CGPoint contentOffset; // default CGPointZero
/Users/admin/builder/spi-builder-workspace/Sources/BottomSheet/Helper/AppleScrollBehaviourScrollView/UIScrollViewWrapper.swift:117:71: error: 'normal' is unavailable in watchOS
115 | ) {
116 | let initialValueY: CGFloat = viewController.scrollView.contentOffset.y
117 | let decelerationRate: CGFloat = UIScrollView.DecelerationRate.normal.rawValue
| `- error: 'normal' is unavailable in watchOS
118 | let dCoeff = 1000 * log(decelerationRate)
119 | let duration: TimeInterval = velocityY == 0 ? 0 : TimeInterval(
/Applications/Xcode-27.0.0-Release.Candidate.app/Contents/Developer/Platforms/WatchOS.platform/Developer/SDKs/WatchOS27.0.sdk/System/Library/Frameworks/UIKit.framework/Headers/UIScrollView.h:46:49: note: 'normal' has been explicitly marked unavailable here
44 | typedef CGFloat UIScrollViewDecelerationRate NS_TYPED_ENUM API_UNAVAILABLE(watchos);
45 |
46 | UIKIT_EXTERN const UIScrollViewDecelerationRate UIScrollViewDecelerationRateNormal API_AVAILABLE(ios(3.0)) API_UNAVAILABLE(watchos);
| `- note: 'normal' has been explicitly marked unavailable here
47 | UIKIT_EXTERN const UIScrollViewDecelerationRate UIScrollViewDecelerationRateFast API_AVAILABLE(ios(3.0)) API_UNAVAILABLE(watchos);
48 |
/Users/admin/builder/spi-builder-workspace/Sources/BottomSheet/Helper/AppleScrollBehaviourScrollView/UIScrollViewWrapper.swift:167:21: error: 'UIScreen' is unavailable in watchOS
165 | let scale = viewController.traitCollection.displayScale
166 | #else
167 | let scale = UIScreen.main.scale
| `- error: 'UIScreen' is unavailable in watchOS
168 | #endif
169 | let threshold = 0.5 / scale
/Applications/Xcode-27.0.0-Release.Candidate.app/Contents/Developer/Platforms/WatchOS.platform/Developer/SDKs/WatchOS27.0.sdk/System/Library/Frameworks/UIKit.framework/Headers/UIScreen.h:54:12: note: 'UIScreen' has been explicitly marked unavailable here
52 |
53 | UIKIT_EXTERN API_AVAILABLE(ios(2.0)) API_UNAVAILABLE(visionos, watchos) NS_SWIFT_UI_ACTOR
54 | @interface UIScreen : NSObject <UITraitEnvironment>
| `- note: 'UIScreen' has been explicitly marked unavailable here
55 |
56 | @property(class, nonatomic, readonly) NSArray<UIScreen *> *screens API_DEPRECATED("Use UIApplication.shared.openSessions to find open sessions with scenes from other screens", ios(3.2, 16.0), visionos(1.0, 1.0)) API_UNAVAILABLE(watchos); // all screens currently attached to the device
/Users/admin/builder/spi-builder-workspace/Sources/BottomSheet/Helper/AppleScrollBehaviourScrollView/UIScrollViewWrapper.swift:167:30: error: 'main' is unavailable in watchOS
165 | let scale = viewController.traitCollection.displayScale
166 | #else
167 | let scale = UIScreen.main.scale
| `- error: 'main' is unavailable in watchOS
168 | #endif
169 | let threshold = 0.5 / scale
/Applications/Xcode-27.0.0-Release.Candidate.app/Contents/Developer/Platforms/WatchOS.platform/Developer/SDKs/WatchOS27.0.sdk/System/Library/Frameworks/UIKit.framework/Headers/UIScreen.h:57:49: note: 'main' has been explicitly marked unavailable here
55 |
56 | @property(class, nonatomic, readonly) NSArray<UIScreen *> *screens API_DEPRECATED("Use UIApplication.shared.openSessions to find open sessions with scenes from other screens", ios(3.2, 16.0), visionos(1.0, 1.0)) API_UNAVAILABLE(watchos); // all screens currently attached to the device
57 | @property(class, nonatomic, readonly) UIScreen *mainScreen API_DEPRECATED("Use a UIScreen instance found through context instead (i.e, view.window.windowScene.screen), or for properties like UIScreen.scale with trait equivalents, use a traitCollection found through context.", ios(2.0, 26.0), tvos(9.0, 26.0), visionos(1.0, 26.0)) API_UNAVAILABLE(watchos);
| `- note: 'main' has been explicitly marked unavailable here
58 |
59 | @property(nonatomic,readonly) CGRect bounds; // Bounds of entire screen in points
/Users/admin/builder/spi-builder-workspace/Sources/BottomSheet/Helper/AppleScrollBehaviourScrollView/UIScrollViewWrapper.swift:285:9: error: 'NSLayoutConstraint' is unavailable in watchOS
283 | // ScrollView Constraints
284 | private func createConstraints() {
285 | NSLayoutConstraint.activate([
| `- error: 'NSLayoutConstraint' is unavailable in watchOS
286 | self.scrollView.leadingAnchor.constraint(equalTo: self.view.leadingAnchor),
287 | self.scrollView.trailingAnchor.constraint(equalTo: self.view.trailingAnchor),
/Applications/Xcode-27.0.0-Release.Candidate.app/Contents/Developer/Platforms/WatchOS.platform/Developer/SDKs/WatchOS27.0.sdk/System/Library/Frameworks/UIKit.framework/Headers/NSLayoutConstraint.h:126:12: note: 'NSLayoutConstraint' has been explicitly marked unavailable here
124 |
125 | NSLAYOUTCONSTRAINT_EXTERN API_AVAILABLE(macos(10.7), ios(6.0), tvos(9.0)) API_UNAVAILABLE(watchos) NS_SWIFT_UI_ACTOR
126 | @interface NSLayoutConstraint : NSObject
| `- note: 'NSLayoutConstraint' has been explicitly marked unavailable here
127 |
128 | /* Create an array of constraints using an ASCII-art-like visual format string. The values of the `metrics` dictionary should be NSNumber (or some other type that responds to -doubleValue and returns a double).
/Users/admin/builder/spi-builder-workspace/Sources/BottomSheet/Helper/AppleScrollBehaviourScrollView/UIScrollViewWrapper.swift:295:26: error: 'UIScrollView' is unavailable in watchOS
293 | fileprivate init(rootView: Content) {
294 | // Create the UIScrollView
295 | let scrollView = UIScrollView()
| `- error: 'UIScrollView' is unavailable in watchOS
296 | scrollView.translatesAutoresizingMaskIntoConstraints = false
297 | scrollView.alwaysBounceVertical = true
/Applications/Xcode-27.0.0-Release.Candidate.app/Contents/Developer/Platforms/WatchOS.platform/Developer/SDKs/WatchOS27.0.sdk/System/Library/Frameworks/UIKit.framework/Headers/UIScrollView.h:87:12: note: 'UIScrollView' has been explicitly marked unavailable here
85 |
86 | UIKIT_EXTERN API_AVAILABLE(ios(2.0)) API_UNAVAILABLE(watchos) NS_SWIFT_UI_ACTOR
87 | @interface UIScrollView : UIView <NSCoding, UIFocusItemScrollableContainer>
| `- note: 'UIScrollView' has been explicitly marked unavailable here
88 |
89 | @property(nonatomic) CGPoint contentOffset; // default CGPointZero
/Users/admin/builder/spi-builder-workspace/Sources/BottomSheet/Helper/AppleScrollBehaviourScrollView/UIScrollViewWrapper.swift:295:26: error: 'init()' is unavailable in watchOS
293 | fileprivate init(rootView: Content) {
294 | // Create the UIScrollView
295 | let scrollView = UIScrollView()
| `- error: 'init()' is unavailable in watchOS
296 | scrollView.translatesAutoresizingMaskIntoConstraints = false
297 | scrollView.alwaysBounceVertical = true
/Applications/Xcode-27.0.0-Release.Candidate.app/Contents/Developer/Platforms/WatchOS.platform/Developer/SDKs/WatchOS27.0.sdk/System/Library/Frameworks/UIKit.framework/Headers/UIView.h:158:1: note: 'init()' has been explicitly marked unavailable here
156 | - (instancetype)initWithFrame:(CGRect)frame NS_DESIGNATED_INITIALIZER;
157 | - (nullable instancetype)initWithCoder:(NSCoder *)coder NS_DESIGNATED_INITIALIZER;
158 | - (instancetype)init API_AVAILABLE(ios(2.0), tvos(9.0), visionos(1.0)) API_UNAVAILABLE(watchos);
| `- note: 'init()' has been explicitly marked unavailable here
159 |
160 | @property(nonatomic,getter=isUserInteractionEnabled) BOOL userInteractionEnabled; // default is YES. if set to NO, user events (touch, keys) are ignored and removed from the event queue.
/Users/admin/builder/spi-builder-workspace/Sources/BottomSheet/Helper/AppleScrollBehaviourScrollView/UIScrollViewWrapper.swift:302:33: error: cannot find 'UIHostingController' in scope
300 |
301 | // Create the UIHostingController
302 | let hostingController = UIHostingController(rootView: rootView)
| `- error: cannot find 'UIHostingController' in scope
303 | hostingController.view.backgroundColor = .clear
304 | self.hostingController = hostingController
/Users/admin/builder/spi-builder-workspace/Sources/BottomSheet/Helper/AppleScrollBehaviourScrollView/UIScrollViewWrapper.swift:303:51: error: cannot infer contextual base in reference to member 'clear'
301 | // Create the UIHostingController
302 | let hostingController = UIHostingController(rootView: rootView)
303 | hostingController.view.backgroundColor = .clear
| `- error: cannot infer contextual base in reference to member 'clear'
304 | self.hostingController = hostingController
305 |
/Users/admin/builder/spi-builder-workspace/Sources/BottomSheet/Helper/Extensions/ColorExtension.swift:14:46: error: 'tertiaryLabel' is unavailable in watchOS
12 | static var tertiaryLabel = Color(NSColor.tertiaryLabelColor)
13 | #else
14 | static var tertiaryLabel = Color(UIColor.tertiaryLabel)
| `- error: 'tertiaryLabel' is unavailable in watchOS
15 | #endif
16 | }
/Applications/Xcode-27.0.0-Release.Candidate.app/Contents/Developer/Platforms/WatchOS.platform/Developer/SDKs/WatchOS27.0.sdk/System/Library/Frameworks/UIKit.framework/Headers/UIInterface.h:173:49: note: 'tertiaryLabel' has been explicitly marked unavailable here
171 | @property (class, nonatomic, readonly) UIColor *labelColor API_AVAILABLE(ios(13.0), tvos(13.0)) API_UNAVAILABLE(watchos);
172 | @property (class, nonatomic, readonly) UIColor *secondaryLabelColor API_AVAILABLE(ios(13.0), tvos(13.0)) API_UNAVAILABLE(watchos);
173 | @property (class, nonatomic, readonly) UIColor *tertiaryLabelColor API_AVAILABLE(ios(13.0), tvos(13.0)) API_UNAVAILABLE(watchos);
| `- note: 'tertiaryLabel' has been explicitly marked unavailable here
174 | @property (class, nonatomic, readonly) UIColor *quaternaryLabelColor API_AVAILABLE(ios(13.0), tvos(13.0)) API_UNAVAILABLE(watchos);
175 |
SwiftCompile normal arm64_32 /Users/admin/builder/spi-builder-workspace/Sources/BottomSheet/Helper/AppleScrollBehaviourScrollView/UIScrollViewWrapper.swift (in target 'BottomSheet' from project 'BottomSheet')
cd /Users/admin/builder/spi-builder-workspace/.swiftpm/xcode
builtin-SwiftPerFileCompile UIScrollViewWrapper.swift
SwiftCompile normal arm64_32 /Users/admin/builder/spi-builder-workspace/Sources/BottomSheet/Helper/Extensions/BundleExtension.swift (in target 'BottomSheet' from project 'BottomSheet')
cd /Users/admin/builder/spi-builder-workspace/.swiftpm/xcode
builtin-SwiftPerFileCompile BundleExtension.swift
SwiftCompile normal arm64_32 /Users/admin/builder/spi-builder-workspace/Sources/BottomSheet/Helper/Extensions/ColorExtension.swift (in target 'BottomSheet' from project 'BottomSheet')
cd /Users/admin/builder/spi-builder-workspace/.swiftpm/xcode
builtin-SwiftPerFileCompile ColorExtension.swift
SwiftCompile normal arm64_32 /Users/admin/builder/spi-builder-workspace/Sources/BottomSheet/Helper/Extensions/UIApplicationExtension.swift (in target 'BottomSheet' from project 'BottomSheet')
cd /Users/admin/builder/spi-builder-workspace/.swiftpm/xcode
builtin-SwiftPerFileCompile UIApplicationExtension.swift
SwiftEmitModule normal arm64 Emitting\ module\ for\ BottomSheet (in target 'BottomSheet' from project 'BottomSheet')
SwiftCompile normal arm64 (in target 'BottomSheet' from project 'BottomSheet')
cd /Users/admin/builder/spi-builder-workspace/.swiftpm/xcode
PruneExplicitPrecompiledModules /Users/admin/builder/spi-builder-workspace/.derivedData/SDKExplicitPrecompiledModules
PruneExplicitPrecompiledModules /Users/admin/builder/spi-builder-workspace/.derivedData/Build/Intermediates.noindex/ExplicitPrecompiledModules
PruneExplicitPrecompiledModules /Users/admin/builder/spi-builder-workspace/.derivedData/Build/Intermediates.noindex/SwiftExplicitPrecompiledModules
2026-09-22 05:29:10.766 xcodebuild[813:4791] [MT] IDERunDestination: Supported platforms for the buildables in the current scheme is empty.
** BUILD FAILED **
The following build commands failed:
SwiftEmitModule normal arm64_32 Emitting\ module\ for\ BottomSheet (in target 'BottomSheet' from project 'BottomSheet')
SwiftCompile normal arm64_32 (in target 'BottomSheet' from project 'BottomSheet')
Building workspace BottomSheet with scheme BottomSheet
(3 failures)
BUILD FAILURE 6.4 watchOS