Build Information
Failed to build VaporRedisClient, reference 1.2.0 (29160f), with Swift 6.4 for watchOS using Xcode 27.0 on 16 Sep 2026 20:40:10 UTC.
Build Command
env DEVELOPER_DIR=/Applications/Xcode-27.0.0-Release.Candidate.app xcrun xcodebuild -IDEClonedSourcePackagesDirPathOverride=$PWD/.dependencies -skipMacroValidation -skipPackagePluginValidation -derivedDataPath $PWD/.derivedData build -scheme VaporRedisClient -destination generic/platform=watchOSBuild Log
SwiftCompile normal arm64_32 /Users/admin/builder/spi-builder-workspace/.dependencies/checkouts/sockets/Sources/Sockets/TCP/TCPReadableSocket.swift (in target 'Sockets' from project 'Sockets')
cd /Users/admin/builder/spi-builder-workspace/.swiftpm/xcode
builtin-SwiftPerFileCompile TCPReadableSocket.swift
SwiftCompile normal arm64_32 /Users/admin/builder/spi-builder-workspace/.dependencies/checkouts/sockets/Sources/Sockets/TCP/TCPSocket.swift (in target 'Sockets' from project 'Sockets')
cd /Users/admin/builder/spi-builder-workspace/.swiftpm/xcode
builtin-SwiftPerFileCompile TCPSocket.swift
SwiftDriverJobDiscovery normal arm64_32 Compiling EmptyInitializable.swift (in target 'Random' from project 'Random')
SwiftCompile normal arm64_32 Compiling\ Conversions.swift,\ Error.swift,\ FDSet.swift /Users/admin/builder/spi-builder-workspace/.dependencies/checkouts/sockets/Sources/Sockets/Core/Conversions.swift /Users/admin/builder/spi-builder-workspace/.dependencies/checkouts/sockets/Sources/Sockets/Core/Error.swift /Users/admin/builder/spi-builder-workspace/.dependencies/checkouts/sockets/Sources/Sockets/Core/FDSet.swift (in target 'Sockets' from project 'Sockets')
SwiftCompile normal arm64_32 /Users/admin/builder/spi-builder-workspace/.dependencies/checkouts/sockets/Sources/Sockets/Core/Conversions.swift (in target 'Sockets' from project 'Sockets')
cd /Users/admin/builder/spi-builder-workspace/.swiftpm/xcode
builtin-SwiftPerFileCompile Conversions.swift
SwiftCompile normal arm64_32 /Users/admin/builder/spi-builder-workspace/.dependencies/checkouts/sockets/Sources/Sockets/Core/Error.swift (in target 'Sockets' from project 'Sockets')
cd /Users/admin/builder/spi-builder-workspace/.swiftpm/xcode
builtin-SwiftPerFileCompile Error.swift
SwiftCompile normal arm64_32 /Users/admin/builder/spi-builder-workspace/.dependencies/checkouts/sockets/Sources/Sockets/Core/FDSet.swift (in target 'Sockets' from project 'Sockets')
cd /Users/admin/builder/spi-builder-workspace/.swiftpm/xcode
builtin-SwiftPerFileCompile FDSet.swift
SwiftDriverJobDiscovery normal arm64_32 Compiling Array+Random.swift (in target 'Random' from project 'Random')
SwiftCompile normal arm64_32 Compiling\ Address+C.swift,\ Address.swift,\ Buffer.swift /Users/admin/builder/spi-builder-workspace/.dependencies/checkouts/sockets/Sources/Sockets/Address/Address+C.swift /Users/admin/builder/spi-builder-workspace/.dependencies/checkouts/sockets/Sources/Sockets/Address/Address.swift /Users/admin/builder/spi-builder-workspace/.dependencies/checkouts/sockets/Sources/Sockets/Core/Buffer.swift (in target 'Sockets' from project 'Sockets')
SwiftCompile normal arm64_32 /Users/admin/builder/spi-builder-workspace/.dependencies/checkouts/sockets/Sources/Sockets/Address/Address+C.swift (in target 'Sockets' from project 'Sockets')
cd /Users/admin/builder/spi-builder-workspace/.swiftpm/xcode
builtin-SwiftPerFileCompile Address+C.swift
SwiftCompile normal arm64_32 /Users/admin/builder/spi-builder-workspace/.dependencies/checkouts/sockets/Sources/Sockets/Address/Address.swift (in target 'Sockets' from project 'Sockets')
cd /Users/admin/builder/spi-builder-workspace/.swiftpm/xcode
builtin-SwiftPerFileCompile Address.swift
SwiftCompile normal arm64_32 /Users/admin/builder/spi-builder-workspace/.dependencies/checkouts/sockets/Sources/Sockets/Core/Buffer.swift (in target 'Sockets' from project 'Sockets')
cd /Users/admin/builder/spi-builder-workspace/.swiftpm/xcode
builtin-SwiftPerFileCompile Buffer.swift
SwiftDriverJobDiscovery normal arm64_32 Compiling InternetSocket.swift, Pipe.swift (in target 'Sockets' from project 'Sockets')
SwiftCompile normal arm64 Compiling\ TCPReadableSocket.swift,\ TCPSocket.swift /Users/admin/builder/spi-builder-workspace/.dependencies/checkouts/sockets/Sources/Sockets/TCP/TCPReadableSocket.swift /Users/admin/builder/spi-builder-workspace/.dependencies/checkouts/sockets/Sources/Sockets/TCP/TCPSocket.swift (in target 'Sockets' from project 'Sockets')
SwiftCompile normal arm64 /Users/admin/builder/spi-builder-workspace/.dependencies/checkouts/sockets/Sources/Sockets/TCP/TCPReadableSocket.swift (in target 'Sockets' from project 'Sockets')
cd /Users/admin/builder/spi-builder-workspace/.swiftpm/xcode
builtin-SwiftPerFileCompile TCPReadableSocket.swift
SwiftCompile normal arm64 /Users/admin/builder/spi-builder-workspace/.dependencies/checkouts/sockets/Sources/Sockets/TCP/TCPSocket.swift (in target 'Sockets' from project 'Sockets')
cd /Users/admin/builder/spi-builder-workspace/.swiftpm/xcode
builtin-SwiftPerFileCompile TCPSocket.swift
SwiftDriverJobDiscovery normal arm64_32 Emitting module for Sockets (in target 'Sockets' from project 'Sockets')
SwiftDriver\ Compilation\ Requirements Sockets normal arm64_32 com.apple.xcode.tools.swift.compiler (in target 'Sockets' from project 'Sockets')
cd /Users/admin/builder/spi-builder-workspace/.swiftpm/xcode
builtin-Swift-Compilation-Requirements -- /Applications/Xcode-27.0.0-Release.Candidate.app/Contents/Developer/Toolchains/XcodeDefault.xctoolchain/usr/bin/swiftc -parse-as-library -module-name Sockets -Onone @/Users/admin/builder/spi-builder-workspace/.derivedData/Build/Intermediates.noindex/Sockets.build/Debug-watchos/Sockets-t.build/Objects-normal/arm64_32/Sockets.SwiftFileList -DSWIFT_PACKAGE -DDEBUG -DSWIFT_MODULE_RESOURCE_BUNDLE_UNAVAILABLE -DXcode -plugin-path /Applications/Xcode-27.0.0-Release.Candidate.app/Contents/Developer/Toolchains/XcodeDefault.xctoolchain/usr/lib/swift/host/plugins/testing -enable-experimental-feature DebugDescriptionMacro -sdk /Applications/Xcode-27.0.0-Release.Candidate.app/Contents/Developer/Platforms/WatchOS.platform/Developer/SDKs/WatchOS27.0.sdk -target arm64_32-apple-watchos9.0 -g -module-cache-path /Users/admin/builder/spi-builder-workspace/.derivedData/ModuleCache.noindex -Xfrontend -serialize-debugging-options -profile-coverage-mapping -profile-generate -enable-testing -suppress-warnings -index-store-path /Users/admin/builder/spi-builder-workspace/.derivedData/Index.noindex/DataStore -Xcc -D_LIBCPP_HARDENING_MODE\=_LIBCPP_HARDENING_MODE_DEBUG -swift-version 4 -I /Users/admin/builder/spi-builder-workspace/.derivedData/Build/Products/Debug-watchos -Isystem /Applications/Xcode-27.0.0-Release.Candidate.app/Contents/Developer/Platforms/WatchOS.platform/Developer/usr/lib -F /Users/admin/builder/spi-builder-workspace/.derivedData/Build/Products/Debug-watchos/PackageFrameworks -F /Users/admin/builder/spi-builder-workspace/.derivedData/Build/Products/Debug-watchos -F /Applications/Xcode-27.0.0-Release.Candidate.app/Contents/Developer/Platforms/WatchOS.platform/Developer/Library/Frameworks -F /Applications/Xcode-27.0.0-Release.Candidate.app/Contents/Developer/Platforms/WatchOS.platform/Developer/SDKs/WatchOS27.0.sdk/Developer/Library/Frameworks -c -j10 -enable-batch-mode -incremental -Xcc -ivfsstatcache -Xcc /Users/admin/builder/spi-builder-workspace/.derivedData/SDKStatCaches.noindex/watchos27.0-24R360-e829b21a6f8c9b70876ba0858053c04477534ef55a1706bf4c1112bbb242f0a2.sdkstatcache -output-file-map /Users/admin/builder/spi-builder-workspace/.derivedData/Build/Intermediates.noindex/Sockets.build/Debug-watchos/Sockets-t.build/Objects-normal/arm64_32/Sockets-OutputFileMap.json -save-temps -no-color-diagnostics -emit-dependencies -emit-module -emit-module-path /Users/admin/builder/spi-builder-workspace/.derivedData/Build/Intermediates.noindex/Sockets.build/Debug-watchos/Sockets-t.build/Objects-normal/arm64_32/Sockets.swiftmodule -serialize-diagnostics -validate-clang-modules-once -clang-build-session-file /Users/admin/builder/spi-builder-workspace/.derivedData/ModuleCache.noindex/Session.modulevalidation -Xcc -fmodules-prune-interval\=86400 -Xcc -fmodules-prune-after\=345600 -emit-const-values -const-gather-protocols-list /Users/admin/builder/spi-builder-workspace/.derivedData/Build/Intermediates.noindex/Sockets.build/Debug-watchos/Sockets-t.build/Objects-normal/arm64_32/Sockets_const_extract_protocols.json -Xcc -I/Users/admin/builder/spi-builder-workspace/.derivedData/Build/Products/Debug-watchos/include -Xcc -I/Users/admin/builder/spi-builder-workspace/.derivedData/Build/Intermediates.noindex/Sockets.build/Debug-watchos/Sockets-t.build/DerivedSources-normal/arm64_32 -Xcc -I/Users/admin/builder/spi-builder-workspace/.derivedData/Build/Intermediates.noindex/Sockets.build/Debug-watchos/Sockets-t.build/DerivedSources/arm64_32 -Xcc -I/Users/admin/builder/spi-builder-workspace/.derivedData/Build/Intermediates.noindex/Sockets.build/Debug-watchos/Sockets-t.build/DerivedSources -Xcc -DSWIFT_PACKAGE -Xcc -DDEBUG\=1 -emit-objc-header -emit-objc-header-path /Users/admin/builder/spi-builder-workspace/.derivedData/Build/Intermediates.noindex/Sockets.build/Debug-watchos/Sockets-t.build/Objects-normal/arm64_32/Sockets-Swift.h -working-directory /Users/admin/builder/spi-builder-workspace/.swiftpm/xcode -experimental-emit-module-separately -disable-cmo
SwiftDriverJobDiscovery normal arm64 Emitting module for Sockets (in target 'Sockets' from project 'Sockets')
SwiftDriver\ Compilation\ Requirements Sockets normal arm64 com.apple.xcode.tools.swift.compiler (in target 'Sockets' from project 'Sockets')
cd /Users/admin/builder/spi-builder-workspace/.swiftpm/xcode
builtin-Swift-Compilation-Requirements -- /Applications/Xcode-27.0.0-Release.Candidate.app/Contents/Developer/Toolchains/XcodeDefault.xctoolchain/usr/bin/swiftc -parse-as-library -module-name Sockets -Onone @/Users/admin/builder/spi-builder-workspace/.derivedData/Build/Intermediates.noindex/Sockets.build/Debug-watchos/Sockets-t.build/Objects-normal/arm64/Sockets.SwiftFileList -DSWIFT_PACKAGE -DDEBUG -DSWIFT_MODULE_RESOURCE_BUNDLE_UNAVAILABLE -DXcode -plugin-path /Applications/Xcode-27.0.0-Release.Candidate.app/Contents/Developer/Toolchains/XcodeDefault.xctoolchain/usr/lib/swift/host/plugins/testing -enable-experimental-feature DebugDescriptionMacro -sdk /Applications/Xcode-27.0.0-Release.Candidate.app/Contents/Developer/Platforms/WatchOS.platform/Developer/SDKs/WatchOS27.0.sdk -target arm64-apple-watchos9.0 -g -module-cache-path /Users/admin/builder/spi-builder-workspace/.derivedData/ModuleCache.noindex -Xfrontend -serialize-debugging-options -profile-coverage-mapping -profile-generate -enable-testing -suppress-warnings -index-store-path /Users/admin/builder/spi-builder-workspace/.derivedData/Index.noindex/DataStore -Xcc -D_LIBCPP_HARDENING_MODE\=_LIBCPP_HARDENING_MODE_DEBUG -swift-version 4 -I /Users/admin/builder/spi-builder-workspace/.derivedData/Build/Products/Debug-watchos -Isystem /Applications/Xcode-27.0.0-Release.Candidate.app/Contents/Developer/Platforms/WatchOS.platform/Developer/usr/lib -F /Users/admin/builder/spi-builder-workspace/.derivedData/Build/Products/Debug-watchos/PackageFrameworks -F /Users/admin/builder/spi-builder-workspace/.derivedData/Build/Products/Debug-watchos -F /Applications/Xcode-27.0.0-Release.Candidate.app/Contents/Developer/Platforms/WatchOS.platform/Developer/Library/Frameworks -F /Applications/Xcode-27.0.0-Release.Candidate.app/Contents/Developer/Platforms/WatchOS.platform/Developer/SDKs/WatchOS27.0.sdk/Developer/Library/Frameworks -c -j10 -enable-batch-mode -incremental -Xcc -ivfsstatcache -Xcc /Users/admin/builder/spi-builder-workspace/.derivedData/SDKStatCaches.noindex/watchos27.0-24R360-e829b21a6f8c9b70876ba0858053c04477534ef55a1706bf4c1112bbb242f0a2.sdkstatcache -output-file-map /Users/admin/builder/spi-builder-workspace/.derivedData/Build/Intermediates.noindex/Sockets.build/Debug-watchos/Sockets-t.build/Objects-normal/arm64/Sockets-OutputFileMap.json -save-temps -no-color-diagnostics -emit-dependencies -emit-module -emit-module-path /Users/admin/builder/spi-builder-workspace/.derivedData/Build/Intermediates.noindex/Sockets.build/Debug-watchos/Sockets-t.build/Objects-normal/arm64/Sockets.swiftmodule -serialize-diagnostics -validate-clang-modules-once -clang-build-session-file /Users/admin/builder/spi-builder-workspace/.derivedData/ModuleCache.noindex/Session.modulevalidation -Xcc -fmodules-prune-interval\=86400 -Xcc -fmodules-prune-after\=345600 -emit-const-values -const-gather-protocols-list /Users/admin/builder/spi-builder-workspace/.derivedData/Build/Intermediates.noindex/Sockets.build/Debug-watchos/Sockets-t.build/Objects-normal/arm64/Sockets_const_extract_protocols.json -Xcc -I/Users/admin/builder/spi-builder-workspace/.derivedData/Build/Products/Debug-watchos/include -Xcc -I/Users/admin/builder/spi-builder-workspace/.derivedData/Build/Intermediates.noindex/Sockets.build/Debug-watchos/Sockets-t.build/DerivedSources-normal/arm64 -Xcc -I/Users/admin/builder/spi-builder-workspace/.derivedData/Build/Intermediates.noindex/Sockets.build/Debug-watchos/Sockets-t.build/DerivedSources/arm64 -Xcc -I/Users/admin/builder/spi-builder-workspace/.derivedData/Build/Intermediates.noindex/Sockets.build/Debug-watchos/Sockets-t.build/DerivedSources -Xcc -DSWIFT_PACKAGE -Xcc -DDEBUG\=1 -emit-objc-header -emit-objc-header-path /Users/admin/builder/spi-builder-workspace/.derivedData/Build/Intermediates.noindex/Sockets.build/Debug-watchos/Sockets-t.build/Objects-normal/arm64/Sockets-Swift.h -working-directory /Users/admin/builder/spi-builder-workspace/.swiftpm/xcode -experimental-emit-module-separately -disable-cmo
Copy /Users/admin/builder/spi-builder-workspace/.derivedData/Build/Products/Debug-watchos/Sockets.swiftmodule/arm64_32-apple-watchos.swiftmodule /Users/admin/builder/spi-builder-workspace/.derivedData/Build/Intermediates.noindex/Sockets.build/Debug-watchos/Sockets-t.build/Objects-normal/arm64_32/Sockets.swiftmodule (in target 'Sockets' from project 'Sockets')
cd /Users/admin/builder/spi-builder-workspace/.dependencies/checkouts/sockets
builtin-copy -exclude .DS_Store -exclude CVS -exclude .svn -exclude .git -exclude .hg -resolve-src-symlinks -rename /Users/admin/builder/spi-builder-workspace/.derivedData/Build/Intermediates.noindex/Sockets.build/Debug-watchos/Sockets-t.build/Objects-normal/arm64_32/Sockets.swiftmodule /Users/admin/builder/spi-builder-workspace/.derivedData/Build/Products/Debug-watchos/Sockets.swiftmodule/arm64_32-apple-watchos.swiftmodule
SwiftMergeGeneratedHeaders /Users/admin/builder/spi-builder-workspace/.derivedData/Build/Intermediates.noindex/GeneratedModuleMaps-watchos/Sockets-Swift.h /Users/admin/builder/spi-builder-workspace/.derivedData/Build/Intermediates.noindex/Sockets.build/Debug-watchos/Sockets-t.build/Objects-normal/arm64/Sockets-Swift.h /Users/admin/builder/spi-builder-workspace/.derivedData/Build/Intermediates.noindex/Sockets.build/Debug-watchos/Sockets-t.build/Objects-normal/arm64_32/Sockets-Swift.h (in target 'Sockets' from project 'Sockets')
cd /Users/admin/builder/spi-builder-workspace/.dependencies/checkouts/sockets
builtin-swiftHeaderTool -arch arm64 /Users/admin/builder/spi-builder-workspace/.derivedData/Build/Intermediates.noindex/Sockets.build/Debug-watchos/Sockets-t.build/Objects-normal/arm64/Sockets-Swift.h -arch arm64_32 /Users/admin/builder/spi-builder-workspace/.derivedData/Build/Intermediates.noindex/Sockets.build/Debug-watchos/Sockets-t.build/Objects-normal/arm64_32/Sockets-Swift.h -o /Users/admin/builder/spi-builder-workspace/.derivedData/Build/Intermediates.noindex/GeneratedModuleMaps-watchos/Sockets-Swift.h
Copy /Users/admin/builder/spi-builder-workspace/.derivedData/Build/Products/Debug-watchos/Sockets.swiftmodule/arm64_32-apple-watchos.swiftdoc /Users/admin/builder/spi-builder-workspace/.derivedData/Build/Intermediates.noindex/Sockets.build/Debug-watchos/Sockets-t.build/Objects-normal/arm64_32/Sockets.swiftdoc (in target 'Sockets' from project 'Sockets')
cd /Users/admin/builder/spi-builder-workspace/.dependencies/checkouts/sockets
builtin-copy -exclude .DS_Store -exclude CVS -exclude .svn -exclude .git -exclude .hg -resolve-src-symlinks -rename /Users/admin/builder/spi-builder-workspace/.derivedData/Build/Intermediates.noindex/Sockets.build/Debug-watchos/Sockets-t.build/Objects-normal/arm64_32/Sockets.swiftdoc /Users/admin/builder/spi-builder-workspace/.derivedData/Build/Products/Debug-watchos/Sockets.swiftmodule/arm64_32-apple-watchos.swiftdoc
Copy /Users/admin/builder/spi-builder-workspace/.derivedData/Build/Products/Debug-watchos/Sockets.swiftmodule/arm64_32-apple-watchos.abi.json /Users/admin/builder/spi-builder-workspace/.derivedData/Build/Intermediates.noindex/Sockets.build/Debug-watchos/Sockets-t.build/Objects-normal/arm64_32/Sockets.abi.json (in target 'Sockets' from project 'Sockets')
cd /Users/admin/builder/spi-builder-workspace/.dependencies/checkouts/sockets
builtin-copy -exclude .DS_Store -exclude CVS -exclude .svn -exclude .git -exclude .hg -resolve-src-symlinks -rename /Users/admin/builder/spi-builder-workspace/.derivedData/Build/Intermediates.noindex/Sockets.build/Debug-watchos/Sockets-t.build/Objects-normal/arm64_32/Sockets.abi.json /Users/admin/builder/spi-builder-workspace/.derivedData/Build/Products/Debug-watchos/Sockets.swiftmodule/arm64_32-apple-watchos.abi.json
Copy /Users/admin/builder/spi-builder-workspace/.derivedData/Build/Products/Debug-watchos/Sockets.swiftmodule/arm64-apple-watchos.swiftmodule /Users/admin/builder/spi-builder-workspace/.derivedData/Build/Intermediates.noindex/Sockets.build/Debug-watchos/Sockets-t.build/Objects-normal/arm64/Sockets.swiftmodule (in target 'Sockets' from project 'Sockets')
cd /Users/admin/builder/spi-builder-workspace/.dependencies/checkouts/sockets
builtin-copy -exclude .DS_Store -exclude CVS -exclude .svn -exclude .git -exclude .hg -resolve-src-symlinks -rename /Users/admin/builder/spi-builder-workspace/.derivedData/Build/Intermediates.noindex/Sockets.build/Debug-watchos/Sockets-t.build/Objects-normal/arm64/Sockets.swiftmodule /Users/admin/builder/spi-builder-workspace/.derivedData/Build/Products/Debug-watchos/Sockets.swiftmodule/arm64-apple-watchos.swiftmodule
SwiftDriverJobDiscovery normal arm64 Compiling Socket.swift, SocketOptions.swift (in target 'Sockets' from project 'Sockets')
Copy /Users/admin/builder/spi-builder-workspace/.derivedData/Build/Products/Debug-watchos/Sockets.swiftmodule/arm64-apple-watchos.swiftdoc /Users/admin/builder/spi-builder-workspace/.derivedData/Build/Intermediates.noindex/Sockets.build/Debug-watchos/Sockets-t.build/Objects-normal/arm64/Sockets.swiftdoc (in target 'Sockets' from project 'Sockets')
cd /Users/admin/builder/spi-builder-workspace/.dependencies/checkouts/sockets
builtin-copy -exclude .DS_Store -exclude CVS -exclude .svn -exclude .git -exclude .hg -resolve-src-symlinks -rename /Users/admin/builder/spi-builder-workspace/.derivedData/Build/Intermediates.noindex/Sockets.build/Debug-watchos/Sockets-t.build/Objects-normal/arm64/Sockets.swiftdoc /Users/admin/builder/spi-builder-workspace/.derivedData/Build/Products/Debug-watchos/Sockets.swiftmodule/arm64-apple-watchos.swiftdoc
Copy /Users/admin/builder/spi-builder-workspace/.derivedData/Build/Products/Debug-watchos/Sockets.swiftmodule/arm64-apple-watchos.abi.json /Users/admin/builder/spi-builder-workspace/.derivedData/Build/Intermediates.noindex/Sockets.build/Debug-watchos/Sockets-t.build/Objects-normal/arm64/Sockets.abi.json (in target 'Sockets' from project 'Sockets')
cd /Users/admin/builder/spi-builder-workspace/.dependencies/checkouts/sockets
builtin-copy -exclude .DS_Store -exclude CVS -exclude .svn -exclude .git -exclude .hg -resolve-src-symlinks -rename /Users/admin/builder/spi-builder-workspace/.derivedData/Build/Intermediates.noindex/Sockets.build/Debug-watchos/Sockets-t.build/Objects-normal/arm64/Sockets.abi.json /Users/admin/builder/spi-builder-workspace/.derivedData/Build/Products/Debug-watchos/Sockets.swiftmodule/arm64-apple-watchos.abi.json
Copy /Users/admin/builder/spi-builder-workspace/.derivedData/Build/Products/Debug-watchos/Sockets.swiftmodule/Project/arm64_32-apple-watchos.swiftsourceinfo /Users/admin/builder/spi-builder-workspace/.derivedData/Build/Intermediates.noindex/Sockets.build/Debug-watchos/Sockets-t.build/Objects-normal/arm64_32/Sockets.swiftsourceinfo (in target 'Sockets' from project 'Sockets')
cd /Users/admin/builder/spi-builder-workspace/.dependencies/checkouts/sockets
builtin-copy -exclude .DS_Store -exclude CVS -exclude .svn -exclude .git -exclude .hg -resolve-src-symlinks -rename /Users/admin/builder/spi-builder-workspace/.derivedData/Build/Intermediates.noindex/Sockets.build/Debug-watchos/Sockets-t.build/Objects-normal/arm64_32/Sockets.swiftsourceinfo /Users/admin/builder/spi-builder-workspace/.derivedData/Build/Products/Debug-watchos/Sockets.swiftmodule/Project/arm64_32-apple-watchos.swiftsourceinfo
Copy /Users/admin/builder/spi-builder-workspace/.derivedData/Build/Products/Debug-watchos/Sockets.swiftmodule/Project/arm64-apple-watchos.swiftsourceinfo /Users/admin/builder/spi-builder-workspace/.derivedData/Build/Intermediates.noindex/Sockets.build/Debug-watchos/Sockets-t.build/Objects-normal/arm64/Sockets.swiftsourceinfo (in target 'Sockets' from project 'Sockets')
cd /Users/admin/builder/spi-builder-workspace/.dependencies/checkouts/sockets
builtin-copy -exclude .DS_Store -exclude CVS -exclude .svn -exclude .git -exclude .hg -resolve-src-symlinks -rename /Users/admin/builder/spi-builder-workspace/.derivedData/Build/Intermediates.noindex/Sockets.build/Debug-watchos/Sockets-t.build/Objects-normal/arm64/Sockets.swiftsourceinfo /Users/admin/builder/spi-builder-workspace/.derivedData/Build/Products/Debug-watchos/Sockets.swiftmodule/Project/arm64-apple-watchos.swiftsourceinfo
SwiftCompile normal arm64_32 Compiling\ RawSocket.swift,\ Select.swift /Users/admin/builder/spi-builder-workspace/.dependencies/checkouts/sockets/Sources/Sockets/Socket/RawSocket.swift /Users/admin/builder/spi-builder-workspace/.dependencies/checkouts/sockets/Sources/Sockets/Socket/Select.swift (in target 'Sockets' from project 'Sockets')
SwiftCompile normal arm64_32 /Users/admin/builder/spi-builder-workspace/.dependencies/checkouts/sockets/Sources/Sockets/Socket/RawSocket.swift (in target 'Sockets' from project 'Sockets')
cd /Users/admin/builder/spi-builder-workspace/.swiftpm/xcode
builtin-SwiftPerFileCompile RawSocket.swift
SwiftCompile normal arm64_32 /Users/admin/builder/spi-builder-workspace/.dependencies/checkouts/sockets/Sources/Sockets/Socket/Select.swift (in target 'Sockets' from project 'Sockets')
cd /Users/admin/builder/spi-builder-workspace/.swiftpm/xcode
builtin-SwiftPerFileCompile Select.swift
SwiftCompile normal arm64 Compiling\ TCPWriteableSocket.swift,\ UDPSocket.swift /Users/admin/builder/spi-builder-workspace/.dependencies/checkouts/sockets/Sources/Sockets/TCP/TCPWriteableSocket.swift /Users/admin/builder/spi-builder-workspace/.dependencies/checkouts/sockets/Sources/Sockets/UDP/UDPSocket.swift (in target 'Sockets' from project 'Sockets')
SwiftCompile normal arm64 /Users/admin/builder/spi-builder-workspace/.dependencies/checkouts/sockets/Sources/Sockets/TCP/TCPWriteableSocket.swift (in target 'Sockets' from project 'Sockets')
cd /Users/admin/builder/spi-builder-workspace/.swiftpm/xcode
builtin-SwiftPerFileCompile TCPWriteableSocket.swift
SwiftCompile normal arm64 /Users/admin/builder/spi-builder-workspace/.dependencies/checkouts/sockets/Sources/Sockets/UDP/UDPSocket.swift (in target 'Sockets' from project 'Sockets')
cd /Users/admin/builder/spi-builder-workspace/.swiftpm/xcode
builtin-SwiftPerFileCompile UDPSocket.swift
SwiftDriverJobDiscovery normal arm64_32 Compiling TCPReadableSocket.swift, TCPSocket.swift (in target 'Sockets' from project 'Sockets')
SwiftCompile normal arm64 Compiling\ Types.swift,\ Exports.swift /Users/admin/builder/spi-builder-workspace/.dependencies/checkouts/sockets/Sources/Sockets/Core/Types.swift /Users/admin/builder/spi-builder-workspace/.dependencies/checkouts/sockets/Sources/Sockets/Exports.swift (in target 'Sockets' from project 'Sockets')
SwiftCompile normal arm64 /Users/admin/builder/spi-builder-workspace/.dependencies/checkouts/sockets/Sources/Sockets/Core/Types.swift (in target 'Sockets' from project 'Sockets')
cd /Users/admin/builder/spi-builder-workspace/.swiftpm/xcode
builtin-SwiftPerFileCompile Types.swift
SwiftCompile normal arm64 /Users/admin/builder/spi-builder-workspace/.dependencies/checkouts/sockets/Sources/Sockets/Exports.swift (in target 'Sockets' from project 'Sockets')
cd /Users/admin/builder/spi-builder-workspace/.swiftpm/xcode
builtin-SwiftPerFileCompile Exports.swift
SwiftDriverJobDiscovery normal arm64_32 Compiling Config.swift, Descriptor.swift (in target 'Sockets' from project 'Sockets')
SwiftCompile normal arm64_32 Compiling\ Socket.swift,\ SocketOptions.swift /Users/admin/builder/spi-builder-workspace/.dependencies/checkouts/sockets/Sources/Sockets/Socket/Socket.swift /Users/admin/builder/spi-builder-workspace/.dependencies/checkouts/sockets/Sources/Sockets/Socket/SocketOptions.swift (in target 'Sockets' from project 'Sockets')
SwiftCompile normal arm64_32 /Users/admin/builder/spi-builder-workspace/.dependencies/checkouts/sockets/Sources/Sockets/Socket/Socket.swift (in target 'Sockets' from project 'Sockets')
cd /Users/admin/builder/spi-builder-workspace/.swiftpm/xcode
builtin-SwiftPerFileCompile Socket.swift
SwiftCompile normal arm64_32 /Users/admin/builder/spi-builder-workspace/.dependencies/checkouts/sockets/Sources/Sockets/Socket/SocketOptions.swift (in target 'Sockets' from project 'Sockets')
cd /Users/admin/builder/spi-builder-workspace/.swiftpm/xcode
builtin-SwiftPerFileCompile SocketOptions.swift
SwiftDriverJobDiscovery normal arm64 Compiling Config.swift, Descriptor.swift (in target 'Sockets' from project 'Sockets')
SwiftCompile normal arm64 Compiling\ Conversions.swift,\ Error.swift,\ FDSet.swift /Users/admin/builder/spi-builder-workspace/.dependencies/checkouts/sockets/Sources/Sockets/Core/Conversions.swift /Users/admin/builder/spi-builder-workspace/.dependencies/checkouts/sockets/Sources/Sockets/Core/Error.swift /Users/admin/builder/spi-builder-workspace/.dependencies/checkouts/sockets/Sources/Sockets/Core/FDSet.swift (in target 'Sockets' from project 'Sockets')
SwiftCompile normal arm64 /Users/admin/builder/spi-builder-workspace/.dependencies/checkouts/sockets/Sources/Sockets/Core/Conversions.swift (in target 'Sockets' from project 'Sockets')
cd /Users/admin/builder/spi-builder-workspace/.swiftpm/xcode
builtin-SwiftPerFileCompile Conversions.swift
SwiftCompile normal arm64 /Users/admin/builder/spi-builder-workspace/.dependencies/checkouts/sockets/Sources/Sockets/Core/Error.swift (in target 'Sockets' from project 'Sockets')
cd /Users/admin/builder/spi-builder-workspace/.swiftpm/xcode
builtin-SwiftPerFileCompile Error.swift
SwiftCompile normal arm64 /Users/admin/builder/spi-builder-workspace/.dependencies/checkouts/sockets/Sources/Sockets/Core/FDSet.swift (in target 'Sockets' from project 'Sockets')
cd /Users/admin/builder/spi-builder-workspace/.swiftpm/xcode
builtin-SwiftPerFileCompile FDSet.swift
SwiftDriverJobDiscovery normal arm64 Compiling RawSocket.swift, Select.swift (in target 'Sockets' from project 'Sockets')
SwiftCompile normal arm64_32 Compiling\ Types.swift,\ Exports.swift /Users/admin/builder/spi-builder-workspace/.dependencies/checkouts/sockets/Sources/Sockets/Core/Types.swift /Users/admin/builder/spi-builder-workspace/.dependencies/checkouts/sockets/Sources/Sockets/Exports.swift (in target 'Sockets' from project 'Sockets')
SwiftCompile normal arm64_32 /Users/admin/builder/spi-builder-workspace/.dependencies/checkouts/sockets/Sources/Sockets/Core/Types.swift (in target 'Sockets' from project 'Sockets')
cd /Users/admin/builder/spi-builder-workspace/.swiftpm/xcode
builtin-SwiftPerFileCompile Types.swift
SwiftCompile normal arm64_32 /Users/admin/builder/spi-builder-workspace/.dependencies/checkouts/sockets/Sources/Sockets/Exports.swift (in target 'Sockets' from project 'Sockets')
cd /Users/admin/builder/spi-builder-workspace/.swiftpm/xcode
builtin-SwiftPerFileCompile Exports.swift
SwiftDriverJobDiscovery normal arm64 Compiling TCPReadableSocket.swift, TCPSocket.swift (in target 'Sockets' from project 'Sockets')
SwiftCompile normal arm64_32 Compiling\ TCPWriteableSocket.swift,\ UDPSocket.swift /Users/admin/builder/spi-builder-workspace/.dependencies/checkouts/sockets/Sources/Sockets/TCP/TCPWriteableSocket.swift /Users/admin/builder/spi-builder-workspace/.dependencies/checkouts/sockets/Sources/Sockets/UDP/UDPSocket.swift (in target 'Sockets' from project 'Sockets')
SwiftCompile normal arm64_32 /Users/admin/builder/spi-builder-workspace/.dependencies/checkouts/sockets/Sources/Sockets/TCP/TCPWriteableSocket.swift (in target 'Sockets' from project 'Sockets')
cd /Users/admin/builder/spi-builder-workspace/.swiftpm/xcode
builtin-SwiftPerFileCompile TCPWriteableSocket.swift
SwiftCompile normal arm64_32 /Users/admin/builder/spi-builder-workspace/.dependencies/checkouts/sockets/Sources/Sockets/UDP/UDPSocket.swift (in target 'Sockets' from project 'Sockets')
cd /Users/admin/builder/spi-builder-workspace/.swiftpm/xcode
builtin-SwiftPerFileCompile UDPSocket.swift
SwiftCompile normal arm64 Compiling\ TCPEstablishedSocket.swift,\ TCPInternetSocket.swift /Users/admin/builder/spi-builder-workspace/.dependencies/checkouts/sockets/Sources/Sockets/TCP/TCPEstablishedSocket.swift /Users/admin/builder/spi-builder-workspace/.dependencies/checkouts/sockets/Sources/Sockets/TCP/TCPInternetSocket.swift (in target 'Sockets' from project 'Sockets')
SwiftCompile normal arm64 /Users/admin/builder/spi-builder-workspace/.dependencies/checkouts/sockets/Sources/Sockets/TCP/TCPEstablishedSocket.swift (in target 'Sockets' from project 'Sockets')
cd /Users/admin/builder/spi-builder-workspace/.swiftpm/xcode
builtin-SwiftPerFileCompile TCPEstablishedSocket.swift
SwiftCompile normal arm64 /Users/admin/builder/spi-builder-workspace/.dependencies/checkouts/sockets/Sources/Sockets/TCP/TCPInternetSocket.swift (in target 'Sockets' from project 'Sockets')
cd /Users/admin/builder/spi-builder-workspace/.swiftpm/xcode
builtin-SwiftPerFileCompile TCPInternetSocket.swift
SwiftDriverJobDiscovery normal arm64_32 Compiling Socket.swift, SocketOptions.swift (in target 'Sockets' from project 'Sockets')
SwiftCompile normal arm64_32 Compiling\ TCPEstablishedSocket.swift,\ TCPInternetSocket.swift /Users/admin/builder/spi-builder-workspace/.dependencies/checkouts/sockets/Sources/Sockets/TCP/TCPEstablishedSocket.swift /Users/admin/builder/spi-builder-workspace/.dependencies/checkouts/sockets/Sources/Sockets/TCP/TCPInternetSocket.swift (in target 'Sockets' from project 'Sockets')
SwiftCompile normal arm64_32 /Users/admin/builder/spi-builder-workspace/.dependencies/checkouts/sockets/Sources/Sockets/TCP/TCPEstablishedSocket.swift (in target 'Sockets' from project 'Sockets')
cd /Users/admin/builder/spi-builder-workspace/.swiftpm/xcode
builtin-SwiftPerFileCompile TCPEstablishedSocket.swift
SwiftCompile normal arm64_32 /Users/admin/builder/spi-builder-workspace/.dependencies/checkouts/sockets/Sources/Sockets/TCP/TCPInternetSocket.swift (in target 'Sockets' from project 'Sockets')
cd /Users/admin/builder/spi-builder-workspace/.swiftpm/xcode
builtin-SwiftPerFileCompile TCPInternetSocket.swift
SwiftDriverJobDiscovery normal arm64_32 Compiling RawSocket.swift, Select.swift (in target 'Sockets' from project 'Sockets')
SwiftCompile normal arm64 Compiling\ InternetSocket.swift,\ Pipe.swift /Users/admin/builder/spi-builder-workspace/.dependencies/checkouts/sockets/Sources/Sockets/Socket/InternetSocket.swift /Users/admin/builder/spi-builder-workspace/.dependencies/checkouts/sockets/Sources/Sockets/Socket/Pipe.swift (in target 'Sockets' from project 'Sockets')
SwiftCompile normal arm64 /Users/admin/builder/spi-builder-workspace/.dependencies/checkouts/sockets/Sources/Sockets/Socket/InternetSocket.swift (in target 'Sockets' from project 'Sockets')
cd /Users/admin/builder/spi-builder-workspace/.swiftpm/xcode
builtin-SwiftPerFileCompile InternetSocket.swift
SwiftCompile normal arm64 /Users/admin/builder/spi-builder-workspace/.dependencies/checkouts/sockets/Sources/Sockets/Socket/Pipe.swift (in target 'Sockets' from project 'Sockets')
cd /Users/admin/builder/spi-builder-workspace/.swiftpm/xcode
builtin-SwiftPerFileCompile Pipe.swift
SwiftDriverJobDiscovery normal arm64_32 Compiling Conversions.swift, Error.swift, FDSet.swift (in target 'Sockets' from project 'Sockets')
SwiftDriver\ Compilation Random normal arm64_32 com.apple.xcode.tools.swift.compiler (in target 'Random' from project 'Random')
cd /Users/admin/builder/spi-builder-workspace/.swiftpm/xcode
builtin-Swift-Compilation -- /Applications/Xcode-27.0.0-Release.Candidate.app/Contents/Developer/Toolchains/XcodeDefault.xctoolchain/usr/bin/swiftc -parse-as-library -module-name Random -Onone @/Users/admin/builder/spi-builder-workspace/.derivedData/Build/Intermediates.noindex/Random.build/Debug-watchos/Random-t.build/Objects-normal/arm64_32/Random.SwiftFileList -DSWIFT_PACKAGE -DDEBUG -DSWIFT_MODULE_RESOURCE_BUNDLE_UNAVAILABLE -DXcode -plugin-path /Applications/Xcode-27.0.0-Release.Candidate.app/Contents/Developer/Toolchains/XcodeDefault.xctoolchain/usr/lib/swift/host/plugins/testing -enable-experimental-feature DebugDescriptionMacro -sdk /Applications/Xcode-27.0.0-Release.Candidate.app/Contents/Developer/Platforms/WatchOS.platform/Developer/SDKs/WatchOS27.0.sdk -target arm64_32-apple-watchos9.0 -g -module-cache-path /Users/admin/builder/spi-builder-workspace/.derivedData/ModuleCache.noindex -Xfrontend -serialize-debugging-options -profile-coverage-mapping -profile-generate -enable-testing -suppress-warnings -index-store-path /Users/admin/builder/spi-builder-workspace/.derivedData/Index.noindex/DataStore -Xcc -D_LIBCPP_HARDENING_MODE\=_LIBCPP_HARDENING_MODE_DEBUG -swift-version 4 -I /Users/admin/builder/spi-builder-workspace/.derivedData/Build/Products/Debug-watchos -Isystem /Applications/Xcode-27.0.0-Release.Candidate.app/Contents/Developer/Platforms/WatchOS.platform/Developer/usr/lib -F /Users/admin/builder/spi-builder-workspace/.derivedData/Build/Products/Debug-watchos/PackageFrameworks -F /Users/admin/builder/spi-builder-workspace/.derivedData/Build/Products/Debug-watchos -F /Applications/Xcode-27.0.0-Release.Candidate.app/Contents/Developer/Platforms/WatchOS.platform/Developer/Library/Frameworks -F /Applications/Xcode-27.0.0-Release.Candidate.app/Contents/Developer/Platforms/WatchOS.platform/Developer/SDKs/WatchOS27.0.sdk/Developer/Library/Frameworks -c -j10 -enable-batch-mode -incremental -Xcc -ivfsstatcache -Xcc /Users/admin/builder/spi-builder-workspace/.derivedData/SDKStatCaches.noindex/watchos27.0-24R360-e829b21a6f8c9b70876ba0858053c04477534ef55a1706bf4c1112bbb242f0a2.sdkstatcache -output-file-map /Users/admin/builder/spi-builder-workspace/.derivedData/Build/Intermediates.noindex/Random.build/Debug-watchos/Random-t.build/Objects-normal/arm64_32/Random-OutputFileMap.json -save-temps -no-color-diagnostics -emit-dependencies -emit-module -emit-module-path /Users/admin/builder/spi-builder-workspace/.derivedData/Build/Intermediates.noindex/Random.build/Debug-watchos/Random-t.build/Objects-normal/arm64_32/Random.swiftmodule -serialize-diagnostics -validate-clang-modules-once -clang-build-session-file /Users/admin/builder/spi-builder-workspace/.derivedData/ModuleCache.noindex/Session.modulevalidation -Xcc -fmodules-prune-interval\=86400 -Xcc -fmodules-prune-after\=345600 -emit-const-values -const-gather-protocols-list /Users/admin/builder/spi-builder-workspace/.derivedData/Build/Intermediates.noindex/Random.build/Debug-watchos/Random-t.build/Objects-normal/arm64_32/Random_const_extract_protocols.json -Xcc -I/Users/admin/builder/spi-builder-workspace/.derivedData/Build/Products/Debug-watchos/include -Xcc -I/Users/admin/builder/spi-builder-workspace/.derivedData/Build/Intermediates.noindex/Random.build/Debug-watchos/Random-t.build/DerivedSources-normal/arm64_32 -Xcc -I/Users/admin/builder/spi-builder-workspace/.derivedData/Build/Intermediates.noindex/Random.build/Debug-watchos/Random-t.build/DerivedSources/arm64_32 -Xcc -I/Users/admin/builder/spi-builder-workspace/.derivedData/Build/Intermediates.noindex/Random.build/Debug-watchos/Random-t.build/DerivedSources -Xcc -DSWIFT_PACKAGE -Xcc -DDEBUG\=1 -emit-objc-header -emit-objc-header-path /Users/admin/builder/spi-builder-workspace/.derivedData/Build/Intermediates.noindex/Random.build/Debug-watchos/Random-t.build/Objects-normal/arm64_32/Random-Swift.h -working-directory /Users/admin/builder/spi-builder-workspace/.swiftpm/xcode -experimental-emit-module-separately -disable-cmo
SwiftDriverJobDiscovery normal arm64 Compiling Address+C.swift, Address.swift, Buffer.swift (in target 'Sockets' from project 'Sockets')
SwiftDriver\ Compilation Random normal arm64 com.apple.xcode.tools.swift.compiler (in target 'Random' from project 'Random')
cd /Users/admin/builder/spi-builder-workspace/.swiftpm/xcode
builtin-Swift-Compilation -- /Applications/Xcode-27.0.0-Release.Candidate.app/Contents/Developer/Toolchains/XcodeDefault.xctoolchain/usr/bin/swiftc -parse-as-library -module-name Random -Onone @/Users/admin/builder/spi-builder-workspace/.derivedData/Build/Intermediates.noindex/Random.build/Debug-watchos/Random-t.build/Objects-normal/arm64/Random.SwiftFileList -DSWIFT_PACKAGE -DDEBUG -DSWIFT_MODULE_RESOURCE_BUNDLE_UNAVAILABLE -DXcode -plugin-path /Applications/Xcode-27.0.0-Release.Candidate.app/Contents/Developer/Toolchains/XcodeDefault.xctoolchain/usr/lib/swift/host/plugins/testing -enable-experimental-feature DebugDescriptionMacro -sdk /Applications/Xcode-27.0.0-Release.Candidate.app/Contents/Developer/Platforms/WatchOS.platform/Developer/SDKs/WatchOS27.0.sdk -target arm64-apple-watchos9.0 -g -module-cache-path /Users/admin/builder/spi-builder-workspace/.derivedData/ModuleCache.noindex -Xfrontend -serialize-debugging-options -profile-coverage-mapping -profile-generate -enable-testing -suppress-warnings -index-store-path /Users/admin/builder/spi-builder-workspace/.derivedData/Index.noindex/DataStore -Xcc -D_LIBCPP_HARDENING_MODE\=_LIBCPP_HARDENING_MODE_DEBUG -swift-version 4 -I /Users/admin/builder/spi-builder-workspace/.derivedData/Build/Products/Debug-watchos -Isystem /Applications/Xcode-27.0.0-Release.Candidate.app/Contents/Developer/Platforms/WatchOS.platform/Developer/usr/lib -F /Users/admin/builder/spi-builder-workspace/.derivedData/Build/Products/Debug-watchos/PackageFrameworks -F /Users/admin/builder/spi-builder-workspace/.derivedData/Build/Products/Debug-watchos -F /Applications/Xcode-27.0.0-Release.Candidate.app/Contents/Developer/Platforms/WatchOS.platform/Developer/Library/Frameworks -F /Applications/Xcode-27.0.0-Release.Candidate.app/Contents/Developer/Platforms/WatchOS.platform/Developer/SDKs/WatchOS27.0.sdk/Developer/Library/Frameworks -c -j10 -enable-batch-mode -incremental -Xcc -ivfsstatcache -Xcc /Users/admin/builder/spi-builder-workspace/.derivedData/SDKStatCaches.noindex/watchos27.0-24R360-e829b21a6f8c9b70876ba0858053c04477534ef55a1706bf4c1112bbb242f0a2.sdkstatcache -output-file-map /Users/admin/builder/spi-builder-workspace/.derivedData/Build/Intermediates.noindex/Random.build/Debug-watchos/Random-t.build/Objects-normal/arm64/Random-OutputFileMap.json -save-temps -no-color-diagnostics -emit-dependencies -emit-module -emit-module-path /Users/admin/builder/spi-builder-workspace/.derivedData/Build/Intermediates.noindex/Random.build/Debug-watchos/Random-t.build/Objects-normal/arm64/Random.swiftmodule -serialize-diagnostics -validate-clang-modules-once -clang-build-session-file /Users/admin/builder/spi-builder-workspace/.derivedData/ModuleCache.noindex/Session.modulevalidation -Xcc -fmodules-prune-interval\=86400 -Xcc -fmodules-prune-after\=345600 -emit-const-values -const-gather-protocols-list /Users/admin/builder/spi-builder-workspace/.derivedData/Build/Intermediates.noindex/Random.build/Debug-watchos/Random-t.build/Objects-normal/arm64/Random_const_extract_protocols.json -Xcc -I/Users/admin/builder/spi-builder-workspace/.derivedData/Build/Products/Debug-watchos/include -Xcc -I/Users/admin/builder/spi-builder-workspace/.derivedData/Build/Intermediates.noindex/Random.build/Debug-watchos/Random-t.build/DerivedSources-normal/arm64 -Xcc -I/Users/admin/builder/spi-builder-workspace/.derivedData/Build/Intermediates.noindex/Random.build/Debug-watchos/Random-t.build/DerivedSources/arm64 -Xcc -I/Users/admin/builder/spi-builder-workspace/.derivedData/Build/Intermediates.noindex/Random.build/Debug-watchos/Random-t.build/DerivedSources -Xcc -DSWIFT_PACKAGE -Xcc -DDEBUG\=1 -emit-objc-header -emit-objc-header-path /Users/admin/builder/spi-builder-workspace/.derivedData/Build/Intermediates.noindex/Random.build/Debug-watchos/Random-t.build/Objects-normal/arm64/Random-Swift.h -working-directory /Users/admin/builder/spi-builder-workspace/.swiftpm/xcode -experimental-emit-module-separately -disable-cmo
SwiftDriver Node normal arm64_32 com.apple.xcode.tools.swift.compiler (in target 'Node' from project 'Node')
cd /Users/admin/builder/spi-builder-workspace/.swiftpm/xcode
builtin-SwiftDriver -- /Applications/Xcode-27.0.0-Release.Candidate.app/Contents/Developer/Toolchains/XcodeDefault.xctoolchain/usr/bin/swiftc -parse-as-library -module-name Node -Onone @/Users/admin/builder/spi-builder-workspace/.derivedData/Build/Intermediates.noindex/Node.build/Debug-watchos/Node-t.build/Objects-normal/arm64_32/Node.SwiftFileList -DSWIFT_PACKAGE -DDEBUG -DSWIFT_MODULE_RESOURCE_BUNDLE_UNAVAILABLE -DXcode -plugin-path /Applications/Xcode-27.0.0-Release.Candidate.app/Contents/Developer/Toolchains/XcodeDefault.xctoolchain/usr/lib/swift/host/plugins/testing -enable-experimental-feature DebugDescriptionMacro -sdk /Applications/Xcode-27.0.0-Release.Candidate.app/Contents/Developer/Platforms/WatchOS.platform/Developer/SDKs/WatchOS27.0.sdk -target arm64_32-apple-watchos9.0 -g -module-cache-path /Users/admin/builder/spi-builder-workspace/.derivedData/ModuleCache.noindex -Xfrontend -serialize-debugging-options -profile-coverage-mapping -profile-generate -enable-testing -suppress-warnings -index-store-path /Users/admin/builder/spi-builder-workspace/.derivedData/Index.noindex/DataStore -Xcc -D_LIBCPP_HARDENING_MODE\=_LIBCPP_HARDENING_MODE_DEBUG -swift-version 4 -I /Users/admin/builder/spi-builder-workspace/.derivedData/Build/Products/Debug-watchos -Isystem /Applications/Xcode-27.0.0-Release.Candidate.app/Contents/Developer/Platforms/WatchOS.platform/Developer/usr/lib -F /Users/admin/builder/spi-builder-workspace/.derivedData/Build/Products/Debug-watchos/PackageFrameworks -F /Users/admin/builder/spi-builder-workspace/.derivedData/Build/Products/Debug-watchos -F /Applications/Xcode-27.0.0-Release.Candidate.app/Contents/Developer/Platforms/WatchOS.platform/Developer/Library/Frameworks -F /Applications/Xcode-27.0.0-Release.Candidate.app/Contents/Developer/Platforms/WatchOS.platform/Developer/SDKs/WatchOS27.0.sdk/Developer/Library/Frameworks -c -j10 -enable-batch-mode -incremental -Xcc -ivfsstatcache -Xcc /Users/admin/builder/spi-builder-workspace/.derivedData/SDKStatCaches.noindex/watchos27.0-24R360-e829b21a6f8c9b70876ba0858053c04477534ef55a1706bf4c1112bbb242f0a2.sdkstatcache -output-file-map /Users/admin/builder/spi-builder-workspace/.derivedData/Build/Intermediates.noindex/Node.build/Debug-watchos/Node-t.build/Objects-normal/arm64_32/Node-OutputFileMap.json -save-temps -no-color-diagnostics -emit-dependencies -emit-module -emit-module-path /Users/admin/builder/spi-builder-workspace/.derivedData/Build/Intermediates.noindex/Node.build/Debug-watchos/Node-t.build/Objects-normal/arm64_32/Node.swiftmodule -serialize-diagnostics -validate-clang-modules-once -clang-build-session-file /Users/admin/builder/spi-builder-workspace/.derivedData/ModuleCache.noindex/Session.modulevalidation -Xcc -fmodules-prune-interval\=86400 -Xcc -fmodules-prune-after\=345600 -emit-const-values -const-gather-protocols-list /Users/admin/builder/spi-builder-workspace/.derivedData/Build/Intermediates.noindex/Node.build/Debug-watchos/Node-t.build/Objects-normal/arm64_32/Node_const_extract_protocols.json -Xcc -I/Users/admin/builder/spi-builder-workspace/.derivedData/Build/Products/Debug-watchos/include -Xcc -I/Users/admin/builder/spi-builder-workspace/.derivedData/Build/Intermediates.noindex/Node.build/Debug-watchos/Node-t.build/DerivedSources-normal/arm64_32 -Xcc -I/Users/admin/builder/spi-builder-workspace/.derivedData/Build/Intermediates.noindex/Node.build/Debug-watchos/Node-t.build/DerivedSources/arm64_32 -Xcc -I/Users/admin/builder/spi-builder-workspace/.derivedData/Build/Intermediates.noindex/Node.build/Debug-watchos/Node-t.build/DerivedSources -Xcc -DSWIFT_PACKAGE -Xcc -DDEBUG\=1 -emit-objc-header -emit-objc-header-path /Users/admin/builder/spi-builder-workspace/.derivedData/Build/Intermediates.noindex/Node.build/Debug-watchos/Node-t.build/Objects-normal/arm64_32/Node-Swift.h -working-directory /Users/admin/builder/spi-builder-workspace/.swiftpm/xcode -experimental-emit-module-separately -disable-cmo
SwiftDriver Node normal arm64 com.apple.xcode.tools.swift.compiler (in target 'Node' from project 'Node')
cd /Users/admin/builder/spi-builder-workspace/.swiftpm/xcode
builtin-SwiftDriver -- /Applications/Xcode-27.0.0-Release.Candidate.app/Contents/Developer/Toolchains/XcodeDefault.xctoolchain/usr/bin/swiftc -parse-as-library -module-name Node -Onone @/Users/admin/builder/spi-builder-workspace/.derivedData/Build/Intermediates.noindex/Node.build/Debug-watchos/Node-t.build/Objects-normal/arm64/Node.SwiftFileList -DSWIFT_PACKAGE -DDEBUG -DSWIFT_MODULE_RESOURCE_BUNDLE_UNAVAILABLE -DXcode -plugin-path /Applications/Xcode-27.0.0-Release.Candidate.app/Contents/Developer/Toolchains/XcodeDefault.xctoolchain/usr/lib/swift/host/plugins/testing -enable-experimental-feature DebugDescriptionMacro -sdk /Applications/Xcode-27.0.0-Release.Candidate.app/Contents/Developer/Platforms/WatchOS.platform/Developer/SDKs/WatchOS27.0.sdk -target arm64-apple-watchos9.0 -g -module-cache-path /Users/admin/builder/spi-builder-workspace/.derivedData/ModuleCache.noindex -Xfrontend -serialize-debugging-options -profile-coverage-mapping -profile-generate -enable-testing -suppress-warnings -index-store-path /Users/admin/builder/spi-builder-workspace/.derivedData/Index.noindex/DataStore -Xcc -D_LIBCPP_HARDENING_MODE\=_LIBCPP_HARDENING_MODE_DEBUG -swift-version 4 -I /Users/admin/builder/spi-builder-workspace/.derivedData/Build/Products/Debug-watchos -Isystem /Applications/Xcode-27.0.0-Release.Candidate.app/Contents/Developer/Platforms/WatchOS.platform/Developer/usr/lib -F /Users/admin/builder/spi-builder-workspace/.derivedData/Build/Products/Debug-watchos/PackageFrameworks -F /Users/admin/builder/spi-builder-workspace/.derivedData/Build/Products/Debug-watchos -F /Applications/Xcode-27.0.0-Release.Candidate.app/Contents/Developer/Platforms/WatchOS.platform/Developer/Library/Frameworks -F /Applications/Xcode-27.0.0-Release.Candidate.app/Contents/Developer/Platforms/WatchOS.platform/Developer/SDKs/WatchOS27.0.sdk/Developer/Library/Frameworks -c -j10 -enable-batch-mode -incremental -Xcc -ivfsstatcache -Xcc /Users/admin/builder/spi-builder-workspace/.derivedData/SDKStatCaches.noindex/watchos27.0-24R360-e829b21a6f8c9b70876ba0858053c04477534ef55a1706bf4c1112bbb242f0a2.sdkstatcache -output-file-map /Users/admin/builder/spi-builder-workspace/.derivedData/Build/Intermediates.noindex/Node.build/Debug-watchos/Node-t.build/Objects-normal/arm64/Node-OutputFileMap.json -save-temps -no-color-diagnostics -emit-dependencies -emit-module -emit-module-path /Users/admin/builder/spi-builder-workspace/.derivedData/Build/Intermediates.noindex/Node.build/Debug-watchos/Node-t.build/Objects-normal/arm64/Node.swiftmodule -serialize-diagnostics -validate-clang-modules-once -clang-build-session-file /Users/admin/builder/spi-builder-workspace/.derivedData/ModuleCache.noindex/Session.modulevalidation -Xcc -fmodules-prune-interval\=86400 -Xcc -fmodules-prune-after\=345600 -emit-const-values -const-gather-protocols-list /Users/admin/builder/spi-builder-workspace/.derivedData/Build/Intermediates.noindex/Node.build/Debug-watchos/Node-t.build/Objects-normal/arm64/Node_const_extract_protocols.json -Xcc -I/Users/admin/builder/spi-builder-workspace/.derivedData/Build/Products/Debug-watchos/include -Xcc -I/Users/admin/builder/spi-builder-workspace/.derivedData/Build/Intermediates.noindex/Node.build/Debug-watchos/Node-t.build/DerivedSources-normal/arm64 -Xcc -I/Users/admin/builder/spi-builder-workspace/.derivedData/Build/Intermediates.noindex/Node.build/Debug-watchos/Node-t.build/DerivedSources/arm64 -Xcc -I/Users/admin/builder/spi-builder-workspace/.derivedData/Build/Intermediates.noindex/Node.build/Debug-watchos/Node-t.build/DerivedSources -Xcc -DSWIFT_PACKAGE -Xcc -DDEBUG\=1 -emit-objc-header -emit-objc-header-path /Users/admin/builder/spi-builder-workspace/.derivedData/Build/Intermediates.noindex/Node.build/Debug-watchos/Node-t.build/Objects-normal/arm64/Node-Swift.h -working-directory /Users/admin/builder/spi-builder-workspace/.swiftpm/xcode -experimental-emit-module-separately -disable-cmo
SwiftDriverJobDiscovery normal arm64 Compiling TCPWriteableSocket.swift, UDPSocket.swift (in target 'Sockets' from project 'Sockets')
SwiftEmitModule normal arm64_32 Emitting\ module\ for\ Node (in target 'Node' from project 'Node')
SwiftCompile normal arm64_32 (in target 'Node' from project 'Node')
cd /Users/admin/builder/spi-builder-workspace/.swiftpm/xcode
SwiftCompile normal arm64_32 Compiling\ Node.swift,\ NodeConvertible.swift,\ NodeInitializable.swift,\ NodeRepresentable.swift /Users/admin/builder/spi-builder-workspace/.dependencies/checkouts/node/Sources/Node/Core/Node.swift /Users/admin/builder/spi-builder-workspace/.dependencies/checkouts/node/Sources/Node/Core/NodeConvertible.swift /Users/admin/builder/spi-builder-workspace/.dependencies/checkouts/node/Sources/Node/Core/NodeInitializable.swift /Users/admin/builder/spi-builder-workspace/.dependencies/checkouts/node/Sources/Node/Core/NodeRepresentable.swift (in target 'Node' from project 'Node')
SwiftCompile normal arm64_32 /Users/admin/builder/spi-builder-workspace/.dependencies/checkouts/node/Sources/Node/Core/Node.swift (in target 'Node' from project 'Node')
cd /Users/admin/builder/spi-builder-workspace/.swiftpm/xcode
builtin-SwiftPerFileCompile Node.swift
SwiftCompile normal arm64_32 /Users/admin/builder/spi-builder-workspace/.dependencies/checkouts/node/Sources/Node/Core/NodeConvertible.swift (in target 'Node' from project 'Node')
cd /Users/admin/builder/spi-builder-workspace/.swiftpm/xcode
builtin-SwiftPerFileCompile NodeConvertible.swift
SwiftCompile normal arm64_32 /Users/admin/builder/spi-builder-workspace/.dependencies/checkouts/node/Sources/Node/Core/NodeInitializable.swift (in target 'Node' from project 'Node')
cd /Users/admin/builder/spi-builder-workspace/.swiftpm/xcode
builtin-SwiftPerFileCompile NodeInitializable.swift
SwiftCompile normal arm64_32 /Users/admin/builder/spi-builder-workspace/.dependencies/checkouts/node/Sources/Node/Core/NodeRepresentable.swift (in target 'Node' from project 'Node')
cd /Users/admin/builder/spi-builder-workspace/.swiftpm/xcode
builtin-SwiftPerFileCompile NodeRepresentable.swift
SwiftEmitModule normal arm64 Emitting\ module\ for\ Node (in target 'Node' from project 'Node')
SwiftCompile normal arm64 (in target 'Node' from project 'Node')
cd /Users/admin/builder/spi-builder-workspace/.swiftpm/xcode
SwiftDriverJobDiscovery normal arm64 Compiling Types.swift, Exports.swift (in target 'Sockets' from project 'Sockets')
SwiftCompile normal arm64_32 Compiling\ Array+Convertible.swift,\ Dictionary+Convertible.swift,\ Fuzzy+Any.swift,\ FuzzyConverter.swift /Users/admin/builder/spi-builder-workspace/.dependencies/checkouts/node/Sources/Node/Fuzzy/Array+Convertible.swift /Users/admin/builder/spi-builder-workspace/.dependencies/checkouts/node/Sources/Node/Fuzzy/Dictionary+Convertible.swift /Users/admin/builder/spi-builder-workspace/.dependencies/checkouts/node/Sources/Node/Fuzzy/Fuzzy+Any.swift /Users/admin/builder/spi-builder-workspace/.dependencies/checkouts/node/Sources/Node/Fuzzy/FuzzyConverter.swift (in target 'Node' from project 'Node')
SwiftCompile normal arm64_32 /Users/admin/builder/spi-builder-workspace/.dependencies/checkouts/node/Sources/Node/Fuzzy/Array+Convertible.swift (in target 'Node' from project 'Node')
cd /Users/admin/builder/spi-builder-workspace/.swiftpm/xcode
builtin-SwiftPerFileCompile Array+Convertible.swift
SwiftCompile normal arm64_32 /Users/admin/builder/spi-builder-workspace/.dependencies/checkouts/node/Sources/Node/Fuzzy/Dictionary+Convertible.swift (in target 'Node' from project 'Node')
cd /Users/admin/builder/spi-builder-workspace/.swiftpm/xcode
builtin-SwiftPerFileCompile Dictionary+Convertible.swift
SwiftCompile normal arm64_32 /Users/admin/builder/spi-builder-workspace/.dependencies/checkouts/node/Sources/Node/Fuzzy/Fuzzy+Any.swift (in target 'Node' from project 'Node')
cd /Users/admin/builder/spi-builder-workspace/.swiftpm/xcode
builtin-SwiftPerFileCompile Fuzzy+Any.swift
SwiftCompile normal arm64_32 /Users/admin/builder/spi-builder-workspace/.dependencies/checkouts/node/Sources/Node/Fuzzy/FuzzyConverter.swift (in target 'Node' from project 'Node')
cd /Users/admin/builder/spi-builder-workspace/.swiftpm/xcode
builtin-SwiftPerFileCompile FuzzyConverter.swift
SwiftDriverJobDiscovery normal arm64_32 Compiling Types.swift, Exports.swift (in target 'Sockets' from project 'Sockets')
SwiftCompile normal arm64_32 Compiling\ String+Convertible.swift,\ UUID+Convertible.swift,\ UnsignedInteger+Convertible.swift,\ Context.swift /Users/admin/builder/spi-builder-workspace/.dependencies/checkouts/node/Sources/Node/Convertibles/String+Convertible.swift /Users/admin/builder/spi-builder-workspace/.dependencies/checkouts/node/Sources/Node/Convertibles/UUID+Convertible.swift /Users/admin/builder/spi-builder-workspace/.dependencies/checkouts/node/Sources/Node/Convertibles/UnsignedInteger+Convertible.swift /Users/admin/builder/spi-builder-workspace/.dependencies/checkouts/node/Sources/Node/Core/Context.swift (in target 'Node' from project 'Node')
SwiftCompile normal arm64_32 /Users/admin/builder/spi-builder-workspace/.dependencies/checkouts/node/Sources/Node/Convertibles/String+Convertible.swift (in target 'Node' from project 'Node')
cd /Users/admin/builder/spi-builder-workspace/.swiftpm/xcode
builtin-SwiftPerFileCompile String+Convertible.swift
SwiftCompile normal arm64_32 /Users/admin/builder/spi-builder-workspace/.dependencies/checkouts/node/Sources/Node/Convertibles/UUID+Convertible.swift (in target 'Node' from project 'Node')
cd /Users/admin/builder/spi-builder-workspace/.swiftpm/xcode
builtin-SwiftPerFileCompile UUID+Convertible.swift
SwiftCompile normal arm64_32 /Users/admin/builder/spi-builder-workspace/.dependencies/checkouts/node/Sources/Node/Convertibles/UnsignedInteger+Convertible.swift (in target 'Node' from project 'Node')
cd /Users/admin/builder/spi-builder-workspace/.swiftpm/xcode
builtin-SwiftPerFileCompile UnsignedInteger+Convertible.swift
SwiftCompile normal arm64_32 /Users/admin/builder/spi-builder-workspace/.dependencies/checkouts/node/Sources/Node/Core/Context.swift (in target 'Node' from project 'Node')
cd /Users/admin/builder/spi-builder-workspace/.swiftpm/xcode
builtin-SwiftPerFileCompile Context.swift
SwiftDriverJobDiscovery normal arm64 Compiling Conversions.swift, Error.swift, FDSet.swift (in target 'Sockets' from project 'Sockets')
SwiftCompile normal arm64_32 Compiling\ Getters.swift,\ Setters.swift,\ Bool+Convertible.swift,\ Date+Convertible.swift /Users/admin/builder/spi-builder-workspace/.dependencies/checkouts/node/Sources/Node/Accessors/Getters.swift /Users/admin/builder/spi-builder-workspace/.dependencies/checkouts/node/Sources/Node/Accessors/Setters.swift /Users/admin/builder/spi-builder-workspace/.dependencies/checkouts/node/Sources/Node/Convertibles/Bool+Convertible.swift /Users/admin/builder/spi-builder-workspace/.dependencies/checkouts/node/Sources/Node/Convertibles/Date+Convertible.swift (in target 'Node' from project 'Node')
SwiftCompile normal arm64_32 /Users/admin/builder/spi-builder-workspace/.dependencies/checkouts/node/Sources/Node/Accessors/Getters.swift (in target 'Node' from project 'Node')
cd /Users/admin/builder/spi-builder-workspace/.swiftpm/xcode
builtin-SwiftPerFileCompile Getters.swift
SwiftCompile normal arm64_32 /Users/admin/builder/spi-builder-workspace/.dependencies/checkouts/node/Sources/Node/Accessors/Setters.swift (in target 'Node' from project 'Node')
cd /Users/admin/builder/spi-builder-workspace/.swiftpm/xcode
builtin-SwiftPerFileCompile Setters.swift
SwiftCompile normal arm64_32 /Users/admin/builder/spi-builder-workspace/.dependencies/checkouts/node/Sources/Node/Convertibles/Bool+Convertible.swift (in target 'Node' from project 'Node')
cd /Users/admin/builder/spi-builder-workspace/.swiftpm/xcode
builtin-SwiftPerFileCompile Bool+Convertible.swift
SwiftCompile normal arm64_32 /Users/admin/builder/spi-builder-workspace/.dependencies/checkouts/node/Sources/Node/Convertibles/Date+Convertible.swift (in target 'Node' from project 'Node')
cd /Users/admin/builder/spi-builder-workspace/.swiftpm/xcode
builtin-SwiftPerFileCompile Date+Convertible.swift
SwiftDriverJobDiscovery normal arm64_32 Compiling Address+C.swift, Address.swift, Buffer.swift (in target 'Sockets' from project 'Sockets')
SwiftCompile normal arm64 Compiling\ String+Convertible.swift,\ UUID+Convertible.swift,\ UnsignedInteger+Convertible.swift,\ Context.swift /Users/admin/builder/spi-builder-workspace/.dependencies/checkouts/node/Sources/Node/Convertibles/String+Convertible.swift /Users/admin/builder/spi-builder-workspace/.dependencies/checkouts/node/Sources/Node/Convertibles/UUID+Convertible.swift /Users/admin/builder/spi-builder-workspace/.dependencies/checkouts/node/Sources/Node/Convertibles/UnsignedInteger+Convertible.swift /Users/admin/builder/spi-builder-workspace/.dependencies/checkouts/node/Sources/Node/Core/Context.swift (in target 'Node' from project 'Node')
SwiftCompile normal arm64 /Users/admin/builder/spi-builder-workspace/.dependencies/checkouts/node/Sources/Node/Convertibles/String+Convertible.swift (in target 'Node' from project 'Node')
cd /Users/admin/builder/spi-builder-workspace/.swiftpm/xcode
builtin-SwiftPerFileCompile String+Convertible.swift
SwiftCompile normal arm64 /Users/admin/builder/spi-builder-workspace/.dependencies/checkouts/node/Sources/Node/Convertibles/UUID+Convertible.swift (in target 'Node' from project 'Node')
cd /Users/admin/builder/spi-builder-workspace/.swiftpm/xcode
builtin-SwiftPerFileCompile UUID+Convertible.swift
SwiftCompile normal arm64 /Users/admin/builder/spi-builder-workspace/.dependencies/checkouts/node/Sources/Node/Convertibles/UnsignedInteger+Convertible.swift (in target 'Node' from project 'Node')
cd /Users/admin/builder/spi-builder-workspace/.swiftpm/xcode
builtin-SwiftPerFileCompile UnsignedInteger+Convertible.swift
SwiftCompile normal arm64 /Users/admin/builder/spi-builder-workspace/.dependencies/checkouts/node/Sources/Node/Core/Context.swift (in target 'Node' from project 'Node')
cd /Users/admin/builder/spi-builder-workspace/.swiftpm/xcode
builtin-SwiftPerFileCompile Context.swift
SwiftDriverJobDiscovery normal arm64_32 Compiling TCPWriteableSocket.swift, UDPSocket.swift (in target 'Sockets' from project 'Sockets')
SwiftCompile normal arm64 Compiling\ StructuredDataWrapper+Cases.swift,\ StructuredDataWrapper+Convenience.swift,\ StructuredDataWrapper+Equatable.swift,\ StructuredDataWrapper+Literals.swift /Users/admin/builder/spi-builder-workspace/.dependencies/checkouts/node/Sources/Node/StructuredDataWrapper/StructuredDataWrapper+Cases.swift /Users/admin/builder/spi-builder-workspace/.dependencies/checkouts/node/Sources/Node/StructuredDataWrapper/StructuredDataWrapper+Convenience.swift /Users/admin/builder/spi-builder-workspace/.dependencies/checkouts/node/Sources/Node/StructuredDataWrapper/StructuredDataWrapper+Equatable.swift /Users/admin/builder/spi-builder-workspace/.dependencies/checkouts/node/Sources/Node/StructuredDataWrapper/StructuredDataWrapper+Literals.swift (in target 'Node' from project 'Node')
SwiftCompile normal arm64 /Users/admin/builder/spi-builder-workspace/.dependencies/checkouts/node/Sources/Node/StructuredDataWrapper/StructuredDataWrapper+Cases.swift (in target 'Node' from project 'Node')
cd /Users/admin/builder/spi-builder-workspace/.swiftpm/xcode
builtin-SwiftPerFileCompile StructuredDataWrapper+Cases.swift
SwiftCompile normal arm64 /Users/admin/builder/spi-builder-workspace/.dependencies/checkouts/node/Sources/Node/StructuredDataWrapper/StructuredDataWrapper+Convenience.swift (in target 'Node' from project 'Node')
cd /Users/admin/builder/spi-builder-workspace/.swiftpm/xcode
builtin-SwiftPerFileCompile StructuredDataWrapper+Convenience.swift
SwiftCompile normal arm64 /Users/admin/builder/spi-builder-workspace/.dependencies/checkouts/node/Sources/Node/StructuredDataWrapper/StructuredDataWrapper+Equatable.swift (in target 'Node' from project 'Node')
cd /Users/admin/builder/spi-builder-workspace/.swiftpm/xcode
builtin-SwiftPerFileCompile StructuredDataWrapper+Equatable.swift
SwiftCompile normal arm64 /Users/admin/builder/spi-builder-workspace/.dependencies/checkouts/node/Sources/Node/StructuredDataWrapper/StructuredDataWrapper+Literals.swift (in target 'Node' from project 'Node')
cd /Users/admin/builder/spi-builder-workspace/.swiftpm/xcode
builtin-SwiftPerFileCompile StructuredDataWrapper+Literals.swift
SwiftDriverJobDiscovery normal arm64 Compiling InternetSocket.swift, Pipe.swift (in target 'Sockets' from project 'Sockets')
SwiftCompile normal arm64_32 Compiling\ Optional+Convertible.swift,\ Set+Convertible.swift,\ Number.swift,\ StructuredData+Equatable.swift /Users/admin/builder/spi-builder-workspace/.dependencies/checkouts/node/Sources/Node/Fuzzy/Optional+Convertible.swift /Users/admin/builder/spi-builder-workspace/.dependencies/checkouts/node/Sources/Node/Fuzzy/Set+Convertible.swift /Users/admin/builder/spi-builder-workspace/.dependencies/checkouts/node/Sources/Node/Number/Number.swift /Users/admin/builder/spi-builder-workspace/.dependencies/checkouts/node/Sources/Node/StructuredData/StructuredData+Equatable.swift (in target 'Node' from project 'Node')
SwiftCompile normal arm64_32 /Users/admin/builder/spi-builder-workspace/.dependencies/checkouts/node/Sources/Node/Fuzzy/Optional+Convertible.swift (in target 'Node' from project 'Node')
cd /Users/admin/builder/spi-builder-workspace/.swiftpm/xcode
builtin-SwiftPerFileCompile Optional+Convertible.swift
SwiftCompile normal arm64_32 /Users/admin/builder/spi-builder-workspace/.dependencies/checkouts/node/Sources/Node/Fuzzy/Set+Convertible.swift (in target 'Node' from project 'Node')
cd /Users/admin/builder/spi-builder-workspace/.swiftpm/xcode
builtin-SwiftPerFileCompile Set+Convertible.swift
SwiftCompile normal arm64_32 /Users/admin/builder/spi-builder-workspace/.dependencies/checkouts/node/Sources/Node/Number/Number.swift (in target 'Node' from project 'Node')
cd /Users/admin/builder/spi-builder-workspace/.swiftpm/xcode
builtin-SwiftPerFileCompile Number.swift
SwiftCompile normal arm64_32 /Users/admin/builder/spi-builder-workspace/.dependencies/checkouts/node/Sources/Node/StructuredData/StructuredData+Equatable.swift (in target 'Node' from project 'Node')
cd /Users/admin/builder/spi-builder-workspace/.swiftpm/xcode
builtin-SwiftPerFileCompile StructuredData+Equatable.swift
SwiftDriverJobDiscovery normal arm64 Compiling TCPEstablishedSocket.swift, TCPInternetSocket.swift (in target 'Sockets' from project 'Sockets')
SwiftDriver\ Compilation Sockets normal arm64 com.apple.xcode.tools.swift.compiler (in target 'Sockets' from project 'Sockets')
cd /Users/admin/builder/spi-builder-workspace/.swiftpm/xcode
builtin-Swift-Compilation -- /Applications/Xcode-27.0.0-Release.Candidate.app/Contents/Developer/Toolchains/XcodeDefault.xctoolchain/usr/bin/swiftc -parse-as-library -module-name Sockets -Onone @/Users/admin/builder/spi-builder-workspace/.derivedData/Build/Intermediates.noindex/Sockets.build/Debug-watchos/Sockets-t.build/Objects-normal/arm64/Sockets.SwiftFileList -DSWIFT_PACKAGE -DDEBUG -DSWIFT_MODULE_RESOURCE_BUNDLE_UNAVAILABLE -DXcode -plugin-path /Applications/Xcode-27.0.0-Release.Candidate.app/Contents/Developer/Toolchains/XcodeDefault.xctoolchain/usr/lib/swift/host/plugins/testing -enable-experimental-feature DebugDescriptionMacro -sdk /Applications/Xcode-27.0.0-Release.Candidate.app/Contents/Developer/Platforms/WatchOS.platform/Developer/SDKs/WatchOS27.0.sdk -target arm64-apple-watchos9.0 -g -module-cache-path /Users/admin/builder/spi-builder-workspace/.derivedData/ModuleCache.noindex -Xfrontend -serialize-debugging-options -profile-coverage-mapping -profile-generate -enable-testing -suppress-warnings -index-store-path /Users/admin/builder/spi-builder-workspace/.derivedData/Index.noindex/DataStore -Xcc -D_LIBCPP_HARDENING_MODE\=_LIBCPP_HARDENING_MODE_DEBUG -swift-version 4 -I /Users/admin/builder/spi-builder-workspace/.derivedData/Build/Products/Debug-watchos -Isystem /Applications/Xcode-27.0.0-Release.Candidate.app/Contents/Developer/Platforms/WatchOS.platform/Developer/usr/lib -F /Users/admin/builder/spi-builder-workspace/.derivedData/Build/Products/Debug-watchos/PackageFrameworks -F /Users/admin/builder/spi-builder-workspace/.derivedData/Build/Products/Debug-watchos -F /Applications/Xcode-27.0.0-Release.Candidate.app/Contents/Developer/Platforms/WatchOS.platform/Developer/Library/Frameworks -F /Applications/Xcode-27.0.0-Release.Candidate.app/Contents/Developer/Platforms/WatchOS.platform/Developer/SDKs/WatchOS27.0.sdk/Developer/Library/Frameworks -c -j10 -enable-batch-mode -incremental -Xcc -ivfsstatcache -Xcc /Users/admin/builder/spi-builder-workspace/.derivedData/SDKStatCaches.noindex/watchos27.0-24R360-e829b21a6f8c9b70876ba0858053c04477534ef55a1706bf4c1112bbb242f0a2.sdkstatcache -output-file-map /Users/admin/builder/spi-builder-workspace/.derivedData/Build/Intermediates.noindex/Sockets.build/Debug-watchos/Sockets-t.build/Objects-normal/arm64/Sockets-OutputFileMap.json -save-temps -no-color-diagnostics -emit-dependencies -emit-module -emit-module-path /Users/admin/builder/spi-builder-workspace/.derivedData/Build/Intermediates.noindex/Sockets.build/Debug-watchos/Sockets-t.build/Objects-normal/arm64/Sockets.swiftmodule -serialize-diagnostics -validate-clang-modules-once -clang-build-session-file /Users/admin/builder/spi-builder-workspace/.derivedData/ModuleCache.noindex/Session.modulevalidation -Xcc -fmodules-prune-interval\=86400 -Xcc -fmodules-prune-after\=345600 -emit-const-values -const-gather-protocols-list /Users/admin/builder/spi-builder-workspace/.derivedData/Build/Intermediates.noindex/Sockets.build/Debug-watchos/Sockets-t.build/Objects-normal/arm64/Sockets_const_extract_protocols.json -Xcc -I/Users/admin/builder/spi-builder-workspace/.derivedData/Build/Products/Debug-watchos/include -Xcc -I/Users/admin/builder/spi-builder-workspace/.derivedData/Build/Intermediates.noindex/Sockets.build/Debug-watchos/Sockets-t.build/DerivedSources-normal/arm64 -Xcc -I/Users/admin/builder/spi-builder-workspace/.derivedData/Build/Intermediates.noindex/Sockets.build/Debug-watchos/Sockets-t.build/DerivedSources/arm64 -Xcc -I/Users/admin/builder/spi-builder-workspace/.derivedData/Build/Intermediates.noindex/Sockets.build/Debug-watchos/Sockets-t.build/DerivedSources -Xcc -DSWIFT_PACKAGE -Xcc -DDEBUG\=1 -emit-objc-header -emit-objc-header-path /Users/admin/builder/spi-builder-workspace/.derivedData/Build/Intermediates.noindex/Sockets.build/Debug-watchos/Sockets-t.build/Objects-normal/arm64/Sockets-Swift.h -working-directory /Users/admin/builder/spi-builder-workspace/.swiftpm/xcode -experimental-emit-module-separately -disable-cmo
SwiftDriverJobDiscovery normal arm64_32 Compiling TCPEstablishedSocket.swift, TCPInternetSocket.swift (in target 'Sockets' from project 'Sockets')
SwiftCompile normal arm64 Compiling\ Getters.swift,\ Setters.swift,\ Bool+Convertible.swift,\ Date+Convertible.swift /Users/admin/builder/spi-builder-workspace/.dependencies/checkouts/node/Sources/Node/Accessors/Getters.swift /Users/admin/builder/spi-builder-workspace/.dependencies/checkouts/node/Sources/Node/Accessors/Setters.swift /Users/admin/builder/spi-builder-workspace/.dependencies/checkouts/node/Sources/Node/Convertibles/Bool+Convertible.swift /Users/admin/builder/spi-builder-workspace/.dependencies/checkouts/node/Sources/Node/Convertibles/Date+Convertible.swift (in target 'Node' from project 'Node')
SwiftCompile normal arm64 /Users/admin/builder/spi-builder-workspace/.dependencies/checkouts/node/Sources/Node/Accessors/Getters.swift (in target 'Node' from project 'Node')
cd /Users/admin/builder/spi-builder-workspace/.swiftpm/xcode
builtin-SwiftPerFileCompile Getters.swift
SwiftCompile normal arm64 /Users/admin/builder/spi-builder-workspace/.dependencies/checkouts/node/Sources/Node/Accessors/Setters.swift (in target 'Node' from project 'Node')
cd /Users/admin/builder/spi-builder-workspace/.swiftpm/xcode
builtin-SwiftPerFileCompile Setters.swift
SwiftCompile normal arm64 /Users/admin/builder/spi-builder-workspace/.dependencies/checkouts/node/Sources/Node/Convertibles/Bool+Convertible.swift (in target 'Node' from project 'Node')
cd /Users/admin/builder/spi-builder-workspace/.swiftpm/xcode
builtin-SwiftPerFileCompile Bool+Convertible.swift
SwiftCompile normal arm64 /Users/admin/builder/spi-builder-workspace/.dependencies/checkouts/node/Sources/Node/Convertibles/Date+Convertible.swift (in target 'Node' from project 'Node')
cd /Users/admin/builder/spi-builder-workspace/.swiftpm/xcode
builtin-SwiftPerFileCompile Date+Convertible.swift
SwiftDriverJobDiscovery normal arm64_32 Compiling Node.swift, NodeConvertible.swift, NodeInitializable.swift, NodeRepresentable.swift (in target 'Node' from project 'Node')
SwiftDriver\ Compilation Sockets normal arm64_32 com.apple.xcode.tools.swift.compiler (in target 'Sockets' from project 'Sockets')
cd /Users/admin/builder/spi-builder-workspace/.swiftpm/xcode
builtin-Swift-Compilation -- /Applications/Xcode-27.0.0-Release.Candidate.app/Contents/Developer/Toolchains/XcodeDefault.xctoolchain/usr/bin/swiftc -parse-as-library -module-name Sockets -Onone @/Users/admin/builder/spi-builder-workspace/.derivedData/Build/Intermediates.noindex/Sockets.build/Debug-watchos/Sockets-t.build/Objects-normal/arm64_32/Sockets.SwiftFileList -DSWIFT_PACKAGE -DDEBUG -DSWIFT_MODULE_RESOURCE_BUNDLE_UNAVAILABLE -DXcode -plugin-path /Applications/Xcode-27.0.0-Release.Candidate.app/Contents/Developer/Toolchains/XcodeDefault.xctoolchain/usr/lib/swift/host/plugins/testing -enable-experimental-feature DebugDescriptionMacro -sdk /Applications/Xcode-27.0.0-Release.Candidate.app/Contents/Developer/Platforms/WatchOS.platform/Developer/SDKs/WatchOS27.0.sdk -target arm64_32-apple-watchos9.0 -g -module-cache-path /Users/admin/builder/spi-builder-workspace/.derivedData/ModuleCache.noindex -Xfrontend -serialize-debugging-options -profile-coverage-mapping -profile-generate -enable-testing -suppress-warnings -index-store-path /Users/admin/builder/spi-builder-workspace/.derivedData/Index.noindex/DataStore -Xcc -D_LIBCPP_HARDENING_MODE\=_LIBCPP_HARDENING_MODE_DEBUG -swift-version 4 -I /Users/admin/builder/spi-builder-workspace/.derivedData/Build/Products/Debug-watchos -Isystem /Applications/Xcode-27.0.0-Release.Candidate.app/Contents/Developer/Platforms/WatchOS.platform/Developer/usr/lib -F /Users/admin/builder/spi-builder-workspace/.derivedData/Build/Products/Debug-watchos/PackageFrameworks -F /Users/admin/builder/spi-builder-workspace/.derivedData/Build/Products/Debug-watchos -F /Applications/Xcode-27.0.0-Release.Candidate.app/Contents/Developer/Platforms/WatchOS.platform/Developer/Library/Frameworks -F /Applications/Xcode-27.0.0-Release.Candidate.app/Contents/Developer/Platforms/WatchOS.platform/Developer/SDKs/WatchOS27.0.sdk/Developer/Library/Frameworks -c -j10 -enable-batch-mode -incremental -Xcc -ivfsstatcache -Xcc /Users/admin/builder/spi-builder-workspace/.derivedData/SDKStatCaches.noindex/watchos27.0-24R360-e829b21a6f8c9b70876ba0858053c04477534ef55a1706bf4c1112bbb242f0a2.sdkstatcache -output-file-map /Users/admin/builder/spi-builder-workspace/.derivedData/Build/Intermediates.noindex/Sockets.build/Debug-watchos/Sockets-t.build/Objects-normal/arm64_32/Sockets-OutputFileMap.json -save-temps -no-color-diagnostics -emit-dependencies -emit-module -emit-module-path /Users/admin/builder/spi-builder-workspace/.derivedData/Build/Intermediates.noindex/Sockets.build/Debug-watchos/Sockets-t.build/Objects-normal/arm64_32/Sockets.swiftmodule -serialize-diagnostics -validate-clang-modules-once -clang-build-session-file /Users/admin/builder/spi-builder-workspace/.derivedData/ModuleCache.noindex/Session.modulevalidation -Xcc -fmodules-prune-interval\=86400 -Xcc -fmodules-prune-after\=345600 -emit-const-values -const-gather-protocols-list /Users/admin/builder/spi-builder-workspace/.derivedData/Build/Intermediates.noindex/Sockets.build/Debug-watchos/Sockets-t.build/Objects-normal/arm64_32/Sockets_const_extract_protocols.json -Xcc -I/Users/admin/builder/spi-builder-workspace/.derivedData/Build/Products/Debug-watchos/include -Xcc -I/Users/admin/builder/spi-builder-workspace/.derivedData/Build/Intermediates.noindex/Sockets.build/Debug-watchos/Sockets-t.build/DerivedSources-normal/arm64_32 -Xcc -I/Users/admin/builder/spi-builder-workspace/.derivedData/Build/Intermediates.noindex/Sockets.build/Debug-watchos/Sockets-t.build/DerivedSources/arm64_32 -Xcc -I/Users/admin/builder/spi-builder-workspace/.derivedData/Build/Intermediates.noindex/Sockets.build/Debug-watchos/Sockets-t.build/DerivedSources -Xcc -DSWIFT_PACKAGE -Xcc -DDEBUG\=1 -emit-objc-header -emit-objc-header-path /Users/admin/builder/spi-builder-workspace/.derivedData/Build/Intermediates.noindex/Sockets.build/Debug-watchos/Sockets-t.build/Objects-normal/arm64_32/Sockets-Swift.h -working-directory /Users/admin/builder/spi-builder-workspace/.swiftpm/xcode -experimental-emit-module-separately -disable-cmo
SwiftCompile normal arm64_32 Compiling\ FloatingPoint+Convertible.swift,\ Integer+Convertible.swift,\ Schema+Convertible.swift,\ SchemaWrapper+Convertible.swift /Users/admin/builder/spi-builder-workspace/.dependencies/checkouts/node/Sources/Node/Convertibles/FloatingPoint+Convertible.swift /Users/admin/builder/spi-builder-workspace/.dependencies/checkouts/node/Sources/Node/Convertibles/Integer+Convertible.swift /Users/admin/builder/spi-builder-workspace/.dependencies/checkouts/node/Sources/Node/Convertibles/Schema+Convertible.swift /Users/admin/builder/spi-builder-workspace/.dependencies/checkouts/node/Sources/Node/Convertibles/SchemaWrapper+Convertible.swift (in target 'Node' from project 'Node')
SwiftCompile normal arm64_32 /Users/admin/builder/spi-builder-workspace/.dependencies/checkouts/node/Sources/Node/Convertibles/FloatingPoint+Convertible.swift (in target 'Node' from project 'Node')
cd /Users/admin/builder/spi-builder-workspace/.swiftpm/xcode
builtin-SwiftPerFileCompile FloatingPoint+Convertible.swift
SwiftCompile normal arm64_32 /Users/admin/builder/spi-builder-workspace/.dependencies/checkouts/node/Sources/Node/Convertibles/Integer+Convertible.swift (in target 'Node' from project 'Node')
cd /Users/admin/builder/spi-builder-workspace/.swiftpm/xcode
builtin-SwiftPerFileCompile Integer+Convertible.swift
SwiftCompile normal arm64_32 /Users/admin/builder/spi-builder-workspace/.dependencies/checkouts/node/Sources/Node/Convertibles/Schema+Convertible.swift (in target 'Node' from project 'Node')
cd /Users/admin/builder/spi-builder-workspace/.swiftpm/xcode
builtin-SwiftPerFileCompile Schema+Convertible.swift
SwiftCompile normal arm64_32 /Users/admin/builder/spi-builder-workspace/.dependencies/checkouts/node/Sources/Node/Convertibles/SchemaWrapper+Convertible.swift (in target 'Node' from project 'Node')
cd /Users/admin/builder/spi-builder-workspace/.swiftpm/xcode
builtin-SwiftPerFileCompile SchemaWrapper+Convertible.swift
SwiftCompile normal arm64 Compiling\ StructuredDataWrapper+PathIndexable.swift,\ StructuredDataWrapper+Polymorphic.swift,\ StructuredDataWrapper.swift /Users/admin/builder/spi-builder-workspace/.dependencies/checkouts/node/Sources/Node/StructuredDataWrapper/StructuredDataWrapper+PathIndexable.swift /Users/admin/builder/spi-builder-workspace/.dependencies/checkouts/node/Sources/Node/StructuredDataWrapper/StructuredDataWrapper+Polymorphic.swift /Users/admin/builder/spi-builder-workspace/.dependencies/checkouts/node/Sources/Node/StructuredDataWrapper/StructuredDataWrapper.swift (in target 'Node' from project 'Node')
SwiftCompile normal arm64 /Users/admin/builder/spi-builder-workspace/.dependencies/checkouts/node/Sources/Node/StructuredDataWrapper/StructuredDataWrapper+PathIndexable.swift (in target 'Node' from project 'Node')
cd /Users/admin/builder/spi-builder-workspace/.swiftpm/xcode
builtin-SwiftPerFileCompile StructuredDataWrapper+PathIndexable.swift
SwiftCompile normal arm64 /Users/admin/builder/spi-builder-workspace/.dependencies/checkouts/node/Sources/Node/StructuredDataWrapper/StructuredDataWrapper+Polymorphic.swift (in target 'Node' from project 'Node')
cd /Users/admin/builder/spi-builder-workspace/.swiftpm/xcode
builtin-SwiftPerFileCompile StructuredDataWrapper+Polymorphic.swift
SwiftCompile normal arm64 /Users/admin/builder/spi-builder-workspace/.dependencies/checkouts/node/Sources/Node/StructuredDataWrapper/StructuredDataWrapper.swift (in target 'Node' from project 'Node')
cd /Users/admin/builder/spi-builder-workspace/.swiftpm/xcode
builtin-SwiftPerFileCompile StructuredDataWrapper.swift
SwiftDriverJobDiscovery normal arm64_32 Emitting module for Node (in target 'Node' from project 'Node')
SwiftDriver\ Compilation\ Requirements Node normal arm64_32 com.apple.xcode.tools.swift.compiler (in target 'Node' from project 'Node')
cd /Users/admin/builder/spi-builder-workspace/.swiftpm/xcode
builtin-Swift-Compilation-Requirements -- /Applications/Xcode-27.0.0-Release.Candidate.app/Contents/Developer/Toolchains/XcodeDefault.xctoolchain/usr/bin/swiftc -parse-as-library -module-name Node -Onone @/Users/admin/builder/spi-builder-workspace/.derivedData/Build/Intermediates.noindex/Node.build/Debug-watchos/Node-t.build/Objects-normal/arm64_32/Node.SwiftFileList -DSWIFT_PACKAGE -DDEBUG -DSWIFT_MODULE_RESOURCE_BUNDLE_UNAVAILABLE -DXcode -plugin-path /Applications/Xcode-27.0.0-Release.Candidate.app/Contents/Developer/Toolchains/XcodeDefault.xctoolchain/usr/lib/swift/host/plugins/testing -enable-experimental-feature DebugDescriptionMacro -sdk /Applications/Xcode-27.0.0-Release.Candidate.app/Contents/Developer/Platforms/WatchOS.platform/Developer/SDKs/WatchOS27.0.sdk -target arm64_32-apple-watchos9.0 -g -module-cache-path /Users/admin/builder/spi-builder-workspace/.derivedData/ModuleCache.noindex -Xfrontend -serialize-debugging-options -profile-coverage-mapping -profile-generate -enable-testing -suppress-warnings -index-store-path /Users/admin/builder/spi-builder-workspace/.derivedData/Index.noindex/DataStore -Xcc -D_LIBCPP_HARDENING_MODE\=_LIBCPP_HARDENING_MODE_DEBUG -swift-version 4 -I /Users/admin/builder/spi-builder-workspace/.derivedData/Build/Products/Debug-watchos -Isystem /Applications/Xcode-27.0.0-Release.Candidate.app/Contents/Developer/Platforms/WatchOS.platform/Developer/usr/lib -F /Users/admin/builder/spi-builder-workspace/.derivedData/Build/Products/Debug-watchos/PackageFrameworks -F /Users/admin/builder/spi-builder-workspace/.derivedData/Build/Products/Debug-watchos -F /Applications/Xcode-27.0.0-Release.Candidate.app/Contents/Developer/Platforms/WatchOS.platform/Developer/Library/Frameworks -F /Applications/Xcode-27.0.0-Release.Candidate.app/Contents/Developer/Platforms/WatchOS.platform/Developer/SDKs/WatchOS27.0.sdk/Developer/Library/Frameworks -c -j10 -enable-batch-mode -incremental -Xcc -ivfsstatcache -Xcc /Users/admin/builder/spi-builder-workspace/.derivedData/SDKStatCaches.noindex/watchos27.0-24R360-e829b21a6f8c9b70876ba0858053c04477534ef55a1706bf4c1112bbb242f0a2.sdkstatcache -output-file-map /Users/admin/builder/spi-builder-workspace/.derivedData/Build/Intermediates.noindex/Node.build/Debug-watchos/Node-t.build/Objects-normal/arm64_32/Node-OutputFileMap.json -save-temps -no-color-diagnostics -emit-dependencies -emit-module -emit-module-path /Users/admin/builder/spi-builder-workspace/.derivedData/Build/Intermediates.noindex/Node.build/Debug-watchos/Node-t.build/Objects-normal/arm64_32/Node.swiftmodule -serialize-diagnostics -validate-clang-modules-once -clang-build-session-file /Users/admin/builder/spi-builder-workspace/.derivedData/ModuleCache.noindex/Session.modulevalidation -Xcc -fmodules-prune-interval\=86400 -Xcc -fmodules-prune-after\=345600 -emit-const-values -const-gather-protocols-list /Users/admin/builder/spi-builder-workspace/.derivedData/Build/Intermediates.noindex/Node.build/Debug-watchos/Node-t.build/Objects-normal/arm64_32/Node_const_extract_protocols.json -Xcc -I/Users/admin/builder/spi-builder-workspace/.derivedData/Build/Products/Debug-watchos/include -Xcc -I/Users/admin/builder/spi-builder-workspace/.derivedData/Build/Intermediates.noindex/Node.build/Debug-watchos/Node-t.build/DerivedSources-normal/arm64_32 -Xcc -I/Users/admin/builder/spi-builder-workspace/.derivedData/Build/Intermediates.noindex/Node.build/Debug-watchos/Node-t.build/DerivedSources/arm64_32 -Xcc -I/Users/admin/builder/spi-builder-workspace/.derivedData/Build/Intermediates.noindex/Node.build/Debug-watchos/Node-t.build/DerivedSources -Xcc -DSWIFT_PACKAGE -Xcc -DDEBUG\=1 -emit-objc-header -emit-objc-header-path /Users/admin/builder/spi-builder-workspace/.derivedData/Build/Intermediates.noindex/Node.build/Debug-watchos/Node-t.build/Objects-normal/arm64_32/Node-Swift.h -working-directory /Users/admin/builder/spi-builder-workspace/.swiftpm/xcode -experimental-emit-module-separately -disable-cmo
SwiftDriverJobDiscovery normal arm64 Emitting module for Node (in target 'Node' from project 'Node')
SwiftDriver\ Compilation\ Requirements Node normal arm64 com.apple.xcode.tools.swift.compiler (in target 'Node' from project 'Node')
cd /Users/admin/builder/spi-builder-workspace/.swiftpm/xcode
builtin-Swift-Compilation-Requirements -- /Applications/Xcode-27.0.0-Release.Candidate.app/Contents/Developer/Toolchains/XcodeDefault.xctoolchain/usr/bin/swiftc -parse-as-library -module-name Node -Onone @/Users/admin/builder/spi-builder-workspace/.derivedData/Build/Intermediates.noindex/Node.build/Debug-watchos/Node-t.build/Objects-normal/arm64/Node.SwiftFileList -DSWIFT_PACKAGE -DDEBUG -DSWIFT_MODULE_RESOURCE_BUNDLE_UNAVAILABLE -DXcode -plugin-path /Applications/Xcode-27.0.0-Release.Candidate.app/Contents/Developer/Toolchains/XcodeDefault.xctoolchain/usr/lib/swift/host/plugins/testing -enable-experimental-feature DebugDescriptionMacro -sdk /Applications/Xcode-27.0.0-Release.Candidate.app/Contents/Developer/Platforms/WatchOS.platform/Developer/SDKs/WatchOS27.0.sdk -target arm64-apple-watchos9.0 -g -module-cache-path /Users/admin/builder/spi-builder-workspace/.derivedData/ModuleCache.noindex -Xfrontend -serialize-debugging-options -profile-coverage-mapping -profile-generate -enable-testing -suppress-warnings -index-store-path /Users/admin/builder/spi-builder-workspace/.derivedData/Index.noindex/DataStore -Xcc -D_LIBCPP_HARDENING_MODE\=_LIBCPP_HARDENING_MODE_DEBUG -swift-version 4 -I /Users/admin/builder/spi-builder-workspace/.derivedData/Build/Products/Debug-watchos -Isystem /Applications/Xcode-27.0.0-Release.Candidate.app/Contents/Developer/Platforms/WatchOS.platform/Developer/usr/lib -F /Users/admin/builder/spi-builder-workspace/.derivedData/Build/Products/Debug-watchos/PackageFrameworks -F /Users/admin/builder/spi-builder-workspace/.derivedData/Build/Products/Debug-watchos -F /Applications/Xcode-27.0.0-Release.Candidate.app/Contents/Developer/Platforms/WatchOS.platform/Developer/Library/Frameworks -F /Applications/Xcode-27.0.0-Release.Candidate.app/Contents/Developer/Platforms/WatchOS.platform/Developer/SDKs/WatchOS27.0.sdk/Developer/Library/Frameworks -c -j10 -enable-batch-mode -incremental -Xcc -ivfsstatcache -Xcc /Users/admin/builder/spi-builder-workspace/.derivedData/SDKStatCaches.noindex/watchos27.0-24R360-e829b21a6f8c9b70876ba0858053c04477534ef55a1706bf4c1112bbb242f0a2.sdkstatcache -output-file-map /Users/admin/builder/spi-builder-workspace/.derivedData/Build/Intermediates.noindex/Node.build/Debug-watchos/Node-t.build/Objects-normal/arm64/Node-OutputFileMap.json -save-temps -no-color-diagnostics -emit-dependencies -emit-module -emit-module-path /Users/admin/builder/spi-builder-workspace/.derivedData/Build/Intermediates.noindex/Node.build/Debug-watchos/Node-t.build/Objects-normal/arm64/Node.swiftmodule -serialize-diagnostics -validate-clang-modules-once -clang-build-session-file /Users/admin/builder/spi-builder-workspace/.derivedData/ModuleCache.noindex/Session.modulevalidation -Xcc -fmodules-prune-interval\=86400 -Xcc -fmodules-prune-after\=345600 -emit-const-values -const-gather-protocols-list /Users/admin/builder/spi-builder-workspace/.derivedData/Build/Intermediates.noindex/Node.build/Debug-watchos/Node-t.build/Objects-normal/arm64/Node_const_extract_protocols.json -Xcc -I/Users/admin/builder/spi-builder-workspace/.derivedData/Build/Products/Debug-watchos/include -Xcc -I/Users/admin/builder/spi-builder-workspace/.derivedData/Build/Intermediates.noindex/Node.build/Debug-watchos/Node-t.build/DerivedSources-normal/arm64 -Xcc -I/Users/admin/builder/spi-builder-workspace/.derivedData/Build/Intermediates.noindex/Node.build/Debug-watchos/Node-t.build/DerivedSources/arm64 -Xcc -I/Users/admin/builder/spi-builder-workspace/.derivedData/Build/Intermediates.noindex/Node.build/Debug-watchos/Node-t.build/DerivedSources -Xcc -DSWIFT_PACKAGE -Xcc -DDEBUG\=1 -emit-objc-header -emit-objc-header-path /Users/admin/builder/spi-builder-workspace/.derivedData/Build/Intermediates.noindex/Node.build/Debug-watchos/Node-t.build/Objects-normal/arm64/Node-Swift.h -working-directory /Users/admin/builder/spi-builder-workspace/.swiftpm/xcode -experimental-emit-module-separately -disable-cmo
Copy /Users/admin/builder/spi-builder-workspace/.derivedData/Build/Products/Debug-watchos/Node.swiftmodule/arm64_32-apple-watchos.swiftmodule /Users/admin/builder/spi-builder-workspace/.derivedData/Build/Intermediates.noindex/Node.build/Debug-watchos/Node-t.build/Objects-normal/arm64_32/Node.swiftmodule (in target 'Node' from project 'Node')
cd /Users/admin/builder/spi-builder-workspace/.dependencies/checkouts/node
builtin-copy -exclude .DS_Store -exclude CVS -exclude .svn -exclude .git -exclude .hg -resolve-src-symlinks -rename /Users/admin/builder/spi-builder-workspace/.derivedData/Build/Intermediates.noindex/Node.build/Debug-watchos/Node-t.build/Objects-normal/arm64_32/Node.swiftmodule /Users/admin/builder/spi-builder-workspace/.derivedData/Build/Products/Debug-watchos/Node.swiftmodule/arm64_32-apple-watchos.swiftmodule
SwiftMergeGeneratedHeaders /Users/admin/builder/spi-builder-workspace/.derivedData/Build/Intermediates.noindex/GeneratedModuleMaps-watchos/Node-Swift.h /Users/admin/builder/spi-builder-workspace/.derivedData/Build/Intermediates.noindex/Node.build/Debug-watchos/Node-t.build/Objects-normal/arm64/Node-Swift.h /Users/admin/builder/spi-builder-workspace/.derivedData/Build/Intermediates.noindex/Node.build/Debug-watchos/Node-t.build/Objects-normal/arm64_32/Node-Swift.h (in target 'Node' from project 'Node')
cd /Users/admin/builder/spi-builder-workspace/.dependencies/checkouts/node
builtin-swiftHeaderTool -arch arm64 /Users/admin/builder/spi-builder-workspace/.derivedData/Build/Intermediates.noindex/Node.build/Debug-watchos/Node-t.build/Objects-normal/arm64/Node-Swift.h -arch arm64_32 /Users/admin/builder/spi-builder-workspace/.derivedData/Build/Intermediates.noindex/Node.build/Debug-watchos/Node-t.build/Objects-normal/arm64_32/Node-Swift.h -o /Users/admin/builder/spi-builder-workspace/.derivedData/Build/Intermediates.noindex/GeneratedModuleMaps-watchos/Node-Swift.h
Copy /Users/admin/builder/spi-builder-workspace/.derivedData/Build/Products/Debug-watchos/Node.swiftmodule/arm64_32-apple-watchos.swiftdoc /Users/admin/builder/spi-builder-workspace/.derivedData/Build/Intermediates.noindex/Node.build/Debug-watchos/Node-t.build/Objects-normal/arm64_32/Node.swiftdoc (in target 'Node' from project 'Node')
cd /Users/admin/builder/spi-builder-workspace/.dependencies/checkouts/node
builtin-copy -exclude .DS_Store -exclude CVS -exclude .svn -exclude .git -exclude .hg -resolve-src-symlinks -rename /Users/admin/builder/spi-builder-workspace/.derivedData/Build/Intermediates.noindex/Node.build/Debug-watchos/Node-t.build/Objects-normal/arm64_32/Node.swiftdoc /Users/admin/builder/spi-builder-workspace/.derivedData/Build/Products/Debug-watchos/Node.swiftmodule/arm64_32-apple-watchos.swiftdoc
Copy /Users/admin/builder/spi-builder-workspace/.derivedData/Build/Products/Debug-watchos/Node.swiftmodule/arm64_32-apple-watchos.abi.json /Users/admin/builder/spi-builder-workspace/.derivedData/Build/Intermediates.noindex/Node.build/Debug-watchos/Node-t.build/Objects-normal/arm64_32/Node.abi.json (in target 'Node' from project 'Node')
cd /Users/admin/builder/spi-builder-workspace/.dependencies/checkouts/node
builtin-copy -exclude .DS_Store -exclude CVS -exclude .svn -exclude .git -exclude .hg -resolve-src-symlinks -rename /Users/admin/builder/spi-builder-workspace/.derivedData/Build/Intermediates.noindex/Node.build/Debug-watchos/Node-t.build/Objects-normal/arm64_32/Node.abi.json /Users/admin/builder/spi-builder-workspace/.derivedData/Build/Products/Debug-watchos/Node.swiftmodule/arm64_32-apple-watchos.abi.json
Copy /Users/admin/builder/spi-builder-workspace/.derivedData/Build/Products/Debug-watchos/Node.swiftmodule/arm64-apple-watchos.swiftmodule /Users/admin/builder/spi-builder-workspace/.derivedData/Build/Intermediates.noindex/Node.build/Debug-watchos/Node-t.build/Objects-normal/arm64/Node.swiftmodule (in target 'Node' from project 'Node')
cd /Users/admin/builder/spi-builder-workspace/.dependencies/checkouts/node
builtin-copy -exclude .DS_Store -exclude CVS -exclude .svn -exclude .git -exclude .hg -resolve-src-symlinks -rename /Users/admin/builder/spi-builder-workspace/.derivedData/Build/Intermediates.noindex/Node.build/Debug-watchos/Node-t.build/Objects-normal/arm64/Node.swiftmodule /Users/admin/builder/spi-builder-workspace/.derivedData/Build/Products/Debug-watchos/Node.swiftmodule/arm64-apple-watchos.swiftmodule
Copy /Users/admin/builder/spi-builder-workspace/.derivedData/Build/Products/Debug-watchos/Node.swiftmodule/arm64-apple-watchos.swiftdoc /Users/admin/builder/spi-builder-workspace/.derivedData/Build/Intermediates.noindex/Node.build/Debug-watchos/Node-t.build/Objects-normal/arm64/Node.swiftdoc (in target 'Node' from project 'Node')
cd /Users/admin/builder/spi-builder-workspace/.dependencies/checkouts/node
builtin-copy -exclude .DS_Store -exclude CVS -exclude .svn -exclude .git -exclude .hg -resolve-src-symlinks -rename /Users/admin/builder/spi-builder-workspace/.derivedData/Build/Intermediates.noindex/Node.build/Debug-watchos/Node-t.build/Objects-normal/arm64/Node.swiftdoc /Users/admin/builder/spi-builder-workspace/.derivedData/Build/Products/Debug-watchos/Node.swiftmodule/arm64-apple-watchos.swiftdoc
Copy /Users/admin/builder/spi-builder-workspace/.derivedData/Build/Products/Debug-watchos/Node.swiftmodule/arm64-apple-watchos.abi.json /Users/admin/builder/spi-builder-workspace/.derivedData/Build/Intermediates.noindex/Node.build/Debug-watchos/Node-t.build/Objects-normal/arm64/Node.abi.json (in target 'Node' from project 'Node')
cd /Users/admin/builder/spi-builder-workspace/.dependencies/checkouts/node
builtin-copy -exclude .DS_Store -exclude CVS -exclude .svn -exclude .git -exclude .hg -resolve-src-symlinks -rename /Users/admin/builder/spi-builder-workspace/.derivedData/Build/Intermediates.noindex/Node.build/Debug-watchos/Node-t.build/Objects-normal/arm64/Node.abi.json /Users/admin/builder/spi-builder-workspace/.derivedData/Build/Products/Debug-watchos/Node.swiftmodule/arm64-apple-watchos.abi.json
Copy /Users/admin/builder/spi-builder-workspace/.derivedData/Build/Products/Debug-watchos/Node.swiftmodule/Project/arm64_32-apple-watchos.swiftsourceinfo /Users/admin/builder/spi-builder-workspace/.derivedData/Build/Intermediates.noindex/Node.build/Debug-watchos/Node-t.build/Objects-normal/arm64_32/Node.swiftsourceinfo (in target 'Node' from project 'Node')
cd /Users/admin/builder/spi-builder-workspace/.dependencies/checkouts/node
builtin-copy -exclude .DS_Store -exclude CVS -exclude .svn -exclude .git -exclude .hg -resolve-src-symlinks -rename /Users/admin/builder/spi-builder-workspace/.derivedData/Build/Intermediates.noindex/Node.build/Debug-watchos/Node-t.build/Objects-normal/arm64_32/Node.swiftsourceinfo /Users/admin/builder/spi-builder-workspace/.derivedData/Build/Products/Debug-watchos/Node.swiftmodule/Project/arm64_32-apple-watchos.swiftsourceinfo
Copy /Users/admin/builder/spi-builder-workspace/.derivedData/Build/Products/Debug-watchos/Node.swiftmodule/Project/arm64-apple-watchos.swiftsourceinfo /Users/admin/builder/spi-builder-workspace/.derivedData/Build/Intermediates.noindex/Node.build/Debug-watchos/Node-t.build/Objects-normal/arm64/Node.swiftsourceinfo (in target 'Node' from project 'Node')
cd /Users/admin/builder/spi-builder-workspace/.dependencies/checkouts/node
builtin-copy -exclude .DS_Store -exclude CVS -exclude .svn -exclude .git -exclude .hg -resolve-src-symlinks -rename /Users/admin/builder/spi-builder-workspace/.derivedData/Build/Intermediates.noindex/Node.build/Debug-watchos/Node-t.build/Objects-normal/arm64/Node.swiftsourceinfo /Users/admin/builder/spi-builder-workspace/.derivedData/Build/Products/Debug-watchos/Node.swiftmodule/Project/arm64-apple-watchos.swiftsourceinfo
SwiftCompile normal arm64 Compiling\ Array+Convertible.swift,\ Dictionary+Convertible.swift,\ Fuzzy+Any.swift,\ FuzzyConverter.swift /Users/admin/builder/spi-builder-workspace/.dependencies/checkouts/node/Sources/Node/Fuzzy/Array+Convertible.swift /Users/admin/builder/spi-builder-workspace/.dependencies/checkouts/node/Sources/Node/Fuzzy/Dictionary+Convertible.swift /Users/admin/builder/spi-builder-workspace/.dependencies/checkouts/node/Sources/Node/Fuzzy/Fuzzy+Any.swift /Users/admin/builder/spi-builder-workspace/.dependencies/checkouts/node/Sources/Node/Fuzzy/FuzzyConverter.swift (in target 'Node' from project 'Node')
SwiftCompile normal arm64 /Users/admin/builder/spi-builder-workspace/.dependencies/checkouts/node/Sources/Node/Fuzzy/Array+Convertible.swift (in target 'Node' from project 'Node')
cd /Users/admin/builder/spi-builder-workspace/.swiftpm/xcode
builtin-SwiftPerFileCompile Array+Convertible.swift
SwiftCompile normal arm64 /Users/admin/builder/spi-builder-workspace/.dependencies/checkouts/node/Sources/Node/Fuzzy/Dictionary+Convertible.swift (in target 'Node' from project 'Node')
cd /Users/admin/builder/spi-builder-workspace/.swiftpm/xcode
builtin-SwiftPerFileCompile Dictionary+Convertible.swift
SwiftCompile normal arm64 /Users/admin/builder/spi-builder-workspace/.dependencies/checkouts/node/Sources/Node/Fuzzy/Fuzzy+Any.swift (in target 'Node' from project 'Node')
cd /Users/admin/builder/spi-builder-workspace/.swiftpm/xcode
builtin-SwiftPerFileCompile Fuzzy+Any.swift
SwiftCompile normal arm64 /Users/admin/builder/spi-builder-workspace/.dependencies/checkouts/node/Sources/Node/Fuzzy/FuzzyConverter.swift (in target 'Node' from project 'Node')
cd /Users/admin/builder/spi-builder-workspace/.swiftpm/xcode
builtin-SwiftPerFileCompile FuzzyConverter.swift
SwiftDriverJobDiscovery normal arm64 Compiling String+Convertible.swift, UUID+Convertible.swift, UnsignedInteger+Convertible.swift, Context.swift (in target 'Node' from project 'Node')
SwiftCompile normal arm64 Compiling\ FloatingPoint+Convertible.swift,\ Integer+Convertible.swift,\ Schema+Convertible.swift,\ SchemaWrapper+Convertible.swift /Users/admin/builder/spi-builder-workspace/.dependencies/checkouts/node/Sources/Node/Convertibles/FloatingPoint+Convertible.swift /Users/admin/builder/spi-builder-workspace/.dependencies/checkouts/node/Sources/Node/Convertibles/Integer+Convertible.swift /Users/admin/builder/spi-builder-workspace/.dependencies/checkouts/node/Sources/Node/Convertibles/Schema+Convertible.swift /Users/admin/builder/spi-builder-workspace/.dependencies/checkouts/node/Sources/Node/Convertibles/SchemaWrapper+Convertible.swift (in target 'Node' from project 'Node')
SwiftCompile normal arm64 /Users/admin/builder/spi-builder-workspace/.dependencies/checkouts/node/Sources/Node/Convertibles/FloatingPoint+Convertible.swift (in target 'Node' from project 'Node')
cd /Users/admin/builder/spi-builder-workspace/.swiftpm/xcode
builtin-SwiftPerFileCompile FloatingPoint+Convertible.swift
SwiftCompile normal arm64 /Users/admin/builder/spi-builder-workspace/.dependencies/checkouts/node/Sources/Node/Convertibles/Integer+Convertible.swift (in target 'Node' from project 'Node')
cd /Users/admin/builder/spi-builder-workspace/.swiftpm/xcode
builtin-SwiftPerFileCompile Integer+Convertible.swift
SwiftCompile normal arm64 /Users/admin/builder/spi-builder-workspace/.dependencies/checkouts/node/Sources/Node/Convertibles/Schema+Convertible.swift (in target 'Node' from project 'Node')
cd /Users/admin/builder/spi-builder-workspace/.swiftpm/xcode
builtin-SwiftPerFileCompile Schema+Convertible.swift
SwiftCompile normal arm64 /Users/admin/builder/spi-builder-workspace/.dependencies/checkouts/node/Sources/Node/Convertibles/SchemaWrapper+Convertible.swift (in target 'Node' from project 'Node')
cd /Users/admin/builder/spi-builder-workspace/.swiftpm/xcode
builtin-SwiftPerFileCompile SchemaWrapper+Convertible.swift
SwiftCompile normal arm64 Compiling\ Errors.swift,\ Exports.swift,\ Identifier.swift /Users/admin/builder/spi-builder-workspace/.dependencies/checkouts/node/Sources/Node/Utilities/Errors.swift /Users/admin/builder/spi-builder-workspace/.dependencies/checkouts/node/Sources/Node/Utilities/Exports.swift /Users/admin/builder/spi-builder-workspace/.dependencies/checkouts/node/Sources/Node/Utilities/Identifier.swift (in target 'Node' from project 'Node')
SwiftCompile normal arm64 /Users/admin/builder/spi-builder-workspace/.dependencies/checkouts/node/Sources/Node/Utilities/Errors.swift (in target 'Node' from project 'Node')
cd /Users/admin/builder/spi-builder-workspace/.swiftpm/xcode
builtin-SwiftPerFileCompile Errors.swift
SwiftCompile normal arm64 /Users/admin/builder/spi-builder-workspace/.dependencies/checkouts/node/Sources/Node/Utilities/Exports.swift (in target 'Node' from project 'Node')
cd /Users/admin/builder/spi-builder-workspace/.swiftpm/xcode
builtin-SwiftPerFileCompile Exports.swift
SwiftCompile normal arm64 /Users/admin/builder/spi-builder-workspace/.dependencies/checkouts/node/Sources/Node/Utilities/Identifier.swift (in target 'Node' from project 'Node')
cd /Users/admin/builder/spi-builder-workspace/.swiftpm/xcode
builtin-SwiftPerFileCompile Identifier.swift
SwiftCompile normal arm64 Compiling\ Optional+Convertible.swift,\ Set+Convertible.swift,\ Number.swift,\ StructuredData+Equatable.swift /Users/admin/builder/spi-builder-workspace/.dependencies/checkouts/node/Sources/Node/Fuzzy/Optional+Convertible.swift /Users/admin/builder/spi-builder-workspace/.dependencies/checkouts/node/Sources/Node/Fuzzy/Set+Convertible.swift /Users/admin/builder/spi-builder-workspace/.dependencies/checkouts/node/Sources/Node/Number/Number.swift /Users/admin/builder/spi-builder-workspace/.dependencies/checkouts/node/Sources/Node/StructuredData/StructuredData+Equatable.swift (in target 'Node' from project 'Node')
SwiftCompile normal arm64 /Users/admin/builder/spi-builder-workspace/.dependencies/checkouts/node/Sources/Node/Fuzzy/Optional+Convertible.swift (in target 'Node' from project 'Node')
cd /Users/admin/builder/spi-builder-workspace/.swiftpm/xcode
builtin-SwiftPerFileCompile Optional+Convertible.swift
SwiftCompile normal arm64 /Users/admin/builder/spi-builder-workspace/.dependencies/checkouts/node/Sources/Node/Fuzzy/Set+Convertible.swift (in target 'Node' from project 'Node')
cd /Users/admin/builder/spi-builder-workspace/.swiftpm/xcode
builtin-SwiftPerFileCompile Set+Convertible.swift
SwiftCompile normal arm64 /Users/admin/builder/spi-builder-workspace/.dependencies/checkouts/node/Sources/Node/Number/Number.swift (in target 'Node' from project 'Node')
cd /Users/admin/builder/spi-builder-workspace/.swiftpm/xcode
builtin-SwiftPerFileCompile Number.swift
SwiftCompile normal arm64 /Users/admin/builder/spi-builder-workspace/.dependencies/checkouts/node/Sources/Node/StructuredData/StructuredData+Equatable.swift (in target 'Node' from project 'Node')
cd /Users/admin/builder/spi-builder-workspace/.swiftpm/xcode
builtin-SwiftPerFileCompile StructuredData+Equatable.swift
SwiftCompile normal arm64_32 Compiling\ Errors.swift,\ Exports.swift,\ Identifier.swift /Users/admin/builder/spi-builder-workspace/.dependencies/checkouts/node/Sources/Node/Utilities/Errors.swift /Users/admin/builder/spi-builder-workspace/.dependencies/checkouts/node/Sources/Node/Utilities/Exports.swift /Users/admin/builder/spi-builder-workspace/.dependencies/checkouts/node/Sources/Node/Utilities/Identifier.swift (in target 'Node' from project 'Node')
SwiftCompile normal arm64_32 /Users/admin/builder/spi-builder-workspace/.dependencies/checkouts/node/Sources/Node/Utilities/Errors.swift (in target 'Node' from project 'Node')
cd /Users/admin/builder/spi-builder-workspace/.swiftpm/xcode
builtin-SwiftPerFileCompile Errors.swift
SwiftCompile normal arm64_32 /Users/admin/builder/spi-builder-workspace/.dependencies/checkouts/node/Sources/Node/Utilities/Exports.swift (in target 'Node' from project 'Node')
cd /Users/admin/builder/spi-builder-workspace/.swiftpm/xcode
builtin-SwiftPerFileCompile Exports.swift
SwiftCompile normal arm64_32 /Users/admin/builder/spi-builder-workspace/.dependencies/checkouts/node/Sources/Node/Utilities/Identifier.swift (in target 'Node' from project 'Node')
cd /Users/admin/builder/spi-builder-workspace/.swiftpm/xcode
builtin-SwiftPerFileCompile Identifier.swift
SwiftDriverJobDiscovery normal arm64_32 Compiling String+Convertible.swift, UUID+Convertible.swift, UnsignedInteger+Convertible.swift, Context.swift (in target 'Node' from project 'Node')
SwiftDriverJobDiscovery normal arm64_32 Compiling Array+Convertible.swift, Dictionary+Convertible.swift, Fuzzy+Any.swift, FuzzyConverter.swift (in target 'Node' from project 'Node')
SwiftDriverJobDiscovery normal arm64_32 Compiling Getters.swift, Setters.swift, Bool+Convertible.swift, Date+Convertible.swift (in target 'Node' from project 'Node')
SwiftDriverJobDiscovery normal arm64 Compiling StructuredDataWrapper+Cases.swift, StructuredDataWrapper+Convenience.swift, StructuredDataWrapper+Equatable.swift, StructuredDataWrapper+Literals.swift (in target 'Node' from project 'Node')
SwiftCompile normal arm64_32 Compiling\ StructuredDataWrapper+PathIndexable.swift,\ StructuredDataWrapper+Polymorphic.swift,\ StructuredDataWrapper.swift /Users/admin/builder/spi-builder-workspace/.dependencies/checkouts/node/Sources/Node/StructuredDataWrapper/StructuredDataWrapper+PathIndexable.swift /Users/admin/builder/spi-builder-workspace/.dependencies/checkouts/node/Sources/Node/StructuredDataWrapper/StructuredDataWrapper+Polymorphic.swift /Users/admin/builder/spi-builder-workspace/.dependencies/checkouts/node/Sources/Node/StructuredDataWrapper/StructuredDataWrapper.swift (in target 'Node' from project 'Node')
SwiftCompile normal arm64_32 /Users/admin/builder/spi-builder-workspace/.dependencies/checkouts/node/Sources/Node/StructuredDataWrapper/StructuredDataWrapper+PathIndexable.swift (in target 'Node' from project 'Node')
cd /Users/admin/builder/spi-builder-workspace/.swiftpm/xcode
builtin-SwiftPerFileCompile StructuredDataWrapper+PathIndexable.swift
SwiftCompile normal arm64_32 /Users/admin/builder/spi-builder-workspace/.dependencies/checkouts/node/Sources/Node/StructuredDataWrapper/StructuredDataWrapper+Polymorphic.swift (in target 'Node' from project 'Node')
cd /Users/admin/builder/spi-builder-workspace/.swiftpm/xcode
builtin-SwiftPerFileCompile StructuredDataWrapper+Polymorphic.swift
SwiftCompile normal arm64_32 /Users/admin/builder/spi-builder-workspace/.dependencies/checkouts/node/Sources/Node/StructuredDataWrapper/StructuredDataWrapper.swift (in target 'Node' from project 'Node')
cd /Users/admin/builder/spi-builder-workspace/.swiftpm/xcode
builtin-SwiftPerFileCompile StructuredDataWrapper.swift
SwiftDriverJobDiscovery normal arm64 Compiling Getters.swift, Setters.swift, Bool+Convertible.swift, Date+Convertible.swift (in target 'Node' from project 'Node')
SwiftCompile normal arm64 Compiling\ StructuredData+Init.swift,\ StructuredData+PathIndexable.swift,\ StructuredData+Polymorphic.swift,\ StructuredData.swift /Users/admin/builder/spi-builder-workspace/.dependencies/checkouts/node/Sources/Node/StructuredData/StructuredData+Init.swift /Users/admin/builder/spi-builder-workspace/.dependencies/checkouts/node/Sources/Node/StructuredData/StructuredData+PathIndexable.swift /Users/admin/builder/spi-builder-workspace/.dependencies/checkouts/node/Sources/Node/StructuredData/StructuredData+Polymorphic.swift /Users/admin/builder/spi-builder-workspace/.dependencies/checkouts/node/Sources/Node/StructuredData/StructuredData.swift (in target 'Node' from project 'Node')
SwiftCompile normal arm64 /Users/admin/builder/spi-builder-workspace/.dependencies/checkouts/node/Sources/Node/StructuredData/StructuredData+Init.swift (in target 'Node' from project 'Node')
cd /Users/admin/builder/spi-builder-workspace/.swiftpm/xcode
builtin-SwiftPerFileCompile StructuredData+Init.swift
SwiftCompile normal arm64 /Users/admin/builder/spi-builder-workspace/.dependencies/checkouts/node/Sources/Node/StructuredData/StructuredData+PathIndexable.swift (in target 'Node' from project 'Node')
cd /Users/admin/builder/spi-builder-workspace/.swiftpm/xcode
builtin-SwiftPerFileCompile StructuredData+PathIndexable.swift
SwiftCompile normal arm64 /Users/admin/builder/spi-builder-workspace/.dependencies/checkouts/node/Sources/Node/StructuredData/StructuredData+Polymorphic.swift (in target 'Node' from project 'Node')
cd /Users/admin/builder/spi-builder-workspace/.swiftpm/xcode
builtin-SwiftPerFileCompile StructuredData+Polymorphic.swift
SwiftCompile normal arm64 /Users/admin/builder/spi-builder-workspace/.dependencies/checkouts/node/Sources/Node/StructuredData/StructuredData.swift (in target 'Node' from project 'Node')
cd /Users/admin/builder/spi-builder-workspace/.swiftpm/xcode
builtin-SwiftPerFileCompile StructuredData.swift
SwiftDriverJobDiscovery normal arm64 Compiling StructuredDataWrapper+PathIndexable.swift, StructuredDataWrapper+Polymorphic.swift, StructuredDataWrapper.swift (in target 'Node' from project 'Node')
SwiftCompile normal arm64 Compiling\ Node.swift,\ NodeConvertible.swift,\ NodeInitializable.swift,\ NodeRepresentable.swift /Users/admin/builder/spi-builder-workspace/.dependencies/checkouts/node/Sources/Node/Core/Node.swift /Users/admin/builder/spi-builder-workspace/.dependencies/checkouts/node/Sources/Node/Core/NodeConvertible.swift /Users/admin/builder/spi-builder-workspace/.dependencies/checkouts/node/Sources/Node/Core/NodeInitializable.swift /Users/admin/builder/spi-builder-workspace/.dependencies/checkouts/node/Sources/Node/Core/NodeRepresentable.swift (in target 'Node' from project 'Node')
SwiftCompile normal arm64 /Users/admin/builder/spi-builder-workspace/.dependencies/checkouts/node/Sources/Node/Core/Node.swift (in target 'Node' from project 'Node')
cd /Users/admin/builder/spi-builder-workspace/.swiftpm/xcode
builtin-SwiftPerFileCompile Node.swift
SwiftCompile normal arm64 /Users/admin/builder/spi-builder-workspace/.dependencies/checkouts/node/Sources/Node/Core/NodeConvertible.swift (in target 'Node' from project 'Node')
cd /Users/admin/builder/spi-builder-workspace/.swiftpm/xcode
builtin-SwiftPerFileCompile NodeConvertible.swift
SwiftCompile normal arm64 /Users/admin/builder/spi-builder-workspace/.dependencies/checkouts/node/Sources/Node/Core/NodeInitializable.swift (in target 'Node' from project 'Node')
cd /Users/admin/builder/spi-builder-workspace/.swiftpm/xcode
builtin-SwiftPerFileCompile NodeInitializable.swift
SwiftCompile normal arm64 /Users/admin/builder/spi-builder-workspace/.dependencies/checkouts/node/Sources/Node/Core/NodeRepresentable.swift (in target 'Node' from project 'Node')
cd /Users/admin/builder/spi-builder-workspace/.swiftpm/xcode
builtin-SwiftPerFileCompile NodeRepresentable.swift
SwiftCompile normal arm64_32 Compiling\ StructuredDataWrapper+Cases.swift,\ StructuredDataWrapper+Convenience.swift,\ StructuredDataWrapper+Equatable.swift,\ StructuredDataWrapper+Literals.swift /Users/admin/builder/spi-builder-workspace/.dependencies/checkouts/node/Sources/Node/StructuredDataWrapper/StructuredDataWrapper+Cases.swift /Users/admin/builder/spi-builder-workspace/.dependencies/checkouts/node/Sources/Node/StructuredDataWrapper/StructuredDataWrapper+Convenience.swift /Users/admin/builder/spi-builder-workspace/.dependencies/checkouts/node/Sources/Node/StructuredDataWrapper/StructuredDataWrapper+Equatable.swift /Users/admin/builder/spi-builder-workspace/.dependencies/checkouts/node/Sources/Node/StructuredDataWrapper/StructuredDataWrapper+Literals.swift (in target 'Node' from project 'Node')
SwiftCompile normal arm64_32 /Users/admin/builder/spi-builder-workspace/.dependencies/checkouts/node/Sources/Node/StructuredDataWrapper/StructuredDataWrapper+Cases.swift (in target 'Node' from project 'Node')
cd /Users/admin/builder/spi-builder-workspace/.swiftpm/xcode
builtin-SwiftPerFileCompile StructuredDataWrapper+Cases.swift
SwiftCompile normal arm64_32 /Users/admin/builder/spi-builder-workspace/.dependencies/checkouts/node/Sources/Node/StructuredDataWrapper/StructuredDataWrapper+Convenience.swift (in target 'Node' from project 'Node')
cd /Users/admin/builder/spi-builder-workspace/.swiftpm/xcode
builtin-SwiftPerFileCompile StructuredDataWrapper+Convenience.swift
SwiftCompile normal arm64_32 /Users/admin/builder/spi-builder-workspace/.dependencies/checkouts/node/Sources/Node/StructuredDataWrapper/StructuredDataWrapper+Equatable.swift (in target 'Node' from project 'Node')
cd /Users/admin/builder/spi-builder-workspace/.swiftpm/xcode
builtin-SwiftPerFileCompile StructuredDataWrapper+Equatable.swift
SwiftCompile normal arm64_32 /Users/admin/builder/spi-builder-workspace/.dependencies/checkouts/node/Sources/Node/StructuredDataWrapper/StructuredDataWrapper+Literals.swift (in target 'Node' from project 'Node')
cd /Users/admin/builder/spi-builder-workspace/.swiftpm/xcode
builtin-SwiftPerFileCompile StructuredDataWrapper+Literals.swift
SwiftDriverJobDiscovery normal arm64_32 Compiling FloatingPoint+Convertible.swift, Integer+Convertible.swift, Schema+Convertible.swift, SchemaWrapper+Convertible.swift (in target 'Node' from project 'Node')
SwiftCompile normal arm64_32 Compiling\ StructuredData+Init.swift,\ StructuredData+PathIndexable.swift,\ StructuredData+Polymorphic.swift,\ StructuredData.swift /Users/admin/builder/spi-builder-workspace/.dependencies/checkouts/node/Sources/Node/StructuredData/StructuredData+Init.swift /Users/admin/builder/spi-builder-workspace/.dependencies/checkouts/node/Sources/Node/StructuredData/StructuredData+PathIndexable.swift /Users/admin/builder/spi-builder-workspace/.dependencies/checkouts/node/Sources/Node/StructuredData/StructuredData+Polymorphic.swift /Users/admin/builder/spi-builder-workspace/.dependencies/checkouts/node/Sources/Node/StructuredData/StructuredData.swift (in target 'Node' from project 'Node')
SwiftCompile normal arm64_32 /Users/admin/builder/spi-builder-workspace/.dependencies/checkouts/node/Sources/Node/StructuredData/StructuredData+Init.swift (in target 'Node' from project 'Node')
cd /Users/admin/builder/spi-builder-workspace/.swiftpm/xcode
builtin-SwiftPerFileCompile StructuredData+Init.swift
SwiftCompile normal arm64_32 /Users/admin/builder/spi-builder-workspace/.dependencies/checkouts/node/Sources/Node/StructuredData/StructuredData+PathIndexable.swift (in target 'Node' from project 'Node')
cd /Users/admin/builder/spi-builder-workspace/.swiftpm/xcode
builtin-SwiftPerFileCompile StructuredData+PathIndexable.swift
SwiftCompile normal arm64_32 /Users/admin/builder/spi-builder-workspace/.dependencies/checkouts/node/Sources/Node/StructuredData/StructuredData+Polymorphic.swift (in target 'Node' from project 'Node')
cd /Users/admin/builder/spi-builder-workspace/.swiftpm/xcode
builtin-SwiftPerFileCompile StructuredData+Polymorphic.swift
SwiftCompile normal arm64_32 /Users/admin/builder/spi-builder-workspace/.dependencies/checkouts/node/Sources/Node/StructuredData/StructuredData.swift (in target 'Node' from project 'Node')
cd /Users/admin/builder/spi-builder-workspace/.swiftpm/xcode
builtin-SwiftPerFileCompile StructuredData.swift
SwiftDriverJobDiscovery normal arm64_32 Compiling Optional+Convertible.swift, Set+Convertible.swift, Number.swift, StructuredData+Equatable.swift (in target 'Node' from project 'Node')
SwiftDriverJobDiscovery normal arm64 Compiling Array+Convertible.swift, Dictionary+Convertible.swift, Fuzzy+Any.swift, FuzzyConverter.swift (in target 'Node' from project 'Node')
SwiftDriver TLS normal arm64_32 com.apple.xcode.tools.swift.compiler (in target 'TLS' from project 'TLS')
cd /Users/admin/builder/spi-builder-workspace/.swiftpm/xcode
builtin-SwiftDriver -- /Applications/Xcode-27.0.0-Release.Candidate.app/Contents/Developer/Toolchains/XcodeDefault.xctoolchain/usr/bin/swiftc -parse-as-library -module-name TLS -Onone @/Users/admin/builder/spi-builder-workspace/.derivedData/Build/Intermediates.noindex/TLS.build/Debug-watchos/TLS-t.build/Objects-normal/arm64_32/TLS.SwiftFileList -DSWIFT_PACKAGE -DDEBUG -DSWIFT_MODULE_RESOURCE_BUNDLE_UNAVAILABLE -Xcc -fmodule-map-file\=/Users/admin/builder/spi-builder-workspace/.dependencies/checkouts/ctls/module.modulemap -DXcode -plugin-path /Applications/Xcode-27.0.0-Release.Candidate.app/Contents/Developer/Toolchains/XcodeDefault.xctoolchain/usr/lib/swift/host/plugins/testing -enable-experimental-feature DebugDescriptionMacro -sdk /Applications/Xcode-27.0.0-Release.Candidate.app/Contents/Developer/Platforms/WatchOS.platform/Developer/SDKs/WatchOS27.0.sdk -target arm64_32-apple-watchos9.0 -g -module-cache-path /Users/admin/builder/spi-builder-workspace/.derivedData/ModuleCache.noindex -Xfrontend -serialize-debugging-options -profile-coverage-mapping -profile-generate -enable-testing -suppress-warnings -index-store-path /Users/admin/builder/spi-builder-workspace/.derivedData/Index.noindex/DataStore -Xcc -D_LIBCPP_HARDENING_MODE\=_LIBCPP_HARDENING_MODE_DEBUG -swift-version 4 -I /Users/admin/builder/spi-builder-workspace/.derivedData/Build/Products/Debug-watchos -Isystem /Applications/Xcode-27.0.0-Release.Candidate.app/Contents/Developer/Platforms/WatchOS.platform/Developer/usr/lib -F /Users/admin/builder/spi-builder-workspace/.derivedData/Build/Products/Debug-watchos/PackageFrameworks -F /Users/admin/builder/spi-builder-workspace/.derivedData/Build/Products/Debug-watchos -F /Applications/Xcode-27.0.0-Release.Candidate.app/Contents/Developer/Platforms/WatchOS.platform/Developer/Library/Frameworks -F /Applications/Xcode-27.0.0-Release.Candidate.app/Contents/Developer/Platforms/WatchOS.platform/Developer/SDKs/WatchOS27.0.sdk/Developer/Library/Frameworks -c -j10 -enable-batch-mode -incremental -Xcc -ivfsstatcache -Xcc /Users/admin/builder/spi-builder-workspace/.derivedData/SDKStatCaches.noindex/watchos27.0-24R360-e829b21a6f8c9b70876ba0858053c04477534ef55a1706bf4c1112bbb242f0a2.sdkstatcache -output-file-map /Users/admin/builder/spi-builder-workspace/.derivedData/Build/Intermediates.noindex/TLS.build/Debug-watchos/TLS-t.build/Objects-normal/arm64_32/TLS-OutputFileMap.json -save-temps -no-color-diagnostics -emit-dependencies -emit-module -emit-module-path /Users/admin/builder/spi-builder-workspace/.derivedData/Build/Intermediates.noindex/TLS.build/Debug-watchos/TLS-t.build/Objects-normal/arm64_32/TLS.swiftmodule -serialize-diagnostics -validate-clang-modules-once -clang-build-session-file /Users/admin/builder/spi-builder-workspace/.derivedData/ModuleCache.noindex/Session.modulevalidation -Xcc -fmodules-prune-interval\=86400 -Xcc -fmodules-prune-after\=345600 -emit-const-values -const-gather-protocols-list /Users/admin/builder/spi-builder-workspace/.derivedData/Build/Intermediates.noindex/TLS.build/Debug-watchos/TLS-t.build/Objects-normal/arm64_32/TLS_const_extract_protocols.json -Xcc -I/Users/admin/builder/spi-builder-workspace/.derivedData/Build/Products/Debug-watchos/include -Xcc -I/Users/admin/builder/spi-builder-workspace/.derivedData/Build/Intermediates.noindex/TLS.build/Debug-watchos/TLS-t.build/DerivedSources-normal/arm64_32 -Xcc -I/Users/admin/builder/spi-builder-workspace/.derivedData/Build/Intermediates.noindex/TLS.build/Debug-watchos/TLS-t.build/DerivedSources/arm64_32 -Xcc -I/Users/admin/builder/spi-builder-workspace/.derivedData/Build/Intermediates.noindex/TLS.build/Debug-watchos/TLS-t.build/DerivedSources -Xcc -DSWIFT_PACKAGE -Xcc -DDEBUG\=1 -emit-objc-header -emit-objc-header-path /Users/admin/builder/spi-builder-workspace/.derivedData/Build/Intermediates.noindex/TLS.build/Debug-watchos/TLS-t.build/Objects-normal/arm64_32/TLS-Swift.h -working-directory /Users/admin/builder/spi-builder-workspace/.swiftpm/xcode -experimental-emit-module-separately -disable-cmo
SwiftDriver TLS normal arm64 com.apple.xcode.tools.swift.compiler (in target 'TLS' from project 'TLS')
cd /Users/admin/builder/spi-builder-workspace/.swiftpm/xcode
builtin-SwiftDriver -- /Applications/Xcode-27.0.0-Release.Candidate.app/Contents/Developer/Toolchains/XcodeDefault.xctoolchain/usr/bin/swiftc -parse-as-library -module-name TLS -Onone @/Users/admin/builder/spi-builder-workspace/.derivedData/Build/Intermediates.noindex/TLS.build/Debug-watchos/TLS-t.build/Objects-normal/arm64/TLS.SwiftFileList -DSWIFT_PACKAGE -DDEBUG -DSWIFT_MODULE_RESOURCE_BUNDLE_UNAVAILABLE -Xcc -fmodule-map-file\=/Users/admin/builder/spi-builder-workspace/.dependencies/checkouts/ctls/module.modulemap -DXcode -plugin-path /Applications/Xcode-27.0.0-Release.Candidate.app/Contents/Developer/Toolchains/XcodeDefault.xctoolchain/usr/lib/swift/host/plugins/testing -enable-experimental-feature DebugDescriptionMacro -sdk /Applications/Xcode-27.0.0-Release.Candidate.app/Contents/Developer/Platforms/WatchOS.platform/Developer/SDKs/WatchOS27.0.sdk -target arm64-apple-watchos9.0 -g -module-cache-path /Users/admin/builder/spi-builder-workspace/.derivedData/ModuleCache.noindex -Xfrontend -serialize-debugging-options -profile-coverage-mapping -profile-generate -enable-testing -suppress-warnings -index-store-path /Users/admin/builder/spi-builder-workspace/.derivedData/Index.noindex/DataStore -Xcc -D_LIBCPP_HARDENING_MODE\=_LIBCPP_HARDENING_MODE_DEBUG -swift-version 4 -I /Users/admin/builder/spi-builder-workspace/.derivedData/Build/Products/Debug-watchos -Isystem /Applications/Xcode-27.0.0-Release.Candidate.app/Contents/Developer/Platforms/WatchOS.platform/Developer/usr/lib -F /Users/admin/builder/spi-builder-workspace/.derivedData/Build/Products/Debug-watchos/PackageFrameworks -F /Users/admin/builder/spi-builder-workspace/.derivedData/Build/Products/Debug-watchos -F /Applications/Xcode-27.0.0-Release.Candidate.app/Contents/Developer/Platforms/WatchOS.platform/Developer/Library/Frameworks -F /Applications/Xcode-27.0.0-Release.Candidate.app/Contents/Developer/Platforms/WatchOS.platform/Developer/SDKs/WatchOS27.0.sdk/Developer/Library/Frameworks -c -j10 -enable-batch-mode -incremental -Xcc -ivfsstatcache -Xcc /Users/admin/builder/spi-builder-workspace/.derivedData/SDKStatCaches.noindex/watchos27.0-24R360-e829b21a6f8c9b70876ba0858053c04477534ef55a1706bf4c1112bbb242f0a2.sdkstatcache -output-file-map /Users/admin/builder/spi-builder-workspace/.derivedData/Build/Intermediates.noindex/TLS.build/Debug-watchos/TLS-t.build/Objects-normal/arm64/TLS-OutputFileMap.json -save-temps -no-color-diagnostics -emit-dependencies -emit-module -emit-module-path /Users/admin/builder/spi-builder-workspace/.derivedData/Build/Intermediates.noindex/TLS.build/Debug-watchos/TLS-t.build/Objects-normal/arm64/TLS.swiftmodule -serialize-diagnostics -validate-clang-modules-once -clang-build-session-file /Users/admin/builder/spi-builder-workspace/.derivedData/ModuleCache.noindex/Session.modulevalidation -Xcc -fmodules-prune-interval\=86400 -Xcc -fmodules-prune-after\=345600 -emit-const-values -const-gather-protocols-list /Users/admin/builder/spi-builder-workspace/.derivedData/Build/Intermediates.noindex/TLS.build/Debug-watchos/TLS-t.build/Objects-normal/arm64/TLS_const_extract_protocols.json -Xcc -I/Users/admin/builder/spi-builder-workspace/.derivedData/Build/Products/Debug-watchos/include -Xcc -I/Users/admin/builder/spi-builder-workspace/.derivedData/Build/Intermediates.noindex/TLS.build/Debug-watchos/TLS-t.build/DerivedSources-normal/arm64 -Xcc -I/Users/admin/builder/spi-builder-workspace/.derivedData/Build/Intermediates.noindex/TLS.build/Debug-watchos/TLS-t.build/DerivedSources/arm64 -Xcc -I/Users/admin/builder/spi-builder-workspace/.derivedData/Build/Intermediates.noindex/TLS.build/Debug-watchos/TLS-t.build/DerivedSources -Xcc -DSWIFT_PACKAGE -Xcc -DDEBUG\=1 -emit-objc-header -emit-objc-header-path /Users/admin/builder/spi-builder-workspace/.derivedData/Build/Intermediates.noindex/TLS.build/Debug-watchos/TLS-t.build/Objects-normal/arm64/TLS-Swift.h -working-directory /Users/admin/builder/spi-builder-workspace/.swiftpm/xcode -experimental-emit-module-separately -disable-cmo
SwiftDriverJobDiscovery normal arm64 Compiling Errors.swift, Exports.swift, Identifier.swift (in target 'Node' from project 'Node')
SwiftDriverJobDiscovery normal arm64 Compiling FloatingPoint+Convertible.swift, Integer+Convertible.swift, Schema+Convertible.swift, SchemaWrapper+Convertible.swift (in target 'Node' from project 'Node')
SwiftEmitModule normal arm64_32 Emitting\ module\ for\ TLS (in target 'TLS' from project 'TLS')
<module-includes>:1:9: note: in file included from <module-includes>:1:
1 | #import "shim.h"
| `- note: in file included from <module-includes>:1:
2 |
/Users/admin/builder/spi-builder-workspace/.dependencies/checkouts/ctls/shim.h:4:10: error: 'openssl/conf.h' file not found
2 | #define __COPENSSL_SHIM_H__
3 |
4 | #include <openssl/conf.h>
| `- error: 'openssl/conf.h' file not found
5 | #include <openssl/evp.h>
6 | #include <openssl/err.h>
SwiftCompile normal arm64_32 (in target 'TLS' from project 'TLS')
cd /Users/admin/builder/spi-builder-workspace/.swiftpm/xcode
SwiftCompile normal arm64_32 Compiling\ Certificates.swift,\ ClientSocket.swift /Users/admin/builder/spi-builder-workspace/.dependencies/checkouts/tls/Sources/TLS/Certificates.swift /Users/admin/builder/spi-builder-workspace/.dependencies/checkouts/tls/Sources/TLS/ClientSocket.swift (in target 'TLS' from project 'TLS')
<module-includes>:1:9: note: in file included from <module-includes>:1:
1 | #import "shim.h"
| `- note: in file included from <module-includes>:1:
2 |
/Users/admin/builder/spi-builder-workspace/.dependencies/checkouts/ctls/shim.h:4:10: error: 'openssl/conf.h' file not found
2 | #define __COPENSSL_SHIM_H__
3 |
4 | #include <openssl/conf.h>
| `- error: 'openssl/conf.h' file not found
5 | #include <openssl/evp.h>
6 | #include <openssl/err.h>
SwiftCompile normal arm64_32 /Users/admin/builder/spi-builder-workspace/.dependencies/checkouts/tls/Sources/TLS/Certificates.swift (in target 'TLS' from project 'TLS')
cd /Users/admin/builder/spi-builder-workspace/.swiftpm/xcode
builtin-SwiftPerFileCompile Certificates.swift
SwiftCompile normal arm64_32 /Users/admin/builder/spi-builder-workspace/.dependencies/checkouts/tls/Sources/TLS/ClientSocket.swift (in target 'TLS' from project 'TLS')
cd /Users/admin/builder/spi-builder-workspace/.swiftpm/xcode
builtin-SwiftPerFileCompile ClientSocket.swift
SwiftCompile normal arm64_32 Compiling\ ServerSocket.swift /Users/admin/builder/spi-builder-workspace/.dependencies/checkouts/tls/Sources/TLS/ServerSocket.swift (in target 'TLS' from project 'TLS')
<module-includes>:1:9: note: in file included from <module-includes>:1:
1 | #import "shim.h"
| `- note: in file included from <module-includes>:1:
2 |
/Users/admin/builder/spi-builder-workspace/.dependencies/checkouts/ctls/shim.h:4:10: error: 'openssl/conf.h' file not found
2 | #define __COPENSSL_SHIM_H__
3 |
4 | #include <openssl/conf.h>
| `- error: 'openssl/conf.h' file not found
5 | #include <openssl/evp.h>
6 | #include <openssl/err.h>
/Users/admin/builder/spi-builder-workspace/.dependencies/checkouts/tls/Sources/TLS/ClientSocket.swift:1:8: error: could not build Objective-C module 'CTLS'
1 | import CTLS
| `- error: could not build Objective-C module 'CTLS'
2 |
3 | /// An SSL Socket.
Failed frontend command:
/Applications/Xcode-27.0.0-Release.Candidate.app/Contents/Developer/Toolchains/XcodeDefault.xctoolchain/usr/bin/swift-frontend -frontend -c /Users/admin/builder/spi-builder-workspace/.dependencies/checkouts/tls/Sources/TLS/Certificates.swift /Users/admin/builder/spi-builder-workspace/.dependencies/checkouts/tls/Sources/TLS/ClientSocket.swift /Users/admin/builder/spi-builder-workspace/.dependencies/checkouts/tls/Sources/TLS/Context.swift /Users/admin/builder/spi-builder-workspace/.dependencies/checkouts/tls/Sources/TLS/Error.swift /Users/admin/builder/spi-builder-workspace/.dependencies/checkouts/tls/Sources/TLS/Exports.swift /Users/admin/builder/spi-builder-workspace/.dependencies/checkouts/tls/Sources/TLS/InternetSocket.swift /Users/admin/builder/spi-builder-workspace/.dependencies/checkouts/tls/Sources/TLS/Mode.swift /Users/admin/builder/spi-builder-workspace/.dependencies/checkouts/tls/Sources/TLS/ReadableSocket.swift -primary-file /Users/admin/builder/spi-builder-workspace/.dependencies/checkouts/tls/Sources/TLS/ServerSocket.swift /Users/admin/builder/spi-builder-workspace/.dependencies/checkouts/tls/Sources/TLS/Socket.swift /Users/admin/builder/spi-builder-workspace/.dependencies/checkouts/tls/Sources/TLS/Utilities.swift /Users/admin/builder/spi-builder-workspace/.dependencies/checkouts/tls/Sources/TLS/WriteableSocket.swift -emit-dependencies-path /Users/admin/builder/spi-builder-workspace/.derivedData/Build/Intermediates.noindex/TLS.build/Debug-watchos/TLS-t.build/Objects-normal/arm64_32/ServerSocket.d -emit-const-values-path /Users/admin/builder/spi-builder-workspace/.derivedData/Build/Intermediates.noindex/TLS.build/Debug-watchos/TLS-t.build/Objects-normal/arm64_32/ServerSocket.swiftconstvalues -emit-reference-dependencies-path /Users/admin/builder/spi-builder-workspace/.derivedData/Build/Intermediates.noindex/TLS.build/Debug-watchos/TLS-t.build/Objects-normal/arm64_32/ServerSocket.swiftdeps -serialize-diagnostics-path /Users/admin/builder/spi-builder-workspace/.derivedData/Build/Intermediates.noindex/TLS.build/Debug-watchos/TLS-t.build/Objects-normal/arm64_32/ServerSocket.dia -target arm64_32-apple-watchos9.0 -enable-objc-interop -sdk /Applications/Xcode-27.0.0-Release.Candidate.app/Contents/Developer/Platforms/WatchOS.platform/Developer/SDKs/WatchOS27.0.sdk -I /Users/admin/builder/spi-builder-workspace/.derivedData/Build/Products/Debug-watchos -Isystem /Applications/Xcode-27.0.0-Release.Candidate.app/Contents/Developer/Platforms/WatchOS.platform/Developer/usr/lib -F /Users/admin/builder/spi-builder-workspace/.derivedData/Build/Products/Debug-watchos/PackageFrameworks -F /Users/admin/builder/spi-builder-workspace/.derivedData/Build/Products/Debug-watchos -F /Applications/Xcode-27.0.0-Release.Candidate.app/Contents/Developer/Platforms/WatchOS.platform/Developer/Library/Frameworks -F /Applications/Xcode-27.0.0-Release.Candidate.app/Contents/Developer/Platforms/WatchOS.platform/Developer/SDKs/WatchOS27.0.sdk/Developer/Library/Frameworks -module-cache-path /Users/admin/builder/spi-builder-workspace/.derivedData/ModuleCache.noindex -no-color-diagnostics -Xcc -fno-color-diagnostics -enable-testing -g -debug-info-format\=dwarf -dwarf-version\=4 -suppress-warnings -profile-generate -profile-coverage-mapping -swift-version 4 -Onone -D SWIFT_PACKAGE -D DEBUG -D SWIFT_MODULE_RESOURCE_BUNDLE_UNAVAILABLE -D Xcode -serialize-debugging-options -enable-experimental-feature DebugDescriptionMacro -empty-abi-descriptor -plugin-path /Applications/Xcode-27.0.0-Release.Candidate.app/Contents/Developer/Toolchains/XcodeDefault.xctoolchain/usr/lib/swift/host/plugins/testing -validate-clang-modules-once -clang-build-session-file /Users/admin/builder/spi-builder-workspace/.derivedData/ModuleCache.noindex/Session.modulevalidation -Xcc -working-directory -Xcc /Users/admin/builder/spi-builder-workspace/.swiftpm/xcode -enable-anonymous-context-mangled-names -file-compilation-dir /Users/admin/builder/spi-builder-workspace/.swiftpm/xcode -Xcc -fmodule-map-file\=/Users/admin/builder/spi-builder-workspace/.dependencies/checkouts/ctls/module.modulemap -Xcc -D_LIBCPP_HARDENING_MODE\=_LIBCPP_HARDENING_MODE_DEBUG -Xcc -ivfsstatcache -Xcc /Users/admin/builder/spi-builder-workspace/.derivedData/SDKStatCaches.noindex/watchos27.0-24R360-e829b21a6f8c9b70876ba0858053c04477534ef55a1706bf4c1112bbb242f0a2.sdkstatcache -Xcc -fmodules-prune-interval\=86400 -Xcc -fmodules-prune-after\=345600 -Xcc -I/Users/admin/builder/spi-builder-workspace/.derivedData/Build/Products/Debug-watchos/include -Xcc -I/Users/admin/builder/spi-builder-workspace/.derivedData/Build/Intermediates.noindex/TLS.build/Debug-watchos/TLS-t.build/DerivedSources-normal/arm64_32 -Xcc -I/Users/admin/builder/spi-builder-workspace/.derivedData/Build/Intermediates.noindex/TLS.build/Debug-watchos/TLS-t.build/DerivedSources/arm64_32 -Xcc -I/Users/admin/builder/spi-builder-workspace/.derivedData/Build/Intermediates.noindex/TLS.build/Debug-watchos/TLS-t.build/DerivedSources -Xcc -DSWIFT_PACKAGE -Xcc -DDEBUG\=1 -no-auto-bridging-header-chaining -module-name TLS -const-gather-protocols-file /Users/admin/builder/spi-builder-workspace/.derivedData/Build/Intermediates.noindex/TLS.build/Debug-watchos/TLS-t.build/Objects-normal/arm64_32/TLS_const_extract_protocols.json -disable-clang-spi -target-sdk-version 27.0 -target-sdk-name watchos27.0 -external-plugin-path /Applications/Xcode-27.0.0-Release.Candidate.app/Contents/Developer/Platforms/WatchOS.platform/Developer/usr/lib/swift/host/plugins\#/Applications/Xcode-27.0.0-Release.Candidate.app/Contents/Developer/Platforms/WatchOS.platform/Developer/usr/bin/swift-plugin-server -external-plugin-path /Applications/Xcode-27.0.0-Release.Candidate.app/Contents/Developer/Platforms/WatchOS.platform/Developer/usr/local/lib/swift/host/plugins\#/Applications/Xcode-27.0.0-Release.Candidate.app/Contents/Developer/Platforms/WatchOS.platform/Developer/usr/bin/swift-plugin-server -in-process-plugin-server-path /Applications/Xcode-27.0.0-Release.Candidate.app/Contents/Developer/Toolchains/XcodeDefault.xctoolchain/usr/lib/swift/host/libSwiftInProcPluginServer.dylib -plugin-path /Applications/Xcode-27.0.0-Release.Candidate.app/Contents/Developer/Toolchains/XcodeDefault.xctoolchain/usr/lib/swift/host/plugins -plugin-path /Applications/Xcode-27.0.0-Release.Candidate.app/Contents/Developer/Toolchains/XcodeDefault.xctoolchain/usr/local/lib/swift/host/plugins -parse-as-library -o /Users/admin/builder/spi-builder-workspace/.derivedData/Build/Intermediates.noindex/TLS.build/Debug-watchos/TLS-t.build/Objects-normal/arm64_32/ServerSocket.o -index-unit-output-path /TLS.build/Debug-watchos/TLS-t.build/Objects-normal/arm64_32/ServerSocket.o -index-store-path /Users/admin/builder/spi-builder-workspace/.derivedData/Index.noindex/DataStore -index-system-modules
SwiftCompile normal arm64_32 /Users/admin/builder/spi-builder-workspace/.dependencies/checkouts/tls/Sources/TLS/ServerSocket.swift (in target 'TLS' from project 'TLS')
cd /Users/admin/builder/spi-builder-workspace/.swiftpm/xcode
builtin-SwiftPerFileCompile ServerSocket.swift
SwiftDriverJobDiscovery normal arm64_32 Compiling StructuredDataWrapper+PathIndexable.swift, StructuredDataWrapper+Polymorphic.swift, StructuredDataWrapper.swift (in target 'Node' from project 'Node')
SwiftCompile normal arm64_32 Compiling\ Context.swift,\ Error.swift /Users/admin/builder/spi-builder-workspace/.dependencies/checkouts/tls/Sources/TLS/Context.swift /Users/admin/builder/spi-builder-workspace/.dependencies/checkouts/tls/Sources/TLS/Error.swift (in target 'TLS' from project 'TLS')
<module-includes>:1:9: note: in file included from <module-includes>:1:
1 | #import "shim.h"
| `- note: in file included from <module-includes>:1:
2 |
/Users/admin/builder/spi-builder-workspace/.dependencies/checkouts/ctls/shim.h:4:10: error: 'openssl/conf.h' file not found
2 | #define __COPENSSL_SHIM_H__
3 |
4 | #include <openssl/conf.h>
| `- error: 'openssl/conf.h' file not found
5 | #include <openssl/evp.h>
6 | #include <openssl/err.h>
SwiftCompile normal arm64_32 /Users/admin/builder/spi-builder-workspace/.dependencies/checkouts/tls/Sources/TLS/Context.swift (in target 'TLS' from project 'TLS')
cd /Users/admin/builder/spi-builder-workspace/.swiftpm/xcode
builtin-SwiftPerFileCompile Context.swift
SwiftCompile normal arm64_32 /Users/admin/builder/spi-builder-workspace/.dependencies/checkouts/tls/Sources/TLS/Error.swift (in target 'TLS' from project 'TLS')
cd /Users/admin/builder/spi-builder-workspace/.swiftpm/xcode
builtin-SwiftPerFileCompile Error.swift
SwiftDriverJobDiscovery normal arm64_32 Compiling Errors.swift, Exports.swift, Identifier.swift (in target 'Node' from project 'Node')
SwiftCompile normal arm64_32 Compiling\ WriteableSocket.swift /Users/admin/builder/spi-builder-workspace/.dependencies/checkouts/tls/Sources/TLS/WriteableSocket.swift (in target 'TLS' from project 'TLS')
SwiftCompile normal arm64_32 /Users/admin/builder/spi-builder-workspace/.dependencies/checkouts/tls/Sources/TLS/WriteableSocket.swift (in target 'TLS' from project 'TLS')
cd /Users/admin/builder/spi-builder-workspace/.swiftpm/xcode
builtin-SwiftPerFileCompile WriteableSocket.swift
SwiftEmitModule normal arm64 Emitting\ module\ for\ TLS (in target 'TLS' from project 'TLS')
SwiftCompile normal arm64 (in target 'TLS' from project 'TLS')
cd /Users/admin/builder/spi-builder-workspace/.swiftpm/xcode
SwiftDriverJobDiscovery normal arm64 Compiling Node.swift, NodeConvertible.swift, NodeInitializable.swift, NodeRepresentable.swift (in target 'Node' from project 'Node')
SwiftCompile normal arm64 Compiling\ Context.swift,\ Error.swift /Users/admin/builder/spi-builder-workspace/.dependencies/checkouts/tls/Sources/TLS/Context.swift /Users/admin/builder/spi-builder-workspace/.dependencies/checkouts/tls/Sources/TLS/Error.swift (in target 'TLS' from project 'TLS')
SwiftCompile normal arm64 /Users/admin/builder/spi-builder-workspace/.dependencies/checkouts/tls/Sources/TLS/Context.swift (in target 'TLS' from project 'TLS')
cd /Users/admin/builder/spi-builder-workspace/.swiftpm/xcode
builtin-SwiftPerFileCompile Context.swift
SwiftCompile normal arm64 /Users/admin/builder/spi-builder-workspace/.dependencies/checkouts/tls/Sources/TLS/Error.swift (in target 'TLS' from project 'TLS')
cd /Users/admin/builder/spi-builder-workspace/.swiftpm/xcode
builtin-SwiftPerFileCompile Error.swift
SwiftDriverJobDiscovery normal arm64 Compiling StructuredData+Init.swift, StructuredData+PathIndexable.swift, StructuredData+Polymorphic.swift, StructuredData.swift (in target 'Node' from project 'Node')
SwiftCompile normal arm64 Compiling\ Certificates.swift,\ ClientSocket.swift /Users/admin/builder/spi-builder-workspace/.dependencies/checkouts/tls/Sources/TLS/Certificates.swift /Users/admin/builder/spi-builder-workspace/.dependencies/checkouts/tls/Sources/TLS/ClientSocket.swift (in target 'TLS' from project 'TLS')
SwiftCompile normal arm64 /Users/admin/builder/spi-builder-workspace/.dependencies/checkouts/tls/Sources/TLS/Certificates.swift (in target 'TLS' from project 'TLS')
cd /Users/admin/builder/spi-builder-workspace/.swiftpm/xcode
builtin-SwiftPerFileCompile Certificates.swift
SwiftCompile normal arm64 /Users/admin/builder/spi-builder-workspace/.dependencies/checkouts/tls/Sources/TLS/ClientSocket.swift (in target 'TLS' from project 'TLS')
cd /Users/admin/builder/spi-builder-workspace/.swiftpm/xcode
builtin-SwiftPerFileCompile ClientSocket.swift
SwiftDriverJobDiscovery normal arm64 Compiling Optional+Convertible.swift, Set+Convertible.swift, Number.swift, StructuredData+Equatable.swift (in target 'Node' from project 'Node')
SwiftCompile normal arm64 Compiling\ Exports.swift /Users/admin/builder/spi-builder-workspace/.dependencies/checkouts/tls/Sources/TLS/Exports.swift (in target 'TLS' from project 'TLS')
SwiftCompile normal arm64 /Users/admin/builder/spi-builder-workspace/.dependencies/checkouts/tls/Sources/TLS/Exports.swift (in target 'TLS' from project 'TLS')
cd /Users/admin/builder/spi-builder-workspace/.swiftpm/xcode
builtin-SwiftPerFileCompile Exports.swift
PruneExplicitPrecompiledModules /Users/admin/builder/spi-builder-workspace/.derivedData/Build/Intermediates.noindex/SwiftExplicitPrecompiledModules
PruneExplicitPrecompiledModules /Users/admin/builder/spi-builder-workspace/.derivedData/SDKExplicitPrecompiledModules
PruneExplicitPrecompiledModules /Users/admin/builder/spi-builder-workspace/.derivedData/Build/Intermediates.noindex/ExplicitPrecompiledModules
2026-09-16 16:39:57.743 xcodebuild[1087:6006] [MT] IDERunDestination: Supported platforms for the buildables in the current scheme is empty.
** BUILD FAILED **
The following build commands failed:
SwiftCompile normal arm64_32 Compiling\ ServerSocket.swift /Users/admin/builder/spi-builder-workspace/.dependencies/checkouts/tls/Sources/TLS/ServerSocket.swift (in target 'TLS' from project 'TLS')
SwiftCompile normal arm64_32 /Users/admin/builder/spi-builder-workspace/.dependencies/checkouts/tls/Sources/TLS/ServerSocket.swift (in target 'TLS' from project 'TLS')
Building workspace VaporRedisClient with scheme VaporRedisClient
(3 failures)
Command line invocation:
/Applications/Xcode-27.0.0-Release.Candidate.app/Contents/Developer/usr/bin/xcodebuild -IDEClonedSourcePackagesDirPathOverride=/Users/admin/builder/spi-builder-workspace/.dependencies -resolvePackageDependencies
Resolve Package Graph
ignoring declared target(s) 'CTLS' in the system packageyou may be able to install ctls using your system-packager:
brew install openssl
Resolved source packages:
Random: https://github.com/vapor/random.git @ 1.2.0
Debugging: https://github.com/vapor/debugging.git @ 1.1.1
Redis: https://github.com/vapor/redis.git @ 2.2.0
Core: https://github.com/vapor/core.git @ 2.2.1
Node: https://github.com/vapor/node.git @ 2.1.5
TLS: https://github.com/vapor/tls.git @ 2.1.3
Sockets: https://github.com/vapor/sockets.git @ 2.2.3
Pool: https://github.com/reswifq/pool.git @ 1.3.0
CTLS: https://github.com/vapor/ctls.git @ 1.1.3
RedisClient: https://github.com/reswifq/redis-client.git @ 1.3.0
Bits: https://github.com/vapor/bits.git @ 1.1.1
VaporRedisClient: /Users/admin/builder/spi-builder-workspace
resolved source packages: Random, Debugging, Redis, Core, Node, TLS, Sockets, Pool, CTLS, RedisClient, Bits, VaporRedisClient
2026-09-16 16:40:06.478 xcodebuild[1385:7363] [MT] IDERunDestination: Supported platforms for the buildables in the current scheme is empty.
{
"dependencies" : [
{
"identity" : "redis-client",
"requirement" : {
"range" : [
{
"lower_bound" : "1.3.0",
"upper_bound" : "2.0.0"
}
]
},
"type" : "sourceControl",
"url" : "https://github.com/reswifq/redis-client.git"
},
{
"identity" : "redis",
"requirement" : {
"range" : [
{
"lower_bound" : "2.0.0",
"upper_bound" : "3.0.0"
}
]
},
"type" : "sourceControl",
"url" : "https://github.com/vapor/redis.git"
}
],
"manifest_display_name" : "VaporRedisClient",
"name" : "VaporRedisClient",
"path" : "/Users/admin/builder/spi-builder-workspace",
"platforms" : [
],
"products" : [
{
"name" : "VaporRedisClient",
"targets" : [
"VaporRedisClient"
],
"type" : {
"library" : [
"automatic"
]
}
}
],
"targets" : [
{
"c99name" : "VaporRedisClientTests",
"module_type" : "SwiftTarget",
"name" : "VaporRedisClientTests",
"path" : "Tests/VaporRedisClientTests",
"sources" : [
"VaporRedisClientTests.swift"
],
"target_dependencies" : [
"VaporRedisClient"
],
"type" : "test"
},
{
"c99name" : "VaporRedisClient",
"module_type" : "SwiftTarget",
"name" : "VaporRedisClient",
"path" : "Sources/VaporRedisClient",
"product_dependencies" : [
"RedisClient",
"Redis"
],
"product_memberships" : [
"VaporRedisClient"
],
"sources" : [
"VaporRedisClient.swift"
],
"type" : "library"
}
],
"tools_version" : "4.0"
}
{
"workspace" : {
"name" : "VaporRedisClient",
"schemes" : [
"VaporRedisClient"
]
}
}
2026-09-16 16:40:07.823 xcodebuild[1400:7442] [MT] IDERunDestination: Supported platforms for the buildables in the current scheme is empty.
Running build ...
env DEVELOPER_DIR=/Applications/Xcode-27.0.0-Release.Candidate.app xcrun xcodebuild -IDEClonedSourcePackagesDirPathOverride=$PWD/.dependencies -skipMacroValidation -skipPackagePluginValidation -derivedDataPath $PWD/.derivedData build -scheme VaporRedisClient -destination generic/platform=watchOS
Command line invocation:
/Applications/Xcode-27.0.0-Release.Candidate.app/Contents/Developer/usr/bin/xcodebuild -IDEClonedSourcePackagesDirPathOverride=/Users/admin/builder/spi-builder-workspace/.dependencies -skipMacroValidation -skipPackagePluginValidation -derivedDataPath /Users/admin/builder/spi-builder-workspace/.derivedData build -scheme VaporRedisClient -destination generic/platform=watchOS
Resolve Package Graph
ignoring declared target(s) 'CTLS' in the system packageyou may be able to install ctls using your system-packager:
brew install openssl
Resolved source packages:
TLS: https://github.com/vapor/tls.git @ 2.1.3
Core: https://github.com/vapor/core.git @ 2.2.1
Pool: https://github.com/reswifq/pool.git @ 1.3.0
RedisClient: https://github.com/reswifq/redis-client.git @ 1.3.0
Bits: https://github.com/vapor/bits.git @ 1.1.1
Node: https://github.com/vapor/node.git @ 2.1.5
VaporRedisClient: /Users/admin/builder/spi-builder-workspace
Random: https://github.com/vapor/random.git @ 1.2.0
Sockets: https://github.com/vapor/sockets.git @ 2.2.3
Redis: https://github.com/vapor/redis.git @ 2.2.0
CTLS: https://github.com/vapor/ctls.git @ 1.1.3
Debugging: https://github.com/vapor/debugging.git @ 1.1.1
ComputePackagePrebuildTargetDependencyGraph
Prepare packages
CreateBuildRequest
SendProjectDescription
CreateBuildOperation
ComputeTargetDependencyGraph
note: Building targets in dependency order
note: Target dependency graph (27 targets)
Target 'VaporRedisClient-product' in project 'VaporRedisClient'
➜ Explicit dependency on target 'VaporRedisClient' in project 'VaporRedisClient'
➜ Explicit dependency on target 'RedisClient-product' in project 'RedisClient'
➜ Explicit dependency on target 'Redis-product' in project 'Redis'
Target 'VaporRedisClient' in project 'VaporRedisClient'
➜ Explicit dependency on target 'RedisClient-product' in project 'RedisClient'
➜ Explicit dependency on target 'Redis-product' in project 'Redis'
Target 'Redis-product' in project 'Redis'
➜ Explicit dependency on target 'Redis' in project 'Redis'
➜ Explicit dependency on target 'Core-product' in project 'Core'
➜ Explicit dependency on target 'Node-product' in project 'Node'
➜ Explicit dependency on target 'Sockets-product' in project 'Sockets'
➜ Explicit dependency on target 'Random-product' in project 'Random'
➜ Explicit dependency on target 'TLS-product' in project 'TLS'
Target 'Redis' in project 'Redis'
➜ Explicit dependency on target 'Core-product' in project 'Core'
➜ Explicit dependency on target 'Node-product' in project 'Node'
➜ Explicit dependency on target 'Sockets-product' in project 'Sockets'
➜ Explicit dependency on target 'Random-product' in project 'Random'
➜ Explicit dependency on target 'TLS-product' in project 'TLS'
Target 'TLS-product' in project 'TLS'
➜ Explicit dependency on target 'TLS' in project 'TLS'
➜ Explicit dependency on target 'Core-product' in project 'Core'
➜ Explicit dependency on target 'CTLS-product' in project 'CTLS'
➜ Explicit dependency on target 'Sockets-product' in project 'Sockets'
Target 'TLS' in project 'TLS'
➜ Explicit dependency on target 'CTLS' in project 'CTLS'
➜ Explicit dependency on target 'Core-product' in project 'Core'
➜ Explicit dependency on target 'CTLS-product' in project 'CTLS'
➜ Explicit dependency on target 'Sockets-product' in project 'Sockets'
Target 'CTLS-product' in project 'CTLS'
➜ Explicit dependency on target 'CTLS' in project 'CTLS'
Target 'CTLS' in project 'CTLS' (no dependencies)
Target 'Random-product' in project 'Random'
➜ Explicit dependency on target 'Random' in project 'Random'
➜ Explicit dependency on target 'Core-product' in project 'Core'
Target 'Random' in project 'Random'
➜ Explicit dependency on target 'Core-product' in project 'Core'
Target 'Sockets-product' in project 'Sockets'
➜ Explicit dependency on target 'Sockets' in project 'Sockets'
➜ Explicit dependency on target 'Transport' in project 'Sockets'
➜ Explicit dependency on target 'Core-product' in project 'Core'
Target 'Sockets' in project 'Sockets'
➜ Explicit dependency on target 'Transport' in project 'Sockets'
➜ Explicit dependency on target 'Core-product' in project 'Core'
Target 'Transport' in project 'Sockets'
➜ Explicit dependency on target 'Core-product' in project 'Core'
Target 'Node-product' in project 'Node'
➜ Explicit dependency on target 'Node' in project 'Node'
➜ Explicit dependency on target 'PathIndexable' in project 'Node'
➜ Explicit dependency on target 'Bits-product' in project 'Bits'
➜ Explicit dependency on target 'Core-product' in project 'Core'
Target 'Node' in project 'Node'
➜ Explicit dependency on target 'PathIndexable' in project 'Node'
➜ Explicit dependency on target 'Bits-product' in project 'Bits'
➜ Explicit dependency on target 'Core-product' in project 'Core'
Target 'PathIndexable' in project 'Node' (no dependencies)
Target 'Core-product' in project 'Core'
➜ Explicit dependency on target 'Core' in project 'Core'
➜ Explicit dependency on target 'libc' in project 'Core'
➜ Explicit dependency on target 'Bits-product' in project 'Bits'
➜ Explicit dependency on target 'Debugging-product' in project 'Debugging'
Target 'Core' in project 'Core'
➜ Explicit dependency on target 'libc' in project 'Core'
➜ Explicit dependency on target 'Bits-product' in project 'Bits'
➜ Explicit dependency on target 'Debugging-product' in project 'Debugging'
Target 'Debugging-product' in project 'Debugging'
➜ Explicit dependency on target 'Debugging' in project 'Debugging'
Target 'Debugging' in project 'Debugging' (no dependencies)
Target 'Bits-product' in project 'Bits'
➜ Explicit dependency on target 'Bits' in project 'Bits'
Target 'Bits' in project 'Bits' (no dependencies)
Target 'libc' in project 'Core' (no dependencies)
Target 'RedisClient-product' in project 'RedisClient'
➜ Explicit dependency on target 'RedisClient' in project 'RedisClient'
➜ Explicit dependency on target 'Pool-product' in project 'Pool'
Target 'RedisClient' in project 'RedisClient'
➜ Explicit dependency on target 'Pool-product' in project 'Pool'
Target 'Pool-product' in project 'Pool'
➜ Explicit dependency on target 'Pool' in project 'Pool'
Target 'Pool' in project 'Pool' (no dependencies)
GatherProvisioningInputs
CreateBuildDescription
ClangStatCache /Applications/Xcode-27.0.0-Release.Candidate.app/Contents/Developer/Toolchains/XcodeDefault.xctoolchain/usr/bin/clang-stat-cache /Applications/Xcode-27.0.0-Release.Candidate.app/Contents/Developer/Platforms/WatchOS.platform/Developer/SDKs/WatchOS27.0.sdk /Users/admin/builder/spi-builder-workspace/.derivedData/SDKStatCaches.noindex/watchos27.0-24R360-e829b21a6f8c9b70876ba0858053c04477534ef55a1706bf4c1112bbb242f0a2.sdkstatcache
cd /Users/admin/builder/spi-builder-workspace/.swiftpm/xcode
/Applications/Xcode-27.0.0-Release.Candidate.app/Contents/Developer/Toolchains/XcodeDefault.xctoolchain/usr/bin/clang-stat-cache /Applications/Xcode-27.0.0-Release.Candidate.app/Contents/Developer/Platforms/WatchOS.platform/Developer/SDKs/WatchOS27.0.sdk -o /Users/admin/builder/spi-builder-workspace/.derivedData/SDKStatCaches.noindex/watchos27.0-24R360-e829b21a6f8c9b70876ba0858053c04477534ef55a1706bf4c1112bbb242f0a2.sdkstatcache
SwiftDriver TLS normal arm64_32 com.apple.xcode.tools.swift.compiler (in target 'TLS' from project 'TLS')
cd /Users/admin/builder/spi-builder-workspace/.swiftpm/xcode
builtin-SwiftDriver -- /Applications/Xcode-27.0.0-Release.Candidate.app/Contents/Developer/Toolchains/XcodeDefault.xctoolchain/usr/bin/swiftc -parse-as-library -module-name TLS -Onone @/Users/admin/builder/spi-builder-workspace/.derivedData/Build/Intermediates.noindex/TLS.build/Debug-watchos/TLS-t.build/Objects-normal/arm64_32/TLS.SwiftFileList -DSWIFT_PACKAGE -DDEBUG -DSWIFT_MODULE_RESOURCE_BUNDLE_UNAVAILABLE -Xcc -fmodule-map-file\=/Users/admin/builder/spi-builder-workspace/.dependencies/checkouts/ctls/module.modulemap -DXcode -plugin-path /Applications/Xcode-27.0.0-Release.Candidate.app/Contents/Developer/Toolchains/XcodeDefault.xctoolchain/usr/lib/swift/host/plugins/testing -enable-experimental-feature DebugDescriptionMacro -sdk /Applications/Xcode-27.0.0-Release.Candidate.app/Contents/Developer/Platforms/WatchOS.platform/Developer/SDKs/WatchOS27.0.sdk -target arm64_32-apple-watchos9.0 -g -module-cache-path /Users/admin/builder/spi-builder-workspace/.derivedData/ModuleCache.noindex -Xfrontend -serialize-debugging-options -profile-coverage-mapping -profile-generate -enable-testing -suppress-warnings -index-store-path /Users/admin/builder/spi-builder-workspace/.derivedData/Index.noindex/DataStore -Xcc -D_LIBCPP_HARDENING_MODE\=_LIBCPP_HARDENING_MODE_DEBUG -swift-version 4 -I /Users/admin/builder/spi-builder-workspace/.derivedData/Build/Products/Debug-watchos -Isystem /Applications/Xcode-27.0.0-Release.Candidate.app/Contents/Developer/Platforms/WatchOS.platform/Developer/usr/lib -F /Users/admin/builder/spi-builder-workspace/.derivedData/Build/Products/Debug-watchos/PackageFrameworks -F /Users/admin/builder/spi-builder-workspace/.derivedData/Build/Products/Debug-watchos -F /Applications/Xcode-27.0.0-Release.Candidate.app/Contents/Developer/Platforms/WatchOS.platform/Developer/Library/Frameworks -F /Applications/Xcode-27.0.0-Release.Candidate.app/Contents/Developer/Platforms/WatchOS.platform/Developer/SDKs/WatchOS27.0.sdk/Developer/Library/Frameworks -c -j10 -enable-batch-mode -incremental -Xcc -ivfsstatcache -Xcc /Users/admin/builder/spi-builder-workspace/.derivedData/SDKStatCaches.noindex/watchos27.0-24R360-e829b21a6f8c9b70876ba0858053c04477534ef55a1706bf4c1112bbb242f0a2.sdkstatcache -output-file-map /Users/admin/builder/spi-builder-workspace/.derivedData/Build/Intermediates.noindex/TLS.build/Debug-watchos/TLS-t.build/Objects-normal/arm64_32/TLS-OutputFileMap.json -save-temps -no-color-diagnostics -emit-dependencies -emit-module -emit-module-path /Users/admin/builder/spi-builder-workspace/.derivedData/Build/Intermediates.noindex/TLS.build/Debug-watchos/TLS-t.build/Objects-normal/arm64_32/TLS.swiftmodule -serialize-diagnostics -validate-clang-modules-once -clang-build-session-file /Users/admin/builder/spi-builder-workspace/.derivedData/ModuleCache.noindex/Session.modulevalidation -Xcc -fmodules-prune-interval\=86400 -Xcc -fmodules-prune-after\=345600 -emit-const-values -const-gather-protocols-list /Users/admin/builder/spi-builder-workspace/.derivedData/Build/Intermediates.noindex/TLS.build/Debug-watchos/TLS-t.build/Objects-normal/arm64_32/TLS_const_extract_protocols.json -Xcc -I/Users/admin/builder/spi-builder-workspace/.derivedData/Build/Products/Debug-watchos/include -Xcc -I/Users/admin/builder/spi-builder-workspace/.derivedData/Build/Intermediates.noindex/TLS.build/Debug-watchos/TLS-t.build/DerivedSources-normal/arm64_32 -Xcc -I/Users/admin/builder/spi-builder-workspace/.derivedData/Build/Intermediates.noindex/TLS.build/Debug-watchos/TLS-t.build/DerivedSources/arm64_32 -Xcc -I/Users/admin/builder/spi-builder-workspace/.derivedData/Build/Intermediates.noindex/TLS.build/Debug-watchos/TLS-t.build/DerivedSources -Xcc -DSWIFT_PACKAGE -Xcc -DDEBUG\=1 -emit-objc-header -emit-objc-header-path /Users/admin/builder/spi-builder-workspace/.derivedData/Build/Intermediates.noindex/TLS.build/Debug-watchos/TLS-t.build/Objects-normal/arm64_32/TLS-Swift.h -working-directory /Users/admin/builder/spi-builder-workspace/.swiftpm/xcode -experimental-emit-module-separately -disable-cmo
SwiftDriver TLS normal arm64 com.apple.xcode.tools.swift.compiler (in target 'TLS' from project 'TLS')
cd /Users/admin/builder/spi-builder-workspace/.swiftpm/xcode
builtin-SwiftDriver -- /Applications/Xcode-27.0.0-Release.Candidate.app/Contents/Developer/Toolchains/XcodeDefault.xctoolchain/usr/bin/swiftc -parse-as-library -module-name TLS -Onone @/Users/admin/builder/spi-builder-workspace/.derivedData/Build/Intermediates.noindex/TLS.build/Debug-watchos/TLS-t.build/Objects-normal/arm64/TLS.SwiftFileList -DSWIFT_PACKAGE -DDEBUG -DSWIFT_MODULE_RESOURCE_BUNDLE_UNAVAILABLE -Xcc -fmodule-map-file\=/Users/admin/builder/spi-builder-workspace/.dependencies/checkouts/ctls/module.modulemap -DXcode -plugin-path /Applications/Xcode-27.0.0-Release.Candidate.app/Contents/Developer/Toolchains/XcodeDefault.xctoolchain/usr/lib/swift/host/plugins/testing -enable-experimental-feature DebugDescriptionMacro -sdk /Applications/Xcode-27.0.0-Release.Candidate.app/Contents/Developer/Platforms/WatchOS.platform/Developer/SDKs/WatchOS27.0.sdk -target arm64-apple-watchos9.0 -g -module-cache-path /Users/admin/builder/spi-builder-workspace/.derivedData/ModuleCache.noindex -Xfrontend -serialize-debugging-options -profile-coverage-mapping -profile-generate -enable-testing -suppress-warnings -index-store-path /Users/admin/builder/spi-builder-workspace/.derivedData/Index.noindex/DataStore -Xcc -D_LIBCPP_HARDENING_MODE\=_LIBCPP_HARDENING_MODE_DEBUG -swift-version 4 -I /Users/admin/builder/spi-builder-workspace/.derivedData/Build/Products/Debug-watchos -Isystem /Applications/Xcode-27.0.0-Release.Candidate.app/Contents/Developer/Platforms/WatchOS.platform/Developer/usr/lib -F /Users/admin/builder/spi-builder-workspace/.derivedData/Build/Products/Debug-watchos/PackageFrameworks -F /Users/admin/builder/spi-builder-workspace/.derivedData/Build/Products/Debug-watchos -F /Applications/Xcode-27.0.0-Release.Candidate.app/Contents/Developer/Platforms/WatchOS.platform/Developer/Library/Frameworks -F /Applications/Xcode-27.0.0-Release.Candidate.app/Contents/Developer/Platforms/WatchOS.platform/Developer/SDKs/WatchOS27.0.sdk/Developer/Library/Frameworks -c -j10 -enable-batch-mode -incremental -Xcc -ivfsstatcache -Xcc /Users/admin/builder/spi-builder-workspace/.derivedData/SDKStatCaches.noindex/watchos27.0-24R360-e829b21a6f8c9b70876ba0858053c04477534ef55a1706bf4c1112bbb242f0a2.sdkstatcache -output-file-map /Users/admin/builder/spi-builder-workspace/.derivedData/Build/Intermediates.noindex/TLS.build/Debug-watchos/TLS-t.build/Objects-normal/arm64/TLS-OutputFileMap.json -save-temps -no-color-diagnostics -emit-dependencies -emit-module -emit-module-path /Users/admin/builder/spi-builder-workspace/.derivedData/Build/Intermediates.noindex/TLS.build/Debug-watchos/TLS-t.build/Objects-normal/arm64/TLS.swiftmodule -serialize-diagnostics -validate-clang-modules-once -clang-build-session-file /Users/admin/builder/spi-builder-workspace/.derivedData/ModuleCache.noindex/Session.modulevalidation -Xcc -fmodules-prune-interval\=86400 -Xcc -fmodules-prune-after\=345600 -emit-const-values -const-gather-protocols-list /Users/admin/builder/spi-builder-workspace/.derivedData/Build/Intermediates.noindex/TLS.build/Debug-watchos/TLS-t.build/Objects-normal/arm64/TLS_const_extract_protocols.json -Xcc -I/Users/admin/builder/spi-builder-workspace/.derivedData/Build/Products/Debug-watchos/include -Xcc -I/Users/admin/builder/spi-builder-workspace/.derivedData/Build/Intermediates.noindex/TLS.build/Debug-watchos/TLS-t.build/DerivedSources-normal/arm64 -Xcc -I/Users/admin/builder/spi-builder-workspace/.derivedData/Build/Intermediates.noindex/TLS.build/Debug-watchos/TLS-t.build/DerivedSources/arm64 -Xcc -I/Users/admin/builder/spi-builder-workspace/.derivedData/Build/Intermediates.noindex/TLS.build/Debug-watchos/TLS-t.build/DerivedSources -Xcc -DSWIFT_PACKAGE -Xcc -DDEBUG\=1 -emit-objc-header -emit-objc-header-path /Users/admin/builder/spi-builder-workspace/.derivedData/Build/Intermediates.noindex/TLS.build/Debug-watchos/TLS-t.build/Objects-normal/arm64/TLS-Swift.h -working-directory /Users/admin/builder/spi-builder-workspace/.swiftpm/xcode -experimental-emit-module-separately -disable-cmo
SwiftDriver Node normal arm64_32 com.apple.xcode.tools.swift.compiler (in target 'Node' from project 'Node')
cd /Users/admin/builder/spi-builder-workspace/.swiftpm/xcode
builtin-SwiftDriver -- /Applications/Xcode-27.0.0-Release.Candidate.app/Contents/Developer/Toolchains/XcodeDefault.xctoolchain/usr/bin/swiftc -parse-as-library -module-name Node -Onone @/Users/admin/builder/spi-builder-workspace/.derivedData/Build/Intermediates.noindex/Node.build/Debug-watchos/Node-t.build/Objects-normal/arm64_32/Node.SwiftFileList -DSWIFT_PACKAGE -DDEBUG -DSWIFT_MODULE_RESOURCE_BUNDLE_UNAVAILABLE -DXcode -plugin-path /Applications/Xcode-27.0.0-Release.Candidate.app/Contents/Developer/Toolchains/XcodeDefault.xctoolchain/usr/lib/swift/host/plugins/testing -enable-experimental-feature DebugDescriptionMacro -sdk /Applications/Xcode-27.0.0-Release.Candidate.app/Contents/Developer/Platforms/WatchOS.platform/Developer/SDKs/WatchOS27.0.sdk -target arm64_32-apple-watchos9.0 -g -module-cache-path /Users/admin/builder/spi-builder-workspace/.derivedData/ModuleCache.noindex -Xfrontend -serialize-debugging-options -profile-coverage-mapping -profile-generate -enable-testing -suppress-warnings -index-store-path /Users/admin/builder/spi-builder-workspace/.derivedData/Index.noindex/DataStore -Xcc -D_LIBCPP_HARDENING_MODE\=_LIBCPP_HARDENING_MODE_DEBUG -swift-version 4 -I /Users/admin/builder/spi-builder-workspace/.derivedData/Build/Products/Debug-watchos -Isystem /Applications/Xcode-27.0.0-Release.Candidate.app/Contents/Developer/Platforms/WatchOS.platform/Developer/usr/lib -F /Users/admin/builder/spi-builder-workspace/.derivedData/Build/Products/Debug-watchos/PackageFrameworks -F /Users/admin/builder/spi-builder-workspace/.derivedData/Build/Products/Debug-watchos -F /Applications/Xcode-27.0.0-Release.Candidate.app/Contents/Developer/Platforms/WatchOS.platform/Developer/Library/Frameworks -F /Applications/Xcode-27.0.0-Release.Candidate.app/Contents/Developer/Platforms/WatchOS.platform/Developer/SDKs/WatchOS27.0.sdk/Developer/Library/Frameworks -c -j10 -enable-batch-mode -incremental -Xcc -ivfsstatcache -Xcc /Users/admin/builder/spi-builder-workspace/.derivedData/SDKStatCaches.noindex/watchos27.0-24R360-e829b21a6f8c9b70876ba0858053c04477534ef55a1706bf4c1112bbb242f0a2.sdkstatcache -output-file-map /Users/admin/builder/spi-builder-workspace/.derivedData/Build/Intermediates.noindex/Node.build/Debug-watchos/Node-t.build/Objects-normal/arm64_32/Node-OutputFileMap.json -save-temps -no-color-diagnostics -emit-dependencies -emit-module -emit-module-path /Users/admin/builder/spi-builder-workspace/.derivedData/Build/Intermediates.noindex/Node.build/Debug-watchos/Node-t.build/Objects-normal/arm64_32/Node.swiftmodule -serialize-diagnostics -validate-clang-modules-once -clang-build-session-file /Users/admin/builder/spi-builder-workspace/.derivedData/ModuleCache.noindex/Session.modulevalidation -Xcc -fmodules-prune-interval\=86400 -Xcc -fmodules-prune-after\=345600 -emit-const-values -const-gather-protocols-list /Users/admin/builder/spi-builder-workspace/.derivedData/Build/Intermediates.noindex/Node.build/Debug-watchos/Node-t.build/Objects-normal/arm64_32/Node_const_extract_protocols.json -Xcc -I/Users/admin/builder/spi-builder-workspace/.derivedData/Build/Products/Debug-watchos/include -Xcc -I/Users/admin/builder/spi-builder-workspace/.derivedData/Build/Intermediates.noindex/Node.build/Debug-watchos/Node-t.build/DerivedSources-normal/arm64_32 -Xcc -I/Users/admin/builder/spi-builder-workspace/.derivedData/Build/Intermediates.noindex/Node.build/Debug-watchos/Node-t.build/DerivedSources/arm64_32 -Xcc -I/Users/admin/builder/spi-builder-workspace/.derivedData/Build/Intermediates.noindex/Node.build/Debug-watchos/Node-t.build/DerivedSources -Xcc -DSWIFT_PACKAGE -Xcc -DDEBUG\=1 -emit-objc-header -emit-objc-header-path /Users/admin/builder/spi-builder-workspace/.derivedData/Build/Intermediates.noindex/Node.build/Debug-watchos/Node-t.build/Objects-normal/arm64_32/Node-Swift.h -working-directory /Users/admin/builder/spi-builder-workspace/.swiftpm/xcode -experimental-emit-module-separately -disable-cmo
SwiftDriver Node normal arm64 com.apple.xcode.tools.swift.compiler (in target 'Node' from project 'Node')
cd /Users/admin/builder/spi-builder-workspace/.swiftpm/xcode
builtin-SwiftDriver -- /Applications/Xcode-27.0.0-Release.Candidate.app/Contents/Developer/Toolchains/XcodeDefault.xctoolchain/usr/bin/swiftc -parse-as-library -module-name Node -Onone @/Users/admin/builder/spi-builder-workspace/.derivedData/Build/Intermediates.noindex/Node.build/Debug-watchos/Node-t.build/Objects-normal/arm64/Node.SwiftFileList -DSWIFT_PACKAGE -DDEBUG -DSWIFT_MODULE_RESOURCE_BUNDLE_UNAVAILABLE -DXcode -plugin-path /Applications/Xcode-27.0.0-Release.Candidate.app/Contents/Developer/Toolchains/XcodeDefault.xctoolchain/usr/lib/swift/host/plugins/testing -enable-experimental-feature DebugDescriptionMacro -sdk /Applications/Xcode-27.0.0-Release.Candidate.app/Contents/Developer/Platforms/WatchOS.platform/Developer/SDKs/WatchOS27.0.sdk -target arm64-apple-watchos9.0 -g -module-cache-path /Users/admin/builder/spi-builder-workspace/.derivedData/ModuleCache.noindex -Xfrontend -serialize-debugging-options -profile-coverage-mapping -profile-generate -enable-testing -suppress-warnings -index-store-path /Users/admin/builder/spi-builder-workspace/.derivedData/Index.noindex/DataStore -Xcc -D_LIBCPP_HARDENING_MODE\=_LIBCPP_HARDENING_MODE_DEBUG -swift-version 4 -I /Users/admin/builder/spi-builder-workspace/.derivedData/Build/Products/Debug-watchos -Isystem /Applications/Xcode-27.0.0-Release.Candidate.app/Contents/Developer/Platforms/WatchOS.platform/Developer/usr/lib -F /Users/admin/builder/spi-builder-workspace/.derivedData/Build/Products/Debug-watchos/PackageFrameworks -F /Users/admin/builder/spi-builder-workspace/.derivedData/Build/Products/Debug-watchos -F /Applications/Xcode-27.0.0-Release.Candidate.app/Contents/Developer/Platforms/WatchOS.platform/Developer/Library/Frameworks -F /Applications/Xcode-27.0.0-Release.Candidate.app/Contents/Developer/Platforms/WatchOS.platform/Developer/SDKs/WatchOS27.0.sdk/Developer/Library/Frameworks -c -j10 -enable-batch-mode -incremental -Xcc -ivfsstatcache -Xcc /Users/admin/builder/spi-builder-workspace/.derivedData/SDKStatCaches.noindex/watchos27.0-24R360-e829b21a6f8c9b70876ba0858053c04477534ef55a1706bf4c1112bbb242f0a2.sdkstatcache -output-file-map /Users/admin/builder/spi-builder-workspace/.derivedData/Build/Intermediates.noindex/Node.build/Debug-watchos/Node-t.build/Objects-normal/arm64/Node-OutputFileMap.json -save-temps -no-color-diagnostics -emit-dependencies -emit-module -emit-module-path /Users/admin/builder/spi-builder-workspace/.derivedData/Build/Intermediates.noindex/Node.build/Debug-watchos/Node-t.build/Objects-normal/arm64/Node.swiftmodule -serialize-diagnostics -validate-clang-modules-once -clang-build-session-file /Users/admin/builder/spi-builder-workspace/.derivedData/ModuleCache.noindex/Session.modulevalidation -Xcc -fmodules-prune-interval\=86400 -Xcc -fmodules-prune-after\=345600 -emit-const-values -const-gather-protocols-list /Users/admin/builder/spi-builder-workspace/.derivedData/Build/Intermediates.noindex/Node.build/Debug-watchos/Node-t.build/Objects-normal/arm64/Node_const_extract_protocols.json -Xcc -I/Users/admin/builder/spi-builder-workspace/.derivedData/Build/Products/Debug-watchos/include -Xcc -I/Users/admin/builder/spi-builder-workspace/.derivedData/Build/Intermediates.noindex/Node.build/Debug-watchos/Node-t.build/DerivedSources-normal/arm64 -Xcc -I/Users/admin/builder/spi-builder-workspace/.derivedData/Build/Intermediates.noindex/Node.build/Debug-watchos/Node-t.build/DerivedSources/arm64 -Xcc -I/Users/admin/builder/spi-builder-workspace/.derivedData/Build/Intermediates.noindex/Node.build/Debug-watchos/Node-t.build/DerivedSources -Xcc -DSWIFT_PACKAGE -Xcc -DDEBUG\=1 -emit-objc-header -emit-objc-header-path /Users/admin/builder/spi-builder-workspace/.derivedData/Build/Intermediates.noindex/Node.build/Debug-watchos/Node-t.build/Objects-normal/arm64/Node-Swift.h -working-directory /Users/admin/builder/spi-builder-workspace/.swiftpm/xcode -experimental-emit-module-separately -disable-cmo
Ld /Users/admin/builder/spi-builder-workspace/.derivedData/Build/Intermediates.noindex/RedisClient.build/Debug-watchos/RedisClient-t.build/Objects-normal/arm64_32/Binary/RedisClient.o normal arm64_32 (in target 'RedisClient' from project 'RedisClient')
cd /Users/admin/builder/spi-builder-workspace/.dependencies/checkouts/redis-client
/Applications/Xcode-27.0.0-Release.Candidate.app/Contents/Developer/Toolchains/XcodeDefault.xctoolchain/usr/bin/clang -Xlinker -reproducible -target arm64_32-apple-watchos9.0 -r -isysroot /Applications/Xcode-27.0.0-Release.Candidate.app/Contents/Developer/Platforms/WatchOS.platform/Developer/SDKs/WatchOS27.0.sdk -O0 -w -Xlinker -no_warn_duplicate_libraries -F/Users/admin/builder/spi-builder-workspace/.derivedData/Build/Intermediates.noindex/EagerLinkingTBDs/Debug-watchos -F/Users/admin/builder/spi-builder-workspace/.derivedData/Build/Products/Debug-watchos/PackageFrameworks -F/Users/admin/builder/spi-builder-workspace/.derivedData/Build/Products/Debug-watchos -iframework /Applications/Xcode-27.0.0-Release.Candidate.app/Contents/Developer/Platforms/WatchOS.platform/Developer/Library/Frameworks -iframework /Applications/Xcode-27.0.0-Release.Candidate.app/Contents/Developer/Platforms/WatchOS.platform/Developer/SDKs/WatchOS27.0.sdk/Developer/Library/Frameworks -filelist /Users/admin/builder/spi-builder-workspace/.derivedData/Build/Intermediates.noindex/RedisClient.build/Debug-watchos/RedisClient-t.build/Objects-normal/arm64_32/RedisClient.LinkFileList -nostdlib -Xlinker -object_path_lto -Xlinker /Users/admin/builder/spi-builder-workspace/.derivedData/Build/Intermediates.noindex/RedisClient.build/Debug-watchos/RedisClient-t.build/Objects-normal/arm64_32/RedisClient_lto.o -Xlinker -no_deduplicate -Xlinker -debug_variant -Xlinker -dependency_info -Xlinker /Users/admin/builder/spi-builder-workspace/.derivedData/Build/Intermediates.noindex/RedisClient.build/Debug-watchos/RedisClient-t.build/Objects-normal/arm64_32/RedisClient_dependency_info.dat -fobjc-link-runtime -L/Applications/Xcode-27.0.0-Release.Candidate.app/Contents/Developer/Toolchains/XcodeDefault.xctoolchain/usr/lib/swift/watchos -L/usr/lib/swift -Xlinker -add_ast_path -Xlinker /Users/admin/builder/spi-builder-workspace/.derivedData/Build/Intermediates.noindex/RedisClient.build/Debug-watchos/RedisClient-t.build/Objects-normal/arm64_32/RedisClient.swiftmodule -o /Users/admin/builder/spi-builder-workspace/.derivedData/Build/Intermediates.noindex/RedisClient.build/Debug-watchos/RedisClient-t.build/Objects-normal/arm64_32/Binary/RedisClient.o
Ld /Users/admin/builder/spi-builder-workspace/.derivedData/Build/Intermediates.noindex/RedisClient.build/Debug-watchos/RedisClient-t.build/Objects-normal/arm64/Binary/RedisClient.o normal arm64 (in target 'RedisClient' from project 'RedisClient')
cd /Users/admin/builder/spi-builder-workspace/.dependencies/checkouts/redis-client
/Applications/Xcode-27.0.0-Release.Candidate.app/Contents/Developer/Toolchains/XcodeDefault.xctoolchain/usr/bin/clang -Xlinker -reproducible -target arm64-apple-watchos9.0 -r -isysroot /Applications/Xcode-27.0.0-Release.Candidate.app/Contents/Developer/Platforms/WatchOS.platform/Developer/SDKs/WatchOS27.0.sdk -O0 -w -Xlinker -no_warn_duplicate_libraries -F/Users/admin/builder/spi-builder-workspace/.derivedData/Build/Intermediates.noindex/EagerLinkingTBDs/Debug-watchos -F/Users/admin/builder/spi-builder-workspace/.derivedData/Build/Products/Debug-watchos/PackageFrameworks -F/Users/admin/builder/spi-builder-workspace/.derivedData/Build/Products/Debug-watchos -iframework /Applications/Xcode-27.0.0-Release.Candidate.app/Contents/Developer/Platforms/WatchOS.platform/Developer/Library/Frameworks -iframework /Applications/Xcode-27.0.0-Release.Candidate.app/Contents/Developer/Platforms/WatchOS.platform/Developer/SDKs/WatchOS27.0.sdk/Developer/Library/Frameworks -filelist /Users/admin/builder/spi-builder-workspace/.derivedData/Build/Intermediates.noindex/RedisClient.build/Debug-watchos/RedisClient-t.build/Objects-normal/arm64/RedisClient.LinkFileList -nostdlib -Xlinker -object_path_lto -Xlinker /Users/admin/builder/spi-builder-workspace/.derivedData/Build/Intermediates.noindex/RedisClient.build/Debug-watchos/RedisClient-t.build/Objects-normal/arm64/RedisClient_lto.o -Xlinker -no_deduplicate -Xlinker -debug_variant -Xlinker -dependency_info -Xlinker /Users/admin/builder/spi-builder-workspace/.derivedData/Build/Intermediates.noindex/RedisClient.build/Debug-watchos/RedisClient-t.build/Objects-normal/arm64/RedisClient_dependency_info.dat -fobjc-link-runtime -L/Applications/Xcode-27.0.0-Release.Candidate.app/Contents/Developer/Toolchains/XcodeDefault.xctoolchain/usr/lib/swift/watchos -L/usr/lib/swift -Xlinker -add_ast_path -Xlinker /Users/admin/builder/spi-builder-workspace/.derivedData/Build/Intermediates.noindex/RedisClient.build/Debug-watchos/RedisClient-t.build/Objects-normal/arm64/RedisClient.swiftmodule -o /Users/admin/builder/spi-builder-workspace/.derivedData/Build/Intermediates.noindex/RedisClient.build/Debug-watchos/RedisClient-t.build/Objects-normal/arm64/Binary/RedisClient.o
Ld /Users/admin/builder/spi-builder-workspace/.derivedData/Build/Intermediates.noindex/Core.build/Debug-watchos/Core-t.build/Objects-normal/arm64_32/Binary/Core.o normal arm64_32 (in target 'Core' from project 'Core')
cd /Users/admin/builder/spi-builder-workspace/.dependencies/checkouts/core
/Applications/Xcode-27.0.0-Release.Candidate.app/Contents/Developer/Toolchains/XcodeDefault.xctoolchain/usr/bin/clang -Xlinker -reproducible -target arm64_32-apple-watchos9.0 -r -isysroot /Applications/Xcode-27.0.0-Release.Candidate.app/Contents/Developer/Platforms/WatchOS.platform/Developer/SDKs/WatchOS27.0.sdk -O0 -w -Xlinker -no_warn_duplicate_libraries -F/Users/admin/builder/spi-builder-workspace/.derivedData/Build/Intermediates.noindex/EagerLinkingTBDs/Debug-watchos -F/Users/admin/builder/spi-builder-workspace/.derivedData/Build/Products/Debug-watchos/PackageFrameworks -F/Users/admin/builder/spi-builder-workspace/.derivedData/Build/Products/Debug-watchos -iframework /Applications/Xcode-27.0.0-Release.Candidate.app/Contents/Developer/Platforms/WatchOS.platform/Developer/Library/Frameworks -iframework /Applications/Xcode-27.0.0-Release.Candidate.app/Contents/Developer/Platforms/WatchOS.platform/Developer/SDKs/WatchOS27.0.sdk/Developer/Library/Frameworks -filelist /Users/admin/builder/spi-builder-workspace/.derivedData/Build/Intermediates.noindex/Core.build/Debug-watchos/Core-t.build/Objects-normal/arm64_32/Core.LinkFileList -nostdlib -Xlinker -object_path_lto -Xlinker /Users/admin/builder/spi-builder-workspace/.derivedData/Build/Intermediates.noindex/Core.build/Debug-watchos/Core-t.build/Objects-normal/arm64_32/Core_lto.o -Xlinker -no_deduplicate -Xlinker -debug_variant -Xlinker -dependency_info -Xlinker /Users/admin/builder/spi-builder-workspace/.derivedData/Build/Intermediates.noindex/Core.build/Debug-watchos/Core-t.build/Objects-normal/arm64_32/Core_dependency_info.dat -fobjc-link-runtime -L/Applications/Xcode-27.0.0-Release.Candidate.app/Contents/Developer/Toolchains/XcodeDefault.xctoolchain/usr/lib/swift/watchos -L/usr/lib/swift -Xlinker -add_ast_path -Xlinker /Users/admin/builder/spi-builder-workspace/.derivedData/Build/Intermediates.noindex/Core.build/Debug-watchos/Core-t.build/Objects-normal/arm64_32/Core.swiftmodule -o /Users/admin/builder/spi-builder-workspace/.derivedData/Build/Intermediates.noindex/Core.build/Debug-watchos/Core-t.build/Objects-normal/arm64_32/Binary/Core.o
Ld /Users/admin/builder/spi-builder-workspace/.derivedData/Build/Intermediates.noindex/Core.build/Debug-watchos/Core-t.build/Objects-normal/arm64/Binary/Core.o normal arm64 (in target 'Core' from project 'Core')
cd /Users/admin/builder/spi-builder-workspace/.dependencies/checkouts/core
/Applications/Xcode-27.0.0-Release.Candidate.app/Contents/Developer/Toolchains/XcodeDefault.xctoolchain/usr/bin/clang -Xlinker -reproducible -target arm64-apple-watchos9.0 -r -isysroot /Applications/Xcode-27.0.0-Release.Candidate.app/Contents/Developer/Platforms/WatchOS.platform/Developer/SDKs/WatchOS27.0.sdk -O0 -w -Xlinker -no_warn_duplicate_libraries -F/Users/admin/builder/spi-builder-workspace/.derivedData/Build/Intermediates.noindex/EagerLinkingTBDs/Debug-watchos -F/Users/admin/builder/spi-builder-workspace/.derivedData/Build/Products/Debug-watchos/PackageFrameworks -F/Users/admin/builder/spi-builder-workspace/.derivedData/Build/Products/Debug-watchos -iframework /Applications/Xcode-27.0.0-Release.Candidate.app/Contents/Developer/Platforms/WatchOS.platform/Developer/Library/Frameworks -iframework /Applications/Xcode-27.0.0-Release.Candidate.app/Contents/Developer/Platforms/WatchOS.platform/Developer/SDKs/WatchOS27.0.sdk/Developer/Library/Frameworks -filelist /Users/admin/builder/spi-builder-workspace/.derivedData/Build/Intermediates.noindex/Core.build/Debug-watchos/Core-t.build/Objects-normal/arm64/Core.LinkFileList -nostdlib -Xlinker -object_path_lto -Xlinker /Users/admin/builder/spi-builder-workspace/.derivedData/Build/Intermediates.noindex/Core.build/Debug-watchos/Core-t.build/Objects-normal/arm64/Core_lto.o -Xlinker -no_deduplicate -Xlinker -debug_variant -Xlinker -dependency_info -Xlinker /Users/admin/builder/spi-builder-workspace/.derivedData/Build/Intermediates.noindex/Core.build/Debug-watchos/Core-t.build/Objects-normal/arm64/Core_dependency_info.dat -fobjc-link-runtime -L/Applications/Xcode-27.0.0-Release.Candidate.app/Contents/Developer/Toolchains/XcodeDefault.xctoolchain/usr/lib/swift/watchos -L/usr/lib/swift -Xlinker -add_ast_path -Xlinker /Users/admin/builder/spi-builder-workspace/.derivedData/Build/Intermediates.noindex/Core.build/Debug-watchos/Core-t.build/Objects-normal/arm64/Core.swiftmodule -o /Users/admin/builder/spi-builder-workspace/.derivedData/Build/Intermediates.noindex/Core.build/Debug-watchos/Core-t.build/Objects-normal/arm64/Binary/Core.o
CreateUniversalBinary /Users/admin/builder/spi-builder-workspace/.derivedData/Build/Products/Debug-watchos/RedisClient.o normal arm64\ arm64_32 (in target 'RedisClient' from project 'RedisClient')
cd /Users/admin/builder/spi-builder-workspace/.dependencies/checkouts/redis-client
/Applications/Xcode-27.0.0-Release.Candidate.app/Contents/Developer/Toolchains/XcodeDefault.xctoolchain/usr/bin/lipo -create /Users/admin/builder/spi-builder-workspace/.derivedData/Build/Intermediates.noindex/RedisClient.build/Debug-watchos/RedisClient-t.build/Objects-normal/arm64/Binary/RedisClient.o /Users/admin/builder/spi-builder-workspace/.derivedData/Build/Intermediates.noindex/RedisClient.build/Debug-watchos/RedisClient-t.build/Objects-normal/arm64_32/Binary/RedisClient.o -output /Users/admin/builder/spi-builder-workspace/.derivedData/Build/Products/Debug-watchos/RedisClient.o
CreateUniversalBinary /Users/admin/builder/spi-builder-workspace/.derivedData/Build/Products/Debug-watchos/Core.o normal arm64\ arm64_32 (in target 'Core' from project 'Core')
cd /Users/admin/builder/spi-builder-workspace/.dependencies/checkouts/core
/Applications/Xcode-27.0.0-Release.Candidate.app/Contents/Developer/Toolchains/XcodeDefault.xctoolchain/usr/bin/lipo -create /Users/admin/builder/spi-builder-workspace/.derivedData/Build/Intermediates.noindex/Core.build/Debug-watchos/Core-t.build/Objects-normal/arm64/Binary/Core.o /Users/admin/builder/spi-builder-workspace/.derivedData/Build/Intermediates.noindex/Core.build/Debug-watchos/Core-t.build/Objects-normal/arm64_32/Binary/Core.o -output /Users/admin/builder/spi-builder-workspace/.derivedData/Build/Products/Debug-watchos/Core.o
ExtractAppIntentsMetadata (in target 'RedisClient' from project 'RedisClient')
cd /Users/admin/builder/spi-builder-workspace/.dependencies/checkouts/redis-client
/Applications/Xcode-27.0.0-Release.Candidate.app/Contents/Developer/Toolchains/XcodeDefault.xctoolchain/usr/bin/appintentsmetadataprocessor --toolchain-dir /var/run/com.apple.security.cryptexd/mnt/com.apple.MobileAsset.MetalToolchain-v27.1.266.1.LcV8T4/Metal.xctoolchain --module-name RedisClient --sdk-root /Applications/Xcode-27.0.0-Release.Candidate.app/Contents/Developer/Platforms/WatchOS.platform/Developer/SDKs/WatchOS27.0.sdk --xcode-version 27A266a --platform-family watchOS --deployment-target 9.0 --bundle-identifier redis-client.RedisClient --output /Users/admin/builder/spi-builder-workspace/.derivedData/Build/Products/Debug-watchos/RedisClient.appintents --target-triple arm64-apple-watchos9.0 --target-triple arm64_32-apple-watchos9.0 --binary-file /Users/admin/builder/spi-builder-workspace/.derivedData/Build/Products/Debug-watchos/RedisClient.o --dependency-file /Users/admin/builder/spi-builder-workspace/.derivedData/Build/Intermediates.noindex/RedisClient.build/Debug-watchos/RedisClient-t.build/Objects-normal/arm64/RedisClient_dependency_info.dat --dependency-file /Users/admin/builder/spi-builder-workspace/.derivedData/Build/Intermediates.noindex/RedisClient.build/Debug-watchos/RedisClient-t.build/Objects-normal/arm64_32/RedisClient_dependency_info.dat --stringsdata-file /Users/admin/builder/spi-builder-workspace/.derivedData/Build/Intermediates.noindex/RedisClient.build/Debug-watchos/RedisClient-t.build/Objects-normal/arm64/ExtractedAppShortcutsMetadata.stringsdata --stringsdata-file /Users/admin/builder/spi-builder-workspace/.derivedData/Build/Intermediates.noindex/RedisClient.build/Debug-watchos/RedisClient-t.build/Objects-normal/arm64_32/ExtractedAppShortcutsMetadata.stringsdata --source-file-list /Users/admin/builder/spi-builder-workspace/.derivedData/Build/Intermediates.noindex/RedisClient.build/Debug-watchos/RedisClient-t.build/Objects-normal/arm64/RedisClient.SwiftFileList --source-file-list /Users/admin/builder/spi-builder-workspace/.derivedData/Build/Intermediates.noindex/RedisClient.build/Debug-watchos/RedisClient-t.build/Objects-normal/arm64_32/RedisClient.SwiftFileList --metadata-file-list /Users/admin/builder/spi-builder-workspace/.derivedData/Build/Intermediates.noindex/RedisClient.build/Debug-watchos/RedisClient-t.build/RedisClient.DependencyMetadataFileList --static-metadata-file-list /Users/admin/builder/spi-builder-workspace/.derivedData/Build/Intermediates.noindex/RedisClient.build/Debug-watchos/RedisClient-t.build/RedisClient.DependencyStaticMetadataFileList --swift-const-vals-list /Users/admin/builder/spi-builder-workspace/.derivedData/Build/Intermediates.noindex/RedisClient.build/Debug-watchos/RedisClient-t.build/Objects-normal/arm64/RedisClient.SwiftConstValuesFileList --swift-const-vals-list /Users/admin/builder/spi-builder-workspace/.derivedData/Build/Intermediates.noindex/RedisClient.build/Debug-watchos/RedisClient-t.build/Objects-normal/arm64_32/RedisClient.SwiftConstValuesFileList --force --compile-time-extraction --deployment-aware-processing --no-app-shortcuts-localization
2026-09-16 16:40:10.207 appintentsmetadataprocessor[1428:7584] Starting appintentsmetadataprocessor export
2026-09-16 16:40:10.270 appintentsmetadataprocessor[1428:7584] Extracted no relevant App Intents symbols, skipping writing output
ExtractAppIntentsMetadata (in target 'Core' from project 'Core')
cd /Users/admin/builder/spi-builder-workspace/.dependencies/checkouts/core
/Applications/Xcode-27.0.0-Release.Candidate.app/Contents/Developer/Toolchains/XcodeDefault.xctoolchain/usr/bin/appintentsmetadataprocessor --toolchain-dir /var/run/com.apple.security.cryptexd/mnt/com.apple.MobileAsset.MetalToolchain-v27.1.266.1.LcV8T4/Metal.xctoolchain --module-name Core --sdk-root /Applications/Xcode-27.0.0-Release.Candidate.app/Contents/Developer/Platforms/WatchOS.platform/Developer/SDKs/WatchOS27.0.sdk --xcode-version 27A266a --platform-family watchOS --deployment-target 9.0 --bundle-identifier core.Core --output /Users/admin/builder/spi-builder-workspace/.derivedData/Build/Products/Debug-watchos/Core.appintents --target-triple arm64-apple-watchos9.0 --target-triple arm64_32-apple-watchos9.0 --binary-file /Users/admin/builder/spi-builder-workspace/.derivedData/Build/Products/Debug-watchos/Core.o --dependency-file /Users/admin/builder/spi-builder-workspace/.derivedData/Build/Intermediates.noindex/Core.build/Debug-watchos/Core-t.build/Objects-normal/arm64/Core_dependency_info.dat --dependency-file /Users/admin/builder/spi-builder-workspace/.derivedData/Build/Intermediates.noindex/Core.build/Debug-watchos/Core-t.build/Objects-normal/arm64_32/Core_dependency_info.dat --stringsdata-file /Users/admin/builder/spi-builder-workspace/.derivedData/Build/Intermediates.noindex/Core.build/Debug-watchos/Core-t.build/Objects-normal/arm64/ExtractedAppShortcutsMetadata.stringsdata --stringsdata-file /Users/admin/builder/spi-builder-workspace/.derivedData/Build/Intermediates.noindex/Core.build/Debug-watchos/Core-t.build/Objects-normal/arm64_32/ExtractedAppShortcutsMetadata.stringsdata --source-file-list /Users/admin/builder/spi-builder-workspace/.derivedData/Build/Intermediates.noindex/Core.build/Debug-watchos/Core-t.build/Objects-normal/arm64/Core.SwiftFileList --source-file-list /Users/admin/builder/spi-builder-workspace/.derivedData/Build/Intermediates.noindex/Core.build/Debug-watchos/Core-t.build/Objects-normal/arm64_32/Core.SwiftFileList --metadata-file-list /Users/admin/builder/spi-builder-workspace/.derivedData/Build/Intermediates.noindex/Core.build/Debug-watchos/Core-t.build/Core.DependencyMetadataFileList --static-metadata-file-list /Users/admin/builder/spi-builder-workspace/.derivedData/Build/Intermediates.noindex/Core.build/Debug-watchos/Core-t.build/Core.DependencyStaticMetadataFileList --swift-const-vals-list /Users/admin/builder/spi-builder-workspace/.derivedData/Build/Intermediates.noindex/Core.build/Debug-watchos/Core-t.build/Objects-normal/arm64/Core.SwiftConstValuesFileList --swift-const-vals-list /Users/admin/builder/spi-builder-workspace/.derivedData/Build/Intermediates.noindex/Core.build/Debug-watchos/Core-t.build/Objects-normal/arm64_32/Core.SwiftConstValuesFileList --force --compile-time-extraction --deployment-aware-processing --no-app-shortcuts-localization
2026-09-16 16:40:10.211 appintentsmetadataprocessor[1429:7585] Starting appintentsmetadataprocessor export
2026-09-16 16:40:10.274 appintentsmetadataprocessor[1429:7585] Extracted no relevant App Intents symbols, skipping writing output
SwiftCompile normal arm64 Compiling\ Certificates.swift,\ ClientSocket.swift /Users/admin/builder/spi-builder-workspace/.dependencies/checkouts/tls/Sources/TLS/Certificates.swift /Users/admin/builder/spi-builder-workspace/.dependencies/checkouts/tls/Sources/TLS/ClientSocket.swift (in target 'TLS' from project 'TLS')
SwiftCompile normal arm64 /Users/admin/builder/spi-builder-workspace/.dependencies/checkouts/tls/Sources/TLS/Certificates.swift (in target 'TLS' from project 'TLS')
cd /Users/admin/builder/spi-builder-workspace/.swiftpm/xcode
builtin-SwiftPerFileCompile Certificates.swift
SwiftCompile normal arm64 /Users/admin/builder/spi-builder-workspace/.dependencies/checkouts/tls/Sources/TLS/ClientSocket.swift (in target 'TLS' from project 'TLS')
cd /Users/admin/builder/spi-builder-workspace/.swiftpm/xcode
builtin-SwiftPerFileCompile ClientSocket.swift
SwiftCompile normal arm64 Compiling\ Mode.swift /Users/admin/builder/spi-builder-workspace/.dependencies/checkouts/tls/Sources/TLS/Mode.swift (in target 'TLS' from project 'TLS')
SwiftCompile normal arm64 /Users/admin/builder/spi-builder-workspace/.dependencies/checkouts/tls/Sources/TLS/Mode.swift (in target 'TLS' from project 'TLS')
cd /Users/admin/builder/spi-builder-workspace/.swiftpm/xcode
builtin-SwiftPerFileCompile Mode.swift
SwiftCompile normal arm64 Compiling\ Context.swift,\ Error.swift /Users/admin/builder/spi-builder-workspace/.dependencies/checkouts/tls/Sources/TLS/Context.swift /Users/admin/builder/spi-builder-workspace/.dependencies/checkouts/tls/Sources/TLS/Error.swift (in target 'TLS' from project 'TLS')
SwiftCompile normal arm64 /Users/admin/builder/spi-builder-workspace/.dependencies/checkouts/tls/Sources/TLS/Context.swift (in target 'TLS' from project 'TLS')
cd /Users/admin/builder/spi-builder-workspace/.swiftpm/xcode
builtin-SwiftPerFileCompile Context.swift
SwiftCompile normal arm64 /Users/admin/builder/spi-builder-workspace/.dependencies/checkouts/tls/Sources/TLS/Error.swift (in target 'TLS' from project 'TLS')
cd /Users/admin/builder/spi-builder-workspace/.swiftpm/xcode
builtin-SwiftPerFileCompile Error.swift
SwiftCompile normal arm64 Compiling\ InternetSocket.swift /Users/admin/builder/spi-builder-workspace/.dependencies/checkouts/tls/Sources/TLS/InternetSocket.swift (in target 'TLS' from project 'TLS')
SwiftCompile normal arm64 /Users/admin/builder/spi-builder-workspace/.dependencies/checkouts/tls/Sources/TLS/InternetSocket.swift (in target 'TLS' from project 'TLS')
cd /Users/admin/builder/spi-builder-workspace/.swiftpm/xcode
builtin-SwiftPerFileCompile InternetSocket.swift
SwiftCompile normal arm64 Compiling\ ServerSocket.swift /Users/admin/builder/spi-builder-workspace/.dependencies/checkouts/tls/Sources/TLS/ServerSocket.swift (in target 'TLS' from project 'TLS')
<module-includes>:1:9: note: in file included from <module-includes>:1:
1 | #import "shim.h"
| `- note: in file included from <module-includes>:1:
2 |
/Users/admin/builder/spi-builder-workspace/.dependencies/checkouts/ctls/shim.h:4:10: error: 'openssl/conf.h' file not found
2 | #define __COPENSSL_SHIM_H__
3 |
4 | #include <openssl/conf.h>
| `- error: 'openssl/conf.h' file not found
5 | #include <openssl/evp.h>
6 | #include <openssl/err.h>
/Users/admin/builder/spi-builder-workspace/.dependencies/checkouts/tls/Sources/TLS/ClientSocket.swift:1:8: error: could not build Objective-C module 'CTLS'
1 | import CTLS
| `- error: could not build Objective-C module 'CTLS'
2 |
3 | /// An SSL Socket.
Failed frontend command:
/Applications/Xcode-27.0.0-Release.Candidate.app/Contents/Developer/Toolchains/XcodeDefault.xctoolchain/usr/bin/swift-frontend -frontend -c /Users/admin/builder/spi-builder-workspace/.dependencies/checkouts/tls/Sources/TLS/Certificates.swift /Users/admin/builder/spi-builder-workspace/.dependencies/checkouts/tls/Sources/TLS/ClientSocket.swift /Users/admin/builder/spi-builder-workspace/.dependencies/checkouts/tls/Sources/TLS/Context.swift /Users/admin/builder/spi-builder-workspace/.dependencies/checkouts/tls/Sources/TLS/Error.swift /Users/admin/builder/spi-builder-workspace/.dependencies/checkouts/tls/Sources/TLS/Exports.swift /Users/admin/builder/spi-builder-workspace/.dependencies/checkouts/tls/Sources/TLS/InternetSocket.swift /Users/admin/builder/spi-builder-workspace/.dependencies/checkouts/tls/Sources/TLS/Mode.swift /Users/admin/builder/spi-builder-workspace/.dependencies/checkouts/tls/Sources/TLS/ReadableSocket.swift -primary-file /Users/admin/builder/spi-builder-workspace/.dependencies/checkouts/tls/Sources/TLS/ServerSocket.swift /Users/admin/builder/spi-builder-workspace/.dependencies/checkouts/tls/Sources/TLS/Socket.swift /Users/admin/builder/spi-builder-workspace/.dependencies/checkouts/tls/Sources/TLS/Utilities.swift /Users/admin/builder/spi-builder-workspace/.dependencies/checkouts/tls/Sources/TLS/WriteableSocket.swift -emit-dependencies-path /Users/admin/builder/spi-builder-workspace/.derivedData/Build/Intermediates.noindex/TLS.build/Debug-watchos/TLS-t.build/Objects-normal/arm64/ServerSocket.d -emit-const-values-path /Users/admin/builder/spi-builder-workspace/.derivedData/Build/Intermediates.noindex/TLS.build/Debug-watchos/TLS-t.build/Objects-normal/arm64/ServerSocket.swiftconstvalues -emit-reference-dependencies-path /Users/admin/builder/spi-builder-workspace/.derivedData/Build/Intermediates.noindex/TLS.build/Debug-watchos/TLS-t.build/Objects-normal/arm64/ServerSocket.swiftdeps -serialize-diagnostics-path /Users/admin/builder/spi-builder-workspace/.derivedData/Build/Intermediates.noindex/TLS.build/Debug-watchos/TLS-t.build/Objects-normal/arm64/ServerSocket.dia -target arm64-apple-watchos9.0 -Xllvm -aarch64-use-tbi -enable-objc-interop -stack-check -sdk /Applications/Xcode-27.0.0-Release.Candidate.app/Contents/Developer/Platforms/WatchOS.platform/Developer/SDKs/WatchOS27.0.sdk -I /Users/admin/builder/spi-builder-workspace/.derivedData/Build/Products/Debug-watchos -Isystem /Applications/Xcode-27.0.0-Release.Candidate.app/Contents/Developer/Platforms/WatchOS.platform/Developer/usr/lib -F /Users/admin/builder/spi-builder-workspace/.derivedData/Build/Products/Debug-watchos/PackageFrameworks -F /Users/admin/builder/spi-builder-workspace/.derivedData/Build/Products/Debug-watchos -F /Applications/Xcode-27.0.0-Release.Candidate.app/Contents/Developer/Platforms/WatchOS.platform/Developer/Library/Frameworks -F /Applications/Xcode-27.0.0-Release.Candidate.app/Contents/Developer/Platforms/WatchOS.platform/Developer/SDKs/WatchOS27.0.sdk/Developer/Library/Frameworks -module-cache-path /Users/admin/builder/spi-builder-workspace/.derivedData/ModuleCache.noindex -no-color-diagnostics -Xcc -fno-color-diagnostics -enable-testing -g -debug-info-format\=dwarf -dwarf-version\=4 -suppress-warnings -profile-generate -profile-coverage-mapping -swift-version 4 -Onone -D SWIFT_PACKAGE -D DEBUG -D SWIFT_MODULE_RESOURCE_BUNDLE_UNAVAILABLE -D Xcode -serialize-debugging-options -enable-experimental-feature DebugDescriptionMacro -empty-abi-descriptor -plugin-path /Applications/Xcode-27.0.0-Release.Candidate.app/Contents/Developer/Toolchains/XcodeDefault.xctoolchain/usr/lib/swift/host/plugins/testing -validate-clang-modules-once -clang-build-session-file /Users/admin/builder/spi-builder-workspace/.derivedData/ModuleCache.noindex/Session.modulevalidation -Xcc -working-directory -Xcc /Users/admin/builder/spi-builder-workspace/.swiftpm/xcode -enable-anonymous-context-mangled-names -file-compilation-dir /Users/admin/builder/spi-builder-workspace/.swiftpm/xcode -Xcc -fmodule-map-file\=/Users/admin/builder/spi-builder-workspace/.dependencies/checkouts/ctls/module.modulemap -Xcc -D_LIBCPP_HARDENING_MODE\=_LIBCPP_HARDENING_MODE_DEBUG -Xcc -ivfsstatcache -Xcc /Users/admin/builder/spi-builder-workspace/.derivedData/SDKStatCaches.noindex/watchos27.0-24R360-e829b21a6f8c9b70876ba0858053c04477534ef55a1706bf4c1112bbb242f0a2.sdkstatcache -Xcc -fmodules-prune-interval\=86400 -Xcc -fmodules-prune-after\=345600 -Xcc -I/Users/admin/builder/spi-builder-workspace/.derivedData/Build/Products/Debug-watchos/include -Xcc -I/Users/admin/builder/spi-builder-workspace/.derivedData/Build/Intermediates.noindex/TLS.build/Debug-watchos/TLS-t.build/DerivedSources-normal/arm64 -Xcc -I/Users/admin/builder/spi-builder-workspace/.derivedData/Build/Intermediates.noindex/TLS.build/Debug-watchos/TLS-t.build/DerivedSources/arm64 -Xcc -I/Users/admin/builder/spi-builder-workspace/.derivedData/Build/Intermediates.noindex/TLS.build/Debug-watchos/TLS-t.build/DerivedSources -Xcc -DSWIFT_PACKAGE -Xcc -DDEBUG\=1 -no-auto-bridging-header-chaining -module-name TLS -const-gather-protocols-file /Users/admin/builder/spi-builder-workspace/.derivedData/Build/Intermediates.noindex/TLS.build/Debug-watchos/TLS-t.build/Objects-normal/arm64/TLS_const_extract_protocols.json -disable-clang-spi -target-sdk-version 27.0 -target-sdk-name watchos27.0 -external-plugin-path /Applications/Xcode-27.0.0-Release.Candidate.app/Contents/Developer/Platforms/WatchOS.platform/Developer/usr/lib/swift/host/plugins\#/Applications/Xcode-27.0.0-Release.Candidate.app/Contents/Developer/Platforms/WatchOS.platform/Developer/usr/bin/swift-plugin-server -external-plugin-path /Applications/Xcode-27.0.0-Release.Candidate.app/Contents/Developer/Platforms/WatchOS.platform/Developer/usr/local/lib/swift/host/plugins\#/Applications/Xcode-27.0.0-Release.Candidate.app/Contents/Developer/Platforms/WatchOS.platform/Developer/usr/bin/swift-plugin-server -in-process-plugin-server-path /Applications/Xcode-27.0.0-Release.Candidate.app/Contents/Developer/Toolchains/XcodeDefault.xctoolchain/usr/lib/swift/host/libSwiftInProcPluginServer.dylib -plugin-path /Applications/Xcode-27.0.0-Release.Candidate.app/Contents/Developer/Toolchains/XcodeDefault.xctoolchain/usr/lib/swift/host/plugins -plugin-path /Applications/Xcode-27.0.0-Release.Candidate.app/Contents/Developer/Toolchains/XcodeDefault.xctoolchain/usr/local/lib/swift/host/plugins -parse-as-library -o /Users/admin/builder/spi-builder-workspace/.derivedData/Build/Intermediates.noindex/TLS.build/Debug-watchos/TLS-t.build/Objects-normal/arm64/ServerSocket.o -index-unit-output-path /TLS.build/Debug-watchos/TLS-t.build/Objects-normal/arm64/ServerSocket.o -index-store-path /Users/admin/builder/spi-builder-workspace/.derivedData/Index.noindex/DataStore -index-system-modules
SwiftCompile normal arm64 /Users/admin/builder/spi-builder-workspace/.dependencies/checkouts/tls/Sources/TLS/ServerSocket.swift (in target 'TLS' from project 'TLS')
cd /Users/admin/builder/spi-builder-workspace/.swiftpm/xcode
builtin-SwiftPerFileCompile ServerSocket.swift
SwiftCompile normal arm64 Compiling\ Exports.swift /Users/admin/builder/spi-builder-workspace/.dependencies/checkouts/tls/Sources/TLS/Exports.swift (in target 'TLS' from project 'TLS')
SwiftCompile normal arm64 /Users/admin/builder/spi-builder-workspace/.dependencies/checkouts/tls/Sources/TLS/Exports.swift (in target 'TLS' from project 'TLS')
cd /Users/admin/builder/spi-builder-workspace/.swiftpm/xcode
builtin-SwiftPerFileCompile Exports.swift
SwiftCompile normal arm64 Compiling\ Socket.swift /Users/admin/builder/spi-builder-workspace/.dependencies/checkouts/tls/Sources/TLS/Socket.swift (in target 'TLS' from project 'TLS')
SwiftCompile normal arm64 /Users/admin/builder/spi-builder-workspace/.dependencies/checkouts/tls/Sources/TLS/Socket.swift (in target 'TLS' from project 'TLS')
cd /Users/admin/builder/spi-builder-workspace/.swiftpm/xcode
builtin-SwiftPerFileCompile Socket.swift
<module-includes>:1:9: note: in file included from <module-includes>:1:
1 | #import "shim.h"
| `- note: in file included from <module-includes>:1:
2 |
/Users/admin/builder/spi-builder-workspace/.dependencies/checkouts/ctls/shim.h:4:10: error: 'openssl/conf.h' file not found
2 | #define __COPENSSL_SHIM_H__
3 |
4 | #include <openssl/conf.h>
| `- error: 'openssl/conf.h' file not found
5 | #include <openssl/evp.h>
6 | #include <openssl/err.h>
SwiftEmitModule normal arm64 Emitting\ module\ for\ TLS (in target 'TLS' from project 'TLS')
SwiftCompile normal arm64 (in target 'TLS' from project 'TLS')
cd /Users/admin/builder/spi-builder-workspace/.swiftpm/xcode
SwiftEmitModule normal arm64_32 Emitting\ module\ for\ TLS (in target 'TLS' from project 'TLS')
SwiftCompile normal arm64_32 (in target 'TLS' from project 'TLS')
cd /Users/admin/builder/spi-builder-workspace/.swiftpm/xcode
SwiftCompile normal arm64 Compiling\ Utilities.swift /Users/admin/builder/spi-builder-workspace/.dependencies/checkouts/tls/Sources/TLS/Utilities.swift (in target 'TLS' from project 'TLS')
SwiftCompile normal arm64 /Users/admin/builder/spi-builder-workspace/.dependencies/checkouts/tls/Sources/TLS/Utilities.swift (in target 'TLS' from project 'TLS')
cd /Users/admin/builder/spi-builder-workspace/.swiftpm/xcode
builtin-SwiftPerFileCompile Utilities.swift
SwiftEmitModule normal arm64_32 Emitting\ module\ for\ Node (in target 'Node' from project 'Node')
SwiftCompile normal arm64_32 (in target 'Node' from project 'Node')
cd /Users/admin/builder/spi-builder-workspace/.swiftpm/xcode
PruneExplicitPrecompiledModules /Users/admin/builder/spi-builder-workspace/.derivedData/Build/Intermediates.noindex/SwiftExplicitPrecompiledModules
PruneExplicitPrecompiledModules /Users/admin/builder/spi-builder-workspace/.derivedData/SDKExplicitPrecompiledModules
PruneExplicitPrecompiledModules /Users/admin/builder/spi-builder-workspace/.derivedData/Build/Intermediates.noindex/ExplicitPrecompiledModules
2026-09-16 16:40:08.903 xcodebuild[1408:7485] [MT] IDERunDestination: Supported platforms for the buildables in the current scheme is empty.
** BUILD FAILED **
The following build commands failed:
SwiftCompile normal arm64 Compiling\ ServerSocket.swift /Users/admin/builder/spi-builder-workspace/.dependencies/checkouts/tls/Sources/TLS/ServerSocket.swift (in target 'TLS' from project 'TLS')
SwiftCompile normal arm64 /Users/admin/builder/spi-builder-workspace/.dependencies/checkouts/tls/Sources/TLS/ServerSocket.swift (in target 'TLS' from project 'TLS')
Building workspace VaporRedisClient with scheme VaporRedisClient
(3 failures)
BUILD FAILURE 6.4 watchOS