Build Information
Failed to build SwiftyCrop, reference v2.3.1 (adbf08), with Swift 6.1 for macOS (SPM) on 13 Aug 2026 07:18:35 UTC.
Build Command
env DEVELOPER_DIR=/Applications/Xcode-16.3.0.app xcrun swift build --arch arm64Build Log
========================================
RunAll
========================================
Builder version: undefined version: run 'make version' to update
Interrupt handler set up.
========================================
Checkout
========================================
Clone URL: https://github.com/benedom/SwiftyCrop.git
Reference: v2.3.1
Initialized empty Git repository in /Users/admin/builder/spi-builder-workspace/.git/
From https://github.com/benedom/SwiftyCrop
* tag v2.3.1 -> FETCH_HEAD
HEAD is now at adbf08d Merge pull request #55 from jacklieblich/fix/configurable-progress-delay
Cloned https://github.com/benedom/SwiftyCrop.git
Revision (git rev-parse @):
adbf08df5fecdedc3f810ca13117fbf4b5e9255a
SUCCESS checkout https://github.com/benedom/SwiftyCrop.git at v2.3.1
========================================
Build
========================================
Selected platform: macosSpm
Swift version: 6.1
Building package at path: $PWD
https://github.com/benedom/SwiftyCrop.git
https://github.com/benedom/SwiftyCrop.git
{
"default_localization" : "en",
"dependencies" : [
],
"manifest_display_name" : "SwiftyCrop",
"name" : "SwiftyCrop",
"path" : "/Users/admin/builder/spi-builder-workspace",
"platforms" : [
{
"name" : "ios",
"version" : "16.0"
},
{
"name" : "visionos",
"version" : "1.0"
},
{
"name" : "macos",
"version" : "13.0"
}
],
"products" : [
{
"name" : "SwiftyCrop",
"targets" : [
"SwiftyCrop"
],
"type" : {
"library" : [
"automatic"
]
}
}
],
"targets" : [
{
"c99name" : "SwiftyCropTests",
"module_type" : "SwiftTarget",
"name" : "SwiftyCropTests",
"path" : "Tests/SwiftyCropTests",
"sources" : [
"CropGeometryTests.swift",
"SwiftyCropTests.swift"
],
"target_dependencies" : [
"SwiftyCrop"
],
"type" : "test"
},
{
"c99name" : "SwiftyCrop",
"module_type" : "SwiftTarget",
"name" : "SwiftyCrop",
"path" : "Sources",
"product_memberships" : [
"SwiftyCrop"
],
"resources" : [
{
"path" : "/Users/admin/builder/spi-builder-workspace/Sources/PrivacyInfo.xcprivacy",
"rule" : {
"copy" : {
}
}
},
{
"path" : "/Users/admin/builder/spi-builder-workspace/Sources/SwiftyCrop/Resources/Localizable.xcstrings",
"rule" : {
"process" : {
}
}
}
],
"sources" : [
"SwiftyCrop/Extensions/View+Extension.swift",
"SwiftyCrop/Models/CropViewModel.swift",
"SwiftyCrop/Models/MaskShape.swift",
"SwiftyCrop/Models/SwiftyCropConfiguration.swift",
"SwiftyCrop/SwiftyCrop.swift",
"SwiftyCrop/View/CropView.swift",
"SwiftyCrop/View/ProgressLayer.swift"
],
"type" : "library"
}
],
"tools_version" : "5.9"
}
Running build ...
env DEVELOPER_DIR=/Applications/Xcode-16.3.0.app xcrun swift build --arch arm64 -Xswiftc -Xfrontend -Xswiftc -stats-output-dir -Xswiftc -Xfrontend -Xswiftc .stats -Xswiftc -strict-concurrency=complete -Xswiftc -enable-upcoming-feature -Xswiftc StrictConcurrency -Xswiftc -enable-upcoming-feature -Xswiftc DisableOutwardActorInference -Xswiftc -enable-upcoming-feature -Xswiftc GlobalActorIsolatedTypesUsability -Xswiftc -enable-upcoming-feature -Xswiftc InferSendableFromCaptures
Building for debugging...
[0/5] Write sources
[1/5] Copying PrivacyInfo.xcprivacy
[2/5] Copying Info.plist
[3/5] Copying Localizable.xcstrings
[4/5] Write swift-version-2F0A5646E1D333AE.txt
[6/14] Compiling SwiftyCrop resource_bundle_accessor.swift
[7/14] Compiling SwiftyCrop SwiftyCropConfiguration.swift
[8/14] Emitting module SwiftyCrop
[9/14] Compiling SwiftyCrop MaskShape.swift
[10/14] Compiling SwiftyCrop CropViewModel.swift
[11/14] Compiling SwiftyCrop SwiftyCrop.swift
[12/14] Compiling SwiftyCrop View+Extension.swift
/Users/admin/builder/spi-builder-workspace/Sources/SwiftyCrop/Extensions/View+Extension.swift:53:14: error: value of type 'Self' has no member 'glassEffect'
51 | self.buttonStyle(GlassProminentButtonStyle()).tint(tint)
52 | #elseif os(macOS)
53 | self.glassEffect(.regular.tint(tint).interactive())
| `- error: value of type 'Self' has no member 'glassEffect'
54 | #else
55 | self
/Users/admin/builder/spi-builder-workspace/Sources/SwiftyCrop/Extensions/View+Extension.swift:53:27: error: cannot infer contextual base in reference to member 'regular'
51 | self.buttonStyle(GlassProminentButtonStyle()).tint(tint)
52 | #elseif os(macOS)
53 | self.glassEffect(.regular.tint(tint).interactive())
| `- error: cannot infer contextual base in reference to member 'regular'
54 | #else
55 | self
[13/14] Compiling SwiftyCrop ProgressLayer.swift
/Users/admin/builder/spi-builder-workspace/Sources/SwiftyCrop/View/ProgressLayer.swift:55:10: error: value of type 'some View' has no member 'glassEffect'
53 | if #available(iOS 26, macOS 26, *) {
54 | progressContent
55 | .glassEffect(
| `- error: value of type 'some View' has no member 'glassEffect'
56 | .regular.tint(configuration.colors.background.opacity(0.8)),
57 | in: RoundedRectangle(cornerRadius: 12)
/Users/admin/builder/spi-builder-workspace/Sources/SwiftyCrop/View/ProgressLayer.swift:56:12: error: cannot infer contextual base in reference to member 'regular'
54 | progressContent
55 | .glassEffect(
56 | .regular.tint(configuration.colors.background.opacity(0.8)),
| `- error: cannot infer contextual base in reference to member 'regular'
57 | in: RoundedRectangle(cornerRadius: 12)
58 | )
[14/14] Compiling SwiftyCrop CropView.swift
/Users/admin/builder/spi-builder-workspace/Sources/SwiftyCrop/View/CropView.swift:285:7: error: cannot find 'ToolbarSpacer' in scope
283 | #if !os(visionOS)
284 | if #available(iOS 26, macOS 26, *) {
285 | ToolbarSpacer(.fixed)
| `- error: cannot find 'ToolbarSpacer' in scope
286 | }
287 | #endif
/Users/admin/builder/spi-builder-workspace/Sources/SwiftyCrop/View/CropView.swift:285:22: error: cannot infer contextual base in reference to member 'fixed'
283 | #if !os(visionOS)
284 | if #available(iOS 26, macOS 26, *) {
285 | ToolbarSpacer(.fixed)
| `- error: cannot infer contextual base in reference to member 'fixed'
286 | }
287 | #endif
Running build ...
env DEVELOPER_DIR=/Applications/Xcode-16.3.0.app xcrun swift build --arch arm64
[0/1] Planning build
Building for debugging...
[0/1] Write swift-version-2F0A5646E1D333AE.txt
[2/10] Compiling SwiftyCrop resource_bundle_accessor.swift
[3/10] Compiling SwiftyCrop SwiftyCrop.swift
[4/10] Compiling SwiftyCrop CropView.swift
/Users/admin/builder/spi-builder-workspace/Sources/SwiftyCrop/View/CropView.swift:285:7: error: cannot find 'ToolbarSpacer' in scope
283 | #if !os(visionOS)
284 | if #available(iOS 26, macOS 26, *) {
285 | ToolbarSpacer(.fixed)
| `- error: cannot find 'ToolbarSpacer' in scope
286 | }
287 | #endif
/Users/admin/builder/spi-builder-workspace/Sources/SwiftyCrop/View/CropView.swift:285:22: error: cannot infer contextual base in reference to member 'fixed'
283 | #if !os(visionOS)
284 | if #available(iOS 26, macOS 26, *) {
285 | ToolbarSpacer(.fixed)
| `- error: cannot infer contextual base in reference to member 'fixed'
286 | }
287 | #endif
[5/10] Compiling SwiftyCrop ProgressLayer.swift
/Users/admin/builder/spi-builder-workspace/Sources/SwiftyCrop/View/ProgressLayer.swift:55:10: error: value of type 'some View' has no member 'glassEffect'
53 | if #available(iOS 26, macOS 26, *) {
54 | progressContent
55 | .glassEffect(
| `- error: value of type 'some View' has no member 'glassEffect'
56 | .regular.tint(configuration.colors.background.opacity(0.8)),
57 | in: RoundedRectangle(cornerRadius: 12)
/Users/admin/builder/spi-builder-workspace/Sources/SwiftyCrop/View/ProgressLayer.swift:56:12: error: cannot infer contextual base in reference to member 'regular'
54 | progressContent
55 | .glassEffect(
56 | .regular.tint(configuration.colors.background.opacity(0.8)),
| `- error: cannot infer contextual base in reference to member 'regular'
57 | in: RoundedRectangle(cornerRadius: 12)
58 | )
[6/10] Compiling SwiftyCrop SwiftyCropConfiguration.swift
[7/10] Compiling SwiftyCrop MaskShape.swift
[8/10] Emitting module SwiftyCrop
[9/10] Compiling SwiftyCrop CropViewModel.swift
[10/10] Compiling SwiftyCrop View+Extension.swift
/Users/admin/builder/spi-builder-workspace/Sources/SwiftyCrop/Extensions/View+Extension.swift:53:14: error: value of type 'Self' has no member 'glassEffect'
51 | self.buttonStyle(GlassProminentButtonStyle()).tint(tint)
52 | #elseif os(macOS)
53 | self.glassEffect(.regular.tint(tint).interactive())
| `- error: value of type 'Self' has no member 'glassEffect'
54 | #else
55 | self
/Users/admin/builder/spi-builder-workspace/Sources/SwiftyCrop/Extensions/View+Extension.swift:53:27: error: cannot infer contextual base in reference to member 'regular'
51 | self.buttonStyle(GlassProminentButtonStyle()).tint(tint)
52 | #elseif os(macOS)
53 | self.glassEffect(.regular.tint(tint).interactive())
| `- error: cannot infer contextual base in reference to member 'regular'
54 | #else
55 | self
BUILD FAILURE 6.1 macosSpm