The Swift Package Index logo.Swift Package Index

Build Information

Failed to build NukeUI, reference 0.8.3 (db5502), with Swift 6.4 for visionOS using Xcode 27.0 on 18 Sep 2026 11:23:54 UTC.

Build Command

env DEVELOPER_DIR=/Applications/Xcode-27.0.0-Release.Candidate.app xcrun xcodebuild -IDEClonedSourcePackagesDirPathOverride=$PWD/.dependencies -skipMacroValidation -skipPackagePluginValidation -derivedDataPath $PWD/.derivedData build -scheme NukeUI -destination generic/platform=xrOS

Build Log

  "platforms" : [
    {
      "name" : "macos",
      "version" : "10.14"
    },
    {
      "name" : "ios",
      "version" : "12.0"
    },
    {
      "name" : "tvos",
      "version" : "12.0"
    },
    {
      "name" : "watchos",
      "version" : "5.0"
    }
  ],
  "products" : [
    {
      "name" : "NukeUI",
      "targets" : [
        "NukeUI"
      ],
      "type" : {
        "library" : [
          "automatic"
        ]
      }
    }
  ],
  "targets" : [
    {
      "c99name" : "NukeUI",
      "module_type" : "SwiftTarget",
      "name" : "NukeUI",
      "path" : "Sources",
      "product_dependencies" : [
        "Nuke",
        "Gifu"
      ],
      "product_memberships" : [
        "NukeUI"
      ],
      "sources" : [
        "Image.swift",
        "ImageView.swift",
        "Internal.swift",
        "LazyImage.swift",
        "LazyImageView.swift",
        "VideoPlayerView.swift"
      ],
      "type" : "library"
    }
  ],
  "tools_version" : "5.3"
}
{
  "workspace" : {
    "name" : "NukeUI",
    "schemes" : [
      "NukeUI"
    ]
  }
}
2026-09-18 07:23:39.673 xcodebuild[717:4390] [MT] IDERunDestination: Supported platforms for the buildables in the current scheme is empty.
Running build ...
env DEVELOPER_DIR=/Applications/Xcode-27.0.0-Release.Candidate.app xcrun xcodebuild -IDEClonedSourcePackagesDirPathOverride=$PWD/.dependencies -skipMacroValidation -skipPackagePluginValidation -derivedDataPath $PWD/.derivedData build -scheme NukeUI -destination generic/platform=xrOS
Command line invocation:
    /Applications/Xcode-27.0.0-Release.Candidate.app/Contents/Developer/usr/bin/xcodebuild -IDEClonedSourcePackagesDirPathOverride=/Users/admin/builder/spi-builder-workspace/.dependencies -skipMacroValidation -skipPackagePluginValidation -derivedDataPath /Users/admin/builder/spi-builder-workspace/.derivedData build -scheme NukeUI -destination generic/platform=xrOS
Resolve Package Graph
Resolve Package Graph
Resolved source packages:
  NukeUI: /Users/admin/builder/spi-builder-workspace
  Gifu: https://github.com/kaishin/Gifu @ 3.5.1
  Nuke: https://github.com/kean/Nuke.git @ 10.11.2
ComputePackagePrebuildTargetDependencyGraph
Prepare packages
CreateBuildRequest
SendProjectDescription
CreateBuildOperation
ComputeTargetDependencyGraph
note: Building targets in dependency order
note: Target dependency graph (4 targets)
    Target 'NukeUI-product' in project 'NukeUI'
        ➜ Explicit dependency on target 'NukeUI' in project 'NukeUI'
        ➜ Explicit dependency on target 'Nuke-product' in project 'Nuke'
    Target 'NukeUI' in project 'NukeUI'
        ➜ Explicit dependency on target 'Nuke-product' in project 'Nuke'
    Target 'Nuke-product' in project 'Nuke'
        ➜ Explicit dependency on target 'Nuke' in project 'Nuke'
    Target 'Nuke' in project 'Nuke' (no dependencies)
GatherProvisioningInputs
CreateBuildDescription
ExecuteExternalTool /Applications/Xcode-27.0.0-Release.Candidate.app/Contents/Developer/Toolchains/XcodeDefault.xctoolchain/usr/bin/clang -v -E -dM -isysroot /Applications/Xcode-27.0.0-Release.Candidate.app/Contents/Developer/Platforms/XROS.platform/Developer/SDKs/XROS27.0.sdk -x c -c /dev/null
ExecuteExternalTool /Applications/Xcode-27.0.0-Release.Candidate.app/Contents/Developer/Toolchains/XcodeDefault.xctoolchain/usr/bin/swiftc --version
ExecuteExternalTool /Applications/Xcode-27.0.0-Release.Candidate.app/Contents/Developer/Toolchains/XcodeDefault.xctoolchain/usr/bin/ld -version_details
Build description signature: c3d98235945c051dacb8fa9da9521a44
Build description path: /Users/admin/builder/spi-builder-workspace/.derivedData/Build/Intermediates.noindex/XCBuildData/c3d98235945c051dacb8fa9da9521a44.xcbuilddata
CreateBuildDirectory /Users/admin/builder/spi-builder-workspace/.derivedData/CompilationCache.noindex
    cd /Users/admin/builder/spi-builder-workspace/.swiftpm/xcode
    builtin-create-build-directory /Users/admin/builder/spi-builder-workspace/.derivedData/CompilationCache.noindex
CreateBuildDirectory /Users/admin/builder/spi-builder-workspace/.derivedData/ModuleCache.noindex
    cd /Users/admin/builder/spi-builder-workspace/.swiftpm/xcode
    builtin-create-build-directory /Users/admin/builder/spi-builder-workspace/.derivedData/ModuleCache.noindex
CreateBuildDirectory /Users/admin/builder/spi-builder-workspace/.derivedData/SDKExplicitPrecompiledModules
    cd /Users/admin/builder/spi-builder-workspace/.swiftpm/xcode
    builtin-create-build-directory /Users/admin/builder/spi-builder-workspace/.derivedData/SDKExplicitPrecompiledModules
ClangStatCache /Applications/Xcode-27.0.0-Release.Candidate.app/Contents/Developer/Toolchains/XcodeDefault.xctoolchain/usr/bin/clang-stat-cache /Applications/Xcode-27.0.0-Release.Candidate.app/Contents/Developer/Platforms/XROS.platform/Developer/SDKs/XROS27.0.sdk /Users/admin/builder/spi-builder-workspace/.derivedData/SDKStatCaches.noindex/xros27.0-24M361-e829b21a6f8c9b70876ba0858053c044735bd543db762f57723cac368afd1ce4.sdkstatcache
    cd /Users/admin/builder/spi-builder-workspace/.swiftpm/xcode
    /Applications/Xcode-27.0.0-Release.Candidate.app/Contents/Developer/Toolchains/XcodeDefault.xctoolchain/usr/bin/clang-stat-cache /Applications/Xcode-27.0.0-Release.Candidate.app/Contents/Developer/Platforms/XROS.platform/Developer/SDKs/XROS27.0.sdk -o /Users/admin/builder/spi-builder-workspace/.derivedData/SDKStatCaches.noindex/xros27.0-24M361-e829b21a6f8c9b70876ba0858053c044735bd543db762f57723cac368afd1ce4.sdkstatcache
CreateBuildDirectory /Users/admin/builder/spi-builder-workspace/.derivedData/Build/Products
    cd /Users/admin/builder/spi-builder-workspace/.swiftpm/xcode
    builtin-create-build-directory /Users/admin/builder/spi-builder-workspace/.derivedData/Build/Products
CreateBuildDirectory /Users/admin/builder/spi-builder-workspace/.derivedData/Build/Intermediates.noindex
    cd /Users/admin/builder/spi-builder-workspace/.swiftpm/xcode
    builtin-create-build-directory /Users/admin/builder/spi-builder-workspace/.derivedData/Build/Intermediates.noindex
CreateBuildDirectory /Users/admin/builder/spi-builder-workspace/.derivedData/Build/Intermediates.noindex/ExplicitPrecompiledModules
    cd /Users/admin/builder/spi-builder-workspace/.swiftpm/xcode
    builtin-create-build-directory /Users/admin/builder/spi-builder-workspace/.derivedData/Build/Intermediates.noindex/ExplicitPrecompiledModules
CreateBuildDirectory /Users/admin/builder/spi-builder-workspace/.derivedData/Build/Intermediates.noindex/PrecompiledHeaders
    cd /Users/admin/builder/spi-builder-workspace/.swiftpm/xcode
    builtin-create-build-directory /Users/admin/builder/spi-builder-workspace/.derivedData/Build/Intermediates.noindex/PrecompiledHeaders
CreateBuildDirectory /Users/admin/builder/spi-builder-workspace/.derivedData/Build/Intermediates.noindex/SwiftExplicitPrecompiledModules
    cd /Users/admin/builder/spi-builder-workspace/.swiftpm/xcode
    builtin-create-build-directory /Users/admin/builder/spi-builder-workspace/.derivedData/Build/Intermediates.noindex/SwiftExplicitPrecompiledModules
CreateBuildDirectory /Users/admin/builder/spi-builder-workspace/.derivedData/Build/Intermediates.noindex/EagerLinkingTBDs/Debug-xros
    cd /Users/admin/builder/spi-builder-workspace/.swiftpm/xcode
    builtin-create-build-directory /Users/admin/builder/spi-builder-workspace/.derivedData/Build/Intermediates.noindex/EagerLinkingTBDs/Debug-xros
CreateBuildDirectory /Users/admin/builder/spi-builder-workspace/.derivedData/Build/Products/Debug-xros
    cd /Users/admin/builder/spi-builder-workspace/.swiftpm/xcode
    builtin-create-build-directory /Users/admin/builder/spi-builder-workspace/.derivedData/Build/Products/Debug-xros
CreateBuildDirectory /Users/admin/builder/spi-builder-workspace/.derivedData/Build/Products/Debug-xros/PackageFrameworks
    cd /Users/admin/builder/spi-builder-workspace/.swiftpm/xcode
    builtin-create-build-directory /Users/admin/builder/spi-builder-workspace/.derivedData/Build/Products/Debug-xros/PackageFrameworks
WriteAuxiliaryFile /Users/admin/builder/spi-builder-workspace/.derivedData/Build/Intermediates.noindex/NukeUI.build/Debug-xros/NukeUI-t.build/NukeUI.DependencyStaticMetadataFileList (in target 'NukeUI' from project 'NukeUI')
    cd /Users/admin/builder/spi-builder-workspace
    write-file /Users/admin/builder/spi-builder-workspace/.derivedData/Build/Intermediates.noindex/NukeUI.build/Debug-xros/NukeUI-t.build/NukeUI.DependencyStaticMetadataFileList
WriteAuxiliaryFile /Users/admin/builder/spi-builder-workspace/.derivedData/Build/Intermediates.noindex/NukeUI.build/Debug-xros/NukeUI-t.build/NukeUI.modulemap (in target 'NukeUI' from project 'NukeUI')
    cd /Users/admin/builder/spi-builder-workspace
    write-file /Users/admin/builder/spi-builder-workspace/.derivedData/Build/Intermediates.noindex/NukeUI.build/Debug-xros/NukeUI-t.build/NukeUI.modulemap
WriteAuxiliaryFile /Users/admin/builder/spi-builder-workspace/.derivedData/Build/Intermediates.noindex/NukeUI.build/Debug-xros/NukeUI-t.build/NukeUI.DependencyMetadataFileList (in target 'NukeUI' from project 'NukeUI')
    cd /Users/admin/builder/spi-builder-workspace
    write-file /Users/admin/builder/spi-builder-workspace/.derivedData/Build/Intermediates.noindex/NukeUI.build/Debug-xros/NukeUI-t.build/NukeUI.DependencyMetadataFileList
WriteAuxiliaryFile /Users/admin/builder/spi-builder-workspace/.derivedData/Build/Intermediates.noindex/NukeUI.build/Debug-xros/NukeUI-t.build/Objects-normal/arm64/NukeUI.SwiftConstValuesFileList (in target 'NukeUI' from project 'NukeUI')
    cd /Users/admin/builder/spi-builder-workspace
    write-file /Users/admin/builder/spi-builder-workspace/.derivedData/Build/Intermediates.noindex/NukeUI.build/Debug-xros/NukeUI-t.build/Objects-normal/arm64/NukeUI.SwiftConstValuesFileList
WriteAuxiliaryFile /Users/admin/builder/spi-builder-workspace/.derivedData/Build/Intermediates.noindex/NukeUI.build/Debug-xros/NukeUI-t.build/Objects-normal/arm64/NukeUI.SwiftFileList (in target 'NukeUI' from project 'NukeUI')
    cd /Users/admin/builder/spi-builder-workspace
    write-file /Users/admin/builder/spi-builder-workspace/.derivedData/Build/Intermediates.noindex/NukeUI.build/Debug-xros/NukeUI-t.build/Objects-normal/arm64/NukeUI.SwiftFileList
WriteAuxiliaryFile /Users/admin/builder/spi-builder-workspace/.derivedData/Build/Intermediates.noindex/NukeUI.build/Debug-xros/NukeUI-t.build/Objects-normal/arm64/NukeUI-OutputFileMap.json (in target 'NukeUI' from project 'NukeUI')
    cd /Users/admin/builder/spi-builder-workspace
    write-file /Users/admin/builder/spi-builder-workspace/.derivedData/Build/Intermediates.noindex/NukeUI.build/Debug-xros/NukeUI-t.build/Objects-normal/arm64/NukeUI-OutputFileMap.json
WriteAuxiliaryFile /Users/admin/builder/spi-builder-workspace/.derivedData/Build/Intermediates.noindex/NukeUI.build/Debug-xros/NukeUI-t.build/Objects-normal/arm64/NukeUI_const_extract_protocols.json (in target 'NukeUI' from project 'NukeUI')
    cd /Users/admin/builder/spi-builder-workspace
    write-file /Users/admin/builder/spi-builder-workspace/.derivedData/Build/Intermediates.noindex/NukeUI.build/Debug-xros/NukeUI-t.build/Objects-normal/arm64/NukeUI_const_extract_protocols.json
WriteAuxiliaryFile /Users/admin/builder/spi-builder-workspace/.derivedData/Build/Intermediates.noindex/NukeUI.build/Debug-xros/NukeUI-t.build/Objects-normal/arm64/NukeUI.LinkFileList (in target 'NukeUI' from project 'NukeUI')
    cd /Users/admin/builder/spi-builder-workspace
    write-file /Users/admin/builder/spi-builder-workspace/.derivedData/Build/Intermediates.noindex/NukeUI.build/Debug-xros/NukeUI-t.build/Objects-normal/arm64/NukeUI.LinkFileList
WriteAuxiliaryFile /Users/admin/builder/spi-builder-workspace/.derivedData/Build/Intermediates.noindex/Nuke.build/Debug-xros/Nuke-t.build/Objects-normal/arm64/Nuke_const_extract_protocols.json (in target 'Nuke' from project 'Nuke')
    cd /Users/admin/builder/spi-builder-workspace/.dependencies/checkouts/Nuke
    write-file /Users/admin/builder/spi-builder-workspace/.derivedData/Build/Intermediates.noindex/Nuke.build/Debug-xros/Nuke-t.build/Objects-normal/arm64/Nuke_const_extract_protocols.json
WriteAuxiliaryFile /Users/admin/builder/spi-builder-workspace/.derivedData/Build/Intermediates.noindex/Nuke.build/Debug-xros/Nuke-t.build/Objects-normal/arm64/Nuke.SwiftFileList (in target 'Nuke' from project 'Nuke')
    cd /Users/admin/builder/spi-builder-workspace/.dependencies/checkouts/Nuke
    write-file /Users/admin/builder/spi-builder-workspace/.derivedData/Build/Intermediates.noindex/Nuke.build/Debug-xros/Nuke-t.build/Objects-normal/arm64/Nuke.SwiftFileList
WriteAuxiliaryFile /Users/admin/builder/spi-builder-workspace/.derivedData/Build/Intermediates.noindex/Nuke.build/Debug-xros/Nuke-t.build/Objects-normal/arm64/Nuke.SwiftConstValuesFileList (in target 'Nuke' from project 'Nuke')
    cd /Users/admin/builder/spi-builder-workspace/.dependencies/checkouts/Nuke
    write-file /Users/admin/builder/spi-builder-workspace/.derivedData/Build/Intermediates.noindex/Nuke.build/Debug-xros/Nuke-t.build/Objects-normal/arm64/Nuke.SwiftConstValuesFileList
WriteAuxiliaryFile /Users/admin/builder/spi-builder-workspace/.derivedData/Build/Intermediates.noindex/Nuke.build/Debug-xros/Nuke-t.build/Objects-normal/arm64/Nuke.LinkFileList (in target 'Nuke' from project 'Nuke')
    cd /Users/admin/builder/spi-builder-workspace/.dependencies/checkouts/Nuke
    write-file /Users/admin/builder/spi-builder-workspace/.derivedData/Build/Intermediates.noindex/Nuke.build/Debug-xros/Nuke-t.build/Objects-normal/arm64/Nuke.LinkFileList
WriteAuxiliaryFile /Users/admin/builder/spi-builder-workspace/.derivedData/Build/Intermediates.noindex/Nuke.build/Debug-xros/Nuke-t.build/Objects-normal/arm64/Nuke-OutputFileMap.json (in target 'Nuke' from project 'Nuke')
    cd /Users/admin/builder/spi-builder-workspace/.dependencies/checkouts/Nuke
    write-file /Users/admin/builder/spi-builder-workspace/.derivedData/Build/Intermediates.noindex/Nuke.build/Debug-xros/Nuke-t.build/Objects-normal/arm64/Nuke-OutputFileMap.json
WriteAuxiliaryFile /Users/admin/builder/spi-builder-workspace/.derivedData/Build/Intermediates.noindex/Nuke.build/Debug-xros/Nuke-t.build/Nuke.modulemap (in target 'Nuke' from project 'Nuke')
    cd /Users/admin/builder/spi-builder-workspace/.dependencies/checkouts/Nuke
    write-file /Users/admin/builder/spi-builder-workspace/.derivedData/Build/Intermediates.noindex/Nuke.build/Debug-xros/Nuke-t.build/Nuke.modulemap
WriteAuxiliaryFile /Users/admin/builder/spi-builder-workspace/.derivedData/Build/Intermediates.noindex/Nuke.build/Debug-xros/Nuke-t.build/Nuke.DependencyStaticMetadataFileList (in target 'Nuke' from project 'Nuke')
    cd /Users/admin/builder/spi-builder-workspace/.dependencies/checkouts/Nuke
    write-file /Users/admin/builder/spi-builder-workspace/.derivedData/Build/Intermediates.noindex/Nuke.build/Debug-xros/Nuke-t.build/Nuke.DependencyStaticMetadataFileList
WriteAuxiliaryFile /Users/admin/builder/spi-builder-workspace/.derivedData/Build/Intermediates.noindex/Nuke.build/Debug-xros/Nuke-t.build/Nuke.DependencyMetadataFileList (in target 'Nuke' from project 'Nuke')
    cd /Users/admin/builder/spi-builder-workspace/.dependencies/checkouts/Nuke
    write-file /Users/admin/builder/spi-builder-workspace/.derivedData/Build/Intermediates.noindex/Nuke.build/Debug-xros/Nuke-t.build/Nuke.DependencyMetadataFileList
Copy /Users/admin/builder/spi-builder-workspace/.derivedData/Build/Intermediates.noindex/GeneratedModuleMaps-xros/NukeUI.modulemap /Users/admin/builder/spi-builder-workspace/.derivedData/Build/Intermediates.noindex/NukeUI.build/Debug-xros/NukeUI-t.build/NukeUI.modulemap (in target 'NukeUI' from project 'NukeUI')
    cd /Users/admin/builder/spi-builder-workspace
    builtin-copy -exclude .DS_Store -exclude CVS -exclude .svn -exclude .git -exclude .hg -resolve-src-symlinks /Users/admin/builder/spi-builder-workspace/.derivedData/Build/Intermediates.noindex/NukeUI.build/Debug-xros/NukeUI-t.build/NukeUI.modulemap /Users/admin/builder/spi-builder-workspace/.derivedData/Build/Intermediates.noindex/GeneratedModuleMaps-xros
Copy /Users/admin/builder/spi-builder-workspace/.derivedData/Build/Intermediates.noindex/GeneratedModuleMaps-xros/Nuke.modulemap /Users/admin/builder/spi-builder-workspace/.derivedData/Build/Intermediates.noindex/Nuke.build/Debug-xros/Nuke-t.build/Nuke.modulemap (in target 'Nuke' from project 'Nuke')
    cd /Users/admin/builder/spi-builder-workspace/.dependencies/checkouts/Nuke
    builtin-copy -exclude .DS_Store -exclude CVS -exclude .svn -exclude .git -exclude .hg -resolve-src-symlinks /Users/admin/builder/spi-builder-workspace/.derivedData/Build/Intermediates.noindex/Nuke.build/Debug-xros/Nuke-t.build/Nuke.modulemap /Users/admin/builder/spi-builder-workspace/.derivedData/Build/Intermediates.noindex/GeneratedModuleMaps-xros
SwiftDriver Nuke normal arm64 com.apple.xcode.tools.swift.compiler (in target 'Nuke' from project 'Nuke')
    cd /Users/admin/builder/spi-builder-workspace/.swiftpm/xcode
    builtin-SwiftDriver -- /Applications/Xcode-27.0.0-Release.Candidate.app/Contents/Developer/Toolchains/XcodeDefault.xctoolchain/usr/bin/swiftc -parse-as-library -module-name Nuke -Onone @/Users/admin/builder/spi-builder-workspace/.derivedData/Build/Intermediates.noindex/Nuke.build/Debug-xros/Nuke-t.build/Objects-normal/arm64/Nuke.SwiftFileList -DSWIFT_PACKAGE -DDEBUG -DSWIFT_MODULE_RESOURCE_BUNDLE_UNAVAILABLE -DXcode -plugin-path /Applications/Xcode-27.0.0-Release.Candidate.app/Contents/Developer/Toolchains/XcodeDefault.xctoolchain/usr/lib/swift/host/plugins/testing -enable-experimental-feature DebugDescriptionMacro -sdk /Applications/Xcode-27.0.0-Release.Candidate.app/Contents/Developer/Platforms/XROS.platform/Developer/SDKs/XROS27.0.sdk -target arm64-apple-xros1.0 -g -module-cache-path /Users/admin/builder/spi-builder-workspace/.derivedData/ModuleCache.noindex -Xfrontend -serialize-debugging-options -enable-testing -suppress-warnings -index-store-path /Users/admin/builder/spi-builder-workspace/.derivedData/Index.noindex/DataStore -Xcc -D_LIBCPP_HARDENING_MODE\=_LIBCPP_HARDENING_MODE_DEBUG -swift-version 5 -I /Users/admin/builder/spi-builder-workspace/.derivedData/Build/Products/Debug-xros -Isystem /Applications/Xcode-27.0.0-Release.Candidate.app/Contents/Developer/Platforms/XROS.platform/Developer/usr/lib -F /Users/admin/builder/spi-builder-workspace/.derivedData/Build/Products/Debug-xros -F /Applications/Xcode-27.0.0-Release.Candidate.app/Contents/Developer/Platforms/XROS.platform/Developer/Library/Frameworks -F /Applications/Xcode-27.0.0-Release.Candidate.app/Contents/Developer/Platforms/XROS.platform/Developer/SDKs/XROS27.0.sdk/Developer/Library/Frameworks -c -j10 -enable-batch-mode -incremental -Xcc -ivfsstatcache -Xcc /Users/admin/builder/spi-builder-workspace/.derivedData/SDKStatCaches.noindex/xros27.0-24M361-e829b21a6f8c9b70876ba0858053c044735bd543db762f57723cac368afd1ce4.sdkstatcache -output-file-map /Users/admin/builder/spi-builder-workspace/.derivedData/Build/Intermediates.noindex/Nuke.build/Debug-xros/Nuke-t.build/Objects-normal/arm64/Nuke-OutputFileMap.json -save-temps -no-color-diagnostics -explicit-module-build -module-cache-path /Users/admin/builder/spi-builder-workspace/.derivedData/Build/Intermediates.noindex/SwiftExplicitPrecompiledModules -clang-scanner-module-cache-path /Users/admin/builder/spi-builder-workspace/.derivedData/ModuleCache.noindex -sdk-module-cache-path /Users/admin/builder/spi-builder-workspace/.derivedData/SDKExplicitPrecompiledModules -emit-dependencies -emit-module -emit-module-path /Users/admin/builder/spi-builder-workspace/.derivedData/Build/Intermediates.noindex/Nuke.build/Debug-xros/Nuke-t.build/Objects-normal/arm64/Nuke.swiftmodule -serialize-diagnostics -dependency-scan-serialize-diagnostics-path /Users/admin/builder/spi-builder-workspace/.derivedData/Build/Intermediates.noindex/Nuke.build/Debug-xros/Nuke-t.build/Objects-normal/arm64/Nuke-dependency-scan.dia -validate-clang-modules-once -clang-build-session-file /Users/admin/builder/spi-builder-workspace/.derivedData/ModuleCache.noindex/Session.modulevalidation -Xcc -fmodules-prune-interval\=86400 -Xcc -fmodules-prune-after\=345600 -emit-const-values -const-gather-protocols-list /Users/admin/builder/spi-builder-workspace/.derivedData/Build/Intermediates.noindex/Nuke.build/Debug-xros/Nuke-t.build/Objects-normal/arm64/Nuke_const_extract_protocols.json -Xcc -I/Users/admin/builder/spi-builder-workspace/.derivedData/Build/Products/Debug-xros/include -Xcc -I/Users/admin/builder/spi-builder-workspace/.derivedData/Build/Intermediates.noindex/Nuke.build/Debug-xros/Nuke-t.build/DerivedSources-normal/arm64 -Xcc -I/Users/admin/builder/spi-builder-workspace/.derivedData/Build/Intermediates.noindex/Nuke.build/Debug-xros/Nuke-t.build/DerivedSources/arm64 -Xcc -I/Users/admin/builder/spi-builder-workspace/.derivedData/Build/Intermediates.noindex/Nuke.build/Debug-xros/Nuke-t.build/DerivedSources -Xcc -DSWIFT_PACKAGE -Xcc -DDEBUG\=1 -emit-objc-header -emit-objc-header-path /Users/admin/builder/spi-builder-workspace/.derivedData/Build/Intermediates.noindex/Nuke.build/Debug-xros/Nuke-t.build/Objects-normal/arm64/Nuke-Swift.h -working-directory /Users/admin/builder/spi-builder-workspace/.swiftpm/xcode -experimental-emit-module-separately -disable-cmo
SwiftExplicitDependencyGeneratePcm arm64 /Users/admin/builder/spi-builder-workspace/.derivedData/SDKExplicitPrecompiledModules/_Builtin_stdarg-CDA349K2K4US766844K8E0PVA.pcm
SwiftExplicitDependencyGeneratePcm arm64 /Users/admin/builder/spi-builder-workspace/.derivedData/SDKExplicitPrecompiledModules/ptrauth-1WBA714DZSVUL5JQDJ08CLKZ.pcm
SwiftExplicitDependencyGeneratePcm arm64 /Users/admin/builder/spi-builder-workspace/.derivedData/SDKExplicitPrecompiledModules/RealityCoreTextureProcessing-8QLQPA19YF2PPHFODB8BAJCS2.pcm
SwiftExplicitDependencyGeneratePcm arm64 /Users/admin/builder/spi-builder-workspace/.derivedData/SDKExplicitPrecompiledModules/_SwiftConcurrencyShims-C8XHKSHX96D5YYALNM4W70Z0O.pcm
SwiftExplicitDependencyGeneratePcm arm64 /Users/admin/builder/spi-builder-workspace/.derivedData/SDKExplicitPrecompiledModules/SwiftShims-CI4H5RO9IYFFWQ2COB512Q2S9.pcm
SwiftExplicitDependencyGeneratePcm arm64 /Users/admin/builder/spi-builder-workspace/.derivedData/SDKExplicitPrecompiledModules/GroupActivities-9DH6EA1Q2QXCQYXVI12G7WMUR.pcm
SwiftExplicitDependencyGeneratePcm arm64 /Users/admin/builder/spi-builder-workspace/.derivedData/SDKExplicitPrecompiledModules/_Builtin_stdbool-5BU2ADS7JXQMYENKQHW9X8XOU.pcm
SwiftExplicitDependencyGeneratePcm arm64 /Users/admin/builder/spi-builder-workspace/.derivedData/SDKExplicitPrecompiledModules/ptrcheck-BXA97MNLI4BB0HF5I8MJE403D.pcm
SwiftExplicitDependencyGeneratePcm arm64 /Users/admin/builder/spi-builder-workspace/.derivedData/SDKExplicitPrecompiledModules/_AvailabilityInternal-1Q8IQP6M38UWSGZ95UCEY2M44.pcm
SwiftExplicitDependencyGeneratePcm arm64 /Users/admin/builder/spi-builder-workspace/.derivedData/SDKExplicitPrecompiledModules/DeveloperToolsSupport-46GOQP8J1QTHLYQSJW81T8UZ3.pcm
SwiftExplicitDependencyGeneratePcm arm64 /Users/admin/builder/spi-builder-workspace/.derivedData/SDKExplicitPrecompiledModules/_Builtin_stddef-5NQ9Z1GV07GBSRQGAQCGXGVRI.pcm
SwiftExplicitDependencyGeneratePcm arm64 /Users/admin/builder/spi-builder-workspace/.derivedData/SDKExplicitPrecompiledModules/_Builtin_float-6WKHNW5S40U2QGHXXGETUDIRA.pcm
SwiftExplicitDependencyGeneratePcm arm64 /Users/admin/builder/spi-builder-workspace/.derivedData/SDKExplicitPrecompiledModules/ShaderGraph-AW1O397P711WTY8KSK8LZX9YA.pcm
SwiftExplicitDependencyGeneratePcm arm64 /Users/admin/builder/spi-builder-workspace/.derivedData/SDKExplicitPrecompiledModules/_DarwinFoundation1-5RGRVV2TZ6WC4WZW5IXF8NQ04.pcm
SwiftExplicitDependencyGeneratePcm arm64 /Users/admin/builder/spi-builder-workspace/.derivedData/SDKExplicitPrecompiledModules/_DarwinFoundation2-ENTECK156YEWITZRRBTOCE4KR.pcm
SwiftExplicitDependencyGeneratePcm arm64 /Users/admin/builder/spi-builder-workspace/.derivedData/SDKExplicitPrecompiledModules/_Builtin_limits-425JDMN5HPM3D0UEI8LEHP6NM.pcm
SwiftExplicitDependencyGeneratePcm arm64 /Users/admin/builder/spi-builder-workspace/.derivedData/SDKExplicitPrecompiledModules/sys_types-AYM0BHR77VKMWZCO2T0XGV2HF.pcm
SwiftExplicitDependencyGeneratePcm arm64 /Users/admin/builder/spi-builder-workspace/.derivedData/SDKExplicitPrecompiledModules/_Builtin_stdint-8OR6T47OOYJA90ZBO3N1USDE.pcm
SwiftExplicitDependencyGeneratePcm arm64 /Users/admin/builder/spi-builder-workspace/.derivedData/SDKExplicitPrecompiledModules/string_h-2GT67HHHHK5CF1V1S31LH0PU2.pcm
SwiftExplicitDependencyGeneratePcm arm64 /Users/admin/builder/spi-builder-workspace/.derivedData/SDKExplicitPrecompiledModules/_Builtin_tgmath-BPYSMHWI520EQRL2HW519ZY7Z.pcm
SwiftExplicitDependencyGeneratePcm arm64 /Users/admin/builder/spi-builder-workspace/.derivedData/SDKExplicitPrecompiledModules/_Builtin_stdatomic-1VUZPM79PNCAHXVBERD53WRSF.pcm
SwiftExplicitDependencyGeneratePcm arm64 /Users/admin/builder/spi-builder-workspace/.derivedData/SDKExplicitPrecompiledModules/_DarwinFoundation3-9ZHN6JKBS40BBA81RQMV8H0IC.pcm
SwiftExplicitDependencyGeneratePcm arm64 /Users/admin/builder/spi-builder-workspace/.derivedData/SDKExplicitPrecompiledModules/_Builtin_intrinsics-BC5IJI3YI34RQ61ZNVDRDZ6RN.pcm
SwiftExplicitDependencyGeneratePcm arm64 /Users/admin/builder/spi-builder-workspace/.derivedData/SDKExplicitPrecompiledModules/CommonCrypto-CEABJG1QSITOB7OGO12QH3KS.pcm
SwiftExplicitDependencyGeneratePcm arm64 /Users/admin/builder/spi-builder-workspace/.derivedData/SDKExplicitPrecompiledModules/_Builtin_inttypes-11B64KJD36B3YOHBR1BBXBJY8.pcm
SwiftExplicitDependencyGeneratePcm arm64 /Users/admin/builder/spi-builder-workspace/.derivedData/SDKExplicitPrecompiledModules/Darwin-60P5LVNQO3ESRRM5DCJ05PFNK.pcm
SwiftExplicitDependencyGeneratePcm arm64 /Users/admin/builder/spi-builder-workspace/.derivedData/SDKExplicitPrecompiledModules/simd-9XXAB17Y6E4BBPQADD61NZ23.pcm
SwiftExplicitDependencyGeneratePcm arm64 /Users/admin/builder/spi-builder-workspace/.derivedData/SDKExplicitPrecompiledModules/ObjectiveC-26TIBFYCEJZVP216ZZAU1X8KN.pcm
SwiftExplicitDependencyGeneratePcm arm64 /Users/admin/builder/spi-builder-workspace/.derivedData/SDKExplicitPrecompiledModules/MachO-3XTHY7HWV6RF3KXKYQVHUBUXK.pcm
SwiftExplicitDependencyGeneratePcm arm64 /Users/admin/builder/spi-builder-workspace/.derivedData/SDKExplicitPrecompiledModules/os_object-692CJ8BG6RE5H04487EJJOVXW.pcm
SwiftExplicitDependencyGeneratePcm arm64 /Users/admin/builder/spi-builder-workspace/.derivedData/SDKExplicitPrecompiledModules/os_workgroup-4U1VXMWIZD80E7PRUQF2G7P9X.pcm
SwiftExplicitDependencyGeneratePcm arm64 /Users/admin/builder/spi-builder-workspace/.derivedData/SDKExplicitPrecompiledModules/Spatial-5E0I2846LO3ZE24CSVR2O57TI.pcm
SwiftExplicitDependencyGeneratePcm arm64 /Users/admin/builder/spi-builder-workspace/.derivedData/SDKExplicitPrecompiledModules/Dispatch-CLT3466HKC22GCKAWSCNG0H7T.pcm
SwiftExplicitDependencyGeneratePcm arm64 /Users/admin/builder/spi-builder-workspace/.derivedData/SDKExplicitPrecompiledModules/XPC-EP5EU7FNGP4VOA3EDM18P1KHO.pcm
SwiftExplicitDependencyGeneratePcm arm64 /Users/admin/builder/spi-builder-workspace/.derivedData/SDKExplicitPrecompiledModules/CoreFoundation-AVLTZVCXBU2TO75JCN4AGU8XJ.pcm
SwiftExplicitDependencyGeneratePcm arm64 /Users/admin/builder/spi-builder-workspace/.derivedData/SDKExplicitPrecompiledModules/dnssd-CCUV1M8EULNEQJUXO7L0PJAL4.pcm
SwiftExplicitDependencyGeneratePcm arm64 /Users/admin/builder/spi-builder-workspace/.derivedData/SDKExplicitPrecompiledModules/os-1004XEJ3IXOOAU0KL58SM3D0K.pcm
SwiftExplicitDependencyGeneratePcm arm64 /Users/admin/builder/spi-builder-workspace/.derivedData/SDKExplicitPrecompiledModules/CoreGraphics-BFUJ177R223UT2ZI327ZTZY91.pcm
SwiftExplicitDependencyGeneratePcm arm64 /Users/admin/builder/spi-builder-workspace/.derivedData/SDKExplicitPrecompiledModules/CFNetwork-5MI70N1VLDQSWTX4COWLMSIRO.pcm
SwiftExplicitDependencyGeneratePcm arm64 /Users/admin/builder/spi-builder-workspace/.derivedData/SDKExplicitPrecompiledModules/Security-8TH2M8WJIQMET4SADWX0N8372.pcm
SwiftExplicitDependencyGeneratePcm arm64 /Users/admin/builder/spi-builder-workspace/.derivedData/SDKExplicitPrecompiledModules/CoreAudioTypes-45UXYEQRN95KG6BF2CW0QIYK9.pcm
SwiftExplicitDependencyGeneratePcm arm64 /Users/admin/builder/spi-builder-workspace/.derivedData/SDKExplicitPrecompiledModules/CoreAudio-CXS3C78T5TQDGLEGXIBJ04WJ4.pcm
SwiftExplicitDependencyGeneratePcm arm64 /Users/admin/builder/spi-builder-workspace/.derivedData/SDKExplicitPrecompiledModules/Foundation-8GON1KVEKRN3NOQI8RETBRWJP.pcm
SwiftExplicitDependencyGeneratePcm arm64 /Users/admin/builder/spi-builder-workspace/.derivedData/SDKExplicitPrecompiledModules/CoreText-6F9TY5TEPCCZ1K2KYM4GMEGHD.pcm
SwiftExplicitDependencyGeneratePcm arm64 /Users/admin/builder/spi-builder-workspace/.derivedData/SDKExplicitPrecompiledModules/ImageIO-5CC6COR9KJYI1UBL7CSHLU2OG.pcm
SwiftExplicitDependencyGeneratePcm arm64 /Users/admin/builder/spi-builder-workspace/.derivedData/SDKExplicitPrecompiledModules/FileProvider-C9I28SI56F2SEVH1BCWTKGODO.pcm
SwiftExplicitDependencyGeneratePcm arm64 /Users/admin/builder/spi-builder-workspace/.derivedData/SDKExplicitPrecompiledModules/Symbols-8G2XC01RPQ5HYIZE6JNUT864I.pcm
SwiftExplicitDependencyGeneratePcm arm64 /Users/admin/builder/spi-builder-workspace/.derivedData/SDKExplicitPrecompiledModules/LocalAuthentication-9MSPUJ85OBXBTOD7NJCT1GZ0O.pcm
SwiftExplicitDependencyGeneratePcm arm64 /Users/admin/builder/spi-builder-workspace/.derivedData/SDKExplicitPrecompiledModules/_LocationEssentials-8GQGFVARUE99D8VJX3TINY0VP.pcm
SwiftExplicitDependencyGeneratePcm arm64 /Users/admin/builder/spi-builder-workspace/.derivedData/SDKExplicitPrecompiledModules/UIUtilities-AOVGLUWEAN6CG2UZFNESGSP6C.pcm
SwiftExplicitDependencyGeneratePcm arm64 /Users/admin/builder/spi-builder-workspace/.derivedData/SDKExplicitPrecompiledModules/IOSurface-5FE9U89GVFF9A7X7AGO2R8ENI.pcm
SwiftExplicitDependencyGeneratePcm arm64 /Users/admin/builder/spi-builder-workspace/.derivedData/SDKExplicitPrecompiledModules/OSLog-BNGT87TS0GMBFF7TY70HHB69.pcm
SwiftExplicitDependencyGeneratePcm arm64 /Users/admin/builder/spi-builder-workspace/.derivedData/SDKExplicitPrecompiledModules/Accessibility-1DR4J4YDVDGAYQTZ0FKZ1PU09.pcm
SwiftExplicitDependencyGeneratePcm arm64 /Users/admin/builder/spi-builder-workspace/.derivedData/SDKExplicitPrecompiledModules/DataDetection-BANTQ3WXXGKZJYC0LLB3MD9K0.pcm
SwiftExplicitDependencyGeneratePcm arm64 /Users/admin/builder/spi-builder-workspace/.derivedData/SDKExplicitPrecompiledModules/UserNotifications-8IIV1V1FPNAPA4LY1Y23LOM2N.pcm
SwiftExplicitDependencyGeneratePcm arm64 /Users/admin/builder/spi-builder-workspace/.derivedData/SDKExplicitPrecompiledModules/CoreTransferable-8TBYAKHCX6UC8QQSS7BD8GQK5.pcm
SwiftExplicitDependencyGeneratePcm arm64 /Users/admin/builder/spi-builder-workspace/.derivedData/SDKExplicitPrecompiledModules/UniformTypeIdentifiers-E5KMWDZEKS4QW9RO1KBRDEXV6.pcm
SwiftExplicitDependencyGeneratePcm arm64 /Users/admin/builder/spi-builder-workspace/.derivedData/SDKExplicitPrecompiledModules/Network-EQPZZF3W6BWG89K0PY9NZO3T0.pcm
SwiftExplicitDependencyGeneratePcm arm64 /Users/admin/builder/spi-builder-workspace/.derivedData/SDKExplicitPrecompiledModules/CoreLocation-1SN37095DAPVJ068LLP9TBDQX.pcm
SwiftExplicitDependencyGeneratePcm arm64 /Users/admin/builder/spi-builder-workspace/.derivedData/SDKExplicitPrecompiledModules/CoreData-73N6Z547OZUEZ8ADGEC6XRHWN.pcm
SwiftExplicitDependencyGeneratePcm arm64 /Users/admin/builder/spi-builder-workspace/.derivedData/SDKExplicitPrecompiledModules/CoreMIDI-7L19IC4ZH9BPYLVTD8IIFWN9R.pcm
SwiftExplicitDependencyGeneratePcm arm64 /Users/admin/builder/spi-builder-workspace/.derivedData/SDKExplicitPrecompiledModules/Metal-EKNUM9P3PRIBHZK1ZBD6BA2T7.pcm
SwiftExplicitDependencyGeneratePcm arm64 /Users/admin/builder/spi-builder-workspace/.derivedData/SDKExplicitPrecompiledModules/OpenGLES-56BKSYXNVAP91BYZRWAKQZKGI.pcm
SwiftExplicitDependencyGeneratePcm arm64 /Users/admin/builder/spi-builder-workspace/.derivedData/SDKExplicitPrecompiledModules/CloudKit-8H34CCWTKF0HWDZN9I1SWPFRC.pcm
SwiftExplicitDependencyGeneratePcm arm64 /Users/admin/builder/spi-builder-workspace/.derivedData/SDKExplicitPrecompiledModules/CoreMotion-10LV922UPGE28QX2SOIO7ALIZ.pcm
SwiftExplicitDependencyGeneratePcm arm64 /Users/admin/builder/spi-builder-workspace/.derivedData/SDKExplicitPrecompiledModules/AVRouting-55P8FRNK50AFZOMMB2LBBOX33.pcm
SwiftExplicitDependencyGeneratePcm arm64 /Users/admin/builder/spi-builder-workspace/.derivedData/SDKExplicitPrecompiledModules/AudioToolbox-2K3S8EA590EB3GMH6D6784BWZ.pcm
SwiftExplicitDependencyCompileModuleFromInterface arm64 /Users/admin/builder/spi-builder-workspace/.derivedData/SDKExplicitPrecompiledModules/ShaderGraph-URHKVVOFZL5Z.swiftmodule
SwiftExplicitDependencyCompileModuleFromInterface arm64 /Users/admin/builder/spi-builder-workspace/.derivedData/SDKExplicitPrecompiledModules/RealityCoreDeformation-3V2TNFJF8KODL.swiftmodule
SwiftExplicitDependencyCompileModuleFromInterface arm64 /Users/admin/builder/spi-builder-workspace/.derivedData/SDKExplicitPrecompiledModules/RealityCoreTextureProcessing-1N2A3U6JL8K1P.swiftmodule
SwiftExplicitDependencyGeneratePcm arm64 /Users/admin/builder/spi-builder-workspace/.derivedData/SDKExplicitPrecompiledModules/CoreVideo-E12HJSJSLO0YKWYBES11UKJ02.pcm
SwiftExplicitDependencyGeneratePcm arm64 /Users/admin/builder/spi-builder-workspace/.derivedData/SDKExplicitPrecompiledModules/QuartzCore-12T8WVKUNCL1N7VXH87MM4YOB.pcm
SwiftExplicitDependencyGeneratePcm arm64 /Users/admin/builder/spi-builder-workspace/.derivedData/SDKExplicitPrecompiledModules/CoreMedia-D1IBHC28BRHWLNUG1Q75G5YN0.pcm
SwiftExplicitDependencyGeneratePcm arm64 /Users/admin/builder/spi-builder-workspace/.derivedData/SDKExplicitPrecompiledModules/ARKitFoundation-3N77COW7DLP77CM0PWZXSR9BD.pcm
SwiftExplicitDependencyGeneratePcm arm64 /Users/admin/builder/spi-builder-workspace/.derivedData/SDKExplicitPrecompiledModules/CoreML-37QYERWC0RQN4IY4377UD0TY1.pcm
SwiftExplicitDependencyGeneratePcm arm64 /Users/admin/builder/spi-builder-workspace/.derivedData/SDKExplicitPrecompiledModules/CoreImage-8WF1P230U10QM666EQMNV7OF1.pcm
SwiftExplicitDependencyGeneratePcm arm64 /Users/admin/builder/spi-builder-workspace/.derivedData/SDKExplicitPrecompiledModules/SwiftUICore-6OBBMA39VFD4CB6SG2PE41FAP.pcm
SwiftExplicitDependencyGeneratePcm arm64 /Users/admin/builder/spi-builder-workspace/.derivedData/SDKExplicitPrecompiledModules/VideoToolbox-7I4MDYIPJ4IWU1ZSL4JE3I7M6.pcm
SwiftExplicitDependencyGeneratePcm arm64 /Users/admin/builder/spi-builder-workspace/.derivedData/SDKExplicitPrecompiledModules/AVFAudio-E8GATWFYYBEBB41O9N0LRRGYC.pcm
SwiftExplicitDependencyGeneratePcm arm64 /Users/admin/builder/spi-builder-workspace/.derivedData/SDKExplicitPrecompiledModules/MediaToolbox-1J5U29ERBPNPI1HKEJHXOP8EV.pcm
SwiftExplicitDependencyGeneratePcm arm64 /Users/admin/builder/spi-builder-workspace/.derivedData/SDKExplicitPrecompiledModules/Vision-DVVG9MQGC3IMTVPTC1691MQ6Z.pcm
SwiftExplicitDependencyGeneratePcm arm64 /Users/admin/builder/spi-builder-workspace/.derivedData/SDKExplicitPrecompiledModules/UIKit-2D2PMAAE45TMO6S28UCGCO5BR.pcm
SwiftExplicitDependencyCompileModuleFromInterface arm64 /Users/admin/builder/spi-builder-workspace/.derivedData/SDKExplicitPrecompiledModules/RealityCoreRenderer-1BXNYUA9X4EGQ.swiftmodule
SwiftExplicitDependencyGeneratePcm arm64 /Users/admin/builder/spi-builder-workspace/.derivedData/SDKExplicitPrecompiledModules/AVFoundation-DFCX8GQJWVA3CZBITWEHAZEFX.pcm
SwiftExplicitDependencyGeneratePcm arm64 /Users/admin/builder/spi-builder-workspace/.derivedData/SDKExplicitPrecompiledModules/ARKitCore-307YVPJLQNB66BTBIONHZNP86.pcm
SwiftExplicitDependencyCompileModuleFromInterface arm64 /Users/admin/builder/spi-builder-workspace/.derivedData/SDKExplicitPrecompiledModules/RealityFoundationCloth-21YG2223CW7S9.swiftmodule
SwiftExplicitDependencyGeneratePcm arm64 /Users/admin/builder/spi-builder-workspace/.derivedData/SDKExplicitPrecompiledModules/SwiftUI-77PUPXISY3V3TUF5FJEHUQC86.pcm
SwiftExplicitDependencyGeneratePcm arm64 /Users/admin/builder/spi-builder-workspace/.derivedData/SDKExplicitPrecompiledModules/GameController-7QL0VMQHE24OWQFUR0UFT89DW.pcm
SwiftExplicitDependencyGeneratePcm arm64 /Users/admin/builder/spi-builder-workspace/.derivedData/SDKExplicitPrecompiledModules/AVKit-5DJIC25B8SVX6CWVP6PFC6V8E.pcm
SwiftExplicitDependencyGeneratePcm arm64 /Users/admin/builder/spi-builder-workspace/.derivedData/SDKExplicitPrecompiledModules/MultipeerConnectivity-36RZ59WKAK6KLYXH3MOCI7E94.pcm
SwiftExplicitDependencyGeneratePcm arm64 /Users/admin/builder/spi-builder-workspace/.derivedData/SDKExplicitPrecompiledModules/ARKit-27VDPOZ50FG2MJG7OFV6IFQYQ.pcm
SwiftCompile normal arm64 Compiling\ Extensions.swift,\ Graphics.swift,\ ImageRequestKeys.swift,\ LinkedList.swift,\ Log.swift /Users/admin/builder/spi-builder-workspace/.dependencies/checkouts/Nuke/Sources/Internal/Extensions.swift /Users/admin/builder/spi-builder-workspace/.dependencies/checkouts/Nuke/Sources/Internal/Graphics.swift /Users/admin/builder/spi-builder-workspace/.dependencies/checkouts/Nuke/Sources/Internal/ImageRequestKeys.swift /Users/admin/builder/spi-builder-workspace/.dependencies/checkouts/Nuke/Sources/Internal/LinkedList.swift /Users/admin/builder/spi-builder-workspace/.dependencies/checkouts/Nuke/Sources/Internal/Log.swift (in target 'Nuke' from project 'Nuke')
/Users/admin/builder/spi-builder-workspace/.dependencies/checkouts/Nuke/Sources/Internal/Graphics.swift:156:19: error: cannot find type 'CGContext' in scope
154 | }
155 |
156 | private extension CGContext {
    |                   `- error: cannot find type 'CGContext' in scope
157 |     static func make(_ image: CGImage, size: CGSize, alphaInfo: CGImageAlphaInfo? = nil) -> CGContext? {
158 |         let alphaInfo: CGImageAlphaInfo = alphaInfo ?? (image.isOpaque ? .noneSkipLast : .premultipliedLast)
/Users/admin/builder/spi-builder-workspace/.dependencies/checkouts/Nuke/Sources/Internal/Graphics.swift:256:11: error: cannot find type 'UIImage' in scope
254 | }
255 | #else
256 | extension UIImage {
    |           `- error: cannot find type 'UIImage' in scope
257 |     static func make(cgImage: CGImage, source: UIImage) -> UIImage {
258 |         UIImage(cgImage: cgImage, scale: source.scale, orientation: source.imageOrientation)
/Users/admin/builder/spi-builder-workspace/.dependencies/checkouts/Nuke/Sources/Internal/Graphics.swift:263:11: error: cannot find type 'CGImage' in scope
261 | #endif
262 |
263 | extension CGImage {
    |           `- error: cannot find type 'CGImage' in scope
264 |     /// Returns `true` if the image doesn't contain alpha channel.
265 |     var isOpaque: Bool {
/Users/admin/builder/spi-builder-workspace/.dependencies/checkouts/Nuke/Sources/Internal/Graphics.swift:301:19: error: cannot find type 'UIColor' in scope
299 | typealias Color = NSColor
300 | #else
301 | typealias Color = UIColor
    |                   `- error: cannot find type 'UIColor' in scope
302 | #endif
303 |
/Users/admin/builder/spi-builder-workspace/.dependencies/checkouts/Nuke/Sources/Internal/Graphics.swift:39:29: error: value of type 'CGImage' has no member 'size'
 37 |         let targetSize = targetSize.rotatedForOrientation(image.imageOrientation)
 38 |         #endif
 39 |         let scale = cgImage.size.getScale(targetSize: targetSize, contentMode: contentMode)
    |                             `- error: value of type 'CGImage' has no member 'size'
 40 |         guard scale < 1 || upscale else {
 41 |             return image // The image doesn't require scaling
/Users/admin/builder/spi-builder-workspace/.dependencies/checkouts/Nuke/Sources/Internal/Graphics.swift:43:28: error: value of type 'CGImage' has no member 'size'
 41 |             return image // The image doesn't require scaling
 42 |         }
 43 |         let size = cgImage.size.scaled(by: scale).rounded()
    |                            `- error: value of type 'CGImage' has no member 'size'
 44 |         return image.draw(inCanvasWithSize: size)
 45 |     }
/Users/admin/builder/spi-builder-workspace/.dependencies/checkouts/Nuke/Sources/Internal/Graphics.swift:56:29: error: value of type 'CGImage' has no member 'size'
 54 |         let targetSize = targetSize.rotatedForOrientation(image.imageOrientation)
 55 |         #endif
 56 |         let scale = cgImage.size.getScale(targetSize: targetSize, contentMode: .aspectFill)
    |                             `- error: value of type 'CGImage' has no member 'size'
 57 |         let scaledSize = cgImage.size.scaled(by: scale)
 58 |         let drawRect = scaledSize.centeredInRectWithSize(targetSize)
/Users/admin/builder/spi-builder-workspace/.dependencies/checkouts/Nuke/Sources/Internal/Graphics.swift:57:34: error: value of type 'CGImage' has no member 'size'
 55 |         #endif
 56 |         let scale = cgImage.size.getScale(targetSize: targetSize, contentMode: .aspectFill)
 57 |         let scaledSize = cgImage.size.scaled(by: scale)
    |                                  `- error: value of type 'CGImage' has no member 'size'
 58 |         let drawRect = scaledSize.centeredInRectWithSize(targetSize)
 59 |         return image.draw(inCanvasWithSize: targetSize, drawRect: drawRect)
/Users/admin/builder/spi-builder-workspace/.dependencies/checkouts/Nuke/Sources/Internal/Graphics.swift:81:33: error: value of type 'CGImage' has no member 'size'
 79 |         }
 80 |
 81 |         let imageSize = cgImage.size
    |                                 `- error: value of type 'CGImage' has no member 'size'
 82 |         let side = min(cgImage.width, cgImage.height)
 83 |         let targetSize = CGSize(width: side, height: side)
/Users/admin/builder/spi-builder-workspace/.dependencies/checkouts/Nuke/Sources/Internal/Graphics.swift:91:30: error: type 'PlatformImage' (aka 'UIImage') has no member 'make'
 89 |             return nil
 90 |         }
 91 |         return PlatformImage.make(cgImage: cropped, source: image)
    |                              `- error: type 'PlatformImage' (aka 'UIImage') has no member 'make'
 92 |     }
 93 |
/Users/admin/builder/spi-builder-workspace/.dependencies/checkouts/Nuke/Sources/Internal/Graphics.swift:101:25: error: cannot find 'CGContext' in scope
 99 |             return nil
100 |         }
101 |         guard let ctx = CGContext.make(cgImage, size: cgImage.size, alphaInfo: .premultipliedLast) else {
    |                         `- error: cannot find 'CGContext' in scope
102 |             return nil
103 |         }
/Users/admin/builder/spi-builder-workspace/.dependencies/checkouts/Nuke/Sources/Internal/Graphics.swift:101:63: error: value of type 'CGImage' has no member 'size'
 99 |             return nil
100 |         }
101 |         guard let ctx = CGContext.make(cgImage, size: cgImage.size, alphaInfo: .premultipliedLast) else {
    |                                                               `- error: value of type 'CGImage' has no member 'size'
102 |             return nil
103 |         }
/Users/admin/builder/spi-builder-workspace/.dependencies/checkouts/Nuke/Sources/Internal/Graphics.swift:104:63: error: value of type 'CGImage' has no member 'size'
102 |             return nil
103 |         }
104 |         let rect = CGRect(origin: CGPoint.zero, size: cgImage.size)
    |                                                               `- error: value of type 'CGImage' has no member 'size'
105 |         let path = CGPath(roundedRect: rect, cornerWidth: radius, cornerHeight: radius, transform: nil)
106 |         ctx.addPath(path)
/Users/admin/builder/spi-builder-workspace/.dependencies/checkouts/Nuke/Sources/Internal/Graphics.swift:105:20: error: cannot find 'CGPath' in scope
103 |         }
104 |         let rect = CGRect(origin: CGPoint.zero, size: cgImage.size)
105 |         let path = CGPath(roundedRect: rect, cornerWidth: radius, cornerHeight: radius, transform: nil)
    |                    `- error: cannot find 'CGPath' in scope
106 |         ctx.addPath(path)
107 |         ctx.clip()
/Users/admin/builder/spi-builder-workspace/.dependencies/checkouts/Nuke/Sources/Internal/Graphics.swift:108:74: error: value of type 'CGImage' has no member 'size'
106 |         ctx.addPath(path)
107 |         ctx.clip()
108 |         ctx.draw(cgImage, in: CGRect(origin: CGPoint.zero, size: cgImage.size))
    |                                                                          `- error: value of type 'CGImage' has no member 'size'
109 |
110 |         if let border = border {
/Users/admin/builder/spi-builder-workspace/.dependencies/checkouts/Nuke/Sources/Core/Processing/ImageProcessingOptions.swift:55:27: error: cannot find type 'NSColor' in scope
53 |         }
54 |         #else
55 |         public let color: NSColor
   |                           `- error: cannot find type 'NSColor' in scope
56 |
57 |         /// - parameter color: Border color.
/Users/admin/builder/spi-builder-workspace/.dependencies/checkouts/Nuke/Sources/Internal/Graphics.swift:119:30: error: type 'PlatformImage' (aka 'UIImage') has no member 'make'
117 |             return nil
118 |         }
119 |         return PlatformImage.make(cgImage: outputCGImage, source: image)
    |                              `- error: type 'PlatformImage' (aka 'UIImage') has no member 'make'
120 |     }
121 | }
/Users/admin/builder/spi-builder-workspace/.dependencies/checkouts/Nuke/Sources/Internal/Graphics.swift:137:25: error: cannot find 'CGContext' in scope
135 |             return nil
136 |         }
137 |         guard let ctx = CGContext.make(cgImage, size: canvasSize) else {
    |                         `- error: cannot find 'CGContext' in scope
138 |             return nil
139 |         }
/Users/admin/builder/spi-builder-workspace/.dependencies/checkouts/Nuke/Sources/Internal/Graphics.swift:144:30: error: type 'PlatformImage' (aka 'UIImage') has no member 'make'
142 |             return nil
143 |         }
144 |         return PlatformImage.make(cgImage: outputCGImage, source: self)
    |                              `- error: type 'PlatformImage' (aka 'UIImage') has no member 'make'
145 |     }
146 |
/Users/admin/builder/spi-builder-workspace/.dependencies/checkouts/Nuke/Sources/Internal/Graphics.swift:152:47: error: value of type 'CGImage' has no member 'size'
150 |             return nil
151 |         }
152 |         return draw(inCanvasWithSize: cgImage.size, drawRect: CGRect(origin: .zero, size: cgImage.size))
    |                                               `- error: value of type 'CGImage' has no member 'size'
153 |     }
154 | }
/Users/admin/builder/spi-builder-workspace/.dependencies/checkouts/Nuke/Sources/Internal/Graphics.swift:152:99: error: value of type 'CGImage' has no member 'size'
150 |             return nil
151 |         }
152 |         return draw(inCanvasWithSize: cgImage.size, drawRect: CGRect(origin: .zero, size: cgImage.size))
    |                                                                                                   `- error: value of type 'CGImage' has no member 'size'
153 |     }
154 | }
/Users/admin/builder/spi-builder-workspace/.dependencies/checkouts/Nuke/Sources/Internal/Graphics.swift:193:44: error: type 'Screen' has no member 'scale'
191 |         switch unit {
192 |         case .pixels: return self
193 |         case .points: return self * Screen.scale
    |                                            `- error: type 'Screen' has no member 'scale'
194 |         }
195 |     }
SwiftCompile normal arm64 /Users/admin/builder/spi-builder-workspace/.dependencies/checkouts/Nuke/Sources/Internal/Extensions.swift (in target 'Nuke' from project 'Nuke')
    cd /Users/admin/builder/spi-builder-workspace/.swiftpm/xcode
    builtin-SwiftPerFileCompile Extensions.swift
SwiftCompile normal arm64 /Users/admin/builder/spi-builder-workspace/.dependencies/checkouts/Nuke/Sources/Internal/Graphics.swift (in target 'Nuke' from project 'Nuke')
    cd /Users/admin/builder/spi-builder-workspace/.swiftpm/xcode
    builtin-SwiftPerFileCompile Graphics.swift
SwiftCompile normal arm64 /Users/admin/builder/spi-builder-workspace/.dependencies/checkouts/Nuke/Sources/Internal/ImageRequestKeys.swift (in target 'Nuke' from project 'Nuke')
    cd /Users/admin/builder/spi-builder-workspace/.swiftpm/xcode
    builtin-SwiftPerFileCompile ImageRequestKeys.swift
SwiftCompile normal arm64 /Users/admin/builder/spi-builder-workspace/.dependencies/checkouts/Nuke/Sources/Internal/LinkedList.swift (in target 'Nuke' from project 'Nuke')
    cd /Users/admin/builder/spi-builder-workspace/.swiftpm/xcode
    builtin-SwiftPerFileCompile LinkedList.swift
SwiftCompile normal arm64 /Users/admin/builder/spi-builder-workspace/.dependencies/checkouts/Nuke/Sources/Internal/Log.swift (in target 'Nuke' from project 'Nuke')
    cd /Users/admin/builder/spi-builder-workspace/.swiftpm/xcode
    builtin-SwiftPerFileCompile Log.swift
/Users/admin/builder/spi-builder-workspace/.dependencies/checkouts/Nuke/Sources/Internal/Graphics.swift:319:24: error: cannot find 'CGImageSourceCreateWithData' in scope
317 | /// Creates an image thumbnail. Uses significantly less memory than other options.
318 | func makeThumbnail(data: Data, options: ImageRequest.ThumbnailOptions) -> PlatformImage? {
319 |     guard let source = CGImageSourceCreateWithData(data as CFData, [kCGImageSourceShouldCache: false] as CFDictionary) else {
    |                        `- error: cannot find 'CGImageSourceCreateWithData' in scope
320 |         return nil
321 |     }
/Users/admin/builder/spi-builder-workspace/.dependencies/checkouts/Nuke/Sources/Internal/Graphics.swift:319:69: error: cannot find 'kCGImageSourceShouldCache' in scope
317 | /// Creates an image thumbnail. Uses significantly less memory than other options.
318 | func makeThumbnail(data: Data, options: ImageRequest.ThumbnailOptions) -> PlatformImage? {
319 |     guard let source = CGImageSourceCreateWithData(data as CFData, [kCGImageSourceShouldCache: false] as CFDictionary) else {
    |                                                                     `- error: cannot find 'kCGImageSourceShouldCache' in scope
320 |         return nil
321 |     }
/Users/admin/builder/spi-builder-workspace/.dependencies/checkouts/Nuke/Sources/Internal/Graphics.swift:323:9: error: cannot find 'kCGImageSourceCreateThumbnailFromImageAlways' in scope
321 |     }
322 |     let options = [
323 |         kCGImageSourceCreateThumbnailFromImageAlways: options.createThumbnailFromImageAlways,
    |         `- error: cannot find 'kCGImageSourceCreateThumbnailFromImageAlways' in scope
324 |         kCGImageSourceCreateThumbnailFromImageIfAbsent: options.createThumbnailFromImageIfAbsent,
325 |         kCGImageSourceShouldCacheImmediately: options.shouldCacheImmediately,
/Users/admin/builder/spi-builder-workspace/.dependencies/checkouts/Nuke/Sources/Internal/Graphics.swift:324:9: error: cannot find 'kCGImageSourceCreateThumbnailFromImageIfAbsent' in scope
322 |     let options = [
323 |         kCGImageSourceCreateThumbnailFromImageAlways: options.createThumbnailFromImageAlways,
324 |         kCGImageSourceCreateThumbnailFromImageIfAbsent: options.createThumbnailFromImageIfAbsent,
    |         `- error: cannot find 'kCGImageSourceCreateThumbnailFromImageIfAbsent' in scope
325 |         kCGImageSourceShouldCacheImmediately: options.shouldCacheImmediately,
326 |         kCGImageSourceCreateThumbnailWithTransform: options.createThumbnailWithTransform,
/Users/admin/builder/spi-builder-workspace/.dependencies/checkouts/Nuke/Sources/Internal/Graphics.swift:325:9: error: cannot find 'kCGImageSourceShouldCacheImmediately' in scope
323 |         kCGImageSourceCreateThumbnailFromImageAlways: options.createThumbnailFromImageAlways,
324 |         kCGImageSourceCreateThumbnailFromImageIfAbsent: options.createThumbnailFromImageIfAbsent,
325 |         kCGImageSourceShouldCacheImmediately: options.shouldCacheImmediately,
    |         `- error: cannot find 'kCGImageSourceShouldCacheImmediately' in scope
326 |         kCGImageSourceCreateThumbnailWithTransform: options.createThumbnailWithTransform,
327 |         kCGImageSourceThumbnailMaxPixelSize: options.maxPixelSize] as CFDictionary
/Users/admin/builder/spi-builder-workspace/.dependencies/checkouts/Nuke/Sources/Internal/Graphics.swift:326:9: error: cannot find 'kCGImageSourceCreateThumbnailWithTransform' in scope
324 |         kCGImageSourceCreateThumbnailFromImageIfAbsent: options.createThumbnailFromImageIfAbsent,
325 |         kCGImageSourceShouldCacheImmediately: options.shouldCacheImmediately,
326 |         kCGImageSourceCreateThumbnailWithTransform: options.createThumbnailWithTransform,
    |         `- error: cannot find 'kCGImageSourceCreateThumbnailWithTransform' in scope
327 |         kCGImageSourceThumbnailMaxPixelSize: options.maxPixelSize] as CFDictionary
328 |     guard let image = CGImageSourceCreateThumbnailAtIndex(source, 0, options) else {
/Users/admin/builder/spi-builder-workspace/.dependencies/checkouts/Nuke/Sources/Internal/Graphics.swift:327:9: error: cannot find 'kCGImageSourceThumbnailMaxPixelSize' in scope
325 |         kCGImageSourceShouldCacheImmediately: options.shouldCacheImmediately,
326 |         kCGImageSourceCreateThumbnailWithTransform: options.createThumbnailWithTransform,
327 |         kCGImageSourceThumbnailMaxPixelSize: options.maxPixelSize] as CFDictionary
    |         `- error: cannot find 'kCGImageSourceThumbnailMaxPixelSize' in scope
328 |     guard let image = CGImageSourceCreateThumbnailAtIndex(source, 0, options) else {
329 |         return nil
SwiftCompile normal arm64 Compiling\ Operation.swift,\ RateLimiter.swift,\ ResumableData.swift,\ FetchImage.swift,\ ImageViewExtensions.swift /Users/admin/builder/spi-builder-workspace/.dependencies/checkouts/Nuke/Sources/Internal/Operation.swift /Users/admin/builder/spi-builder-workspace/.dependencies/checkouts/Nuke/Sources/Internal/RateLimiter.swift /Users/admin/builder/spi-builder-workspace/.dependencies/checkouts/Nuke/Sources/Internal/ResumableData.swift /Users/admin/builder/spi-builder-workspace/.dependencies/checkouts/Nuke/Sources/UI/FetchImage.swift /Users/admin/builder/spi-builder-workspace/.dependencies/checkouts/Nuke/Sources/UI/ImageViewExtensions.swift (in target 'Nuke' from project 'Nuke')
/Users/admin/builder/spi-builder-workspace/.dependencies/checkouts/Nuke/Sources/UI/ImageViewExtensions.swift:94:16: error: cannot find type 'ImageDisplayingView' in scope
 92 |     with request: ImageRequestConvertible?,
 93 |     options: ImageLoadingOptions = ImageLoadingOptions.shared,
 94 |     into view: ImageDisplayingView,
    |                `- error: cannot find type 'ImageDisplayingView' in scope
 95 |     completion: @escaping (_ result: Result<ImageResponse, ImagePipeline.Error>) -> Void
 96 | ) -> ImageTask? {
/Users/admin/builder/spi-builder-workspace/.dependencies/checkouts/Nuke/Sources/UI/ImageViewExtensions.swift:126:16: error: cannot find type 'ImageDisplayingView' in scope
124 |     with request: ImageRequestConvertible?,
125 |     options: ImageLoadingOptions = ImageLoadingOptions.shared,
126 |     into view: ImageDisplayingView,
    |                `- error: cannot find type 'ImageDisplayingView' in scope
127 |     progress: ((_ response: ImageResponse?, _ completed: Int64, _ total: Int64) -> Void)? = nil,
128 |     completion: ((_ result: Result<ImageResponse, ImagePipeline.Error>) -> Void)? = nil
/Users/admin/builder/spi-builder-workspace/.dependencies/checkouts/Nuke/Sources/UI/ImageViewExtensions.swift:136:37: error: cannot find type 'ImageDisplayingView' in scope
134 |
135 | /// Cancels an outstanding request associated with the view.
136 | public func cancelRequest(for view: ImageDisplayingView) {
    |                                     `- error: cannot find type 'ImageDisplayingView' in scope
137 |     assert(Thread.isMainThread)
138 |     ImageViewController.controller(for: view).cancelOutstandingTask()
/Users/admin/builder/spi-builder-workspace/.dependencies/checkouts/Nuke/Sources/UI/ImageViewExtensions.swift:365:33: error: cannot find type 'ImageDisplayingView' in scope
363 | /// making it public wouldn't expose any additional functionality to the users.
364 | private final class ImageViewController {
365 |     private weak var imageView: ImageDisplayingView?
    |                                 `- error: cannot find type 'ImageDisplayingView' in scope
366 |     private var task: ImageTask?
367 |     private var options: ImageLoadingOptions
/Users/admin/builder/spi-builder-workspace/.dependencies/checkouts/Nuke/Sources/UI/ImageViewExtensions.swift:380:27: error: cannot find type 'ImageDisplayingView' in scope
378 |     }
379 |
380 |     init(view: /* weak */ ImageDisplayingView) {
    |                           `- error: cannot find type 'ImageDisplayingView' in scope
381 |         self.imageView = view
382 |         self.options = .shared
/Users/admin/builder/spi-builder-workspace/.dependencies/checkouts/Nuke/Sources/UI/ImageViewExtensions.swift:390:38: error: cannot find type 'ImageDisplayingView' in scope
388 |
389 |     // Lazily create a controller for a given view and associate it with a view.
390 |     static func controller(for view: ImageDisplayingView) -> ImageViewController {
    |                                      `- error: cannot find type 'ImageDisplayingView' in scope
391 |         if let controller = objc_getAssociatedObject(view, &ImageViewController.controllerAK) as? ImageViewController {
392 |             return controller
/Users/admin/builder/spi-builder-workspace/.dependencies/checkouts/Nuke/Sources/UI/ImageViewExtensions.swift:442:13: error: cannot find 'display' in scope
440 |         // Quick synchronous memory cache lookup.
441 |         if let image = pipeline.cache[request] {
442 |             display(image, true, .success)
    |             `- error: cannot find 'display' in scope
443 |             if !image.isPreview { // Final image was downloaded
444 |                 completion?(.success(ImageResponse(container: image, cacheType: .memory)))
/Users/admin/builder/spi-builder-workspace/.dependencies/checkouts/Nuke/Sources/UI/ImageViewExtensions.swift:451:13: error: cannot find 'display' in scope
449 |         // Display a placeholder.
450 |         if let placeholder = options.placeholder {
451 |             display(ImageContainer(image: placeholder), true, .placeholder)
    |             `- error: cannot find 'display' in scope
452 |         } else if options.isPrepareForReuseEnabled {
453 |             imageView.nuke_display(image: nil, data: nil) // Remove previously displayed images (if any)
/Users/admin/builder/spi-builder-workspace/.dependencies/checkouts/Nuke/Sources/UI/ImageViewExtensions.swift:478:13: error: cannot find 'display' in scope
476 |         switch result {
477 |         case let .success(response):
478 |             display(response.container, isFromMemory, .success)
    |             `- error: cannot find 'display' in scope
479 |         case .failure:
480 |             if let failureImage = options.failureImage {
/Users/admin/builder/spi-builder-workspace/.dependencies/checkouts/Nuke/Sources/UI/ImageViewExtensions.swift:481:17: error: cannot find 'display' in scope
479 |         case .failure:
480 |             if let failureImage = options.failureImage {
481 |                 display(ImageContainer(image: failureImage), isFromMemory, .failure)
    |                 `- error: cannot find 'display' in scope
482 |             }
483 |         }
SwiftCompile normal arm64 /Users/admin/builder/spi-builder-workspace/.dependencies/checkouts/Nuke/Sources/Internal/Operation.swift (in target 'Nuke' from project 'Nuke')
    cd /Users/admin/builder/spi-builder-workspace/.swiftpm/xcode
    builtin-SwiftPerFileCompile Operation.swift
SwiftCompile normal arm64 /Users/admin/builder/spi-builder-workspace/.dependencies/checkouts/Nuke/Sources/Internal/RateLimiter.swift (in target 'Nuke' from project 'Nuke')
    cd /Users/admin/builder/spi-builder-workspace/.swiftpm/xcode
    builtin-SwiftPerFileCompile RateLimiter.swift
SwiftCompile normal arm64 /Users/admin/builder/spi-builder-workspace/.dependencies/checkouts/Nuke/Sources/Internal/ResumableData.swift (in target 'Nuke' from project 'Nuke')
    cd /Users/admin/builder/spi-builder-workspace/.swiftpm/xcode
    builtin-SwiftPerFileCompile ResumableData.swift
SwiftCompile normal arm64 /Users/admin/builder/spi-builder-workspace/.dependencies/checkouts/Nuke/Sources/UI/FetchImage.swift (in target 'Nuke' from project 'Nuke')
    cd /Users/admin/builder/spi-builder-workspace/.swiftpm/xcode
    builtin-SwiftPerFileCompile FetchImage.swift
SwiftCompile normal arm64 /Users/admin/builder/spi-builder-workspace/.dependencies/checkouts/Nuke/Sources/UI/ImageViewExtensions.swift (in target 'Nuke' from project 'Nuke')
    cd /Users/admin/builder/spi-builder-workspace/.swiftpm/xcode
    builtin-SwiftPerFileCompile ImageViewExtensions.swift
SwiftEmitModule normal arm64 Emitting\ module\ for\ Nuke (in target 'Nuke' from project 'Nuke')
/Users/admin/builder/spi-builder-workspace/.dependencies/checkouts/Nuke/Sources/Core/Processing/ImageProcessingOptions.swift:55:27: error: cannot find type 'NSColor' in scope
53 |         }
54 |         #else
55 |         public let color: NSColor
   |                           `- error: cannot find type 'NSColor' in scope
56 |
57 |         /// - parameter color: Border color.
/Users/admin/builder/spi-builder-workspace/.dependencies/checkouts/Nuke/Sources/Core/Processing/ImageProcessingOptions.swift:60:28: error: cannot find type 'NSColor' in scope
58 |         /// - parameter width: Border width. 1 points by default.
59 |         /// - parameter unit: Unit of the width, `.points` by default.
60 |         public init(color: NSColor, width: CGFloat = 1, unit: Unit = .points) {
   |                            `- error: cannot find type 'NSColor' in scope
61 |             self.color = color
62 |             self.width = width.converted(to: unit)
/Users/admin/builder/spi-builder-workspace/.dependencies/checkouts/Nuke/Sources/Core/Processing/ImageProcessingOptions.swift:41:19: error: type 'ImageProcessingOptions.Border' does not conform to protocol 'Hashable'
39 |     /// consider adding border to a view layer. This should be your primary
40 |     /// option regardless.
41 |     public struct Border: Hashable, CustomStringConvertible {
   |                   `- error: type 'ImageProcessingOptions.Border' does not conform to protocol 'Hashable'
42 |         public let width: CGFloat
43 |
   :
53 |         }
54 |         #else
55 |         public let color: NSColor
   |                    `- note: stored property type '_' does not conform to protocol 'Hashable', preventing synthesized conformance of 'ImageProcessingOptions.Border' to 'Hashable'
56 |
57 |         /// - parameter color: Border color.
/Users/admin/builder/spi-builder-workspace/.dependencies/checkouts/Nuke/Sources/Core/Processing/ImageProcessingOptions.swift:41:19: error: type 'ImageProcessingOptions.Border' does not conform to protocol 'Equatable'
39 |     /// consider adding border to a view layer. This should be your primary
40 |     /// option regardless.
41 |     public struct Border: Hashable, CustomStringConvertible {
   |                   |- error: type 'ImageProcessingOptions.Border' does not conform to protocol 'Equatable'
   |                   `- note: add stubs for conformance
42 |         public let width: CGFloat
43 |
   :
53 |         }
54 |         #else
55 |         public let color: NSColor
   |                    `- note: stored property type '_' does not conform to protocol 'Equatable', preventing synthesized conformance of 'ImageProcessingOptions.Border' to 'Equatable'
56 |
57 |         /// - parameter color: Border color.
Swift.==:1:24: note: candidate would match if 'ImageProcessingOptions.Border' conformed to 'RawRepresentable'
1 | @inlinable public func == <T>(lhs: T, rhs: T) -> Bool where T : RawRepresentable, T.RawValue : Equatable
  |                        `- note: candidate would match if 'ImageProcessingOptions.Border' conformed to 'RawRepresentable'
Swift.FloatingPoint.==:2:20: note: candidate would match if 'ImageProcessingOptions.Border' conformed to 'FloatingPoint'
1 | protocol FloatingPoint {
2 | public static func == (lhs: Self, rhs: Self) -> Bool}
  |                    `- note: candidate would match if 'ImageProcessingOptions.Border' conformed to 'FloatingPoint'
3 |
Swift.BinaryInteger.==:2:20: note: candidate would match if 'ImageProcessingOptions.Border' conformed to 'BinaryInteger'
1 | protocol BinaryInteger {
2 | public static func == <Other>(lhs: Self, rhs: Other) -> Bool where Other : BinaryInteger}
  |                    `- note: candidate would match if 'ImageProcessingOptions.Border' conformed to 'BinaryInteger'
3 |
Swift._Pointer.==:2:20: note: candidate would match if 'ImageProcessingOptions.Border' conformed to '_Pointer'
1 | protocol _Pointer {
2 | public static func == (lhs: Self, rhs: Self) -> Bool}
  |                    `- note: candidate would match if 'ImageProcessingOptions.Border' conformed to '_Pointer'
3 |
Swift._Pointer.==:2:31: note: candidate would match if 'ImageProcessingOptions.Border' conformed to '_Pointer'
1 | protocol _Pointer {
2 | @inlinable public static func == <Other>(lhs: Self, rhs: Other) -> Bool where Other : _Pointer}
  |                               `- note: candidate would match if 'ImageProcessingOptions.Border' conformed to '_Pointer'
3 |
Swift.Strideable.==:2:31: note: candidate would match if 'ImageProcessingOptions.Border' conformed to 'Strideable'
1 | protocol Strideable {
2 | @inlinable public static func == (x: Self, y: Self) -> Bool}
  |                               `- note: candidate would match if 'ImageProcessingOptions.Border' conformed to 'Strideable'
3 |
Swift.StringProtocol.==:2:31: note: candidate would match if 'ImageProcessingOptions.Border' conformed to 'StringProtocol'
1 | protocol StringProtocol {
2 | @inlinable public static func == <RHS>(lhs: Self, rhs: RHS) -> Bool where RHS : StringProtocol}
  |                               `- note: candidate would match if 'ImageProcessingOptions.Border' conformed to 'StringProtocol'
3 |
Swift.SIMD.==:2:20: note: candidate would match if 'ImageProcessingOptions.Border' conformed to 'SIMD'
1 | protocol SIMD {
2 | public static func == (a: Self, b: Self) -> Bool}
  |                    `- note: candidate would match if 'ImageProcessingOptions.Border' conformed to 'SIMD'
3 |
Foundation.AttributedStringProtocol.==:2:20: note: candidate would match if 'ImageProcessingOptions.Border' conformed to 'AttributedStringProtocol'
1 | protocol AttributedStringProtocol {
2 | public static func == <RHS>(lhs: Self, rhs: RHS) -> Bool where RHS : AttributedStringProtocol}
  |                    `- note: candidate would match if 'ImageProcessingOptions.Border' conformed to 'AttributedStringProtocol'
3 |
Foundation._BridgedStoredNSError.==:2:20: note: candidate would match if 'ImageProcessingOptions.Border' conformed to '_BridgedStoredNSError'
1 | protocol _BridgedStoredNSError {
2 | public static func == (lhs: Self, rhs: Self) -> Bool}
  |                    `- note: candidate would match if 'ImageProcessingOptions.Border' conformed to '_BridgedStoredNSError'
3 |
CoreFoundation._CFObject.==:2:20: note: candidate would match if 'ImageProcessingOptions.Border' conformed to '_CFObject'
1 | protocol _CFObject {
2 | public static func == (left: Self, right: Self) -> Bool}
  |                    `- note: candidate would match if 'ImageProcessingOptions.Border' conformed to '_CFObject'
3 |
Swift.Equatable.==:2:13: note: protocol requires function '==' with type '(borrowing ImageProcessingOptions.Border, borrowing ImageProcessingOptions.Border) -> Bool'
1 | protocol Equatable {
2 | static func == (lhs: borrowing Self, rhs: borrowing Self) -> Bool}
  |             `- note: protocol requires function '==' with type '(borrowing ImageProcessingOptions.Border, borrowing ImageProcessingOptions.Border) -> Bool'
3 |
/Users/admin/builder/spi-builder-workspace/.dependencies/checkouts/Nuke/Sources/Internal/Graphics.swift:156:19: error: cannot find type 'CGContext' in scope
154 | }
155 |
156 | private extension CGContext {
    |                   `- error: cannot find type 'CGContext' in scope
157 |     static func make(_ image: CGImage, size: CGSize, alphaInfo: CGImageAlphaInfo? = nil) -> CGContext? {
158 |         let alphaInfo: CGImageAlphaInfo = alphaInfo ?? (image.isOpaque ? .noneSkipLast : .premultipliedLast)
/Users/admin/builder/spi-builder-workspace/.dependencies/checkouts/Nuke/Sources/Internal/Graphics.swift:256:11: error: cannot find type 'UIImage' in scope
254 | }
255 | #else
256 | extension UIImage {
    |           `- error: cannot find type 'UIImage' in scope
257 |     static func make(cgImage: CGImage, source: UIImage) -> UIImage {
258 |         UIImage(cgImage: cgImage, scale: source.scale, orientation: source.imageOrientation)
/Users/admin/builder/spi-builder-workspace/.dependencies/checkouts/Nuke/Sources/Internal/Graphics.swift:263:11: error: cannot find type 'CGImage' in scope
261 | #endif
262 |
263 | extension CGImage {
    |           `- error: cannot find type 'CGImage' in scope
264 |     /// Returns `true` if the image doesn't contain alpha channel.
265 |     var isOpaque: Bool {
/Users/admin/builder/spi-builder-workspace/.dependencies/checkouts/Nuke/Sources/Internal/Graphics.swift:301:19: error: cannot find type 'UIColor' in scope
299 | typealias Color = NSColor
300 | #else
301 | typealias Color = UIColor
    |                   `- error: cannot find type 'UIColor' in scope
302 | #endif
303 |
/Users/admin/builder/spi-builder-workspace/.dependencies/checkouts/Nuke/Sources/UI/ImageViewExtensions.swift:94:16: error: cannot find type 'ImageDisplayingView' in scope
 92 |     with request: ImageRequestConvertible?,
 93 |     options: ImageLoadingOptions = ImageLoadingOptions.shared,
 94 |     into view: ImageDisplayingView,
    |                `- error: cannot find type 'ImageDisplayingView' in scope
 95 |     completion: @escaping (_ result: Result<ImageResponse, ImagePipeline.Error>) -> Void
 96 | ) -> ImageTask? {
/Users/admin/builder/spi-builder-workspace/.dependencies/checkouts/Nuke/Sources/UI/ImageViewExtensions.swift:126:16: error: cannot find type 'ImageDisplayingView' in scope
124 |     with request: ImageRequestConvertible?,
125 |     options: ImageLoadingOptions = ImageLoadingOptions.shared,
126 |     into view: ImageDisplayingView,
    |                `- error: cannot find type 'ImageDisplayingView' in scope
127 |     progress: ((_ response: ImageResponse?, _ completed: Int64, _ total: Int64) -> Void)? = nil,
128 |     completion: ((_ result: Result<ImageResponse, ImagePipeline.Error>) -> Void)? = nil
/Users/admin/builder/spi-builder-workspace/.dependencies/checkouts/Nuke/Sources/UI/ImageViewExtensions.swift:136:37: error: cannot find type 'ImageDisplayingView' in scope
134 |
135 | /// Cancels an outstanding request associated with the view.
136 | public func cancelRequest(for view: ImageDisplayingView) {
    |                                     `- error: cannot find type 'ImageDisplayingView' in scope
137 |     assert(Thread.isMainThread)
138 |     ImageViewController.controller(for: view).cancelOutstandingTask()
/Users/admin/builder/spi-builder-workspace/.dependencies/checkouts/Nuke/Sources/UI/ImageViewExtensions.swift:365:33: error: cannot find type 'ImageDisplayingView' in scope
363 | /// making it public wouldn't expose any additional functionality to the users.
364 | private final class ImageViewController {
365 |     private weak var imageView: ImageDisplayingView?
    |                                 `- error: cannot find type 'ImageDisplayingView' in scope
366 |     private var task: ImageTask?
367 |     private var options: ImageLoadingOptions
/Users/admin/builder/spi-builder-workspace/.dependencies/checkouts/Nuke/Sources/UI/ImageViewExtensions.swift:380:27: error: cannot find type 'ImageDisplayingView' in scope
378 |     }
379 |
380 |     init(view: /* weak */ ImageDisplayingView) {
    |                           `- error: cannot find type 'ImageDisplayingView' in scope
381 |         self.imageView = view
382 |         self.options = .shared
/Users/admin/builder/spi-builder-workspace/.dependencies/checkouts/Nuke/Sources/UI/ImageViewExtensions.swift:390:38: error: cannot find type 'ImageDisplayingView' in scope
388 |
389 |     // Lazily create a controller for a given view and associate it with a view.
390 |     static func controller(for view: ImageDisplayingView) -> ImageViewController {
    |                                      `- error: cannot find type 'ImageDisplayingView' in scope
391 |         if let controller = objc_getAssociatedObject(view, &ImageViewController.controllerAK) as? ImageViewController {
392 |             return controller
Failed frontend command:
/Applications/Xcode-27.0.0-Release.Candidate.app/Contents/Developer/Toolchains/XcodeDefault.xctoolchain/usr/bin/swift-frontend -frontend -emit-module -experimental-skip-non-inlinable-function-bodies-without-types /Users/admin/builder/spi-builder-workspace/.dependencies/checkouts/Nuke/Sources/Combine/ImagePublisher.swift /Users/admin/builder/spi-builder-workspace/.dependencies/checkouts/Nuke/Sources/Core/Caching/DataCache.swift /Users/admin/builder/spi-builder-workspace/.dependencies/checkouts/Nuke/Sources/Core/Caching/DataCaching.swift /Users/admin/builder/spi-builder-workspace/.dependencies/checkouts/Nuke/Sources/Core/Caching/ImageCache.swift /Users/admin/builder/spi-builder-workspace/.dependencies/checkouts/Nuke/Sources/Core/Caching/ImageCaching.swift /Users/admin/builder/spi-builder-workspace/.dependencies/checkouts/Nuke/Sources/Core/Caching/ImagePipelineCache.swift /Users/admin/builder/spi-builder-workspace/.dependencies/checkouts/Nuke/Sources/Core/Decoding/AssetType.swift /Users/admin/builder/spi-builder-workspace/.dependencies/checkouts/Nuke/Sources/Core/Decoding/ImageDecoderRegistry.swift /Users/admin/builder/spi-builder-workspace/.dependencies/checkouts/Nuke/Sources/Core/Decoding/ImageDecoders+Default.swift /Users/admin/builder/spi-builder-workspace/.dependencies/checkouts/Nuke/Sources/Core/Decoding/ImageDecoders+Empty.swift /Users/admin/builder/spi-builder-workspace/.dependencies/checkouts/Nuke/Sources/Core/Decoding/ImageDecoders+Video.swift /Users/admin/builder/spi-builder-workspace/.dependencies/checkouts/Nuke/Sources/Core/Decoding/ImageDecoding.swift /Users/admin/builder/spi-builder-workspace/.dependencies/checkouts/Nuke/Sources/Core/Encoding/ImageEncoders+Default.swift /Users/admin/builder/spi-builder-workspace/.dependencies/checkouts/Nuke/Sources/Core/Encoding/ImageEncoders+ImageIO.swift /Users/admin/builder/spi-builder-workspace/.dependencies/checkouts/Nuke/Sources/Core/Encoding/ImageEncoders.swift /Users/admin/builder/spi-builder-workspace/.dependencies/checkouts/Nuke/Sources/Core/Encoding/ImageEncoding.swift /Users/admin/builder/spi-builder-workspace/.dependencies/checkouts/Nuke/Sources/Core/ImagePipeline.swift /Users/admin/builder/spi-builder-workspace/.dependencies/checkouts/Nuke/Sources/Core/ImagePipelineConfiguration.swift /Users/admin/builder/spi-builder-workspace/.dependencies/checkouts/Nuke/Sources/Core/ImagePipelineDelegate.swift /Users/admin/builder/spi-builder-workspace/.dependencies/checkouts/Nuke/Sources/Core/ImageRequest.swift /Users/admin/builder/spi-builder-workspace/.dependencies/checkouts/Nuke/Sources/Core/ImageResponse.swift /Users/admin/builder/spi-builder-workspace/.dependencies/checkouts/Nuke/Sources/Core/ImageTask.swift /Users/admin/builder/spi-builder-workspace/.dependencies/checkouts/Nuke/Sources/Core/Loading/DataLoader.swift /Users/admin/builder/spi-builder-workspace/.dependencies/checkouts/Nuke/Sources/Core/Loading/DataLoading.swift /Users/admin/builder/spi-builder-workspace/.dependencies/checkouts/Nuke/Sources/Core/Prefetching/ImagePrefetcher.swift /Users/admin/builder/spi-builder-workspace/.dependencies/checkouts/Nuke/Sources/Core/Processing/ImageDecompression.swift /Users/admin/builder/spi-builder-workspace/.dependencies/checkouts/Nuke/Sources/Core/Processing/ImageProcessing.swift /Users/admin/builder/spi-builder-workspace/.dependencies/checkouts/Nuke/Sources/Core/Processing/ImageProcessingOptions.swift /Users/admin/builder/spi-builder-workspace/.dependencies/checkouts/Nuke/Sources/Core/Processing/ImageProcessors+Anonymous.swift /Users/admin/builder/spi-builder-workspace/.dependencies/checkouts/Nuke/Sources/Core/Processing/ImageProcessors+Circle.swift /Users/admin/builder/spi-builder-workspace/.dependencies/checkouts/Nuke/Sources/Core/Processing/ImageProcessors+Composition.swift /Users/admin/builder/spi-builder-workspace/.dependencies/checkouts/Nuke/Sources/Core/Processing/ImageProcessors+CoreImage.swift /Users/admin/builder/spi-builder-workspace/.dependencies/checkouts/Nuke/Sources/Core/Processing/ImageProcessors+GaussianBlur.swift /Users/admin/builder/spi-builder-workspace/.dependencies/checkouts/Nuke/Sources/Core/Processing/ImageProcessors+Resize.swift /Users/admin/builder/spi-builder-workspace/.dependencies/checkouts/Nuke/Sources/Core/Processing/ImageProcessors+RoundedCorners.swift /Users/admin/builder/spi-builder-workspace/.dependencies/checkouts/Nuke/Sources/Core/Processing/ImageProcessors.swift /Users/admin/builder/spi-builder-workspace/.dependencies/checkouts/Nuke/Sources/Core/Tasks/AsyncTask.swift /Users/admin/builder/spi-builder-workspace/.dependencies/checkouts/Nuke/Sources/Core/Tasks/ImagePipelineTask.swift /Users/admin/builder/spi-builder-workspace/.dependencies/checkouts/Nuke/Sources/Core/Tasks/OperationTask.swift /Users/admin/builder/spi-builder-workspace/.dependencies/checkouts/Nuke/Sources/Core/Tasks/TaskFetchDecodedImage.swift /Users/admin/builder/spi-builder-workspace/.dependencies/checkouts/Nuke/Sources/Core/Tasks/TaskFetchOriginalImageData.swift /Users/admin/builder/spi-builder-workspace/.dependencies/checkouts/Nuke/Sources/Core/Tasks/TaskFetchWithPublisher.swift /Users/admin/builder/spi-builder-workspace/.dependencies/checkouts/Nuke/Sources/Core/Tasks/TaskLoadData.swift /Users/admin/builder/spi-builder-workspace/.dependencies/checkouts/Nuke/Sources/Core/Tasks/TaskLoadImage.swift /Users/admin/builder/spi-builder-workspace/.dependencies/checkouts/Nuke/Sources/Internal/AVDataAsset.swift /Users/admin/builder/spi-builder-workspace/.dependencies/checkouts/Nuke/Sources/Internal/Allocations.swift /Users/admin/builder/spi-builder-workspace/.dependencies/checkouts/Nuke/Sources/Internal/Combine.swift /Users/admin/builder/spi-builder-workspace/.dependencies/checkouts/Nuke/Sources/Internal/Deprecated.swift /Users/admin/builder/spi-builder-workspace/.dependencies/checkouts/Nuke/Sources/Internal/Extensions.swift /Users/admin/builder/spi-builder-workspace/.dependencies/checkouts/Nuke/Sources/Internal/Graphics.swift /Users/admin/builder/spi-builder-workspace/.dependencies/checkouts/Nuke/Sources/Internal/ImageRequestKeys.swift /Users/admin/builder/spi-builder-workspace/.dependencies/checkouts/Nuke/Sources/Internal/LinkedList.swift /Users/admin/builder/spi-builder-workspace/.dependencies/checkouts/Nuke/Sources/Internal/Log.swift /Users/admin/builder/spi-builder-workspace/.dependencies/checkouts/Nuke/Sources/Internal/Operation.swift /Users/admin/builder/spi-builder-workspace/.dependencies/checkouts/Nuke/Sources/Internal/RateLimiter.swift /Users/admin/builder/spi-builder-workspace/.dependencies/checkouts/Nuke/Sources/Internal/ResumableData.swift /Users/admin/builder/spi-builder-workspace/.dependencies/checkouts/Nuke/Sources/UI/FetchImage.swift /Users/admin/builder/spi-builder-workspace/.dependencies/checkouts/Nuke/Sources/UI/ImageViewExtensions.swift -target arm64-apple-xros1.0 -disable-cross-import-overlay-search -swift-module-cross-import AVKit /Applications/Xcode-27.0.0-Release.Candidate.app/Contents/Developer/Platforms/XROS.platform/Developer/SDKs/XROS.sdk/System/Library/Frameworks/AVKit.framework/Modules/AVKit.swiftcrossimport/GroupActivities.swiftoverlay -swift-module-cross-import AVKit /Applications/Xcode-27.0.0-Release.Candidate.app/Contents/Developer/Platforms/XROS.platform/Developer/SDKs/XROS.sdk/System/Library/Frameworks/AVKit.framework/Modules/AVKit.swiftcrossimport/SwiftUI.swiftoverlay -swift-module-cross-import AVKit /Applications/Xcode-27.0.0-Release.Candidate.app/Contents/Developer/Platforms/XROS.platform/Developer/SDKs/XROS27.0.sdk/System/Library/Frameworks/AVKit.framework/Modules/AVKit.swiftcrossimport/GroupActivities.swiftoverlay -swift-module-cross-import AVKit /Applications/Xcode-27.0.0-Release.Candidate.app/Contents/Developer/Platforms/XROS.platform/Developer/SDKs/XROS27.0.sdk/System/Library/Frameworks/AVKit.framework/Modules/AVKit.swiftcrossimport/SwiftUI.swiftoverlay -load-resolved-plugin /Applications/Xcode-27.0.0-Release.Candidate.app/Contents/Developer/Platforms/XROS.platform/Developer/usr/lib/swift/host/plugins/libFoundationMacros.dylib\#/Applications/Xcode-27.0.0-Release.Candidate.app/Contents/Developer/Platforms/XROS.platform/Developer/usr/bin/swift-plugin-server\#FoundationMacros -load-resolved-plugin /Applications/Xcode-27.0.0-Release.Candidate.app/Contents/Developer/Platforms/XROS.platform/Developer/usr/lib/swift/host/plugins/libObservationMacros.dylib\#/Applications/Xcode-27.0.0-Release.Candidate.app/Contents/Developer/Platforms/XROS.platform/Developer/usr/bin/swift-plugin-server\#ObservationMacros -load-resolved-plugin /Applications/Xcode-27.0.0-Release.Candidate.app/Contents/Developer/Platforms/XROS.platform/Developer/usr/lib/swift/host/plugins/libPreviewsMacros.dylib\#/Applications/Xcode-27.0.0-Release.Candidate.app/Contents/Developer/Platforms/XROS.platform/Developer/usr/bin/swift-plugin-server\#PreviewsMacros -load-resolved-plugin /Applications/Xcode-27.0.0-Release.Candidate.app/Contents/Developer/Platforms/XROS.platform/Developer/usr/lib/swift/host/plugins/libSwiftMacros.dylib\#/Applications/Xcode-27.0.0-Release.Candidate.app/Contents/Developer/Platforms/XROS.platform/Developer/usr/bin/swift-plugin-server\#SwiftMacros -load-resolved-plugin /Applications/Xcode-27.0.0-Release.Candidate.app/Contents/Developer/Platforms/XROS.platform/Developer/usr/lib/swift/host/plugins/libSwiftUIMacros.dylib\#/Applications/Xcode-27.0.0-Release.Candidate.app/Contents/Developer/Platforms/XROS.platform/Developer/usr/bin/swift-plugin-server\#SwiftUIMacros -disable-implicit-swift-modules -Xcc -fno-implicit-modules -Xcc -fno-implicit-module-maps -explicit-swift-module-map-file /Users/admin/builder/spi-builder-workspace/.derivedData/Build/Intermediates.noindex/Nuke.build/Debug-xros/Nuke-t.build/Objects-normal/arm64/Nuke-dependencies-1.json -Xllvm -aarch64-use-tbi -enable-objc-interop -stack-check -sdk /Applications/Xcode-27.0.0-Release.Candidate.app/Contents/Developer/Platforms/XROS.platform/Developer/SDKs/XROS27.0.sdk -I /Users/admin/builder/spi-builder-workspace/.derivedData/Build/Products/Debug-xros -Isystem /Applications/Xcode-27.0.0-Release.Candidate.app/Contents/Developer/Platforms/XROS.platform/Developer/usr/lib -F /Users/admin/builder/spi-builder-workspace/.derivedData/Build/Products/Debug-xros -F /Applications/Xcode-27.0.0-Release.Candidate.app/Contents/Developer/Platforms/XROS.platform/Developer/Library/Frameworks -F /Applications/Xcode-27.0.0-Release.Candidate.app/Contents/Developer/Platforms/XROS.platform/Developer/SDKs/XROS27.0.sdk/Developer/Library/Frameworks -module-cache-path /Users/admin/builder/spi-builder-workspace/.derivedData/Build/Intermediates.noindex/SwiftExplicitPrecompiledModules -no-color-diagnostics -Xcc -fno-color-diagnostics -enable-testing -g -debug-info-format\=dwarf -dwarf-version\=4 -suppress-warnings -swift-version 5 -Onone -D SWIFT_PACKAGE -D DEBUG -D SWIFT_MODULE_RESOURCE_BUNDLE_UNAVAILABLE -D Xcode -serialize-debugging-options -enable-experimental-feature DebugDescriptionMacro -empty-abi-descriptor -validate-clang-modules-once -clang-build-session-file /Users/admin/builder/spi-builder-workspace/.derivedData/ModuleCache.noindex/Session.modulevalidation -Xcc -working-directory -Xcc /Users/admin/builder/spi-builder-workspace/.swiftpm/xcode -enable-anonymous-context-mangled-names -file-compilation-dir /Users/admin/builder/spi-builder-workspace/.swiftpm/xcode -Xcc -D_LIBCPP_HARDENING_MODE\=_LIBCPP_HARDENING_MODE_DEBUG -Xcc -ivfsstatcache -Xcc /Users/admin/builder/spi-builder-workspace/.derivedData/SDKStatCaches.noindex/xros27.0-24M361-e829b21a6f8c9b70876ba0858053c044735bd543db762f57723cac368afd1ce4.sdkstatcache -Xcc -fmodules-prune-interval\=86400 -Xcc -fmodules-prune-after\=345600 -Xcc -I/Users/admin/builder/spi-builder-workspace/.derivedData/Build/Products/Debug-xros/include -Xcc -I/Users/admin/builder/spi-builder-workspace/.derivedData/Build/Intermediates.noindex/Nuke.build/Debug-xros/Nuke-t.build/DerivedSources-normal/arm64 -Xcc -I/Users/admin/builder/spi-builder-workspace/.derivedData/Build/Intermediates.noindex/Nuke.build/Debug-xros/Nuke-t.build/DerivedSources/arm64 -Xcc -I/Users/admin/builder/spi-builder-workspace/.derivedData/Build/Intermediates.noindex/Nuke.build/Debug-xros/Nuke-t.build/DerivedSources -Xcc -DSWIFT_PACKAGE -Xcc -DDEBUG\=1 -no-auto-bridging-header-chaining -module-name Nuke -const-gather-protocols-file /Users/admin/builder/spi-builder-workspace/.derivedData/Build/Intermediates.noindex/Nuke.build/Debug-xros/Nuke-t.build/Objects-normal/arm64/Nuke_const_extract_protocols.json -disable-clang-spi -clang-target arm64-apple-xros27.0 -target-sdk-version 27.0 -target-sdk-name xros27.0 -in-process-plugin-server-path /Applications/Xcode-27.0.0-Release.Candidate.app/Contents/Developer/Toolchains/XcodeDefault.xctoolchain/usr/lib/swift/host/libSwiftInProcPluginServer.dylib -emit-module-doc-path /Users/admin/builder/spi-builder-workspace/.derivedData/Build/Intermediates.noindex/Nuke.build/Debug-xros/Nuke-t.build/Objects-normal/arm64/Nuke.swiftdoc -emit-module-source-info-path /Users/admin/builder/spi-builder-workspace/.derivedData/Build/Intermediates.noindex/Nuke.build/Debug-xros/Nuke-t.build/Objects-normal/arm64/Nuke.swiftsourceinfo -emit-objc-header-path /Users/admin/builder/spi-builder-workspace/.derivedData/Build/Intermediates.noindex/Nuke.build/Debug-xros/Nuke-t.build/Objects-normal/arm64/Nuke-Swift.h -serialize-diagnostics-path /Users/admin/builder/spi-builder-workspace/.derivedData/Build/Intermediates.noindex/Nuke.build/Debug-xros/Nuke-t.build/Objects-normal/arm64/Nuke-primary-emit-module.dia -emit-dependencies-path /Users/admin/builder/spi-builder-workspace/.derivedData/Build/Intermediates.noindex/Nuke.build/Debug-xros/Nuke-t.build/Objects-normal/arm64/Nuke-primary-emit-module.d -parse-as-library -o /Users/admin/builder/spi-builder-workspace/.derivedData/Build/Intermediates.noindex/Nuke.build/Debug-xros/Nuke-t.build/Objects-normal/arm64/Nuke.swiftmodule -emit-abi-descriptor-path /Users/admin/builder/spi-builder-workspace/.derivedData/Build/Intermediates.noindex/Nuke.build/Debug-xros/Nuke-t.build/Objects-normal/arm64/Nuke.abi.json
SwiftCompile normal arm64 (in target 'Nuke' from project 'Nuke')
    cd /Users/admin/builder/spi-builder-workspace/.swiftpm/xcode

SwiftCompile normal arm64 Compiling\ TaskLoadData.swift,\ TaskLoadImage.swift,\ AVDataAsset.swift,\ Allocations.swift,\ Combine.swift,\ Deprecated.swift /Users/admin/builder/spi-builder-workspace/.dependencies/checkouts/Nuke/Sources/Core/Tasks/TaskLoadData.swift /Users/admin/builder/spi-builder-workspace/.dependencies/checkouts/Nuke/Sources/Core/Tasks/TaskLoadImage.swift /Users/admin/builder/spi-builder-workspace/.dependencies/checkouts/Nuke/Sources/Internal/AVDataAsset.swift /Users/admin/builder/spi-builder-workspace/.dependencies/checkouts/Nuke/Sources/Internal/Allocations.swift /Users/admin/builder/spi-builder-workspace/.dependencies/checkouts/Nuke/Sources/Internal/Combine.swift /Users/admin/builder/spi-builder-workspace/.dependencies/checkouts/Nuke/Sources/Internal/Deprecated.swift (in target 'Nuke' from project 'Nuke')
SwiftCompile normal arm64 /Users/admin/builder/spi-builder-workspace/.dependencies/checkouts/Nuke/Sources/Core/Tasks/TaskLoadData.swift (in target 'Nuke' from project 'Nuke')
    cd /Users/admin/builder/spi-builder-workspace/.swiftpm/xcode
    builtin-SwiftPerFileCompile TaskLoadData.swift
SwiftCompile normal arm64 /Users/admin/builder/spi-builder-workspace/.dependencies/checkouts/Nuke/Sources/Core/Tasks/TaskLoadImage.swift (in target 'Nuke' from project 'Nuke')
    cd /Users/admin/builder/spi-builder-workspace/.swiftpm/xcode
    builtin-SwiftPerFileCompile TaskLoadImage.swift
SwiftCompile normal arm64 /Users/admin/builder/spi-builder-workspace/.dependencies/checkouts/Nuke/Sources/Internal/AVDataAsset.swift (in target 'Nuke' from project 'Nuke')
    cd /Users/admin/builder/spi-builder-workspace/.swiftpm/xcode
    builtin-SwiftPerFileCompile AVDataAsset.swift
SwiftCompile normal arm64 /Users/admin/builder/spi-builder-workspace/.dependencies/checkouts/Nuke/Sources/Internal/Allocations.swift (in target 'Nuke' from project 'Nuke')
    cd /Users/admin/builder/spi-builder-workspace/.swiftpm/xcode
    builtin-SwiftPerFileCompile Allocations.swift
SwiftCompile normal arm64 /Users/admin/builder/spi-builder-workspace/.dependencies/checkouts/Nuke/Sources/Internal/Combine.swift (in target 'Nuke' from project 'Nuke')
    cd /Users/admin/builder/spi-builder-workspace/.swiftpm/xcode
    builtin-SwiftPerFileCompile Combine.swift
SwiftCompile normal arm64 /Users/admin/builder/spi-builder-workspace/.dependencies/checkouts/Nuke/Sources/Internal/Deprecated.swift (in target 'Nuke' from project 'Nuke')
    cd /Users/admin/builder/spi-builder-workspace/.swiftpm/xcode
    builtin-SwiftPerFileCompile Deprecated.swift
SwiftCompile normal arm64 Compiling\ ImageProcessors+Composition.swift,\ ImageProcessors+CoreImage.swift,\ ImageProcessors+GaussianBlur.swift,\ ImageProcessors+Resize.swift,\ ImageProcessors+RoundedCorners.swift,\ ImageProcessors.swift /Users/admin/builder/spi-builder-workspace/.dependencies/checkouts/Nuke/Sources/Core/Processing/ImageProcessors+Composition.swift /Users/admin/builder/spi-builder-workspace/.dependencies/checkouts/Nuke/Sources/Core/Processing/ImageProcessors+CoreImage.swift /Users/admin/builder/spi-builder-workspace/.dependencies/checkouts/Nuke/Sources/Core/Processing/ImageProcessors+GaussianBlur.swift /Users/admin/builder/spi-builder-workspace/.dependencies/checkouts/Nuke/Sources/Core/Processing/ImageProcessors+Resize.swift /Users/admin/builder/spi-builder-workspace/.dependencies/checkouts/Nuke/Sources/Core/Processing/ImageProcessors+RoundedCorners.swift /Users/admin/builder/spi-builder-workspace/.dependencies/checkouts/Nuke/Sources/Core/Processing/ImageProcessors.swift (in target 'Nuke' from project 'Nuke')
/Users/admin/builder/spi-builder-workspace/.dependencies/checkouts/Nuke/Sources/Core/Processing/ImageProcessors+Resize.swift:95:60: error: type 'Screen' has no member 'scale'
 93 |         switch unit {
 94 |         case .pixels: self.cgSize = size // The size is already in pixels
 95 |         case .points: self.cgSize = size.scaled(by: Screen.scale)
    |                                                            `- error: type 'Screen' has no member 'scale'
 96 |         }
 97 |     }
SwiftCompile normal arm64 /Users/admin/builder/spi-builder-workspace/.dependencies/checkouts/Nuke/Sources/Core/Processing/ImageProcessors+Composition.swift (in target 'Nuke' from project 'Nuke')
    cd /Users/admin/builder/spi-builder-workspace/.swiftpm/xcode
    builtin-SwiftPerFileCompile ImageProcessors+Composition.swift
SwiftCompile normal arm64 /Users/admin/builder/spi-builder-workspace/.dependencies/checkouts/Nuke/Sources/Core/Processing/ImageProcessors+CoreImage.swift (in target 'Nuke' from project 'Nuke')
    cd /Users/admin/builder/spi-builder-workspace/.swiftpm/xcode
    builtin-SwiftPerFileCompile ImageProcessors+CoreImage.swift
SwiftCompile normal arm64 /Users/admin/builder/spi-builder-workspace/.dependencies/checkouts/Nuke/Sources/Core/Processing/ImageProcessors+GaussianBlur.swift (in target 'Nuke' from project 'Nuke')
    cd /Users/admin/builder/spi-builder-workspace/.swiftpm/xcode
    builtin-SwiftPerFileCompile ImageProcessors+GaussianBlur.swift
SwiftCompile normal arm64 /Users/admin/builder/spi-builder-workspace/.dependencies/checkouts/Nuke/Sources/Core/Processing/ImageProcessors+Resize.swift (in target 'Nuke' from project 'Nuke')
    cd /Users/admin/builder/spi-builder-workspace/.swiftpm/xcode
    builtin-SwiftPerFileCompile ImageProcessors+Resize.swift
SwiftCompile normal arm64 /Users/admin/builder/spi-builder-workspace/.dependencies/checkouts/Nuke/Sources/Core/Processing/ImageProcessors+RoundedCorners.swift (in target 'Nuke' from project 'Nuke')
    cd /Users/admin/builder/spi-builder-workspace/.swiftpm/xcode
    builtin-SwiftPerFileCompile ImageProcessors+RoundedCorners.swift
SwiftCompile normal arm64 /Users/admin/builder/spi-builder-workspace/.dependencies/checkouts/Nuke/Sources/Core/Processing/ImageProcessors.swift (in target 'Nuke' from project 'Nuke')
    cd /Users/admin/builder/spi-builder-workspace/.swiftpm/xcode
    builtin-SwiftPerFileCompile ImageProcessors.swift
SwiftCompile normal arm64 Compiling\ ImageEncoders+Default.swift,\ ImageEncoders+ImageIO.swift,\ ImageEncoders.swift,\ ImageEncoding.swift,\ ImagePipeline.swift,\ ImagePipelineConfiguration.swift /Users/admin/builder/spi-builder-workspace/.dependencies/checkouts/Nuke/Sources/Core/Encoding/ImageEncoders+Default.swift /Users/admin/builder/spi-builder-workspace/.dependencies/checkouts/Nuke/Sources/Core/Encoding/ImageEncoders+ImageIO.swift /Users/admin/builder/spi-builder-workspace/.dependencies/checkouts/Nuke/Sources/Core/Encoding/ImageEncoders.swift /Users/admin/builder/spi-builder-workspace/.dependencies/checkouts/Nuke/Sources/Core/Encoding/ImageEncoding.swift /Users/admin/builder/spi-builder-workspace/.dependencies/checkouts/Nuke/Sources/Core/ImagePipeline.swift /Users/admin/builder/spi-builder-workspace/.dependencies/checkouts/Nuke/Sources/Core/ImagePipelineConfiguration.swift (in target 'Nuke' from project 'Nuke')
/Users/admin/builder/spi-builder-workspace/.dependencies/checkouts/Nuke/Sources/Core/Encoding/ImageEncoders+Default.swift:26:24: error: value of type 'CGImage' has no member 'isOpaque'
24 |             }
25 |             let type: AssetType
26 |             if cgImage.isOpaque {
   |                        `- error: value of type 'CGImage' has no member 'isOpaque'
27 |                 if isHEIFPreferred && ImageEncoders.ImageIO.isSupported(type: .heic) {
28 |                     type = .heic
/Users/admin/builder/spi-builder-workspace/.dependencies/checkouts/Nuke/Sources/UI/ImageViewExtensions.swift:94:16: error: cannot find type 'ImageDisplayingView' in scope
 92 |     with request: ImageRequestConvertible?,
 93 |     options: ImageLoadingOptions = ImageLoadingOptions.shared,
 94 |     into view: ImageDisplayingView,
    |                `- error: cannot find type 'ImageDisplayingView' in scope
 95 |     completion: @escaping (_ result: Result<ImageResponse, ImagePipeline.Error>) -> Void
 96 | ) -> ImageTask? {
SwiftCompile normal arm64 /Users/admin/builder/spi-builder-workspace/.dependencies/checkouts/Nuke/Sources/Core/Encoding/ImageEncoders+Default.swift (in target 'Nuke' from project 'Nuke')
    cd /Users/admin/builder/spi-builder-workspace/.swiftpm/xcode
    builtin-SwiftPerFileCompile ImageEncoders+Default.swift
SwiftCompile normal arm64 /Users/admin/builder/spi-builder-workspace/.dependencies/checkouts/Nuke/Sources/Core/Encoding/ImageEncoders+ImageIO.swift (in target 'Nuke' from project 'Nuke')
    cd /Users/admin/builder/spi-builder-workspace/.swiftpm/xcode
    builtin-SwiftPerFileCompile ImageEncoders+ImageIO.swift
SwiftCompile normal arm64 /Users/admin/builder/spi-builder-workspace/.dependencies/checkouts/Nuke/Sources/Core/Encoding/ImageEncoders.swift (in target 'Nuke' from project 'Nuke')
    cd /Users/admin/builder/spi-builder-workspace/.swiftpm/xcode
    builtin-SwiftPerFileCompile ImageEncoders.swift
SwiftCompile normal arm64 /Users/admin/builder/spi-builder-workspace/.dependencies/checkouts/Nuke/Sources/Core/Encoding/ImageEncoding.swift (in target 'Nuke' from project 'Nuke')
    cd /Users/admin/builder/spi-builder-workspace/.swiftpm/xcode
    builtin-SwiftPerFileCompile ImageEncoding.swift
SwiftCompile normal arm64 /Users/admin/builder/spi-builder-workspace/.dependencies/checkouts/Nuke/Sources/Core/ImagePipeline.swift (in target 'Nuke' from project 'Nuke')
    cd /Users/admin/builder/spi-builder-workspace/.swiftpm/xcode
    builtin-SwiftPerFileCompile ImagePipeline.swift
SwiftCompile normal arm64 /Users/admin/builder/spi-builder-workspace/.dependencies/checkouts/Nuke/Sources/Core/ImagePipelineConfiguration.swift (in target 'Nuke' from project 'Nuke')
    cd /Users/admin/builder/spi-builder-workspace/.swiftpm/xcode
    builtin-SwiftPerFileCompile ImagePipelineConfiguration.swift
SwiftCompile normal arm64 Compiling\ ImagePublisher.swift,\ DataCache.swift,\ DataCaching.swift,\ ImageCache.swift,\ ImageCaching.swift,\ ImagePipelineCache.swift /Users/admin/builder/spi-builder-workspace/.dependencies/checkouts/Nuke/Sources/Combine/ImagePublisher.swift /Users/admin/builder/spi-builder-workspace/.dependencies/checkouts/Nuke/Sources/Core/Caching/DataCache.swift /Users/admin/builder/spi-builder-workspace/.dependencies/checkouts/Nuke/Sources/Core/Caching/DataCaching.swift /Users/admin/builder/spi-builder-workspace/.dependencies/checkouts/Nuke/Sources/Core/Caching/ImageCache.swift /Users/admin/builder/spi-builder-workspace/.dependencies/checkouts/Nuke/Sources/Core/Caching/ImageCaching.swift /Users/admin/builder/spi-builder-workspace/.dependencies/checkouts/Nuke/Sources/Core/Caching/ImagePipelineCache.swift (in target 'Nuke' from project 'Nuke')
SwiftCompile normal arm64 /Users/admin/builder/spi-builder-workspace/.dependencies/checkouts/Nuke/Sources/Combine/ImagePublisher.swift (in target 'Nuke' from project 'Nuke')
    cd /Users/admin/builder/spi-builder-workspace/.swiftpm/xcode
    builtin-SwiftPerFileCompile ImagePublisher.swift
SwiftCompile normal arm64 /Users/admin/builder/spi-builder-workspace/.dependencies/checkouts/Nuke/Sources/Core/Caching/DataCache.swift (in target 'Nuke' from project 'Nuke')
    cd /Users/admin/builder/spi-builder-workspace/.swiftpm/xcode
    builtin-SwiftPerFileCompile DataCache.swift
SwiftCompile normal arm64 /Users/admin/builder/spi-builder-workspace/.dependencies/checkouts/Nuke/Sources/Core/Caching/DataCaching.swift (in target 'Nuke' from project 'Nuke')
    cd /Users/admin/builder/spi-builder-workspace/.swiftpm/xcode
    builtin-SwiftPerFileCompile DataCaching.swift
SwiftCompile normal arm64 /Users/admin/builder/spi-builder-workspace/.dependencies/checkouts/Nuke/Sources/Core/Caching/ImageCache.swift (in target 'Nuke' from project 'Nuke')
    cd /Users/admin/builder/spi-builder-workspace/.swiftpm/xcode
    builtin-SwiftPerFileCompile ImageCache.swift
SwiftCompile normal arm64 /Users/admin/builder/spi-builder-workspace/.dependencies/checkouts/Nuke/Sources/Core/Caching/ImageCaching.swift (in target 'Nuke' from project 'Nuke')
    cd /Users/admin/builder/spi-builder-workspace/.swiftpm/xcode
    builtin-SwiftPerFileCompile ImageCaching.swift
SwiftCompile normal arm64 /Users/admin/builder/spi-builder-workspace/.dependencies/checkouts/Nuke/Sources/Core/Caching/ImagePipelineCache.swift (in target 'Nuke' from project 'Nuke')
    cd /Users/admin/builder/spi-builder-workspace/.swiftpm/xcode
    builtin-SwiftPerFileCompile ImagePipelineCache.swift
SwiftCompile normal arm64 Compiling\ AssetType.swift,\ ImageDecoderRegistry.swift,\ ImageDecoders+Default.swift,\ ImageDecoders+Empty.swift,\ ImageDecoders+Video.swift,\ ImageDecoding.swift /Users/admin/builder/spi-builder-workspace/.dependencies/checkouts/Nuke/Sources/Core/Decoding/AssetType.swift /Users/admin/builder/spi-builder-workspace/.dependencies/checkouts/Nuke/Sources/Core/Decoding/ImageDecoderRegistry.swift /Users/admin/builder/spi-builder-workspace/.dependencies/checkouts/Nuke/Sources/Core/Decoding/ImageDecoders+Default.swift /Users/admin/builder/spi-builder-workspace/.dependencies/checkouts/Nuke/Sources/Core/Decoding/ImageDecoders+Empty.swift /Users/admin/builder/spi-builder-workspace/.dependencies/checkouts/Nuke/Sources/Core/Decoding/ImageDecoders+Video.swift /Users/admin/builder/spi-builder-workspace/.dependencies/checkouts/Nuke/Sources/Core/Decoding/ImageDecoding.swift (in target 'Nuke' from project 'Nuke')
/Users/admin/builder/spi-builder-workspace/.dependencies/checkouts/Nuke/Sources/Core/Decoding/ImageDecoders+Default.swift:176:59: error: type 'Screen' has no member 'scale'
174 |         return NSImage(data: data)
175 |         #else
176 |         return UIImage(data: data, scale: scale ?? Screen.scale)
    |                                                           `- error: type 'Screen' has no member 'scale'
177 |         #endif
178 |     }
SwiftCompile normal arm64 /Users/admin/builder/spi-builder-workspace/.dependencies/checkouts/Nuke/Sources/Core/Decoding/AssetType.swift (in target 'Nuke' from project 'Nuke')
    cd /Users/admin/builder/spi-builder-workspace/.swiftpm/xcode
    builtin-SwiftPerFileCompile AssetType.swift
SwiftCompile normal arm64 /Users/admin/builder/spi-builder-workspace/.dependencies/checkouts/Nuke/Sources/Core/Decoding/ImageDecoderRegistry.swift (in target 'Nuke' from project 'Nuke')
    cd /Users/admin/builder/spi-builder-workspace/.swiftpm/xcode
    builtin-SwiftPerFileCompile ImageDecoderRegistry.swift
SwiftCompile normal arm64 /Users/admin/builder/spi-builder-workspace/.dependencies/checkouts/Nuke/Sources/Core/Decoding/ImageDecoders+Default.swift (in target 'Nuke' from project 'Nuke')
    cd /Users/admin/builder/spi-builder-workspace/.swiftpm/xcode
    builtin-SwiftPerFileCompile ImageDecoders+Default.swift
SwiftCompile normal arm64 /Users/admin/builder/spi-builder-workspace/.dependencies/checkouts/Nuke/Sources/Core/Decoding/ImageDecoders+Empty.swift (in target 'Nuke' from project 'Nuke')
    cd /Users/admin/builder/spi-builder-workspace/.swiftpm/xcode
    builtin-SwiftPerFileCompile ImageDecoders+Empty.swift
SwiftCompile normal arm64 /Users/admin/builder/spi-builder-workspace/.dependencies/checkouts/Nuke/Sources/Core/Decoding/ImageDecoders+Video.swift (in target 'Nuke' from project 'Nuke')
    cd /Users/admin/builder/spi-builder-workspace/.swiftpm/xcode
    builtin-SwiftPerFileCompile ImageDecoders+Video.swift
SwiftCompile normal arm64 /Users/admin/builder/spi-builder-workspace/.dependencies/checkouts/Nuke/Sources/Core/Decoding/ImageDecoding.swift (in target 'Nuke' from project 'Nuke')
    cd /Users/admin/builder/spi-builder-workspace/.swiftpm/xcode
    builtin-SwiftPerFileCompile ImageDecoding.swift
SwiftCompile normal arm64 Compiling\ AsyncTask.swift,\ ImagePipelineTask.swift,\ OperationTask.swift,\ TaskFetchDecodedImage.swift,\ TaskFetchOriginalImageData.swift,\ TaskFetchWithPublisher.swift /Users/admin/builder/spi-builder-workspace/.dependencies/checkouts/Nuke/Sources/Core/Tasks/AsyncTask.swift /Users/admin/builder/spi-builder-workspace/.dependencies/checkouts/Nuke/Sources/Core/Tasks/ImagePipelineTask.swift /Users/admin/builder/spi-builder-workspace/.dependencies/checkouts/Nuke/Sources/Core/Tasks/OperationTask.swift /Users/admin/builder/spi-builder-workspace/.dependencies/checkouts/Nuke/Sources/Core/Tasks/TaskFetchDecodedImage.swift /Users/admin/builder/spi-builder-workspace/.dependencies/checkouts/Nuke/Sources/Core/Tasks/TaskFetchOriginalImageData.swift /Users/admin/builder/spi-builder-workspace/.dependencies/checkouts/Nuke/Sources/Core/Tasks/TaskFetchWithPublisher.swift (in target 'Nuke' from project 'Nuke')
SwiftCompile normal arm64 /Users/admin/builder/spi-builder-workspace/.dependencies/checkouts/Nuke/Sources/Core/Tasks/AsyncTask.swift (in target 'Nuke' from project 'Nuke')
    cd /Users/admin/builder/spi-builder-workspace/.swiftpm/xcode
    builtin-SwiftPerFileCompile AsyncTask.swift
SwiftCompile normal arm64 /Users/admin/builder/spi-builder-workspace/.dependencies/checkouts/Nuke/Sources/Core/Tasks/ImagePipelineTask.swift (in target 'Nuke' from project 'Nuke')
    cd /Users/admin/builder/spi-builder-workspace/.swiftpm/xcode
    builtin-SwiftPerFileCompile ImagePipelineTask.swift
SwiftCompile normal arm64 /Users/admin/builder/spi-builder-workspace/.dependencies/checkouts/Nuke/Sources/Core/Tasks/OperationTask.swift (in target 'Nuke' from project 'Nuke')
    cd /Users/admin/builder/spi-builder-workspace/.swiftpm/xcode
    builtin-SwiftPerFileCompile OperationTask.swift
SwiftCompile normal arm64 /Users/admin/builder/spi-builder-workspace/.dependencies/checkouts/Nuke/Sources/Core/Tasks/TaskFetchDecodedImage.swift (in target 'Nuke' from project 'Nuke')
    cd /Users/admin/builder/spi-builder-workspace/.swiftpm/xcode
    builtin-SwiftPerFileCompile TaskFetchDecodedImage.swift
SwiftCompile normal arm64 /Users/admin/builder/spi-builder-workspace/.dependencies/checkouts/Nuke/Sources/Core/Tasks/TaskFetchOriginalImageData.swift (in target 'Nuke' from project 'Nuke')
    cd /Users/admin/builder/spi-builder-workspace/.swiftpm/xcode
    builtin-SwiftPerFileCompile TaskFetchOriginalImageData.swift
SwiftCompile normal arm64 /Users/admin/builder/spi-builder-workspace/.dependencies/checkouts/Nuke/Sources/Core/Tasks/TaskFetchWithPublisher.swift (in target 'Nuke' from project 'Nuke')
    cd /Users/admin/builder/spi-builder-workspace/.swiftpm/xcode
    builtin-SwiftPerFileCompile TaskFetchWithPublisher.swift
SwiftCompile normal arm64 Compiling\ ImagePrefetcher.swift,\ ImageDecompression.swift,\ ImageProcessing.swift,\ ImageProcessingOptions.swift,\ ImageProcessors+Anonymous.swift,\ ImageProcessors+Circle.swift /Users/admin/builder/spi-builder-workspace/.dependencies/checkouts/Nuke/Sources/Core/Prefetching/ImagePrefetcher.swift /Users/admin/builder/spi-builder-workspace/.dependencies/checkouts/Nuke/Sources/Core/Processing/ImageDecompression.swift /Users/admin/builder/spi-builder-workspace/.dependencies/checkouts/Nuke/Sources/Core/Processing/ImageProcessing.swift /Users/admin/builder/spi-builder-workspace/.dependencies/checkouts/Nuke/Sources/Core/Processing/ImageProcessingOptions.swift /Users/admin/builder/spi-builder-workspace/.dependencies/checkouts/Nuke/Sources/Core/Processing/ImageProcessors+Anonymous.swift /Users/admin/builder/spi-builder-workspace/.dependencies/checkouts/Nuke/Sources/Core/Processing/ImageProcessors+Circle.swift (in target 'Nuke' from project 'Nuke')
/Users/admin/builder/spi-builder-workspace/.dependencies/checkouts/Nuke/Sources/Core/Processing/ImageProcessingOptions.swift:55:27: error: cannot find type 'NSColor' in scope
53 |         }
54 |         #else
55 |         public let color: NSColor
   |                           `- error: cannot find type 'NSColor' in scope
56 |
57 |         /// - parameter color: Border color.
/Users/admin/builder/spi-builder-workspace/.dependencies/checkouts/Nuke/Sources/Core/Processing/ImageProcessingOptions.swift:60:28: error: cannot find type 'NSColor' in scope
58 |         /// - parameter width: Border width. 1 points by default.
59 |         /// - parameter unit: Unit of the width, `.points` by default.
60 |         public init(color: NSColor, width: CGFloat = 1, unit: Unit = .points) {
   |                            `- error: cannot find type 'NSColor' in scope
61 |             self.color = color
62 |             self.width = width.converted(to: unit)
/Users/admin/builder/spi-builder-workspace/.dependencies/checkouts/Nuke/Sources/Core/Processing/ImageProcessingOptions.swift:41:19: error: type 'ImageProcessingOptions.Border' does not conform to protocol 'Hashable'
39 |     /// consider adding border to a view layer. This should be your primary
40 |     /// option regardless.
41 |     public struct Border: Hashable, CustomStringConvertible {
   |                   `- error: type 'ImageProcessingOptions.Border' does not conform to protocol 'Hashable'
42 |         public let width: CGFloat
43 |
   :
53 |         }
54 |         #else
55 |         public let color: NSColor
   |                    `- note: stored property type '_' does not conform to protocol 'Hashable', preventing synthesized conformance of 'ImageProcessingOptions.Border' to 'Hashable'
56 |
57 |         /// - parameter color: Border color.
SwiftCompile normal arm64 /Users/admin/builder/spi-builder-workspace/.dependencies/checkouts/Nuke/Sources/Core/Prefetching/ImagePrefetcher.swift (in target 'Nuke' from project 'Nuke')
    cd /Users/admin/builder/spi-builder-workspace/.swiftpm/xcode
    builtin-SwiftPerFileCompile ImagePrefetcher.swift
SwiftCompile normal arm64 /Users/admin/builder/spi-builder-workspace/.dependencies/checkouts/Nuke/Sources/Core/Processing/ImageDecompression.swift (in target 'Nuke' from project 'Nuke')
    cd /Users/admin/builder/spi-builder-workspace/.swiftpm/xcode
    builtin-SwiftPerFileCompile ImageDecompression.swift
SwiftCompile normal arm64 /Users/admin/builder/spi-builder-workspace/.dependencies/checkouts/Nuke/Sources/Core/Processing/ImageProcessing.swift (in target 'Nuke' from project 'Nuke')
    cd /Users/admin/builder/spi-builder-workspace/.swiftpm/xcode
    builtin-SwiftPerFileCompile ImageProcessing.swift
SwiftCompile normal arm64 /Users/admin/builder/spi-builder-workspace/.dependencies/checkouts/Nuke/Sources/Core/Processing/ImageProcessingOptions.swift (in target 'Nuke' from project 'Nuke')
    cd /Users/admin/builder/spi-builder-workspace/.swiftpm/xcode
    builtin-SwiftPerFileCompile ImageProcessingOptions.swift
SwiftCompile normal arm64 /Users/admin/builder/spi-builder-workspace/.dependencies/checkouts/Nuke/Sources/Core/Processing/ImageProcessors+Anonymous.swift (in target 'Nuke' from project 'Nuke')
    cd /Users/admin/builder/spi-builder-workspace/.swiftpm/xcode
    builtin-SwiftPerFileCompile ImageProcessors+Anonymous.swift
SwiftCompile normal arm64 /Users/admin/builder/spi-builder-workspace/.dependencies/checkouts/Nuke/Sources/Core/Processing/ImageProcessors+Circle.swift (in target 'Nuke' from project 'Nuke')
    cd /Users/admin/builder/spi-builder-workspace/.swiftpm/xcode
    builtin-SwiftPerFileCompile ImageProcessors+Circle.swift
SwiftCompile normal arm64 Compiling\ ImagePipelineDelegate.swift,\ ImageRequest.swift,\ ImageResponse.swift,\ ImageTask.swift,\ DataLoader.swift,\ DataLoading.swift /Users/admin/builder/spi-builder-workspace/.dependencies/checkouts/Nuke/Sources/Core/ImagePipelineDelegate.swift /Users/admin/builder/spi-builder-workspace/.dependencies/checkouts/Nuke/Sources/Core/ImageRequest.swift /Users/admin/builder/spi-builder-workspace/.dependencies/checkouts/Nuke/Sources/Core/ImageResponse.swift /Users/admin/builder/spi-builder-workspace/.dependencies/checkouts/Nuke/Sources/Core/ImageTask.swift /Users/admin/builder/spi-builder-workspace/.dependencies/checkouts/Nuke/Sources/Core/Loading/DataLoader.swift /Users/admin/builder/spi-builder-workspace/.dependencies/checkouts/Nuke/Sources/Core/Loading/DataLoading.swift (in target 'Nuke' from project 'Nuke')
SwiftCompile normal arm64 /Users/admin/builder/spi-builder-workspace/.dependencies/checkouts/Nuke/Sources/Core/ImagePipelineDelegate.swift (in target 'Nuke' from project 'Nuke')
    cd /Users/admin/builder/spi-builder-workspace/.swiftpm/xcode
    builtin-SwiftPerFileCompile ImagePipelineDelegate.swift
SwiftCompile normal arm64 /Users/admin/builder/spi-builder-workspace/.dependencies/checkouts/Nuke/Sources/Core/ImageRequest.swift (in target 'Nuke' from project 'Nuke')
    cd /Users/admin/builder/spi-builder-workspace/.swiftpm/xcode
    builtin-SwiftPerFileCompile ImageRequest.swift
SwiftCompile normal arm64 /Users/admin/builder/spi-builder-workspace/.dependencies/checkouts/Nuke/Sources/Core/ImageResponse.swift (in target 'Nuke' from project 'Nuke')
    cd /Users/admin/builder/spi-builder-workspace/.swiftpm/xcode
    builtin-SwiftPerFileCompile ImageResponse.swift
SwiftCompile normal arm64 /Users/admin/builder/spi-builder-workspace/.dependencies/checkouts/Nuke/Sources/Core/ImageTask.swift (in target 'Nuke' from project 'Nuke')
    cd /Users/admin/builder/spi-builder-workspace/.swiftpm/xcode
    builtin-SwiftPerFileCompile ImageTask.swift
SwiftCompile normal arm64 /Users/admin/builder/spi-builder-workspace/.dependencies/checkouts/Nuke/Sources/Core/Loading/DataLoader.swift (in target 'Nuke' from project 'Nuke')
    cd /Users/admin/builder/spi-builder-workspace/.swiftpm/xcode
    builtin-SwiftPerFileCompile DataLoader.swift
SwiftCompile normal arm64 /Users/admin/builder/spi-builder-workspace/.dependencies/checkouts/Nuke/Sources/Core/Loading/DataLoading.swift (in target 'Nuke' from project 'Nuke')
    cd /Users/admin/builder/spi-builder-workspace/.swiftpm/xcode
    builtin-SwiftPerFileCompile DataLoading.swift
PruneExplicitPrecompiledModules /Users/admin/builder/spi-builder-workspace/.derivedData/Build/Intermediates.noindex/ExplicitPrecompiledModules
PruneExplicitPrecompiledModules /Users/admin/builder/spi-builder-workspace/.derivedData/Build/Intermediates.noindex/SwiftExplicitPrecompiledModules
PruneExplicitPrecompiledModules /Users/admin/builder/spi-builder-workspace/.derivedData/SDKExplicitPrecompiledModules
2026-09-18 07:23:42.340 xcodebuild[718:4435] [MT] IDERunDestination: Supported platforms for the buildables in the current scheme is empty.
** BUILD FAILED **
The following build commands failed:
	SwiftEmitModule normal arm64 Emitting\ module\ for\ Nuke (in target 'Nuke' from project 'Nuke')
	SwiftCompile normal arm64 (in target 'Nuke' from project 'Nuke')
	Building workspace NukeUI with scheme NukeUI
(3 failures)
Command line invocation:
    /Applications/Xcode-27.0.0-Release.Candidate.app/Contents/Developer/usr/bin/xcodebuild -IDEClonedSourcePackagesDirPathOverride=/Users/admin/builder/spi-builder-workspace/.dependencies -resolvePackageDependencies
Resolve Package Graph
Resolved source packages:
  NukeUI: /Users/admin/builder/spi-builder-workspace
  Nuke: https://github.com/kean/Nuke.git @ 10.11.2
  Gifu: https://github.com/kaishin/Gifu @ 3.5.1
resolved source packages: NukeUI, Nuke, Gifu
2026-09-18 07:23:50.718 xcodebuild[859:5002] [MT] IDERunDestination: Supported platforms for the buildables in the current scheme is empty.
{
  "dependencies" : [
    {
      "identity" : "nuke",
      "requirement" : {
        "range" : [
          {
            "lower_bound" : "10.5.0",
            "upper_bound" : "11.0.0"
          }
        ]
      },
      "type" : "sourceControl",
      "url" : "https://github.com/kean/Nuke.git"
    },
    {
      "identity" : "gifu",
      "requirement" : {
        "range" : [
          {
            "lower_bound" : "3.0.0",
            "upper_bound" : "4.0.0"
          }
        ]
      },
      "type" : "sourceControl",
      "url" : "https://github.com/kaishin/Gifu"
    }
  ],
  "manifest_display_name" : "NukeUI",
  "name" : "NukeUI",
  "path" : "/Users/admin/builder/spi-builder-workspace",
  "platforms" : [
    {
      "name" : "macos",
      "version" : "10.14"
    },
    {
      "name" : "ios",
      "version" : "12.0"
    },
    {
      "name" : "tvos",
      "version" : "12.0"
    },
    {
      "name" : "watchos",
      "version" : "5.0"
    }
  ],
  "products" : [
    {
      "name" : "NukeUI",
      "targets" : [
        "NukeUI"
      ],
      "type" : {
        "library" : [
          "automatic"
        ]
      }
    }
  ],
  "targets" : [
    {
      "c99name" : "NukeUI",
      "module_type" : "SwiftTarget",
      "name" : "NukeUI",
      "path" : "Sources",
      "product_dependencies" : [
        "Nuke",
        "Gifu"
      ],
      "product_memberships" : [
        "NukeUI"
      ],
      "sources" : [
        "Image.swift",
        "ImageView.swift",
        "Internal.swift",
        "LazyImage.swift",
        "LazyImageView.swift",
        "VideoPlayerView.swift"
      ],
      "type" : "library"
    }
  ],
  "tools_version" : "5.3"
}
{
  "workspace" : {
    "name" : "NukeUI",
    "schemes" : [
      "NukeUI"
    ]
  }
}
2026-09-18 07:23:52.005 xcodebuild[867:5072] [MT] IDERunDestination: Supported platforms for the buildables in the current scheme is empty.
Running build ...
env DEVELOPER_DIR=/Applications/Xcode-27.0.0-Release.Candidate.app xcrun xcodebuild -IDEClonedSourcePackagesDirPathOverride=$PWD/.dependencies -skipMacroValidation -skipPackagePluginValidation -derivedDataPath $PWD/.derivedData build -scheme NukeUI -destination generic/platform=xrOS
Command line invocation:
    /Applications/Xcode-27.0.0-Release.Candidate.app/Contents/Developer/usr/bin/xcodebuild -IDEClonedSourcePackagesDirPathOverride=/Users/admin/builder/spi-builder-workspace/.dependencies -skipMacroValidation -skipPackagePluginValidation -derivedDataPath /Users/admin/builder/spi-builder-workspace/.derivedData build -scheme NukeUI -destination generic/platform=xrOS
Resolve Package Graph
Resolved source packages:
  Gifu: https://github.com/kaishin/Gifu @ 3.5.1
  Nuke: https://github.com/kean/Nuke.git @ 10.11.2
  NukeUI: /Users/admin/builder/spi-builder-workspace
ComputePackagePrebuildTargetDependencyGraph
Prepare packages
CreateBuildRequest
SendProjectDescription
CreateBuildOperation
ComputeTargetDependencyGraph
note: Building targets in dependency order
note: Target dependency graph (4 targets)
    Target 'NukeUI-product' in project 'NukeUI'
        ➜ Explicit dependency on target 'NukeUI' in project 'NukeUI'
        ➜ Explicit dependency on target 'Nuke-product' in project 'Nuke'
    Target 'NukeUI' in project 'NukeUI'
        ➜ Explicit dependency on target 'Nuke-product' in project 'Nuke'
    Target 'Nuke-product' in project 'Nuke'
        ➜ Explicit dependency on target 'Nuke' in project 'Nuke'
    Target 'Nuke' in project 'Nuke' (no dependencies)
GatherProvisioningInputs
CreateBuildDescription
ClangStatCache /Applications/Xcode-27.0.0-Release.Candidate.app/Contents/Developer/Toolchains/XcodeDefault.xctoolchain/usr/bin/clang-stat-cache /Applications/Xcode-27.0.0-Release.Candidate.app/Contents/Developer/Platforms/XROS.platform/Developer/SDKs/XROS27.0.sdk /Users/admin/builder/spi-builder-workspace/.derivedData/SDKStatCaches.noindex/xros27.0-24M361-e829b21a6f8c9b70876ba0858053c044735bd543db762f57723cac368afd1ce4.sdkstatcache
    cd /Users/admin/builder/spi-builder-workspace/.swiftpm/xcode
    /Applications/Xcode-27.0.0-Release.Candidate.app/Contents/Developer/Toolchains/XcodeDefault.xctoolchain/usr/bin/clang-stat-cache /Applications/Xcode-27.0.0-Release.Candidate.app/Contents/Developer/Platforms/XROS.platform/Developer/SDKs/XROS27.0.sdk -o /Users/admin/builder/spi-builder-workspace/.derivedData/SDKStatCaches.noindex/xros27.0-24M361-e829b21a6f8c9b70876ba0858053c044735bd543db762f57723cac368afd1ce4.sdkstatcache
SwiftDriver Nuke normal arm64 com.apple.xcode.tools.swift.compiler (in target 'Nuke' from project 'Nuke')
    cd /Users/admin/builder/spi-builder-workspace/.swiftpm/xcode
    builtin-SwiftDriver -- /Applications/Xcode-27.0.0-Release.Candidate.app/Contents/Developer/Toolchains/XcodeDefault.xctoolchain/usr/bin/swiftc -parse-as-library -module-name Nuke -Onone @/Users/admin/builder/spi-builder-workspace/.derivedData/Build/Intermediates.noindex/Nuke.build/Debug-xros/Nuke-t.build/Objects-normal/arm64/Nuke.SwiftFileList -DSWIFT_PACKAGE -DDEBUG -DSWIFT_MODULE_RESOURCE_BUNDLE_UNAVAILABLE -DXcode -plugin-path /Applications/Xcode-27.0.0-Release.Candidate.app/Contents/Developer/Toolchains/XcodeDefault.xctoolchain/usr/lib/swift/host/plugins/testing -enable-experimental-feature DebugDescriptionMacro -sdk /Applications/Xcode-27.0.0-Release.Candidate.app/Contents/Developer/Platforms/XROS.platform/Developer/SDKs/XROS27.0.sdk -target arm64-apple-xros1.0 -g -module-cache-path /Users/admin/builder/spi-builder-workspace/.derivedData/ModuleCache.noindex -Xfrontend -serialize-debugging-options -enable-testing -suppress-warnings -index-store-path /Users/admin/builder/spi-builder-workspace/.derivedData/Index.noindex/DataStore -Xcc -D_LIBCPP_HARDENING_MODE\=_LIBCPP_HARDENING_MODE_DEBUG -swift-version 5 -I /Users/admin/builder/spi-builder-workspace/.derivedData/Build/Products/Debug-xros -Isystem /Applications/Xcode-27.0.0-Release.Candidate.app/Contents/Developer/Platforms/XROS.platform/Developer/usr/lib -F /Users/admin/builder/spi-builder-workspace/.derivedData/Build/Products/Debug-xros -F /Applications/Xcode-27.0.0-Release.Candidate.app/Contents/Developer/Platforms/XROS.platform/Developer/Library/Frameworks -F /Applications/Xcode-27.0.0-Release.Candidate.app/Contents/Developer/Platforms/XROS.platform/Developer/SDKs/XROS27.0.sdk/Developer/Library/Frameworks -c -j10 -enable-batch-mode -incremental -Xcc -ivfsstatcache -Xcc /Users/admin/builder/spi-builder-workspace/.derivedData/SDKStatCaches.noindex/xros27.0-24M361-e829b21a6f8c9b70876ba0858053c044735bd543db762f57723cac368afd1ce4.sdkstatcache -output-file-map /Users/admin/builder/spi-builder-workspace/.derivedData/Build/Intermediates.noindex/Nuke.build/Debug-xros/Nuke-t.build/Objects-normal/arm64/Nuke-OutputFileMap.json -save-temps -no-color-diagnostics -explicit-module-build -module-cache-path /Users/admin/builder/spi-builder-workspace/.derivedData/Build/Intermediates.noindex/SwiftExplicitPrecompiledModules -clang-scanner-module-cache-path /Users/admin/builder/spi-builder-workspace/.derivedData/ModuleCache.noindex -sdk-module-cache-path /Users/admin/builder/spi-builder-workspace/.derivedData/SDKExplicitPrecompiledModules -emit-dependencies -emit-module -emit-module-path /Users/admin/builder/spi-builder-workspace/.derivedData/Build/Intermediates.noindex/Nuke.build/Debug-xros/Nuke-t.build/Objects-normal/arm64/Nuke.swiftmodule -serialize-diagnostics -dependency-scan-serialize-diagnostics-path /Users/admin/builder/spi-builder-workspace/.derivedData/Build/Intermediates.noindex/Nuke.build/Debug-xros/Nuke-t.build/Objects-normal/arm64/Nuke-dependency-scan.dia -validate-clang-modules-once -clang-build-session-file /Users/admin/builder/spi-builder-workspace/.derivedData/ModuleCache.noindex/Session.modulevalidation -Xcc -fmodules-prune-interval\=86400 -Xcc -fmodules-prune-after\=345600 -emit-const-values -const-gather-protocols-list /Users/admin/builder/spi-builder-workspace/.derivedData/Build/Intermediates.noindex/Nuke.build/Debug-xros/Nuke-t.build/Objects-normal/arm64/Nuke_const_extract_protocols.json -Xcc -I/Users/admin/builder/spi-builder-workspace/.derivedData/Build/Products/Debug-xros/include -Xcc -I/Users/admin/builder/spi-builder-workspace/.derivedData/Build/Intermediates.noindex/Nuke.build/Debug-xros/Nuke-t.build/DerivedSources-normal/arm64 -Xcc -I/Users/admin/builder/spi-builder-workspace/.derivedData/Build/Intermediates.noindex/Nuke.build/Debug-xros/Nuke-t.build/DerivedSources/arm64 -Xcc -I/Users/admin/builder/spi-builder-workspace/.derivedData/Build/Intermediates.noindex/Nuke.build/Debug-xros/Nuke-t.build/DerivedSources -Xcc -DSWIFT_PACKAGE -Xcc -DDEBUG\=1 -emit-objc-header -emit-objc-header-path /Users/admin/builder/spi-builder-workspace/.derivedData/Build/Intermediates.noindex/Nuke.build/Debug-xros/Nuke-t.build/Objects-normal/arm64/Nuke-Swift.h -working-directory /Users/admin/builder/spi-builder-workspace/.swiftpm/xcode -experimental-emit-module-separately -disable-cmo
SwiftCompile normal arm64 Compiling\ ImagePublisher.swift,\ DataCache.swift,\ DataCaching.swift,\ ImageCache.swift,\ ImageCaching.swift,\ ImagePipelineCache.swift /Users/admin/builder/spi-builder-workspace/.dependencies/checkouts/Nuke/Sources/Combine/ImagePublisher.swift /Users/admin/builder/spi-builder-workspace/.dependencies/checkouts/Nuke/Sources/Core/Caching/DataCache.swift /Users/admin/builder/spi-builder-workspace/.dependencies/checkouts/Nuke/Sources/Core/Caching/DataCaching.swift /Users/admin/builder/spi-builder-workspace/.dependencies/checkouts/Nuke/Sources/Core/Caching/ImageCache.swift /Users/admin/builder/spi-builder-workspace/.dependencies/checkouts/Nuke/Sources/Core/Caching/ImageCaching.swift /Users/admin/builder/spi-builder-workspace/.dependencies/checkouts/Nuke/Sources/Core/Caching/ImagePipelineCache.swift (in target 'Nuke' from project 'Nuke')
SwiftCompile normal arm64 /Users/admin/builder/spi-builder-workspace/.dependencies/checkouts/Nuke/Sources/Combine/ImagePublisher.swift (in target 'Nuke' from project 'Nuke')
    cd /Users/admin/builder/spi-builder-workspace/.swiftpm/xcode
    builtin-SwiftPerFileCompile ImagePublisher.swift
SwiftCompile normal arm64 /Users/admin/builder/spi-builder-workspace/.dependencies/checkouts/Nuke/Sources/Core/Caching/DataCache.swift (in target 'Nuke' from project 'Nuke')
    cd /Users/admin/builder/spi-builder-workspace/.swiftpm/xcode
    builtin-SwiftPerFileCompile DataCache.swift
SwiftCompile normal arm64 /Users/admin/builder/spi-builder-workspace/.dependencies/checkouts/Nuke/Sources/Core/Caching/DataCaching.swift (in target 'Nuke' from project 'Nuke')
    cd /Users/admin/builder/spi-builder-workspace/.swiftpm/xcode
    builtin-SwiftPerFileCompile DataCaching.swift
SwiftCompile normal arm64 /Users/admin/builder/spi-builder-workspace/.dependencies/checkouts/Nuke/Sources/Core/Caching/ImageCache.swift (in target 'Nuke' from project 'Nuke')
    cd /Users/admin/builder/spi-builder-workspace/.swiftpm/xcode
    builtin-SwiftPerFileCompile ImageCache.swift
SwiftCompile normal arm64 /Users/admin/builder/spi-builder-workspace/.dependencies/checkouts/Nuke/Sources/Core/Caching/ImageCaching.swift (in target 'Nuke' from project 'Nuke')
    cd /Users/admin/builder/spi-builder-workspace/.swiftpm/xcode
    builtin-SwiftPerFileCompile ImageCaching.swift
SwiftCompile normal arm64 /Users/admin/builder/spi-builder-workspace/.dependencies/checkouts/Nuke/Sources/Core/Caching/ImagePipelineCache.swift (in target 'Nuke' from project 'Nuke')
    cd /Users/admin/builder/spi-builder-workspace/.swiftpm/xcode
    builtin-SwiftPerFileCompile ImagePipelineCache.swift
SwiftCompile normal arm64 Compiling\ ImagePipelineDelegate.swift,\ ImageRequest.swift,\ ImageResponse.swift,\ ImageTask.swift,\ DataLoader.swift,\ DataLoading.swift /Users/admin/builder/spi-builder-workspace/.dependencies/checkouts/Nuke/Sources/Core/ImagePipelineDelegate.swift /Users/admin/builder/spi-builder-workspace/.dependencies/checkouts/Nuke/Sources/Core/ImageRequest.swift /Users/admin/builder/spi-builder-workspace/.dependencies/checkouts/Nuke/Sources/Core/ImageResponse.swift /Users/admin/builder/spi-builder-workspace/.dependencies/checkouts/Nuke/Sources/Core/ImageTask.swift /Users/admin/builder/spi-builder-workspace/.dependencies/checkouts/Nuke/Sources/Core/Loading/DataLoader.swift /Users/admin/builder/spi-builder-workspace/.dependencies/checkouts/Nuke/Sources/Core/Loading/DataLoading.swift (in target 'Nuke' from project 'Nuke')
SwiftCompile normal arm64 /Users/admin/builder/spi-builder-workspace/.dependencies/checkouts/Nuke/Sources/Core/ImagePipelineDelegate.swift (in target 'Nuke' from project 'Nuke')
    cd /Users/admin/builder/spi-builder-workspace/.swiftpm/xcode
    builtin-SwiftPerFileCompile ImagePipelineDelegate.swift
SwiftCompile normal arm64 /Users/admin/builder/spi-builder-workspace/.dependencies/checkouts/Nuke/Sources/Core/ImageRequest.swift (in target 'Nuke' from project 'Nuke')
    cd /Users/admin/builder/spi-builder-workspace/.swiftpm/xcode
    builtin-SwiftPerFileCompile ImageRequest.swift
SwiftCompile normal arm64 /Users/admin/builder/spi-builder-workspace/.dependencies/checkouts/Nuke/Sources/Core/ImageResponse.swift (in target 'Nuke' from project 'Nuke')
    cd /Users/admin/builder/spi-builder-workspace/.swiftpm/xcode
    builtin-SwiftPerFileCompile ImageResponse.swift
SwiftCompile normal arm64 /Users/admin/builder/spi-builder-workspace/.dependencies/checkouts/Nuke/Sources/Core/ImageTask.swift (in target 'Nuke' from project 'Nuke')
    cd /Users/admin/builder/spi-builder-workspace/.swiftpm/xcode
    builtin-SwiftPerFileCompile ImageTask.swift
SwiftCompile normal arm64 /Users/admin/builder/spi-builder-workspace/.dependencies/checkouts/Nuke/Sources/Core/Loading/DataLoader.swift (in target 'Nuke' from project 'Nuke')
    cd /Users/admin/builder/spi-builder-workspace/.swiftpm/xcode
    builtin-SwiftPerFileCompile DataLoader.swift
SwiftCompile normal arm64 /Users/admin/builder/spi-builder-workspace/.dependencies/checkouts/Nuke/Sources/Core/Loading/DataLoading.swift (in target 'Nuke' from project 'Nuke')
    cd /Users/admin/builder/spi-builder-workspace/.swiftpm/xcode
    builtin-SwiftPerFileCompile DataLoading.swift
SwiftCompile normal arm64 Compiling\ ImageProcessors+Composition.swift,\ ImageProcessors+CoreImage.swift,\ ImageProcessors+GaussianBlur.swift,\ ImageProcessors+Resize.swift,\ ImageProcessors+RoundedCorners.swift,\ ImageProcessors.swift /Users/admin/builder/spi-builder-workspace/.dependencies/checkouts/Nuke/Sources/Core/Processing/ImageProcessors+Composition.swift /Users/admin/builder/spi-builder-workspace/.dependencies/checkouts/Nuke/Sources/Core/Processing/ImageProcessors+CoreImage.swift /Users/admin/builder/spi-builder-workspace/.dependencies/checkouts/Nuke/Sources/Core/Processing/ImageProcessors+GaussianBlur.swift /Users/admin/builder/spi-builder-workspace/.dependencies/checkouts/Nuke/Sources/Core/Processing/ImageProcessors+Resize.swift /Users/admin/builder/spi-builder-workspace/.dependencies/checkouts/Nuke/Sources/Core/Processing/ImageProcessors+RoundedCorners.swift /Users/admin/builder/spi-builder-workspace/.dependencies/checkouts/Nuke/Sources/Core/Processing/ImageProcessors.swift (in target 'Nuke' from project 'Nuke')
/Users/admin/builder/spi-builder-workspace/.dependencies/checkouts/Nuke/Sources/Core/Processing/ImageProcessors+Resize.swift:95:60: error: type 'Screen' has no member 'scale'
 93 |         switch unit {
 94 |         case .pixels: self.cgSize = size // The size is already in pixels
 95 |         case .points: self.cgSize = size.scaled(by: Screen.scale)
    |                                                            `- error: type 'Screen' has no member 'scale'
 96 |         }
 97 |     }
SwiftCompile normal arm64 /Users/admin/builder/spi-builder-workspace/.dependencies/checkouts/Nuke/Sources/Core/Processing/ImageProcessors+Composition.swift (in target 'Nuke' from project 'Nuke')
    cd /Users/admin/builder/spi-builder-workspace/.swiftpm/xcode
    builtin-SwiftPerFileCompile ImageProcessors+Composition.swift
SwiftCompile normal arm64 /Users/admin/builder/spi-builder-workspace/.dependencies/checkouts/Nuke/Sources/Core/Processing/ImageProcessors+CoreImage.swift (in target 'Nuke' from project 'Nuke')
    cd /Users/admin/builder/spi-builder-workspace/.swiftpm/xcode
    builtin-SwiftPerFileCompile ImageProcessors+CoreImage.swift
SwiftCompile normal arm64 /Users/admin/builder/spi-builder-workspace/.dependencies/checkouts/Nuke/Sources/Core/Processing/ImageProcessors+GaussianBlur.swift (in target 'Nuke' from project 'Nuke')
    cd /Users/admin/builder/spi-builder-workspace/.swiftpm/xcode
    builtin-SwiftPerFileCompile ImageProcessors+GaussianBlur.swift
SwiftCompile normal arm64 /Users/admin/builder/spi-builder-workspace/.dependencies/checkouts/Nuke/Sources/Core/Processing/ImageProcessors+Resize.swift (in target 'Nuke' from project 'Nuke')
    cd /Users/admin/builder/spi-builder-workspace/.swiftpm/xcode
    builtin-SwiftPerFileCompile ImageProcessors+Resize.swift
SwiftCompile normal arm64 /Users/admin/builder/spi-builder-workspace/.dependencies/checkouts/Nuke/Sources/Core/Processing/ImageProcessors+RoundedCorners.swift (in target 'Nuke' from project 'Nuke')
    cd /Users/admin/builder/spi-builder-workspace/.swiftpm/xcode
    builtin-SwiftPerFileCompile ImageProcessors+RoundedCorners.swift
SwiftCompile normal arm64 /Users/admin/builder/spi-builder-workspace/.dependencies/checkouts/Nuke/Sources/Core/Processing/ImageProcessors.swift (in target 'Nuke' from project 'Nuke')
    cd /Users/admin/builder/spi-builder-workspace/.swiftpm/xcode
    builtin-SwiftPerFileCompile ImageProcessors.swift
SwiftCompile normal arm64 Compiling\ AsyncTask.swift,\ ImagePipelineTask.swift,\ OperationTask.swift,\ TaskFetchDecodedImage.swift,\ TaskFetchOriginalImageData.swift,\ TaskFetchWithPublisher.swift /Users/admin/builder/spi-builder-workspace/.dependencies/checkouts/Nuke/Sources/Core/Tasks/AsyncTask.swift /Users/admin/builder/spi-builder-workspace/.dependencies/checkouts/Nuke/Sources/Core/Tasks/ImagePipelineTask.swift /Users/admin/builder/spi-builder-workspace/.dependencies/checkouts/Nuke/Sources/Core/Tasks/OperationTask.swift /Users/admin/builder/spi-builder-workspace/.dependencies/checkouts/Nuke/Sources/Core/Tasks/TaskFetchDecodedImage.swift /Users/admin/builder/spi-builder-workspace/.dependencies/checkouts/Nuke/Sources/Core/Tasks/TaskFetchOriginalImageData.swift /Users/admin/builder/spi-builder-workspace/.dependencies/checkouts/Nuke/Sources/Core/Tasks/TaskFetchWithPublisher.swift (in target 'Nuke' from project 'Nuke')
SwiftCompile normal arm64 /Users/admin/builder/spi-builder-workspace/.dependencies/checkouts/Nuke/Sources/Core/Tasks/AsyncTask.swift (in target 'Nuke' from project 'Nuke')
    cd /Users/admin/builder/spi-builder-workspace/.swiftpm/xcode
    builtin-SwiftPerFileCompile AsyncTask.swift
SwiftCompile normal arm64 /Users/admin/builder/spi-builder-workspace/.dependencies/checkouts/Nuke/Sources/Core/Tasks/ImagePipelineTask.swift (in target 'Nuke' from project 'Nuke')
    cd /Users/admin/builder/spi-builder-workspace/.swiftpm/xcode
    builtin-SwiftPerFileCompile ImagePipelineTask.swift
SwiftCompile normal arm64 /Users/admin/builder/spi-builder-workspace/.dependencies/checkouts/Nuke/Sources/Core/Tasks/OperationTask.swift (in target 'Nuke' from project 'Nuke')
    cd /Users/admin/builder/spi-builder-workspace/.swiftpm/xcode
    builtin-SwiftPerFileCompile OperationTask.swift
SwiftCompile normal arm64 /Users/admin/builder/spi-builder-workspace/.dependencies/checkouts/Nuke/Sources/Core/Tasks/TaskFetchDecodedImage.swift (in target 'Nuke' from project 'Nuke')
    cd /Users/admin/builder/spi-builder-workspace/.swiftpm/xcode
    builtin-SwiftPerFileCompile TaskFetchDecodedImage.swift
SwiftCompile normal arm64 /Users/admin/builder/spi-builder-workspace/.dependencies/checkouts/Nuke/Sources/Core/Tasks/TaskFetchOriginalImageData.swift (in target 'Nuke' from project 'Nuke')
    cd /Users/admin/builder/spi-builder-workspace/.swiftpm/xcode
    builtin-SwiftPerFileCompile TaskFetchOriginalImageData.swift
SwiftCompile normal arm64 /Users/admin/builder/spi-builder-workspace/.dependencies/checkouts/Nuke/Sources/Core/Tasks/TaskFetchWithPublisher.swift (in target 'Nuke' from project 'Nuke')
    cd /Users/admin/builder/spi-builder-workspace/.swiftpm/xcode
    builtin-SwiftPerFileCompile TaskFetchWithPublisher.swift
SwiftCompile normal arm64 Compiling\ TaskLoadData.swift,\ TaskLoadImage.swift,\ AVDataAsset.swift,\ Allocations.swift,\ Combine.swift,\ Deprecated.swift /Users/admin/builder/spi-builder-workspace/.dependencies/checkouts/Nuke/Sources/Core/Tasks/TaskLoadData.swift /Users/admin/builder/spi-builder-workspace/.dependencies/checkouts/Nuke/Sources/Core/Tasks/TaskLoadImage.swift /Users/admin/builder/spi-builder-workspace/.dependencies/checkouts/Nuke/Sources/Internal/AVDataAsset.swift /Users/admin/builder/spi-builder-workspace/.dependencies/checkouts/Nuke/Sources/Internal/Allocations.swift /Users/admin/builder/spi-builder-workspace/.dependencies/checkouts/Nuke/Sources/Internal/Combine.swift /Users/admin/builder/spi-builder-workspace/.dependencies/checkouts/Nuke/Sources/Internal/Deprecated.swift (in target 'Nuke' from project 'Nuke')
SwiftCompile normal arm64 /Users/admin/builder/spi-builder-workspace/.dependencies/checkouts/Nuke/Sources/Core/Tasks/TaskLoadData.swift (in target 'Nuke' from project 'Nuke')
    cd /Users/admin/builder/spi-builder-workspace/.swiftpm/xcode
    builtin-SwiftPerFileCompile TaskLoadData.swift
SwiftCompile normal arm64 /Users/admin/builder/spi-builder-workspace/.dependencies/checkouts/Nuke/Sources/Core/Tasks/TaskLoadImage.swift (in target 'Nuke' from project 'Nuke')
    cd /Users/admin/builder/spi-builder-workspace/.swiftpm/xcode
    builtin-SwiftPerFileCompile TaskLoadImage.swift
SwiftCompile normal arm64 /Users/admin/builder/spi-builder-workspace/.dependencies/checkouts/Nuke/Sources/Internal/AVDataAsset.swift (in target 'Nuke' from project 'Nuke')
    cd /Users/admin/builder/spi-builder-workspace/.swiftpm/xcode
    builtin-SwiftPerFileCompile AVDataAsset.swift
SwiftCompile normal arm64 /Users/admin/builder/spi-builder-workspace/.dependencies/checkouts/Nuke/Sources/Internal/Allocations.swift (in target 'Nuke' from project 'Nuke')
    cd /Users/admin/builder/spi-builder-workspace/.swiftpm/xcode
    builtin-SwiftPerFileCompile Allocations.swift
SwiftCompile normal arm64 /Users/admin/builder/spi-builder-workspace/.dependencies/checkouts/Nuke/Sources/Internal/Combine.swift (in target 'Nuke' from project 'Nuke')
    cd /Users/admin/builder/spi-builder-workspace/.swiftpm/xcode
    builtin-SwiftPerFileCompile Combine.swift
SwiftCompile normal arm64 /Users/admin/builder/spi-builder-workspace/.dependencies/checkouts/Nuke/Sources/Internal/Deprecated.swift (in target 'Nuke' from project 'Nuke')
    cd /Users/admin/builder/spi-builder-workspace/.swiftpm/xcode
    builtin-SwiftPerFileCompile Deprecated.swift
SwiftCompile normal arm64 Compiling\ Extensions.swift,\ Graphics.swift,\ ImageRequestKeys.swift,\ LinkedList.swift,\ Log.swift /Users/admin/builder/spi-builder-workspace/.dependencies/checkouts/Nuke/Sources/Internal/Extensions.swift /Users/admin/builder/spi-builder-workspace/.dependencies/checkouts/Nuke/Sources/Internal/Graphics.swift /Users/admin/builder/spi-builder-workspace/.dependencies/checkouts/Nuke/Sources/Internal/ImageRequestKeys.swift /Users/admin/builder/spi-builder-workspace/.dependencies/checkouts/Nuke/Sources/Internal/LinkedList.swift /Users/admin/builder/spi-builder-workspace/.dependencies/checkouts/Nuke/Sources/Internal/Log.swift (in target 'Nuke' from project 'Nuke')
/Users/admin/builder/spi-builder-workspace/.dependencies/checkouts/Nuke/Sources/Internal/Graphics.swift:156:19: error: cannot find type 'CGContext' in scope
154 | }
155 |
156 | private extension CGContext {
    |                   `- error: cannot find type 'CGContext' in scope
157 |     static func make(_ image: CGImage, size: CGSize, alphaInfo: CGImageAlphaInfo? = nil) -> CGContext? {
158 |         let alphaInfo: CGImageAlphaInfo = alphaInfo ?? (image.isOpaque ? .noneSkipLast : .premultipliedLast)
/Users/admin/builder/spi-builder-workspace/.dependencies/checkouts/Nuke/Sources/Internal/Graphics.swift:256:11: error: cannot find type 'UIImage' in scope
254 | }
255 | #else
256 | extension UIImage {
    |           `- error: cannot find type 'UIImage' in scope
257 |     static func make(cgImage: CGImage, source: UIImage) -> UIImage {
258 |         UIImage(cgImage: cgImage, scale: source.scale, orientation: source.imageOrientation)
/Users/admin/builder/spi-builder-workspace/.dependencies/checkouts/Nuke/Sources/Internal/Graphics.swift:263:11: error: cannot find type 'CGImage' in scope
261 | #endif
262 |
263 | extension CGImage {
    |           `- error: cannot find type 'CGImage' in scope
264 |     /// Returns `true` if the image doesn't contain alpha channel.
265 |     var isOpaque: Bool {
/Users/admin/builder/spi-builder-workspace/.dependencies/checkouts/Nuke/Sources/Internal/Graphics.swift:301:19: error: cannot find type 'UIColor' in scope
299 | typealias Color = NSColor
300 | #else
301 | typealias Color = UIColor
    |                   `- error: cannot find type 'UIColor' in scope
302 | #endif
303 |
/Users/admin/builder/spi-builder-workspace/.dependencies/checkouts/Nuke/Sources/Internal/Graphics.swift:39:29: error: value of type 'CGImage' has no member 'size'
 37 |         let targetSize = targetSize.rotatedForOrientation(image.imageOrientation)
 38 |         #endif
 39 |         let scale = cgImage.size.getScale(targetSize: targetSize, contentMode: contentMode)
    |                             `- error: value of type 'CGImage' has no member 'size'
 40 |         guard scale < 1 || upscale else {
 41 |             return image // The image doesn't require scaling
/Users/admin/builder/spi-builder-workspace/.dependencies/checkouts/Nuke/Sources/Internal/Graphics.swift:43:28: error: value of type 'CGImage' has no member 'size'
 41 |             return image // The image doesn't require scaling
 42 |         }
 43 |         let size = cgImage.size.scaled(by: scale).rounded()
    |                            `- error: value of type 'CGImage' has no member 'size'
 44 |         return image.draw(inCanvasWithSize: size)
 45 |     }
/Users/admin/builder/spi-builder-workspace/.dependencies/checkouts/Nuke/Sources/Internal/Graphics.swift:56:29: error: value of type 'CGImage' has no member 'size'
 54 |         let targetSize = targetSize.rotatedForOrientation(image.imageOrientation)
 55 |         #endif
 56 |         let scale = cgImage.size.getScale(targetSize: targetSize, contentMode: .aspectFill)
    |                             `- error: value of type 'CGImage' has no member 'size'
 57 |         let scaledSize = cgImage.size.scaled(by: scale)
 58 |         let drawRect = scaledSize.centeredInRectWithSize(targetSize)
/Users/admin/builder/spi-builder-workspace/.dependencies/checkouts/Nuke/Sources/Internal/Graphics.swift:57:34: error: value of type 'CGImage' has no member 'size'
 55 |         #endif
 56 |         let scale = cgImage.size.getScale(targetSize: targetSize, contentMode: .aspectFill)
 57 |         let scaledSize = cgImage.size.scaled(by: scale)
    |                                  `- error: value of type 'CGImage' has no member 'size'
 58 |         let drawRect = scaledSize.centeredInRectWithSize(targetSize)
 59 |         return image.draw(inCanvasWithSize: targetSize, drawRect: drawRect)
/Users/admin/builder/spi-builder-workspace/.dependencies/checkouts/Nuke/Sources/Internal/Graphics.swift:81:33: error: value of type 'CGImage' has no member 'size'
 79 |         }
 80 |
 81 |         let imageSize = cgImage.size
    |                                 `- error: value of type 'CGImage' has no member 'size'
 82 |         let side = min(cgImage.width, cgImage.height)
 83 |         let targetSize = CGSize(width: side, height: side)
/Users/admin/builder/spi-builder-workspace/.dependencies/checkouts/Nuke/Sources/Internal/Graphics.swift:91:30: error: type 'PlatformImage' (aka 'UIImage') has no member 'make'
 89 |             return nil
 90 |         }
 91 |         return PlatformImage.make(cgImage: cropped, source: image)
    |                              `- error: type 'PlatformImage' (aka 'UIImage') has no member 'make'
 92 |     }
 93 |
/Users/admin/builder/spi-builder-workspace/.dependencies/checkouts/Nuke/Sources/Internal/Graphics.swift:101:25: error: cannot find 'CGContext' in scope
 99 |             return nil
100 |         }
101 |         guard let ctx = CGContext.make(cgImage, size: cgImage.size, alphaInfo: .premultipliedLast) else {
    |                         `- error: cannot find 'CGContext' in scope
102 |             return nil
103 |         }
/Users/admin/builder/spi-builder-workspace/.dependencies/checkouts/Nuke/Sources/Internal/Graphics.swift:101:63: error: value of type 'CGImage' has no member 'size'
 99 |             return nil
100 |         }
101 |         guard let ctx = CGContext.make(cgImage, size: cgImage.size, alphaInfo: .premultipliedLast) else {
    |                                                               `- error: value of type 'CGImage' has no member 'size'
102 |             return nil
103 |         }
/Users/admin/builder/spi-builder-workspace/.dependencies/checkouts/Nuke/Sources/Internal/Graphics.swift:104:63: error: value of type 'CGImage' has no member 'size'
102 |             return nil
103 |         }
104 |         let rect = CGRect(origin: CGPoint.zero, size: cgImage.size)
    |                                                               `- error: value of type 'CGImage' has no member 'size'
105 |         let path = CGPath(roundedRect: rect, cornerWidth: radius, cornerHeight: radius, transform: nil)
106 |         ctx.addPath(path)
/Users/admin/builder/spi-builder-workspace/.dependencies/checkouts/Nuke/Sources/Internal/Graphics.swift:105:20: error: cannot find 'CGPath' in scope
103 |         }
104 |         let rect = CGRect(origin: CGPoint.zero, size: cgImage.size)
105 |         let path = CGPath(roundedRect: rect, cornerWidth: radius, cornerHeight: radius, transform: nil)
    |                    `- error: cannot find 'CGPath' in scope
106 |         ctx.addPath(path)
107 |         ctx.clip()
/Users/admin/builder/spi-builder-workspace/.dependencies/checkouts/Nuke/Sources/Internal/Graphics.swift:108:74: error: value of type 'CGImage' has no member 'size'
106 |         ctx.addPath(path)
107 |         ctx.clip()
108 |         ctx.draw(cgImage, in: CGRect(origin: CGPoint.zero, size: cgImage.size))
    |                                                                          `- error: value of type 'CGImage' has no member 'size'
109 |
110 |         if let border = border {
/Users/admin/builder/spi-builder-workspace/.dependencies/checkouts/Nuke/Sources/Core/Processing/ImageProcessingOptions.swift:55:27: error: cannot find type 'NSColor' in scope
53 |         }
54 |         #else
55 |         public let color: NSColor
   |                           `- error: cannot find type 'NSColor' in scope
56 |
57 |         /// - parameter color: Border color.
/Users/admin/builder/spi-builder-workspace/.dependencies/checkouts/Nuke/Sources/Internal/Graphics.swift:119:30: error: type 'PlatformImage' (aka 'UIImage') has no member 'make'
117 |             return nil
118 |         }
119 |         return PlatformImage.make(cgImage: outputCGImage, source: image)
    |                              `- error: type 'PlatformImage' (aka 'UIImage') has no member 'make'
120 |     }
121 | }
/Users/admin/builder/spi-builder-workspace/.dependencies/checkouts/Nuke/Sources/Internal/Graphics.swift:137:25: error: cannot find 'CGContext' in scope
135 |             return nil
136 |         }
137 |         guard let ctx = CGContext.make(cgImage, size: canvasSize) else {
    |                         `- error: cannot find 'CGContext' in scope
138 |             return nil
139 |         }
/Users/admin/builder/spi-builder-workspace/.dependencies/checkouts/Nuke/Sources/Internal/Graphics.swift:144:30: error: type 'PlatformImage' (aka 'UIImage') has no member 'make'
142 |             return nil
143 |         }
144 |         return PlatformImage.make(cgImage: outputCGImage, source: self)
    |                              `- error: type 'PlatformImage' (aka 'UIImage') has no member 'make'
145 |     }
146 |
/Users/admin/builder/spi-builder-workspace/.dependencies/checkouts/Nuke/Sources/Internal/Graphics.swift:152:47: error: value of type 'CGImage' has no member 'size'
150 |             return nil
151 |         }
152 |         return draw(inCanvasWithSize: cgImage.size, drawRect: CGRect(origin: .zero, size: cgImage.size))
    |                                               `- error: value of type 'CGImage' has no member 'size'
153 |     }
154 | }
/Users/admin/builder/spi-builder-workspace/.dependencies/checkouts/Nuke/Sources/Internal/Graphics.swift:152:99: error: value of type 'CGImage' has no member 'size'
150 |             return nil
151 |         }
152 |         return draw(inCanvasWithSize: cgImage.size, drawRect: CGRect(origin: .zero, size: cgImage.size))
    |                                                                                                   `- error: value of type 'CGImage' has no member 'size'
153 |     }
154 | }
/Users/admin/builder/spi-builder-workspace/.dependencies/checkouts/Nuke/Sources/Internal/Graphics.swift:193:44: error: type 'Screen' has no member 'scale'
191 |         switch unit {
192 |         case .pixels: return self
193 |         case .points: return self * Screen.scale
    |                                            `- error: type 'Screen' has no member 'scale'
194 |         }
195 |     }
/Users/admin/builder/spi-builder-workspace/.dependencies/checkouts/Nuke/Sources/Internal/Graphics.swift:319:24: error: cannot find 'CGImageSourceCreateWithData' in scope
317 | /// Creates an image thumbnail. Uses significantly less memory than other options.
318 | func makeThumbnail(data: Data, options: ImageRequest.ThumbnailOptions) -> PlatformImage? {
319 |     guard let source = CGImageSourceCreateWithData(data as CFData, [kCGImageSourceShouldCache: false] as CFDictionary) else {
    |                        `- error: cannot find 'CGImageSourceCreateWithData' in scope
320 |         return nil
321 |     }
/Users/admin/builder/spi-builder-workspace/.dependencies/checkouts/Nuke/Sources/Internal/Graphics.swift:319:69: error: cannot find 'kCGImageSourceShouldCache' in scope
317 | /// Creates an image thumbnail. Uses significantly less memory than other options.
318 | func makeThumbnail(data: Data, options: ImageRequest.ThumbnailOptions) -> PlatformImage? {
319 |     guard let source = CGImageSourceCreateWithData(data as CFData, [kCGImageSourceShouldCache: false] as CFDictionary) else {
    |                                                                     `- error: cannot find 'kCGImageSourceShouldCache' in scope
320 |         return nil
321 |     }
/Users/admin/builder/spi-builder-workspace/.dependencies/checkouts/Nuke/Sources/Internal/Graphics.swift:323:9: error: cannot find 'kCGImageSourceCreateThumbnailFromImageAlways' in scope
321 |     }
322 |     let options = [
323 |         kCGImageSourceCreateThumbnailFromImageAlways: options.createThumbnailFromImageAlways,
    |         `- error: cannot find 'kCGImageSourceCreateThumbnailFromImageAlways' in scope
324 |         kCGImageSourceCreateThumbnailFromImageIfAbsent: options.createThumbnailFromImageIfAbsent,
325 |         kCGImageSourceShouldCacheImmediately: options.shouldCacheImmediately,
/Users/admin/builder/spi-builder-workspace/.dependencies/checkouts/Nuke/Sources/Internal/Graphics.swift:324:9: error: cannot find 'kCGImageSourceCreateThumbnailFromImageIfAbsent' in scope
322 |     let options = [
323 |         kCGImageSourceCreateThumbnailFromImageAlways: options.createThumbnailFromImageAlways,
324 |         kCGImageSourceCreateThumbnailFromImageIfAbsent: options.createThumbnailFromImageIfAbsent,
    |         `- error: cannot find 'kCGImageSourceCreateThumbnailFromImageIfAbsent' in scope
325 |         kCGImageSourceShouldCacheImmediately: options.shouldCacheImmediately,
326 |         kCGImageSourceCreateThumbnailWithTransform: options.createThumbnailWithTransform,
/Users/admin/builder/spi-builder-workspace/.dependencies/checkouts/Nuke/Sources/Internal/Graphics.swift:325:9: error: cannot find 'kCGImageSourceShouldCacheImmediately' in scope
323 |         kCGImageSourceCreateThumbnailFromImageAlways: options.createThumbnailFromImageAlways,
324 |         kCGImageSourceCreateThumbnailFromImageIfAbsent: options.createThumbnailFromImageIfAbsent,
325 |         kCGImageSourceShouldCacheImmediately: options.shouldCacheImmediately,
    |         `- error: cannot find 'kCGImageSourceShouldCacheImmediately' in scope
326 |         kCGImageSourceCreateThumbnailWithTransform: options.createThumbnailWithTransform,
327 |         kCGImageSourceThumbnailMaxPixelSize: options.maxPixelSize] as CFDictionary
/Users/admin/builder/spi-builder-workspace/.dependencies/checkouts/Nuke/Sources/Internal/Graphics.swift:326:9: error: cannot find 'kCGImageSourceCreateThumbnailWithTransform' in scope
324 |         kCGImageSourceCreateThumbnailFromImageIfAbsent: options.createThumbnailFromImageIfAbsent,
325 |         kCGImageSourceShouldCacheImmediately: options.shouldCacheImmediately,
326 |         kCGImageSourceCreateThumbnailWithTransform: options.createThumbnailWithTransform,
    |         `- error: cannot find 'kCGImageSourceCreateThumbnailWithTransform' in scope
327 |         kCGImageSourceThumbnailMaxPixelSize: options.maxPixelSize] as CFDictionary
328 |     guard let image = CGImageSourceCreateThumbnailAtIndex(source, 0, options) else {
/Users/admin/builder/spi-builder-workspace/.dependencies/checkouts/Nuke/Sources/Internal/Graphics.swift:327:9: error: cannot find 'kCGImageSourceThumbnailMaxPixelSize' in scope
325 |         kCGImageSourceShouldCacheImmediately: options.shouldCacheImmediately,
326 |         kCGImageSourceCreateThumbnailWithTransform: options.createThumbnailWithTransform,
327 |         kCGImageSourceThumbnailMaxPixelSize: options.maxPixelSize] as CFDictionary
    |         `- error: cannot find 'kCGImageSourceThumbnailMaxPixelSize' in scope
328 |     guard let image = CGImageSourceCreateThumbnailAtIndex(source, 0, options) else {
329 |         return nil
SwiftCompile normal arm64 /Users/admin/builder/spi-builder-workspace/.dependencies/checkouts/Nuke/Sources/Internal/Extensions.swift (in target 'Nuke' from project 'Nuke')
    cd /Users/admin/builder/spi-builder-workspace/.swiftpm/xcode
    builtin-SwiftPerFileCompile Extensions.swift
SwiftCompile normal arm64 /Users/admin/builder/spi-builder-workspace/.dependencies/checkouts/Nuke/Sources/Internal/Graphics.swift (in target 'Nuke' from project 'Nuke')
    cd /Users/admin/builder/spi-builder-workspace/.swiftpm/xcode
    builtin-SwiftPerFileCompile Graphics.swift
SwiftCompile normal arm64 /Users/admin/builder/spi-builder-workspace/.dependencies/checkouts/Nuke/Sources/Internal/ImageRequestKeys.swift (in target 'Nuke' from project 'Nuke')
    cd /Users/admin/builder/spi-builder-workspace/.swiftpm/xcode
    builtin-SwiftPerFileCompile ImageRequestKeys.swift
SwiftCompile normal arm64 /Users/admin/builder/spi-builder-workspace/.dependencies/checkouts/Nuke/Sources/Internal/LinkedList.swift (in target 'Nuke' from project 'Nuke')
    cd /Users/admin/builder/spi-builder-workspace/.swiftpm/xcode
    builtin-SwiftPerFileCompile LinkedList.swift
SwiftCompile normal arm64 /Users/admin/builder/spi-builder-workspace/.dependencies/checkouts/Nuke/Sources/Internal/Log.swift (in target 'Nuke' from project 'Nuke')
    cd /Users/admin/builder/spi-builder-workspace/.swiftpm/xcode
    builtin-SwiftPerFileCompile Log.swift
SwiftEmitModule normal arm64 Emitting\ module\ for\ Nuke (in target 'Nuke' from project 'Nuke')
/Users/admin/builder/spi-builder-workspace/.dependencies/checkouts/Nuke/Sources/Core/Processing/ImageProcessingOptions.swift:55:27: error: cannot find type 'NSColor' in scope
53 |         }
54 |         #else
55 |         public let color: NSColor
   |                           `- error: cannot find type 'NSColor' in scope
56 |
57 |         /// - parameter color: Border color.
/Users/admin/builder/spi-builder-workspace/.dependencies/checkouts/Nuke/Sources/Core/Processing/ImageProcessingOptions.swift:60:28: error: cannot find type 'NSColor' in scope
58 |         /// - parameter width: Border width. 1 points by default.
59 |         /// - parameter unit: Unit of the width, `.points` by default.
60 |         public init(color: NSColor, width: CGFloat = 1, unit: Unit = .points) {
   |                            `- error: cannot find type 'NSColor' in scope
61 |             self.color = color
62 |             self.width = width.converted(to: unit)
/Users/admin/builder/spi-builder-workspace/.dependencies/checkouts/Nuke/Sources/Core/Processing/ImageProcessingOptions.swift:41:19: error: type 'ImageProcessingOptions.Border' does not conform to protocol 'Hashable'
39 |     /// consider adding border to a view layer. This should be your primary
40 |     /// option regardless.
41 |     public struct Border: Hashable, CustomStringConvertible {
   |                   `- error: type 'ImageProcessingOptions.Border' does not conform to protocol 'Hashable'
42 |         public let width: CGFloat
43 |
   :
53 |         }
54 |         #else
55 |         public let color: NSColor
   |                    `- note: stored property type '_' does not conform to protocol 'Hashable', preventing synthesized conformance of 'ImageProcessingOptions.Border' to 'Hashable'
56 |
57 |         /// - parameter color: Border color.
/Users/admin/builder/spi-builder-workspace/.dependencies/checkouts/Nuke/Sources/Core/Processing/ImageProcessingOptions.swift:41:19: error: type 'ImageProcessingOptions.Border' does not conform to protocol 'Equatable'
39 |     /// consider adding border to a view layer. This should be your primary
40 |     /// option regardless.
41 |     public struct Border: Hashable, CustomStringConvertible {
   |                   |- error: type 'ImageProcessingOptions.Border' does not conform to protocol 'Equatable'
   |                   `- note: add stubs for conformance
42 |         public let width: CGFloat
43 |
   :
53 |         }
54 |         #else
55 |         public let color: NSColor
   |                    `- note: stored property type '_' does not conform to protocol 'Equatable', preventing synthesized conformance of 'ImageProcessingOptions.Border' to 'Equatable'
56 |
57 |         /// - parameter color: Border color.
Swift.==:1:24: note: candidate would match if 'ImageProcessingOptions.Border' conformed to 'RawRepresentable'
1 | @inlinable public func == <T>(lhs: T, rhs: T) -> Bool where T : RawRepresentable, T.RawValue : Equatable
  |                        `- note: candidate would match if 'ImageProcessingOptions.Border' conformed to 'RawRepresentable'
Swift.FloatingPoint.==:2:20: note: candidate would match if 'ImageProcessingOptions.Border' conformed to 'FloatingPoint'
1 | protocol FloatingPoint {
2 | public static func == (lhs: Self, rhs: Self) -> Bool}
  |                    `- note: candidate would match if 'ImageProcessingOptions.Border' conformed to 'FloatingPoint'
3 |
Swift.BinaryInteger.==:2:20: note: candidate would match if 'ImageProcessingOptions.Border' conformed to 'BinaryInteger'
1 | protocol BinaryInteger {
2 | public static func == <Other>(lhs: Self, rhs: Other) -> Bool where Other : BinaryInteger}
  |                    `- note: candidate would match if 'ImageProcessingOptions.Border' conformed to 'BinaryInteger'
3 |
Swift._Pointer.==:2:20: note: candidate would match if 'ImageProcessingOptions.Border' conformed to '_Pointer'
1 | protocol _Pointer {
2 | public static func == (lhs: Self, rhs: Self) -> Bool}
  |                    `- note: candidate would match if 'ImageProcessingOptions.Border' conformed to '_Pointer'
3 |
Swift._Pointer.==:2:31: note: candidate would match if 'ImageProcessingOptions.Border' conformed to '_Pointer'
1 | protocol _Pointer {
2 | @inlinable public static func == <Other>(lhs: Self, rhs: Other) -> Bool where Other : _Pointer}
  |                               `- note: candidate would match if 'ImageProcessingOptions.Border' conformed to '_Pointer'
3 |
Swift.Strideable.==:2:31: note: candidate would match if 'ImageProcessingOptions.Border' conformed to 'Strideable'
1 | protocol Strideable {
2 | @inlinable public static func == (x: Self, y: Self) -> Bool}
  |                               `- note: candidate would match if 'ImageProcessingOptions.Border' conformed to 'Strideable'
3 |
Swift.StringProtocol.==:2:31: note: candidate would match if 'ImageProcessingOptions.Border' conformed to 'StringProtocol'
1 | protocol StringProtocol {
2 | @inlinable public static func == <RHS>(lhs: Self, rhs: RHS) -> Bool where RHS : StringProtocol}
  |                               `- note: candidate would match if 'ImageProcessingOptions.Border' conformed to 'StringProtocol'
3 |
Swift.SIMD.==:2:20: note: candidate would match if 'ImageProcessingOptions.Border' conformed to 'SIMD'
1 | protocol SIMD {
2 | public static func == (a: Self, b: Self) -> Bool}
  |                    `- note: candidate would match if 'ImageProcessingOptions.Border' conformed to 'SIMD'
3 |
Foundation.AttributedStringProtocol.==:2:20: note: candidate would match if 'ImageProcessingOptions.Border' conformed to 'AttributedStringProtocol'
1 | protocol AttributedStringProtocol {
2 | public static func == <RHS>(lhs: Self, rhs: RHS) -> Bool where RHS : AttributedStringProtocol}
  |                    `- note: candidate would match if 'ImageProcessingOptions.Border' conformed to 'AttributedStringProtocol'
3 |
Foundation._BridgedStoredNSError.==:2:20: note: candidate would match if 'ImageProcessingOptions.Border' conformed to '_BridgedStoredNSError'
1 | protocol _BridgedStoredNSError {
2 | public static func == (lhs: Self, rhs: Self) -> Bool}
  |                    `- note: candidate would match if 'ImageProcessingOptions.Border' conformed to '_BridgedStoredNSError'
3 |
CoreFoundation._CFObject.==:2:20: note: candidate would match if 'ImageProcessingOptions.Border' conformed to '_CFObject'
1 | protocol _CFObject {
2 | public static func == (left: Self, right: Self) -> Bool}
  |                    `- note: candidate would match if 'ImageProcessingOptions.Border' conformed to '_CFObject'
3 |
Swift.Equatable.==:2:13: note: protocol requires function '==' with type '(borrowing ImageProcessingOptions.Border, borrowing ImageProcessingOptions.Border) -> Bool'
1 | protocol Equatable {
2 | static func == (lhs: borrowing Self, rhs: borrowing Self) -> Bool}
  |             `- note: protocol requires function '==' with type '(borrowing ImageProcessingOptions.Border, borrowing ImageProcessingOptions.Border) -> Bool'
3 |
/Users/admin/builder/spi-builder-workspace/.dependencies/checkouts/Nuke/Sources/Internal/Graphics.swift:156:19: error: cannot find type 'CGContext' in scope
154 | }
155 |
156 | private extension CGContext {
    |                   `- error: cannot find type 'CGContext' in scope
157 |     static func make(_ image: CGImage, size: CGSize, alphaInfo: CGImageAlphaInfo? = nil) -> CGContext? {
158 |         let alphaInfo: CGImageAlphaInfo = alphaInfo ?? (image.isOpaque ? .noneSkipLast : .premultipliedLast)
/Users/admin/builder/spi-builder-workspace/.dependencies/checkouts/Nuke/Sources/Internal/Graphics.swift:256:11: error: cannot find type 'UIImage' in scope
254 | }
255 | #else
256 | extension UIImage {
    |           `- error: cannot find type 'UIImage' in scope
257 |     static func make(cgImage: CGImage, source: UIImage) -> UIImage {
258 |         UIImage(cgImage: cgImage, scale: source.scale, orientation: source.imageOrientation)
/Users/admin/builder/spi-builder-workspace/.dependencies/checkouts/Nuke/Sources/Internal/Graphics.swift:263:11: error: cannot find type 'CGImage' in scope
261 | #endif
262 |
263 | extension CGImage {
    |           `- error: cannot find type 'CGImage' in scope
264 |     /// Returns `true` if the image doesn't contain alpha channel.
265 |     var isOpaque: Bool {
/Users/admin/builder/spi-builder-workspace/.dependencies/checkouts/Nuke/Sources/Internal/Graphics.swift:301:19: error: cannot find type 'UIColor' in scope
299 | typealias Color = NSColor
300 | #else
301 | typealias Color = UIColor
    |                   `- error: cannot find type 'UIColor' in scope
302 | #endif
303 |
/Users/admin/builder/spi-builder-workspace/.dependencies/checkouts/Nuke/Sources/UI/ImageViewExtensions.swift:94:16: error: cannot find type 'ImageDisplayingView' in scope
 92 |     with request: ImageRequestConvertible?,
 93 |     options: ImageLoadingOptions = ImageLoadingOptions.shared,
 94 |     into view: ImageDisplayingView,
    |                `- error: cannot find type 'ImageDisplayingView' in scope
 95 |     completion: @escaping (_ result: Result<ImageResponse, ImagePipeline.Error>) -> Void
 96 | ) -> ImageTask? {
/Users/admin/builder/spi-builder-workspace/.dependencies/checkouts/Nuke/Sources/UI/ImageViewExtensions.swift:126:16: error: cannot find type 'ImageDisplayingView' in scope
124 |     with request: ImageRequestConvertible?,
125 |     options: ImageLoadingOptions = ImageLoadingOptions.shared,
126 |     into view: ImageDisplayingView,
    |                `- error: cannot find type 'ImageDisplayingView' in scope
127 |     progress: ((_ response: ImageResponse?, _ completed: Int64, _ total: Int64) -> Void)? = nil,
128 |     completion: ((_ result: Result<ImageResponse, ImagePipeline.Error>) -> Void)? = nil
/Users/admin/builder/spi-builder-workspace/.dependencies/checkouts/Nuke/Sources/UI/ImageViewExtensions.swift:136:37: error: cannot find type 'ImageDisplayingView' in scope
134 |
135 | /// Cancels an outstanding request associated with the view.
136 | public func cancelRequest(for view: ImageDisplayingView) {
    |                                     `- error: cannot find type 'ImageDisplayingView' in scope
137 |     assert(Thread.isMainThread)
138 |     ImageViewController.controller(for: view).cancelOutstandingTask()
/Users/admin/builder/spi-builder-workspace/.dependencies/checkouts/Nuke/Sources/UI/ImageViewExtensions.swift:365:33: error: cannot find type 'ImageDisplayingView' in scope
363 | /// making it public wouldn't expose any additional functionality to the users.
364 | private final class ImageViewController {
365 |     private weak var imageView: ImageDisplayingView?
    |                                 `- error: cannot find type 'ImageDisplayingView' in scope
366 |     private var task: ImageTask?
367 |     private var options: ImageLoadingOptions
/Users/admin/builder/spi-builder-workspace/.dependencies/checkouts/Nuke/Sources/UI/ImageViewExtensions.swift:380:27: error: cannot find type 'ImageDisplayingView' in scope
378 |     }
379 |
380 |     init(view: /* weak */ ImageDisplayingView) {
    |                           `- error: cannot find type 'ImageDisplayingView' in scope
381 |         self.imageView = view
382 |         self.options = .shared
/Users/admin/builder/spi-builder-workspace/.dependencies/checkouts/Nuke/Sources/UI/ImageViewExtensions.swift:390:38: error: cannot find type 'ImageDisplayingView' in scope
388 |
389 |     // Lazily create a controller for a given view and associate it with a view.
390 |     static func controller(for view: ImageDisplayingView) -> ImageViewController {
    |                                      `- error: cannot find type 'ImageDisplayingView' in scope
391 |         if let controller = objc_getAssociatedObject(view, &ImageViewController.controllerAK) as? ImageViewController {
392 |             return controller
Failed frontend command:
/Applications/Xcode-27.0.0-Release.Candidate.app/Contents/Developer/Toolchains/XcodeDefault.xctoolchain/usr/bin/swift-frontend -frontend -emit-module -experimental-skip-non-inlinable-function-bodies-without-types /Users/admin/builder/spi-builder-workspace/.dependencies/checkouts/Nuke/Sources/Combine/ImagePublisher.swift /Users/admin/builder/spi-builder-workspace/.dependencies/checkouts/Nuke/Sources/Core/Caching/DataCache.swift /Users/admin/builder/spi-builder-workspace/.dependencies/checkouts/Nuke/Sources/Core/Caching/DataCaching.swift /Users/admin/builder/spi-builder-workspace/.dependencies/checkouts/Nuke/Sources/Core/Caching/ImageCache.swift /Users/admin/builder/spi-builder-workspace/.dependencies/checkouts/Nuke/Sources/Core/Caching/ImageCaching.swift /Users/admin/builder/spi-builder-workspace/.dependencies/checkouts/Nuke/Sources/Core/Caching/ImagePipelineCache.swift /Users/admin/builder/spi-builder-workspace/.dependencies/checkouts/Nuke/Sources/Core/Decoding/AssetType.swift /Users/admin/builder/spi-builder-workspace/.dependencies/checkouts/Nuke/Sources/Core/Decoding/ImageDecoderRegistry.swift /Users/admin/builder/spi-builder-workspace/.dependencies/checkouts/Nuke/Sources/Core/Decoding/ImageDecoders+Default.swift /Users/admin/builder/spi-builder-workspace/.dependencies/checkouts/Nuke/Sources/Core/Decoding/ImageDecoders+Empty.swift /Users/admin/builder/spi-builder-workspace/.dependencies/checkouts/Nuke/Sources/Core/Decoding/ImageDecoders+Video.swift /Users/admin/builder/spi-builder-workspace/.dependencies/checkouts/Nuke/Sources/Core/Decoding/ImageDecoding.swift /Users/admin/builder/spi-builder-workspace/.dependencies/checkouts/Nuke/Sources/Core/Encoding/ImageEncoders+Default.swift /Users/admin/builder/spi-builder-workspace/.dependencies/checkouts/Nuke/Sources/Core/Encoding/ImageEncoders+ImageIO.swift /Users/admin/builder/spi-builder-workspace/.dependencies/checkouts/Nuke/Sources/Core/Encoding/ImageEncoders.swift /Users/admin/builder/spi-builder-workspace/.dependencies/checkouts/Nuke/Sources/Core/Encoding/ImageEncoding.swift /Users/admin/builder/spi-builder-workspace/.dependencies/checkouts/Nuke/Sources/Core/ImagePipeline.swift /Users/admin/builder/spi-builder-workspace/.dependencies/checkouts/Nuke/Sources/Core/ImagePipelineConfiguration.swift /Users/admin/builder/spi-builder-workspace/.dependencies/checkouts/Nuke/Sources/Core/ImagePipelineDelegate.swift /Users/admin/builder/spi-builder-workspace/.dependencies/checkouts/Nuke/Sources/Core/ImageRequest.swift /Users/admin/builder/spi-builder-workspace/.dependencies/checkouts/Nuke/Sources/Core/ImageResponse.swift /Users/admin/builder/spi-builder-workspace/.dependencies/checkouts/Nuke/Sources/Core/ImageTask.swift /Users/admin/builder/spi-builder-workspace/.dependencies/checkouts/Nuke/Sources/Core/Loading/DataLoader.swift /Users/admin/builder/spi-builder-workspace/.dependencies/checkouts/Nuke/Sources/Core/Loading/DataLoading.swift /Users/admin/builder/spi-builder-workspace/.dependencies/checkouts/Nuke/Sources/Core/Prefetching/ImagePrefetcher.swift /Users/admin/builder/spi-builder-workspace/.dependencies/checkouts/Nuke/Sources/Core/Processing/ImageDecompression.swift /Users/admin/builder/spi-builder-workspace/.dependencies/checkouts/Nuke/Sources/Core/Processing/ImageProcessing.swift /Users/admin/builder/spi-builder-workspace/.dependencies/checkouts/Nuke/Sources/Core/Processing/ImageProcessingOptions.swift /Users/admin/builder/spi-builder-workspace/.dependencies/checkouts/Nuke/Sources/Core/Processing/ImageProcessors+Anonymous.swift /Users/admin/builder/spi-builder-workspace/.dependencies/checkouts/Nuke/Sources/Core/Processing/ImageProcessors+Circle.swift /Users/admin/builder/spi-builder-workspace/.dependencies/checkouts/Nuke/Sources/Core/Processing/ImageProcessors+Composition.swift /Users/admin/builder/spi-builder-workspace/.dependencies/checkouts/Nuke/Sources/Core/Processing/ImageProcessors+CoreImage.swift /Users/admin/builder/spi-builder-workspace/.dependencies/checkouts/Nuke/Sources/Core/Processing/ImageProcessors+GaussianBlur.swift /Users/admin/builder/spi-builder-workspace/.dependencies/checkouts/Nuke/Sources/Core/Processing/ImageProcessors+Resize.swift /Users/admin/builder/spi-builder-workspace/.dependencies/checkouts/Nuke/Sources/Core/Processing/ImageProcessors+RoundedCorners.swift /Users/admin/builder/spi-builder-workspace/.dependencies/checkouts/Nuke/Sources/Core/Processing/ImageProcessors.swift /Users/admin/builder/spi-builder-workspace/.dependencies/checkouts/Nuke/Sources/Core/Tasks/AsyncTask.swift /Users/admin/builder/spi-builder-workspace/.dependencies/checkouts/Nuke/Sources/Core/Tasks/ImagePipelineTask.swift /Users/admin/builder/spi-builder-workspace/.dependencies/checkouts/Nuke/Sources/Core/Tasks/OperationTask.swift /Users/admin/builder/spi-builder-workspace/.dependencies/checkouts/Nuke/Sources/Core/Tasks/TaskFetchDecodedImage.swift /Users/admin/builder/spi-builder-workspace/.dependencies/checkouts/Nuke/Sources/Core/Tasks/TaskFetchOriginalImageData.swift /Users/admin/builder/spi-builder-workspace/.dependencies/checkouts/Nuke/Sources/Core/Tasks/TaskFetchWithPublisher.swift /Users/admin/builder/spi-builder-workspace/.dependencies/checkouts/Nuke/Sources/Core/Tasks/TaskLoadData.swift /Users/admin/builder/spi-builder-workspace/.dependencies/checkouts/Nuke/Sources/Core/Tasks/TaskLoadImage.swift /Users/admin/builder/spi-builder-workspace/.dependencies/checkouts/Nuke/Sources/Internal/AVDataAsset.swift /Users/admin/builder/spi-builder-workspace/.dependencies/checkouts/Nuke/Sources/Internal/Allocations.swift /Users/admin/builder/spi-builder-workspace/.dependencies/checkouts/Nuke/Sources/Internal/Combine.swift /Users/admin/builder/spi-builder-workspace/.dependencies/checkouts/Nuke/Sources/Internal/Deprecated.swift /Users/admin/builder/spi-builder-workspace/.dependencies/checkouts/Nuke/Sources/Internal/Extensions.swift /Users/admin/builder/spi-builder-workspace/.dependencies/checkouts/Nuke/Sources/Internal/Graphics.swift /Users/admin/builder/spi-builder-workspace/.dependencies/checkouts/Nuke/Sources/Internal/ImageRequestKeys.swift /Users/admin/builder/spi-builder-workspace/.dependencies/checkouts/Nuke/Sources/Internal/LinkedList.swift /Users/admin/builder/spi-builder-workspace/.dependencies/checkouts/Nuke/Sources/Internal/Log.swift /Users/admin/builder/spi-builder-workspace/.dependencies/checkouts/Nuke/Sources/Internal/Operation.swift /Users/admin/builder/spi-builder-workspace/.dependencies/checkouts/Nuke/Sources/Internal/RateLimiter.swift /Users/admin/builder/spi-builder-workspace/.dependencies/checkouts/Nuke/Sources/Internal/ResumableData.swift /Users/admin/builder/spi-builder-workspace/.dependencies/checkouts/Nuke/Sources/UI/FetchImage.swift /Users/admin/builder/spi-builder-workspace/.dependencies/checkouts/Nuke/Sources/UI/ImageViewExtensions.swift -target arm64-apple-xros1.0 -disable-cross-import-overlay-search -swift-module-cross-import AVKit /Applications/Xcode-27.0.0-Release.Candidate.app/Contents/Developer/Platforms/XROS.platform/Developer/SDKs/XROS.sdk/System/Library/Frameworks/AVKit.framework/Modules/AVKit.swiftcrossimport/GroupActivities.swiftoverlay -swift-module-cross-import AVKit /Applications/Xcode-27.0.0-Release.Candidate.app/Contents/Developer/Platforms/XROS.platform/Developer/SDKs/XROS.sdk/System/Library/Frameworks/AVKit.framework/Modules/AVKit.swiftcrossimport/SwiftUI.swiftoverlay -swift-module-cross-import AVKit /Applications/Xcode-27.0.0-Release.Candidate.app/Contents/Developer/Platforms/XROS.platform/Developer/SDKs/XROS27.0.sdk/System/Library/Frameworks/AVKit.framework/Modules/AVKit.swiftcrossimport/GroupActivities.swiftoverlay -swift-module-cross-import AVKit /Applications/Xcode-27.0.0-Release.Candidate.app/Contents/Developer/Platforms/XROS.platform/Developer/SDKs/XROS27.0.sdk/System/Library/Frameworks/AVKit.framework/Modules/AVKit.swiftcrossimport/SwiftUI.swiftoverlay -load-resolved-plugin /Applications/Xcode-27.0.0-Release.Candidate.app/Contents/Developer/Platforms/XROS.platform/Developer/usr/lib/swift/host/plugins/libFoundationMacros.dylib\#/Applications/Xcode-27.0.0-Release.Candidate.app/Contents/Developer/Platforms/XROS.platform/Developer/usr/bin/swift-plugin-server\#FoundationMacros -load-resolved-plugin /Applications/Xcode-27.0.0-Release.Candidate.app/Contents/Developer/Platforms/XROS.platform/Developer/usr/lib/swift/host/plugins/libObservationMacros.dylib\#/Applications/Xcode-27.0.0-Release.Candidate.app/Contents/Developer/Platforms/XROS.platform/Developer/usr/bin/swift-plugin-server\#ObservationMacros -load-resolved-plugin /Applications/Xcode-27.0.0-Release.Candidate.app/Contents/Developer/Platforms/XROS.platform/Developer/usr/lib/swift/host/plugins/libPreviewsMacros.dylib\#/Applications/Xcode-27.0.0-Release.Candidate.app/Contents/Developer/Platforms/XROS.platform/Developer/usr/bin/swift-plugin-server\#PreviewsMacros -load-resolved-plugin /Applications/Xcode-27.0.0-Release.Candidate.app/Contents/Developer/Platforms/XROS.platform/Developer/usr/lib/swift/host/plugins/libSwiftMacros.dylib\#/Applications/Xcode-27.0.0-Release.Candidate.app/Contents/Developer/Platforms/XROS.platform/Developer/usr/bin/swift-plugin-server\#SwiftMacros -load-resolved-plugin /Applications/Xcode-27.0.0-Release.Candidate.app/Contents/Developer/Platforms/XROS.platform/Developer/usr/lib/swift/host/plugins/libSwiftUIMacros.dylib\#/Applications/Xcode-27.0.0-Release.Candidate.app/Contents/Developer/Platforms/XROS.platform/Developer/usr/bin/swift-plugin-server\#SwiftUIMacros -disable-implicit-swift-modules -Xcc -fno-implicit-modules -Xcc -fno-implicit-module-maps -explicit-swift-module-map-file /Users/admin/builder/spi-builder-workspace/.derivedData/Build/Intermediates.noindex/Nuke.build/Debug-xros/Nuke-t.build/Objects-normal/arm64/Nuke-dependencies-1.json -Xllvm -aarch64-use-tbi -enable-objc-interop -stack-check -sdk /Applications/Xcode-27.0.0-Release.Candidate.app/Contents/Developer/Platforms/XROS.platform/Developer/SDKs/XROS27.0.sdk -I /Users/admin/builder/spi-builder-workspace/.derivedData/Build/Products/Debug-xros -Isystem /Applications/Xcode-27.0.0-Release.Candidate.app/Contents/Developer/Platforms/XROS.platform/Developer/usr/lib -F /Users/admin/builder/spi-builder-workspace/.derivedData/Build/Products/Debug-xros -F /Applications/Xcode-27.0.0-Release.Candidate.app/Contents/Developer/Platforms/XROS.platform/Developer/Library/Frameworks -F /Applications/Xcode-27.0.0-Release.Candidate.app/Contents/Developer/Platforms/XROS.platform/Developer/SDKs/XROS27.0.sdk/Developer/Library/Frameworks -module-cache-path /Users/admin/builder/spi-builder-workspace/.derivedData/Build/Intermediates.noindex/SwiftExplicitPrecompiledModules -no-color-diagnostics -Xcc -fno-color-diagnostics -enable-testing -g -debug-info-format\=dwarf -dwarf-version\=4 -suppress-warnings -swift-version 5 -Onone -D SWIFT_PACKAGE -D DEBUG -D SWIFT_MODULE_RESOURCE_BUNDLE_UNAVAILABLE -D Xcode -serialize-debugging-options -enable-experimental-feature DebugDescriptionMacro -empty-abi-descriptor -validate-clang-modules-once -clang-build-session-file /Users/admin/builder/spi-builder-workspace/.derivedData/ModuleCache.noindex/Session.modulevalidation -Xcc -working-directory -Xcc /Users/admin/builder/spi-builder-workspace/.swiftpm/xcode -enable-anonymous-context-mangled-names -file-compilation-dir /Users/admin/builder/spi-builder-workspace/.swiftpm/xcode -Xcc -D_LIBCPP_HARDENING_MODE\=_LIBCPP_HARDENING_MODE_DEBUG -Xcc -ivfsstatcache -Xcc /Users/admin/builder/spi-builder-workspace/.derivedData/SDKStatCaches.noindex/xros27.0-24M361-e829b21a6f8c9b70876ba0858053c044735bd543db762f57723cac368afd1ce4.sdkstatcache -Xcc -fmodules-prune-interval\=86400 -Xcc -fmodules-prune-after\=345600 -Xcc -I/Users/admin/builder/spi-builder-workspace/.derivedData/Build/Products/Debug-xros/include -Xcc -I/Users/admin/builder/spi-builder-workspace/.derivedData/Build/Intermediates.noindex/Nuke.build/Debug-xros/Nuke-t.build/DerivedSources-normal/arm64 -Xcc -I/Users/admin/builder/spi-builder-workspace/.derivedData/Build/Intermediates.noindex/Nuke.build/Debug-xros/Nuke-t.build/DerivedSources/arm64 -Xcc -I/Users/admin/builder/spi-builder-workspace/.derivedData/Build/Intermediates.noindex/Nuke.build/Debug-xros/Nuke-t.build/DerivedSources -Xcc -DSWIFT_PACKAGE -Xcc -DDEBUG\=1 -no-auto-bridging-header-chaining -module-name Nuke -const-gather-protocols-file /Users/admin/builder/spi-builder-workspace/.derivedData/Build/Intermediates.noindex/Nuke.build/Debug-xros/Nuke-t.build/Objects-normal/arm64/Nuke_const_extract_protocols.json -disable-clang-spi -clang-target arm64-apple-xros27.0 -target-sdk-version 27.0 -target-sdk-name xros27.0 -in-process-plugin-server-path /Applications/Xcode-27.0.0-Release.Candidate.app/Contents/Developer/Toolchains/XcodeDefault.xctoolchain/usr/lib/swift/host/libSwiftInProcPluginServer.dylib -emit-module-doc-path /Users/admin/builder/spi-builder-workspace/.derivedData/Build/Intermediates.noindex/Nuke.build/Debug-xros/Nuke-t.build/Objects-normal/arm64/Nuke.swiftdoc -emit-module-source-info-path /Users/admin/builder/spi-builder-workspace/.derivedData/Build/Intermediates.noindex/Nuke.build/Debug-xros/Nuke-t.build/Objects-normal/arm64/Nuke.swiftsourceinfo -emit-objc-header-path /Users/admin/builder/spi-builder-workspace/.derivedData/Build/Intermediates.noindex/Nuke.build/Debug-xros/Nuke-t.build/Objects-normal/arm64/Nuke-Swift.h -serialize-diagnostics-path /Users/admin/builder/spi-builder-workspace/.derivedData/Build/Intermediates.noindex/Nuke.build/Debug-xros/Nuke-t.build/Objects-normal/arm64/Nuke-primary-emit-module.dia -emit-dependencies-path /Users/admin/builder/spi-builder-workspace/.derivedData/Build/Intermediates.noindex/Nuke.build/Debug-xros/Nuke-t.build/Objects-normal/arm64/Nuke-primary-emit-module.d -parse-as-library -o /Users/admin/builder/spi-builder-workspace/.derivedData/Build/Intermediates.noindex/Nuke.build/Debug-xros/Nuke-t.build/Objects-normal/arm64/Nuke.swiftmodule -emit-abi-descriptor-path /Users/admin/builder/spi-builder-workspace/.derivedData/Build/Intermediates.noindex/Nuke.build/Debug-xros/Nuke-t.build/Objects-normal/arm64/Nuke.abi.json
SwiftCompile normal arm64 (in target 'Nuke' from project 'Nuke')
    cd /Users/admin/builder/spi-builder-workspace/.swiftpm/xcode

SwiftCompile normal arm64 Compiling\ Operation.swift,\ RateLimiter.swift,\ ResumableData.swift,\ FetchImage.swift,\ ImageViewExtensions.swift /Users/admin/builder/spi-builder-workspace/.dependencies/checkouts/Nuke/Sources/Internal/Operation.swift /Users/admin/builder/spi-builder-workspace/.dependencies/checkouts/Nuke/Sources/Internal/RateLimiter.swift /Users/admin/builder/spi-builder-workspace/.dependencies/checkouts/Nuke/Sources/Internal/ResumableData.swift /Users/admin/builder/spi-builder-workspace/.dependencies/checkouts/Nuke/Sources/UI/FetchImage.swift /Users/admin/builder/spi-builder-workspace/.dependencies/checkouts/Nuke/Sources/UI/ImageViewExtensions.swift (in target 'Nuke' from project 'Nuke')
SwiftCompile normal arm64 /Users/admin/builder/spi-builder-workspace/.dependencies/checkouts/Nuke/Sources/Internal/Operation.swift (in target 'Nuke' from project 'Nuke')
    cd /Users/admin/builder/spi-builder-workspace/.swiftpm/xcode
    builtin-SwiftPerFileCompile Operation.swift
SwiftCompile normal arm64 /Users/admin/builder/spi-builder-workspace/.dependencies/checkouts/Nuke/Sources/Internal/RateLimiter.swift (in target 'Nuke' from project 'Nuke')
    cd /Users/admin/builder/spi-builder-workspace/.swiftpm/xcode
    builtin-SwiftPerFileCompile RateLimiter.swift
SwiftCompile normal arm64 /Users/admin/builder/spi-builder-workspace/.dependencies/checkouts/Nuke/Sources/Internal/ResumableData.swift (in target 'Nuke' from project 'Nuke')
    cd /Users/admin/builder/spi-builder-workspace/.swiftpm/xcode
    builtin-SwiftPerFileCompile ResumableData.swift
SwiftCompile normal arm64 /Users/admin/builder/spi-builder-workspace/.dependencies/checkouts/Nuke/Sources/UI/FetchImage.swift (in target 'Nuke' from project 'Nuke')
    cd /Users/admin/builder/spi-builder-workspace/.swiftpm/xcode
    builtin-SwiftPerFileCompile FetchImage.swift
SwiftCompile normal arm64 /Users/admin/builder/spi-builder-workspace/.dependencies/checkouts/Nuke/Sources/UI/ImageViewExtensions.swift (in target 'Nuke' from project 'Nuke')
    cd /Users/admin/builder/spi-builder-workspace/.swiftpm/xcode
    builtin-SwiftPerFileCompile ImageViewExtensions.swift
/Users/admin/builder/spi-builder-workspace/.dependencies/checkouts/Nuke/Sources/UI/ImageViewExtensions.swift:94:16: error: cannot find type 'ImageDisplayingView' in scope
 92 |     with request: ImageRequestConvertible?,
 93 |     options: ImageLoadingOptions = ImageLoadingOptions.shared,
 94 |     into view: ImageDisplayingView,
    |                `- error: cannot find type 'ImageDisplayingView' in scope
 95 |     completion: @escaping (_ result: Result<ImageResponse, ImagePipeline.Error>) -> Void
 96 | ) -> ImageTask? {
/Users/admin/builder/spi-builder-workspace/.dependencies/checkouts/Nuke/Sources/UI/ImageViewExtensions.swift:126:16: error: cannot find type 'ImageDisplayingView' in scope
124 |     with request: ImageRequestConvertible?,
125 |     options: ImageLoadingOptions = ImageLoadingOptions.shared,
126 |     into view: ImageDisplayingView,
    |                `- error: cannot find type 'ImageDisplayingView' in scope
127 |     progress: ((_ response: ImageResponse?, _ completed: Int64, _ total: Int64) -> Void)? = nil,
128 |     completion: ((_ result: Result<ImageResponse, ImagePipeline.Error>) -> Void)? = nil
/Users/admin/builder/spi-builder-workspace/.dependencies/checkouts/Nuke/Sources/UI/ImageViewExtensions.swift:136:37: error: cannot find type 'ImageDisplayingView' in scope
134 |
135 | /// Cancels an outstanding request associated with the view.
136 | public func cancelRequest(for view: ImageDisplayingView) {
    |                                     `- error: cannot find type 'ImageDisplayingView' in scope
137 |     assert(Thread.isMainThread)
138 |     ImageViewController.controller(for: view).cancelOutstandingTask()
/Users/admin/builder/spi-builder-workspace/.dependencies/checkouts/Nuke/Sources/UI/ImageViewExtensions.swift:365:33: error: cannot find type 'ImageDisplayingView' in scope
363 | /// making it public wouldn't expose any additional functionality to the users.
364 | private final class ImageViewController {
365 |     private weak var imageView: ImageDisplayingView?
    |                                 `- error: cannot find type 'ImageDisplayingView' in scope
366 |     private var task: ImageTask?
367 |     private var options: ImageLoadingOptions
/Users/admin/builder/spi-builder-workspace/.dependencies/checkouts/Nuke/Sources/UI/ImageViewExtensions.swift:380:27: error: cannot find type 'ImageDisplayingView' in scope
378 |     }
379 |
380 |     init(view: /* weak */ ImageDisplayingView) {
    |                           `- error: cannot find type 'ImageDisplayingView' in scope
381 |         self.imageView = view
382 |         self.options = .shared
/Users/admin/builder/spi-builder-workspace/.dependencies/checkouts/Nuke/Sources/UI/ImageViewExtensions.swift:390:38: error: cannot find type 'ImageDisplayingView' in scope
388 |
389 |     // Lazily create a controller for a given view and associate it with a view.
390 |     static func controller(for view: ImageDisplayingView) -> ImageViewController {
    |                                      `- error: cannot find type 'ImageDisplayingView' in scope
391 |         if let controller = objc_getAssociatedObject(view, &ImageViewController.controllerAK) as? ImageViewController {
392 |             return controller
/Users/admin/builder/spi-builder-workspace/.dependencies/checkouts/Nuke/Sources/UI/ImageViewExtensions.swift:442:13: error: cannot find 'display' in scope
440 |         // Quick synchronous memory cache lookup.
441 |         if let image = pipeline.cache[request] {
442 |             display(image, true, .success)
    |             `- error: cannot find 'display' in scope
443 |             if !image.isPreview { // Final image was downloaded
444 |                 completion?(.success(ImageResponse(container: image, cacheType: .memory)))
/Users/admin/builder/spi-builder-workspace/.dependencies/checkouts/Nuke/Sources/UI/ImageViewExtensions.swift:451:13: error: cannot find 'display' in scope
449 |         // Display a placeholder.
450 |         if let placeholder = options.placeholder {
451 |             display(ImageContainer(image: placeholder), true, .placeholder)
    |             `- error: cannot find 'display' in scope
452 |         } else if options.isPrepareForReuseEnabled {
453 |             imageView.nuke_display(image: nil, data: nil) // Remove previously displayed images (if any)
/Users/admin/builder/spi-builder-workspace/.dependencies/checkouts/Nuke/Sources/UI/ImageViewExtensions.swift:478:13: error: cannot find 'display' in scope
476 |         switch result {
477 |         case let .success(response):
478 |             display(response.container, isFromMemory, .success)
    |             `- error: cannot find 'display' in scope
479 |         case .failure:
480 |             if let failureImage = options.failureImage {
/Users/admin/builder/spi-builder-workspace/.dependencies/checkouts/Nuke/Sources/UI/ImageViewExtensions.swift:481:17: error: cannot find 'display' in scope
479 |         case .failure:
480 |             if let failureImage = options.failureImage {
481 |                 display(ImageContainer(image: failureImage), isFromMemory, .failure)
    |                 `- error: cannot find 'display' in scope
482 |             }
483 |         }
SwiftCompile normal arm64 Compiling\ ImagePrefetcher.swift,\ ImageDecompression.swift,\ ImageProcessing.swift,\ ImageProcessingOptions.swift,\ ImageProcessors+Anonymous.swift,\ ImageProcessors+Circle.swift /Users/admin/builder/spi-builder-workspace/.dependencies/checkouts/Nuke/Sources/Core/Prefetching/ImagePrefetcher.swift /Users/admin/builder/spi-builder-workspace/.dependencies/checkouts/Nuke/Sources/Core/Processing/ImageDecompression.swift /Users/admin/builder/spi-builder-workspace/.dependencies/checkouts/Nuke/Sources/Core/Processing/ImageProcessing.swift /Users/admin/builder/spi-builder-workspace/.dependencies/checkouts/Nuke/Sources/Core/Processing/ImageProcessingOptions.swift /Users/admin/builder/spi-builder-workspace/.dependencies/checkouts/Nuke/Sources/Core/Processing/ImageProcessors+Anonymous.swift /Users/admin/builder/spi-builder-workspace/.dependencies/checkouts/Nuke/Sources/Core/Processing/ImageProcessors+Circle.swift (in target 'Nuke' from project 'Nuke')
/Users/admin/builder/spi-builder-workspace/.dependencies/checkouts/Nuke/Sources/Core/Processing/ImageProcessingOptions.swift:55:27: error: cannot find type 'NSColor' in scope
53 |         }
54 |         #else
55 |         public let color: NSColor
   |                           `- error: cannot find type 'NSColor' in scope
56 |
57 |         /// - parameter color: Border color.
/Users/admin/builder/spi-builder-workspace/.dependencies/checkouts/Nuke/Sources/Core/Processing/ImageProcessingOptions.swift:60:28: error: cannot find type 'NSColor' in scope
58 |         /// - parameter width: Border width. 1 points by default.
59 |         /// - parameter unit: Unit of the width, `.points` by default.
60 |         public init(color: NSColor, width: CGFloat = 1, unit: Unit = .points) {
   |                            `- error: cannot find type 'NSColor' in scope
61 |             self.color = color
62 |             self.width = width.converted(to: unit)
/Users/admin/builder/spi-builder-workspace/.dependencies/checkouts/Nuke/Sources/Core/Processing/ImageProcessingOptions.swift:41:19: error: type 'ImageProcessingOptions.Border' does not conform to protocol 'Hashable'
39 |     /// consider adding border to a view layer. This should be your primary
40 |     /// option regardless.
41 |     public struct Border: Hashable, CustomStringConvertible {
   |                   `- error: type 'ImageProcessingOptions.Border' does not conform to protocol 'Hashable'
42 |         public let width: CGFloat
43 |
   :
53 |         }
54 |         #else
55 |         public let color: NSColor
   |                    `- note: stored property type '_' does not conform to protocol 'Hashable', preventing synthesized conformance of 'ImageProcessingOptions.Border' to 'Hashable'
56 |
57 |         /// - parameter color: Border color.
SwiftCompile normal arm64 /Users/admin/builder/spi-builder-workspace/.dependencies/checkouts/Nuke/Sources/Core/Prefetching/ImagePrefetcher.swift (in target 'Nuke' from project 'Nuke')
    cd /Users/admin/builder/spi-builder-workspace/.swiftpm/xcode
    builtin-SwiftPerFileCompile ImagePrefetcher.swift
SwiftCompile normal arm64 /Users/admin/builder/spi-builder-workspace/.dependencies/checkouts/Nuke/Sources/Core/Processing/ImageDecompression.swift (in target 'Nuke' from project 'Nuke')
    cd /Users/admin/builder/spi-builder-workspace/.swiftpm/xcode
    builtin-SwiftPerFileCompile ImageDecompression.swift
SwiftCompile normal arm64 /Users/admin/builder/spi-builder-workspace/.dependencies/checkouts/Nuke/Sources/Core/Processing/ImageProcessing.swift (in target 'Nuke' from project 'Nuke')
    cd /Users/admin/builder/spi-builder-workspace/.swiftpm/xcode
    builtin-SwiftPerFileCompile ImageProcessing.swift
SwiftCompile normal arm64 /Users/admin/builder/spi-builder-workspace/.dependencies/checkouts/Nuke/Sources/Core/Processing/ImageProcessingOptions.swift (in target 'Nuke' from project 'Nuke')
    cd /Users/admin/builder/spi-builder-workspace/.swiftpm/xcode
    builtin-SwiftPerFileCompile ImageProcessingOptions.swift
SwiftCompile normal arm64 /Users/admin/builder/spi-builder-workspace/.dependencies/checkouts/Nuke/Sources/Core/Processing/ImageProcessors+Anonymous.swift (in target 'Nuke' from project 'Nuke')
    cd /Users/admin/builder/spi-builder-workspace/.swiftpm/xcode
    builtin-SwiftPerFileCompile ImageProcessors+Anonymous.swift
SwiftCompile normal arm64 /Users/admin/builder/spi-builder-workspace/.dependencies/checkouts/Nuke/Sources/Core/Processing/ImageProcessors+Circle.swift (in target 'Nuke' from project 'Nuke')
    cd /Users/admin/builder/spi-builder-workspace/.swiftpm/xcode
    builtin-SwiftPerFileCompile ImageProcessors+Circle.swift
SwiftCompile normal arm64 Compiling\ ImageEncoders+Default.swift,\ ImageEncoders+ImageIO.swift,\ ImageEncoders.swift,\ ImageEncoding.swift,\ ImagePipeline.swift,\ ImagePipelineConfiguration.swift /Users/admin/builder/spi-builder-workspace/.dependencies/checkouts/Nuke/Sources/Core/Encoding/ImageEncoders+Default.swift /Users/admin/builder/spi-builder-workspace/.dependencies/checkouts/Nuke/Sources/Core/Encoding/ImageEncoders+ImageIO.swift /Users/admin/builder/spi-builder-workspace/.dependencies/checkouts/Nuke/Sources/Core/Encoding/ImageEncoders.swift /Users/admin/builder/spi-builder-workspace/.dependencies/checkouts/Nuke/Sources/Core/Encoding/ImageEncoding.swift /Users/admin/builder/spi-builder-workspace/.dependencies/checkouts/Nuke/Sources/Core/ImagePipeline.swift /Users/admin/builder/spi-builder-workspace/.dependencies/checkouts/Nuke/Sources/Core/ImagePipelineConfiguration.swift (in target 'Nuke' from project 'Nuke')
SwiftCompile normal arm64 /Users/admin/builder/spi-builder-workspace/.dependencies/checkouts/Nuke/Sources/Core/Encoding/ImageEncoders+Default.swift (in target 'Nuke' from project 'Nuke')
    cd /Users/admin/builder/spi-builder-workspace/.swiftpm/xcode
    builtin-SwiftPerFileCompile ImageEncoders+Default.swift
SwiftCompile normal arm64 /Users/admin/builder/spi-builder-workspace/.dependencies/checkouts/Nuke/Sources/Core/Encoding/ImageEncoders+ImageIO.swift (in target 'Nuke' from project 'Nuke')
    cd /Users/admin/builder/spi-builder-workspace/.swiftpm/xcode
    builtin-SwiftPerFileCompile ImageEncoders+ImageIO.swift
SwiftCompile normal arm64 /Users/admin/builder/spi-builder-workspace/.dependencies/checkouts/Nuke/Sources/Core/Encoding/ImageEncoders.swift (in target 'Nuke' from project 'Nuke')
    cd /Users/admin/builder/spi-builder-workspace/.swiftpm/xcode
    builtin-SwiftPerFileCompile ImageEncoders.swift
SwiftCompile normal arm64 /Users/admin/builder/spi-builder-workspace/.dependencies/checkouts/Nuke/Sources/Core/Encoding/ImageEncoding.swift (in target 'Nuke' from project 'Nuke')
    cd /Users/admin/builder/spi-builder-workspace/.swiftpm/xcode
    builtin-SwiftPerFileCompile ImageEncoding.swift
SwiftCompile normal arm64 /Users/admin/builder/spi-builder-workspace/.dependencies/checkouts/Nuke/Sources/Core/ImagePipeline.swift (in target 'Nuke' from project 'Nuke')
    cd /Users/admin/builder/spi-builder-workspace/.swiftpm/xcode
    builtin-SwiftPerFileCompile ImagePipeline.swift
SwiftCompile normal arm64 /Users/admin/builder/spi-builder-workspace/.dependencies/checkouts/Nuke/Sources/Core/ImagePipelineConfiguration.swift (in target 'Nuke' from project 'Nuke')
    cd /Users/admin/builder/spi-builder-workspace/.swiftpm/xcode
    builtin-SwiftPerFileCompile ImagePipelineConfiguration.swift
/Users/admin/builder/spi-builder-workspace/.dependencies/checkouts/Nuke/Sources/Core/Encoding/ImageEncoders+Default.swift:26:24: error: value of type 'CGImage' has no member 'isOpaque'
24 |             }
25 |             let type: AssetType
26 |             if cgImage.isOpaque {
   |                        `- error: value of type 'CGImage' has no member 'isOpaque'
27 |                 if isHEIFPreferred && ImageEncoders.ImageIO.isSupported(type: .heic) {
28 |                     type = .heic
/Users/admin/builder/spi-builder-workspace/.dependencies/checkouts/Nuke/Sources/UI/ImageViewExtensions.swift:94:16: error: cannot find type 'ImageDisplayingView' in scope
 92 |     with request: ImageRequestConvertible?,
 93 |     options: ImageLoadingOptions = ImageLoadingOptions.shared,
 94 |     into view: ImageDisplayingView,
    |                `- error: cannot find type 'ImageDisplayingView' in scope
 95 |     completion: @escaping (_ result: Result<ImageResponse, ImagePipeline.Error>) -> Void
 96 | ) -> ImageTask? {
SwiftCompile normal arm64 Compiling\ AssetType.swift,\ ImageDecoderRegistry.swift,\ ImageDecoders+Default.swift,\ ImageDecoders+Empty.swift,\ ImageDecoders+Video.swift,\ ImageDecoding.swift /Users/admin/builder/spi-builder-workspace/.dependencies/checkouts/Nuke/Sources/Core/Decoding/AssetType.swift /Users/admin/builder/spi-builder-workspace/.dependencies/checkouts/Nuke/Sources/Core/Decoding/ImageDecoderRegistry.swift /Users/admin/builder/spi-builder-workspace/.dependencies/checkouts/Nuke/Sources/Core/Decoding/ImageDecoders+Default.swift /Users/admin/builder/spi-builder-workspace/.dependencies/checkouts/Nuke/Sources/Core/Decoding/ImageDecoders+Empty.swift /Users/admin/builder/spi-builder-workspace/.dependencies/checkouts/Nuke/Sources/Core/Decoding/ImageDecoders+Video.swift /Users/admin/builder/spi-builder-workspace/.dependencies/checkouts/Nuke/Sources/Core/Decoding/ImageDecoding.swift (in target 'Nuke' from project 'Nuke')
SwiftCompile normal arm64 /Users/admin/builder/spi-builder-workspace/.dependencies/checkouts/Nuke/Sources/Core/Decoding/AssetType.swift (in target 'Nuke' from project 'Nuke')
    cd /Users/admin/builder/spi-builder-workspace/.swiftpm/xcode
    builtin-SwiftPerFileCompile AssetType.swift
SwiftCompile normal arm64 /Users/admin/builder/spi-builder-workspace/.dependencies/checkouts/Nuke/Sources/Core/Decoding/ImageDecoderRegistry.swift (in target 'Nuke' from project 'Nuke')
    cd /Users/admin/builder/spi-builder-workspace/.swiftpm/xcode
    builtin-SwiftPerFileCompile ImageDecoderRegistry.swift
SwiftCompile normal arm64 /Users/admin/builder/spi-builder-workspace/.dependencies/checkouts/Nuke/Sources/Core/Decoding/ImageDecoders+Default.swift (in target 'Nuke' from project 'Nuke')
    cd /Users/admin/builder/spi-builder-workspace/.swiftpm/xcode
    builtin-SwiftPerFileCompile ImageDecoders+Default.swift
SwiftCompile normal arm64 /Users/admin/builder/spi-builder-workspace/.dependencies/checkouts/Nuke/Sources/Core/Decoding/ImageDecoders+Empty.swift (in target 'Nuke' from project 'Nuke')
    cd /Users/admin/builder/spi-builder-workspace/.swiftpm/xcode
    builtin-SwiftPerFileCompile ImageDecoders+Empty.swift
SwiftCompile normal arm64 /Users/admin/builder/spi-builder-workspace/.dependencies/checkouts/Nuke/Sources/Core/Decoding/ImageDecoders+Video.swift (in target 'Nuke' from project 'Nuke')
    cd /Users/admin/builder/spi-builder-workspace/.swiftpm/xcode
    builtin-SwiftPerFileCompile ImageDecoders+Video.swift
SwiftCompile normal arm64 /Users/admin/builder/spi-builder-workspace/.dependencies/checkouts/Nuke/Sources/Core/Decoding/ImageDecoding.swift (in target 'Nuke' from project 'Nuke')
    cd /Users/admin/builder/spi-builder-workspace/.swiftpm/xcode
    builtin-SwiftPerFileCompile ImageDecoding.swift
PruneExplicitPrecompiledModules /Users/admin/builder/spi-builder-workspace/.derivedData/SDKExplicitPrecompiledModules
PruneExplicitPrecompiledModules /Users/admin/builder/spi-builder-workspace/.derivedData/Build/Intermediates.noindex/SwiftExplicitPrecompiledModules
PruneExplicitPrecompiledModules /Users/admin/builder/spi-builder-workspace/.derivedData/Build/Intermediates.noindex/ExplicitPrecompiledModules
2026-09-18 07:23:52.992 xcodebuild[868:5097] [MT] IDERunDestination: Supported platforms for the buildables in the current scheme is empty.
** BUILD FAILED **
The following build commands failed:
	SwiftEmitModule normal arm64 Emitting\ module\ for\ Nuke (in target 'Nuke' from project 'Nuke')
	SwiftCompile normal arm64 (in target 'Nuke' from project 'Nuke')
	Building workspace NukeUI with scheme NukeUI
(3 failures)
BUILD FAILURE 6.4 visionOS