Build Information
Failed to build Parser, reference 0.2.1 (e8951c), with Swift 6.4 for macOS (Xcode) using Xcode 27.0 on 17 Sep 2026 09:28:37 UTC.
Build Command
env DEVELOPER_DIR=/Applications/Xcode-27.0.0-Release.Candidate.app xcrun xcodebuild -IDEClonedSourcePackagesDirPathOverride=$PWD/.dependencies -skipMacroValidation -skipPackagePluginValidation -derivedDataPath $PWD/.derivedData build -scheme Parser-Package -destination platform=macOS,arch=arm64Build Log
========================================
RunAll
========================================
Builder version: 5.1.0
Interrupt handler set up.
========================================
Checkout
========================================
Clone URL: https://github.com/finestructure/Parser.git
Reference: 0.2.1
Initialized empty Git repository in /Users/admin/builder/spi-builder-workspace/.git/
From https://github.com/finestructure/Parser
* tag 0.2.1 -> FETCH_HEAD
HEAD is now at e8951ca Add arena sample code
Cloned https://github.com/finestructure/Parser.git
Revision (git rev-parse @):
e8951ca4920d060d8717a0e0f3693d5d0769cc3d
SPI manifest file found: $PWD/.spi.yml
SUCCESS checkout https://github.com/finestructure/Parser.git at 0.2.1
========================================
Build
========================================
Selected platform: macosXcodebuild
Swift version: 6.4
Building package at path: $PWD
https://github.com/finestructure/Parser.git
Command line invocation:
/Applications/Xcode-27.0.0-Release.Candidate.app/Contents/Developer/usr/bin/xcodebuild -IDEClonedSourcePackagesDirPathOverride=/Users/admin/builder/spi-builder-workspace/.dependencies -resolvePackageDependencies
resolved source packages:
{
"dependencies" : [
],
"manifest_display_name" : "Parser",
"name" : "Parser",
"path" : "/Users/admin/builder/spi-builder-workspace",
"platforms" : [
],
"products" : [
{
"name" : "Parser",
"targets" : [
"Parser"
],
"type" : {
"library" : [
"automatic"
]
}
}
],
"targets" : [
{
"c99name" : "ParserTests",
"module_type" : "SwiftTarget",
"name" : "ParserTests",
"path" : "Tests/ParserTests",
"sources" : [
"ParserTests.swift",
"XCTestManifests.swift"
],
"target_dependencies" : [
"Parser"
],
"type" : "test"
},
{
"c99name" : "Parser",
"module_type" : "SwiftTarget",
"name" : "Parser",
"path" : "Sources/Parser",
"product_memberships" : [
"Parser"
],
"sources" : [
"CharacterSet+ext.swift",
"Match.swift",
"Parser+zip.swift",
"Parser.swift"
],
"type" : "library"
}
],
"tools_version" : "5.0"
}
{
"project" : {
"configurations" : [
"Debug",
"Release"
],
"name" : "Parser",
"schemes" : [
"Parser-Package",
"Parser-watchOS"
],
"targets" : [
"Parser",
"ParserPackageDescription",
"ParserPackageTests",
"ParserTests"
]
}
}
Running build ...
env DEVELOPER_DIR=/Applications/Xcode-27.0.0-Release.Candidate.app xcrun xcodebuild -IDEClonedSourcePackagesDirPathOverride=$PWD/.dependencies -skipMacroValidation -skipPackagePluginValidation -derivedDataPath $PWD/.derivedData build -scheme Parser-Package -destination platform=macOS,arch=arm64
Command line invocation:
/Applications/Xcode-27.0.0-Release.Candidate.app/Contents/Developer/usr/bin/xcodebuild -IDEClonedSourcePackagesDirPathOverride=/Users/admin/builder/spi-builder-workspace/.dependencies -skipMacroValidation -skipPackagePluginValidation -derivedDataPath /Users/admin/builder/spi-builder-workspace/.derivedData build -scheme Parser-Package -destination platform=macOS,arch=arm64
ComputePackagePrebuildTargetDependencyGraph
Prepare packages
CreateBuildRequest
SendProjectDescription
CreateBuildOperation
ComputeTargetDependencyGraph
note: Building targets in dependency order
note: Target dependency graph (1 target)
Target 'Parser' in project 'Parser' (no dependencies)
GatherProvisioningInputs
CreateBuildDescription
ExecuteExternalTool /Applications/Xcode-27.0.0-Release.Candidate.app/Contents/Developer/Toolchains/XcodeDefault.xctoolchain/usr/bin/clang -v -E -dM -isysroot /Applications/Xcode-27.0.0-Release.Candidate.app/Contents/Developer/Platforms/MacOSX.platform/Developer/SDKs/MacOSX27.0.sdk -x c -c /dev/null
ExecuteExternalTool /Applications/Xcode-27.0.0-Release.Candidate.app/Contents/Developer/Toolchains/XcodeDefault.xctoolchain/usr/bin/swiftc --version
ExecuteExternalTool /Applications/Xcode-27.0.0-Release.Candidate.app/Contents/Developer/Toolchains/XcodeDefault.xctoolchain/usr/bin/ld -version_details
Build description signature: 08e7500ccb1119325dcb90c61abdd8e9
Build description path: /Users/admin/builder/spi-builder-workspace/.derivedData/Build/Intermediates.noindex/XCBuildData/08e7500ccb1119325dcb90c61abdd8e9.xcbuilddata
/Users/admin/builder/spi-builder-workspace/Parser.xcodeproj: error: The macOS deployment target 'MACOSX_DEPLOYMENT_TARGET' is set to 10.10, but the range of supported deployment target versions is 12.0 to 27.0.x. (in target 'Parser' from project 'Parser')
** BUILD FAILED **
The following build commands failed:
Building project Parser with scheme Parser-Package
(1 failure)
Command line invocation:
/Applications/Xcode-27.0.0-Release.Candidate.app/Contents/Developer/usr/bin/xcodebuild -IDEClonedSourcePackagesDirPathOverride=/Users/admin/builder/spi-builder-workspace/.dependencies -resolvePackageDependencies
resolved source packages:
{
"dependencies" : [
],
"manifest_display_name" : "Parser",
"name" : "Parser",
"path" : "/Users/admin/builder/spi-builder-workspace",
"platforms" : [
],
"products" : [
{
"name" : "Parser",
"targets" : [
"Parser"
],
"type" : {
"library" : [
"automatic"
]
}
}
],
"targets" : [
{
"c99name" : "ParserTests",
"module_type" : "SwiftTarget",
"name" : "ParserTests",
"path" : "Tests/ParserTests",
"sources" : [
"ParserTests.swift",
"XCTestManifests.swift"
],
"target_dependencies" : [
"Parser"
],
"type" : "test"
},
{
"c99name" : "Parser",
"module_type" : "SwiftTarget",
"name" : "Parser",
"path" : "Sources/Parser",
"product_memberships" : [
"Parser"
],
"sources" : [
"CharacterSet+ext.swift",
"Match.swift",
"Parser+zip.swift",
"Parser.swift"
],
"type" : "library"
}
],
"tools_version" : "5.0"
}
{
"project" : {
"configurations" : [
"Debug",
"Release"
],
"name" : "Parser",
"schemes" : [
"Parser-Package",
"Parser-watchOS"
],
"targets" : [
"Parser",
"ParserPackageDescription",
"ParserPackageTests",
"ParserTests"
]
}
}
Running build ...
env DEVELOPER_DIR=/Applications/Xcode-27.0.0-Release.Candidate.app xcrun xcodebuild -IDEClonedSourcePackagesDirPathOverride=$PWD/.dependencies -skipMacroValidation -skipPackagePluginValidation -derivedDataPath $PWD/.derivedData build -scheme Parser-Package -destination platform=macOS,arch=arm64
Command line invocation:
/Applications/Xcode-27.0.0-Release.Candidate.app/Contents/Developer/usr/bin/xcodebuild -IDEClonedSourcePackagesDirPathOverride=/Users/admin/builder/spi-builder-workspace/.dependencies -skipMacroValidation -skipPackagePluginValidation -derivedDataPath /Users/admin/builder/spi-builder-workspace/.derivedData build -scheme Parser-Package -destination platform=macOS,arch=arm64
ComputePackagePrebuildTargetDependencyGraph
Prepare packages
CreateBuildRequest
SendProjectDescription
CreateBuildOperation
ComputeTargetDependencyGraph
note: Building targets in dependency order
note: Target dependency graph (1 target)
Target 'Parser' in project 'Parser' (no dependencies)
GatherProvisioningInputs
CreateBuildDescription
/Users/admin/builder/spi-builder-workspace/Parser.xcodeproj: error: The macOS deployment target 'MACOSX_DEPLOYMENT_TARGET' is set to 10.10, but the range of supported deployment target versions is 12.0 to 27.0.x. (in target 'Parser' from project 'Parser')
** BUILD FAILED **
The following build commands failed:
Building project Parser with scheme Parser-Package
(1 failure)
BUILD FAILURE 6.4 macosXcodebuild