The Swift Package Index logo.Swift Package Index

Build Information

Failed to build OctopusSdkSwift, reference main (b0b2af), with Swift 6.1 for Wasm on 9 Oct 2026 02:51:55 UTC.

Build Command

bash -c docker run --pull=always --rm -v "checkouts-53886768-0":/host -w "$PWD" -e JAVA_HOME="/root/.sdkman/candidates/java/current" -e SPI_BUILD="1" -e SPI_PROCESSING="1" registry.gitlab.com/saguaro1/spi-images:wasm-6.1-latest swift build --swift-sdk wasm32-unknown-wasi 2>&1

Build Log

========================================
RunAll
========================================
Builder version: 5.1.1
Interrupt handler set up.
========================================
Checkout
========================================
Clone URL: https://github.com/Octopus-Community/octopus-sdk-swift.git
Reference: main
Initialized empty Git repository in /host/spi-builder-workspace/.git/
hint: Using 'master' as the name for the initial branch. This default branch name
hint: is subject to change. To configure the initial branch name to use in all
hint: of your new repositories, which will suppress this warning, call:
hint:
hint: 	git config --global init.defaultBranch <name>
hint:
hint: Names commonly chosen instead of 'master' are 'main', 'trunk' and
hint: 'development'. The just-created branch can be renamed via this command:
hint:
hint: 	git branch -m <name>
From https://github.com/Octopus-Community/octopus-sdk-swift
 * branch            main       -> FETCH_HEAD
 * [new branch]      main       -> origin/main
HEAD is now at b0b2afd Release v1.14.1 (#55)
Cloned https://github.com/Octopus-Community/octopus-sdk-swift.git
Revision (git rev-parse @):
b0b2afd3a0e88b9ca3af2b40432e20bbb1327db3
SUCCESS checkout https://github.com/Octopus-Community/octopus-sdk-swift.git at main
========================================
Build
========================================
Selected platform:         wasm
Swift version:             6.1
Building package at path:  $PWD
https://github.com/Octopus-Community/octopus-sdk-swift.git
https://github.com/Octopus-Community/octopus-sdk-swift.git
WARNING: environment variable SUPPRESS_SWIFT_6_FLAGS is not set
Running build ...
bash -c docker run --pull=always --rm -v "checkouts-53886768-0":/host -w "$PWD" -e JAVA_HOME="/root/.sdkman/candidates/java/current" -e SPI_BUILD="1" -e SPI_PROCESSING="1" registry.gitlab.com/saguaro1/spi-images:wasm-6.1-latest swift build --swift-sdk wasm32-unknown-wasi -Xswiftc -Xfrontend -Xswiftc -stats-output-dir -Xswiftc -Xfrontend -Xswiftc .stats -Xswiftc -strict-concurrency=complete -Xswiftc -enable-upcoming-feature -Xswiftc StrictConcurrency -Xswiftc -enable-upcoming-feature -Xswiftc DisableOutwardActorInference -Xswiftc -enable-upcoming-feature -Xswiftc GlobalActorIsolatedTypesUsability -Xswiftc -enable-upcoming-feature -Xswiftc InferSendableFromCaptures 2>&1
wasm-6.1-latest: Pulling from saguaro1/spi-images
Digest: sha256:005e294ea72e7f7733559677ac003354f37dc6afb35c5bbab6bc9a95fc174f44
Status: Image is up to date for registry.gitlab.com/saguaro1/spi-images:wasm-6.1-latest
Fetching https://github.com/grpc/grpc-swift.git
Fetching https://github.com/kishikawakatsumi/KeychainAccess.git
Fetching https://github.com/apple/swift-protobuf.git
[1/4388] Fetching keychainaccess
[3951/55992] Fetching keychainaccess, grpc-swift
[55993/110911] Fetching keychainaccess, grpc-swift, swift-protobuf
Fetched https://github.com/kishikawakatsumi/KeychainAccess.git from cache (1.48s)
Fetched https://github.com/grpc/grpc-swift.git from cache (1.49s)
[6591/54919] Fetching swift-protobuf
Fetched https://github.com/apple/swift-protobuf.git from cache (6.44s)
Computing version for https://github.com/kishikawakatsumi/KeychainAccess.git
Computed https://github.com/kishikawakatsumi/KeychainAccess.git at 4.2.2 (7.39s)
Computing version for https://github.com/grpc/grpc-swift.git
Computed https://github.com/grpc/grpc-swift.git at 1.27.6 (1.03s)
Fetching https://github.com/apple/swift-nio-extras.git
Fetching https://github.com/apple/swift-atomics.git
Fetching https://github.com/apple/swift-collections.git
Fetching https://github.com/apple/swift-nio-ssl.git
Fetching https://github.com/apple/swift-log.git
Fetching https://github.com/apple/swift-nio-transport-services.git
[1/6702] Fetching swift-nio-extras
[5296/14959] Fetching swift-nio-extras, swift-log
[14960/16844] Fetching swift-nio-extras, swift-log, swift-atomics
[15036/19711] Fetching swift-nio-extras, swift-log, swift-atomics, swift-nio-transport-services
Fetched https://github.com/apple/swift-atomics.git from cache (0.74s)
Fetching https://github.com/apple/swift-nio-http2.git
[1/28691] Fetching swift-collections
[13773/45547] Fetching swift-collections, swift-nio-ssl
[33412/57835] Fetching swift-collections, swift-nio-ssl, swift-nio-http2
Fetched https://github.com/apple/swift-log.git from cache (1.50s)
Fetching https://github.com/apple/swift-nio.git
Fetched https://github.com/apple/swift-collections.git from cache (1.52s)
[29144/29144] Fetching swift-nio-ssl, swift-nio-http2
Fetched https://github.com/apple/swift-nio-http2.git from cache (1.05s)
Fetched https://github.com/apple/swift-nio-transport-services.git from cache (1.92s)
Fetched https://github.com/apple/swift-nio-extras.git from cache (1.92s)
Fetched https://github.com/apple/swift-nio-ssl.git from cache (1.93s)
[1/86361] Fetching swift-nio
Fetched https://github.com/apple/swift-nio.git from cache (3.71s)
Computing version for https://github.com/apple/swift-atomics.git
Computed https://github.com/apple/swift-atomics.git at 1.3.1 (5.46s)
Computing version for https://github.com/apple/swift-nio-transport-services.git
Computed https://github.com/apple/swift-nio-transport-services.git at 1.28.0 (0.24s)
Computing version for https://github.com/apple/swift-nio-http2.git
Computed https://github.com/apple/swift-nio-http2.git at 1.46.0 (0.24s)
Computing version for https://github.com/apple/swift-protobuf.git
Computed https://github.com/apple/swift-protobuf.git at 1.38.1 (0.26s)
Computing version for https://github.com/apple/swift-collections.git
Computed https://github.com/apple/swift-collections.git at 1.6.0 (0.33s)
Computing version for https://github.com/apple/swift-nio-extras.git
Computed https://github.com/apple/swift-nio-extras.git at 1.35.1 (0.34s)
Fetching https://github.com/apple/swift-algorithms.git
Fetching https://github.com/apple/swift-certificates.git
Fetching https://github.com/apple/swift-asn1.git
Fetching https://github.com/apple/swift-async-algorithms.git
Fetching https://github.com/apple/swift-http-structured-headers.git
Fetching https://github.com/swift-server/swift-service-lifecycle.git
[1/1253] Fetching swift-http-structured-headers
[1254/8862] Fetching swift-http-structured-headers, swift-certificates
[1255/15668] Fetching swift-http-structured-headers, swift-certificates, swift-async-algorithms
[1256/21832] Fetching swift-http-structured-headers, swift-certificates, swift-async-algorithms, swift-algorithms
[1394/24699] Fetching swift-http-structured-headers, swift-certificates, swift-async-algorithms, swift-algorithms, swift-service-lifecycle
[24700/26694] Fetching swift-http-structured-headers, swift-certificates, swift-async-algorithms, swift-algorithms, swift-service-lifecycle, swift-asn1
Fetched https://github.com/apple/swift-algorithms.git from cache (0.59s)
Fetching https://github.com/apple/swift-http-types.git
[18695/20530] Fetching swift-http-structured-headers, swift-certificates, swift-async-algorithms, swift-service-lifecycle, swift-asn1
Fetched https://github.com/apple/swift-http-structured-headers.git from cache (0.60s)
[17602/19277] Fetching swift-certificates, swift-async-algorithms, swift-service-lifecycle, swift-asn1
Fetched https://github.com/swift-server/swift-service-lifecycle.git from cache (0.60s)
[14814/16410] Fetching swift-certificates, swift-async-algorithms, swift-asn1
Fetched https://github.com/apple/swift-async-algorithms.git from cache (0.62s)
Fetched https://github.com/apple/swift-certificates.git from cache (0.62s)
[519/1995] Fetching swift-asn1
Fetched https://github.com/apple/swift-asn1.git from cache (0.79s)
[1/1939] Fetching swift-http-types
Fetched https://github.com/apple/swift-http-types.git from cache (0.43s)
Computing version for https://github.com/apple/swift-algorithms.git
Computed https://github.com/apple/swift-algorithms.git at 1.2.1 (1.28s)
Fetching https://github.com/apple/swift-numerics.git
[1/6717] Fetching swift-numerics
Fetched https://github.com/apple/swift-numerics.git from cache (0.55s)
Computing version for https://github.com/apple/swift-numerics.git
Computed https://github.com/apple/swift-numerics.git at 1.1.1 (0.77s)
Computing version for https://github.com/swift-server/swift-service-lifecycle.git
Computed https://github.com/swift-server/swift-service-lifecycle.git at 2.12.1 (0.24s)
Computing version for https://github.com/apple/swift-log.git
Computed https://github.com/apple/swift-log.git at 1.15.1 (0.23s)
Computing version for https://github.com/apple/swift-async-algorithms.git
Computed https://github.com/apple/swift-async-algorithms.git at 1.1.7 (0.27s)
Computing version for https://github.com/apple/swift-http-structured-headers.git
Computed https://github.com/apple/swift-http-structured-headers.git at 1.7.0 (0.23s)
Computing version for https://github.com/apple/swift-http-types.git
Computed https://github.com/apple/swift-http-types.git at 1.8.0 (0.25s)
Computing version for https://github.com/apple/swift-asn1.git
Computed https://github.com/apple/swift-asn1.git at 1.7.3 (0.26s)
Computing version for https://github.com/apple/swift-nio-ssl.git
Computed https://github.com/apple/swift-nio-ssl.git at 2.37.5 (0.26s)
Computing version for https://github.com/apple/swift-nio.git
Computed https://github.com/apple/swift-nio.git at 2.104.0 (0.44s)
Fetching https://github.com/apple/swift-system.git
[1/7241] Fetching swift-system
Fetched https://github.com/apple/swift-system.git from cache (0.64s)
Computing version for https://github.com/apple/swift-certificates.git
Computed https://github.com/apple/swift-certificates.git at 1.21.0 (0.93s)
Fetching https://github.com/apple/swift-crypto.git
[1/18603] Fetching swift-crypto
Fetched https://github.com/apple/swift-crypto.git from cache (1.18s)
Computing version for https://github.com/apple/swift-system.git
Computed https://github.com/apple/swift-system.git at 1.8.1 (1.45s)
Computing version for https://github.com/apple/swift-crypto.git
Computed https://github.com/apple/swift-crypto.git at 4.5.2 (0.78s)
Creating working copy for https://github.com/apple/swift-protobuf.git
Working copy of https://github.com/apple/swift-protobuf.git resolved at 1.38.1
Creating working copy for https://github.com/apple/swift-nio-transport-services.git
Working copy of https://github.com/apple/swift-nio-transport-services.git resolved at 1.28.0
Creating working copy for https://github.com/apple/swift-collections.git
Working copy of https://github.com/apple/swift-collections.git resolved at 1.6.0
Creating working copy for https://github.com/apple/swift-certificates.git
Working copy of https://github.com/apple/swift-certificates.git resolved at 1.21.0
Creating working copy for https://github.com/apple/swift-numerics.git
Working copy of https://github.com/apple/swift-numerics.git resolved at 1.1.1
Creating working copy for https://github.com/apple/swift-algorithms.git
Working copy of https://github.com/apple/swift-algorithms.git resolved at 1.2.1
Creating working copy for https://github.com/kishikawakatsumi/KeychainAccess.git
Working copy of https://github.com/kishikawakatsumi/KeychainAccess.git resolved at 4.2.2
Creating working copy for https://github.com/apple/swift-atomics.git
Working copy of https://github.com/apple/swift-atomics.git resolved at 1.3.1
Creating working copy for https://github.com/apple/swift-async-algorithms.git
Working copy of https://github.com/apple/swift-async-algorithms.git resolved at 1.1.7
Creating working copy for https://github.com/apple/swift-asn1.git
Working copy of https://github.com/apple/swift-asn1.git resolved at 1.7.3
Creating working copy for https://github.com/apple/swift-nio-http2.git
Working copy of https://github.com/apple/swift-nio-http2.git resolved at 1.46.0
Creating working copy for https://github.com/apple/swift-nio.git
Working copy of https://github.com/apple/swift-nio.git resolved at 2.104.0
Creating working copy for https://github.com/grpc/grpc-swift.git
Working copy of https://github.com/grpc/grpc-swift.git resolved at 1.27.6
Creating working copy for https://github.com/apple/swift-http-types.git
Working copy of https://github.com/apple/swift-http-types.git resolved at 1.8.0
Creating working copy for https://github.com/apple/swift-nio-extras.git
Working copy of https://github.com/apple/swift-nio-extras.git resolved at 1.35.1
Creating working copy for https://github.com/swift-server/swift-service-lifecycle.git
Working copy of https://github.com/swift-server/swift-service-lifecycle.git resolved at 2.12.1
Creating working copy for https://github.com/apple/swift-system.git
Working copy of https://github.com/apple/swift-system.git resolved at 1.8.1
Creating working copy for https://github.com/apple/swift-nio-ssl.git
Working copy of https://github.com/apple/swift-nio-ssl.git resolved at 2.37.5
Creating working copy for https://github.com/apple/swift-log.git
Working copy of https://github.com/apple/swift-log.git resolved at 1.15.1
Creating working copy for https://github.com/apple/swift-crypto.git
Working copy of https://github.com/apple/swift-crypto.git resolved at 4.5.2
Creating working copy for https://github.com/apple/swift-http-structured-headers.git
Working copy of https://github.com/apple/swift-http-structured-headers.git resolved at 1.7.0
warning: 'spi-builder-workspace': Invalid Exclude '/host/spi-builder-workspace/Sources/OctopusGrpcModels/ProtoFiles': File not found.
warning: 'spi-builder-workspace': found 4 file(s) which are unhandled; explicitly declare them as resources or exclude from the target
    /host/spi-builder-workspace/Sources/OctopusUI/Resources/Localizable.xcstrings
    /host/spi-builder-workspace/Sources/OctopusUI/NavigationBackport/LICENSE
    /host/spi-builder-workspace/Sources/OctopusUI/Resources/Assets.xcassets
    /host/spi-builder-workspace/Sources/OctopusUI/NavigationBackport/README.md
[1/1] Compiling plugin GRPCSwiftPlugin
[2/2] Compiling plugin SwiftProtobufPlugin
Building for debugging...
[2/455] Write sources
[5/455] Copying Info.plist
[5/455] Copying PrivacyInfo.xcprivacy
[6/455] Write sources
[13/455] Copying OctopusTracking.xcdatamodeld
[15/455] Copying OctopusModel.xcdatamodeld
[16/455] Write sources
[17/455] Copying OctopusConfig.xcdatamodeld
[18/455] Write sources
[36/455] Copying Info.plist
[37/455] Compiling CNIOWindows WSAStartup.c
[37/455] Compiling CNIOWASI CNIOWASI.c
[39/455] Compiling CNIOWindows shim.c
[40/455] Compiling CNIOOpenBSD shim.c
[41/455] Compiling CNIOPosix event_loop_id.c
[42/455] Compiling CNIOLinux shim.c
[43/455] Compiling _AtomicsShims.c
[44/455] Compiling CNIOLinux liburing_shims.c
[45/455] Compiling CNIOFreeBSD shim.c
[46/455] Compiling CNIODarwin shim.c
[47/455] Compiling CNIOLLHTTP c_nio_http.c
[48/455] Compiling fiat_p256_adx_sqr.S
[49/455] Compiling fiat_p256_adx_mul.S
[50/455] Compiling fiat_curve25519_adx_square.S
[51/455] Compiling fiat_curve25519_adx_mul.S
[52/455] Compiling CNIOLLHTTP c_nio_api.c
[53/455] Write swift-version-24593BA9C3E375BF.txt
[54/455] Compiling CNIOBoringSSLShims shims.c
[55/459] Compiling CNIOLLHTTP c_nio_llhttp.c
[57/461] Emitting module _NIOBase64
<unknown>:0: warning: upcoming feature 'InferSendableFromCaptures' is already enabled as of Swift version 6
<unknown>:0: warning: upcoming feature 'GlobalActorIsolatedTypesUsability' is already enabled as of Swift version 6
<unknown>:0: warning: upcoming feature 'DisableOutwardActorInference' is already enabled as of Swift version 6
In file included from /host/spi-builder-workspace/.build/checkouts/swift-nio-ssl/Sources/CNIOBoringSSL/ssl/tls_method.cc:17:
/host/spi-builder-workspace/.build/checkouts/swift-nio-ssl/Sources/CNIOBoringSSL/ssl/../crypto/internal.h:32:10: fatal error: 'pthread.h' file not found
   32 | #include <pthread.h>
      |          ^~~~~~~~~~~
1 error generated.
[57/461] Compiling tls_method.cc
In file included from /host/spi-builder-workspace/.build/checkouts/swift-nio-ssl/Sources/CNIOBoringSSL/ssl/tls_record.cc:19:
/host/spi-builder-workspace/.build/checkouts/swift-nio-ssl/Sources/CNIOBoringSSL/ssl/../crypto/internal.h:32:10: fatal error: 'pthread.h' file not found
   32 | #include <pthread.h>
      |          ^~~~~~~~~~~
1 error generated.
[57/461] Compiling tls_record.cc
In file included from /host/spi-builder-workspace/.build/checkouts/swift-nio-ssl/Sources/CNIOBoringSSL/ssl/tls13_client.cc:30:
/host/spi-builder-workspace/.build/checkouts/swift-nio-ssl/Sources/CNIOBoringSSL/ssl/../crypto/internal.h:32:10: fatal error: 'pthread.h' file not found
   32 | #include <pthread.h>
      |          ^~~~~~~~~~~
1 error generated.
[57/461] Compiling tls13_client.cc
In file included from /host/spi-builder-workspace/.build/checkouts/swift-nio-ssl/Sources/CNIOBoringSSL/ssl/tls13_both.cc:29:
/host/spi-builder-workspace/.build/checkouts/swift-nio-ssl/Sources/CNIOBoringSSL/ssl/../crypto/internal.h:32:10: fatal error: 'pthread.h' file not found
   32 | #include <pthread.h>
      |          ^~~~~~~~~~~
1 error generated.
[57/461] Compiling tls13_both.cc
In file included from /host/spi-builder-workspace/.build/checkouts/swift-nio-ssl/Sources/CNIOBoringSSL/ssl/tls13_server.cc:32:
/host/spi-builder-workspace/.build/checkouts/swift-nio-ssl/Sources/CNIOBoringSSL/ssl/../crypto/internal.h:32:10: fatal error: 'pthread.h' file not found
   32 | #include <pthread.h>
      |          ^~~~~~~~~~~
[57/461] Compiling tls13_server.cc
<unknown>:0: warning: upcoming feature 'InferSendableFromCaptures' is already enabled as of Swift version 6
<unknown>:0: warning: upcoming feature 'GlobalActorIsolatedTypesUsability' is already enabled as of Swift version 6
<unknown>:0: warning: upcoming feature 'DisableOutwardActorInference' is already enabled as of Swift version 6
In file included from /host/spi-builder-workspace/.build/checkouts/swift-nio-ssl/Sources/CNIOBoringSSL/ssl/tls13_enc.cc:34:
/host/spi-builder-workspace/.build/checkouts/swift-nio-ssl/Sources/CNIOBoringSSL/ssl/../crypto/internal.h:32:10: fatal error: 'pthread.h' file not found
   32 | #include <pthread.h>
      |          ^~~~~~~~~~~
1 error generated.
[57/461] Compiling tls13_enc.cc
[58/461] Emitting module _NIODataStructures
<unknown>:0: warning: upcoming feature 'InferSendableFromCaptures' is already enabled as of Swift version 6
<unknown>:0: warning: upcoming feature 'GlobalActorIsolatedTypesUsability' is already enabled as of Swift version 6
<unknown>:0: warning: upcoming feature 'DisableOutwardActorInference' is already enabled as of Swift version 6
<unknown>:0: warning: upcoming feature 'InferSendableFromCaptures' is already enabled as of Swift version 6
<unknown>:0: warning: upcoming feature 'GlobalActorIsolatedTypesUsability' is already enabled as of Swift version 6
<unknown>:0: warning: upcoming feature 'DisableOutwardActorInference' is already enabled as of Swift version 6
Running build ...
bash -c docker run --pull=always --rm -v "checkouts-53886768-0":/host -w "$PWD" -e JAVA_HOME="/root/.sdkman/candidates/java/current" -e SPI_BUILD="1" -e SPI_PROCESSING="1" registry.gitlab.com/saguaro1/spi-images:wasm-6.1-latest swift build --swift-sdk wasm32-unknown-wasi 2>&1
wasm-6.1-latest: Pulling from saguaro1/spi-images
Digest: sha256:005e294ea72e7f7733559677ac003354f37dc6afb35c5bbab6bc9a95fc174f44
Status: Image is up to date for registry.gitlab.com/saguaro1/spi-images:wasm-6.1-latest
warning: 'spi-builder-workspace': Invalid Exclude '/host/spi-builder-workspace/Sources/OctopusGrpcModels/ProtoFiles': File not found.
warning: 'spi-builder-workspace': found 4 file(s) which are unhandled; explicitly declare them as resources or exclude from the target
    /host/spi-builder-workspace/Sources/OctopusUI/NavigationBackport/LICENSE
    /host/spi-builder-workspace/Sources/OctopusUI/NavigationBackport/README.md
    /host/spi-builder-workspace/Sources/OctopusUI/Resources/Assets.xcassets
    /host/spi-builder-workspace/Sources/OctopusUI/Resources/Localizable.xcstrings
[0/1] Planning build
[1/1] Compiling plugin GRPCSwiftPlugin
[2/2] Compiling plugin SwiftProtobufPlugin
Building for debugging...
In file included from /host/spi-builder-workspace/.build/checkouts/swift-nio-ssl/Sources/CNIOBoringSSL/ssl/t1_enc.cc:28:
/host/spi-builder-workspace/.build/checkouts/swift-nio-ssl/Sources/CNIOBoringSSL/ssl/../crypto/internal.h:32:10: fatal error: 'pthread.h' file not found
   32 | #include <pthread.h>
      |          ^~~~~~~~~~~
1 error generated.
[2/402] Compiling t1_enc.cc
In file included from /host/spi-builder-workspace/.build/checkouts/swift-nio-ssl/Sources/CNIOBoringSSL/ssl/tls13_both.cc:29:
/host/spi-builder-workspace/.build/checkouts/swift-nio-ssl/Sources/CNIOBoringSSL/ssl/../crypto/internal.h:32:10: fatal error: 'pthread.h' file not found
   32 | #include <pthread.h>
      |          ^~~~~~~~~~~
[2/402] Compiling tls13_both.cc
In file included from /host/spi-builder-workspace/.build/checkouts/swift-nio-ssl/Sources/CNIOBoringSSL/ssl/tls_method.cc:17:
/host/spi-builder-workspace/.build/checkouts/swift-nio-ssl/Sources/CNIOBoringSSL/ssl/../crypto/internal.h:32:10: fatal error: 'pthread.h' file not found
   32 | #include <pthread.h>
      |          ^~~~~~~~~~~
1 error generated.
[2/402] Compiling tls_method.cc
In file included from /host/spi-builder-workspace/.build/checkouts/swift-nio-ssl/Sources/CNIOBoringSSL/ssl/tls_record.cc:19:
/host/spi-builder-workspace/.build/checkouts/swift-nio-ssl/Sources/CNIOBoringSSL/ssl/../crypto/internal.h:32:10: fatal error: 'pthread.h' file not found
   32 | #include <pthread.h>
      |          ^~~~~~~~~~~
1 error generated.
[2/402] Compiling tls_record.cc
In file included from /host/spi-builder-workspace/.build/checkouts/swift-nio-ssl/Sources/CNIOBoringSSL/ssl/tls13_enc.cc:34:
/host/spi-builder-workspace/.build/checkouts/swift-nio-ssl/Sources/CNIOBoringSSL/ssl/../crypto/internal.h:32:10: fatal error: 'pthread.h' file not found
   32 | #include <pthread.h>
      |          ^~~~~~~~~~~
[2/402] Compiling tls13_enc.cc
In file included from /host/spi-builder-workspace/.build/checkouts/swift-nio-ssl/Sources/CNIOBoringSSL/ssl/tls13_server.cc:32:
/host/spi-builder-workspace/.build/checkouts/swift-nio-ssl/Sources/CNIOBoringSSL/ssl/../crypto/internal.h:32:10: fatal error: 'pthread.h' file not found
   32 | #include <pthread.h>
      |          ^~~~~~~~~~~
[2/402] Compiling tls13_server.cc
In file included from /host/spi-builder-workspace/.build/checkouts/swift-nio-ssl/Sources/CNIOBoringSSL/ssl/tls13_client.cc:30:
/host/spi-builder-workspace/.build/checkouts/swift-nio-ssl/Sources/CNIOBoringSSL/ssl/../crypto/internal.h:32:10: fatal error: 'pthread.h' file not found
   32 | #include <pthread.h>
      |          ^~~~~~~~~~~
[2/402] Compiling tls13_client.cc
In file included from /host/spi-builder-workspace/.build/checkouts/swift-nio-ssl/Sources/CNIOBoringSSL/ssl/ssl_x509.cc:23:
/host/spi-builder-workspace/.build/checkouts/swift-nio-ssl/Sources/CNIOBoringSSL/ssl/../crypto/internal.h:32:10: fatal error: 'pthread.h' file not found
   32 | #include <pthread.h>
      |          ^~~~~~~~~~~
[2/402] Compiling ssl_x509.cc
BUILD FAILURE 6.1 wasm