Build Information
Failed to build DigitalFeedbackMobileSDK, reference master (b5c407), with Swift 6.2 for watchOS using Xcode 26.3 on 13 Oct 2026 00:02:23 UTC.
Build Command
env DEVELOPER_DIR=/Applications/Xcode-26.3.0.app xcrun xcodebuild -IDEClonedSourcePackagesDirPathOverride=$PWD/.dependencies -skipMacroValidation -skipPackagePluginValidation -derivedDataPath $PWD/.derivedData build -scheme DigitalFeedbackMobileSDK -destination generic/platform=watchOSBuild Log
========================================
RunAll
========================================
Builder version: 5.1.1
Interrupt handler set up.
========================================
Checkout
========================================
Clone URL: https://github.com/ForstaGlobal/DigitalFeedbackMobileSDK.git
Reference: master
Initialized empty Git repository in /Users/admin/builder/spi-builder-workspace/.git/
From https://github.com/ForstaGlobal/DigitalFeedbackMobileSDK
* branch master -> FETCH_HEAD
* [new branch] master -> origin/master
HEAD is now at b5c4078 Release SDK - 4.0.4
Cloned https://github.com/ForstaGlobal/DigitalFeedbackMobileSDK.git
Revision (git rev-parse @):
b5c407856d66346089211f4c0bdcc594476e1099
SPI manifest file found: $PWD/.spi.yml
SUCCESS checkout https://github.com/ForstaGlobal/DigitalFeedbackMobileSDK.git at master
========================================
Build
========================================
Selected platform: watchOS
Swift version: 6.2
Building package at path: $PWD
https://github.com/ForstaGlobal/DigitalFeedbackMobileSDK.git
Command line invocation:
/Applications/Xcode-26.3.0.app/Contents/Developer/usr/bin/xcodebuild -IDEClonedSourcePackagesDirPathOverride=/Users/admin/builder/spi-builder-workspace/.dependencies -resolvePackageDependencies
Resolve Package Graph
Resolve Package Graph
Resolved source packages:
DigitalFeedbackMobileSDK: /Users/admin/builder/spi-builder-workspace
resolved source packages: DigitalFeedbackMobileSDK
2026-10-12 20:01:56.819 xcodebuild[537:3101] [MT] IDERunDestination: Supported platforms for the buildables in the current scheme is empty.
{
"dependencies" : [
],
"manifest_display_name" : "DigitalFeedbackMobileSDK",
"name" : "DigitalFeedbackMobileSDK",
"path" : "/Users/admin/builder/spi-builder-workspace",
"platforms" : [
{
"name" : "ios",
"version" : "11.0"
}
],
"products" : [
{
"name" : "ConfirmitMobileSDK",
"targets" : [
"ConfirmitMobileSDK"
],
"type" : {
"library" : [
"automatic"
]
}
}
],
"swift_languages_versions" : [
"5"
],
"targets" : [
{
"c99name" : "ConfirmitMobileSDK",
"module_type" : "BinaryTarget",
"name" : "ConfirmitMobileSDK",
"path" : "cocoapod/ConfirmitMobileSDK.xcframework",
"product_memberships" : [
"ConfirmitMobileSDK"
],
"sources" : [
],
"type" : "binary"
}
],
"tools_version" : "5.8"
}
{
"workspace" : {
"name" : "spi-builder-workspace",
"schemes" : [
"DigitalFeedbackMobileSDK"
]
}
}
2026-10-12 20:02:16.167 xcodebuild[904:5543] [MT] IDERunDestination: Supported platforms for the buildables in the current scheme is empty.
Running build ...
env DEVELOPER_DIR=/Applications/Xcode-26.3.0.app xcrun xcodebuild -IDEClonedSourcePackagesDirPathOverride=$PWD/.dependencies -skipMacroValidation -skipPackagePluginValidation -derivedDataPath $PWD/.derivedData build -scheme DigitalFeedbackMobileSDK -destination generic/platform=watchOS
Command line invocation:
/Applications/Xcode-26.3.0.app/Contents/Developer/usr/bin/xcodebuild -IDEClonedSourcePackagesDirPathOverride=/Users/admin/builder/spi-builder-workspace/.dependencies -skipMacroValidation -skipPackagePluginValidation -derivedDataPath /Users/admin/builder/spi-builder-workspace/.derivedData build -scheme DigitalFeedbackMobileSDK -destination generic/platform=watchOS
Resolve Package Graph
Resolve Package Graph
Resolved source packages:
DigitalFeedbackMobileSDK: /Users/admin/builder/spi-builder-workspace
ComputePackagePrebuildTargetDependencyGraph
Prepare packages
CreateBuildRequest
SendProjectDescription
CreateBuildOperation
ComputeTargetDependencyGraph
note: Building targets in dependency order
note: Target dependency graph (1 target)
Target 'ConfirmitMobileSDK' in project 'DigitalFeedbackMobileSDK' (no dependencies)
GatherProvisioningInputs
CreateBuildDescription
ExecuteExternalTool /Applications/Xcode-26.3.0.app/Contents/Developer/Toolchains/XcodeDefault.xctoolchain/usr/bin/clang -v -E -dM -isysroot /Applications/Xcode-26.3.0.app/Contents/Developer/Platforms/WatchOS.platform/Developer/SDKs/WatchOS26.2.sdk -x c -c /dev/null
Build description signature: 71424d9e9291776301a31a7f791b440e
Build description path: /Users/admin/builder/spi-builder-workspace/.derivedData/Build/Intermediates.noindex/XCBuildData/71424d9e9291776301a31a7f791b440e.xcbuilddata
/Users/admin/builder/spi-builder-workspace/cocoapod/ConfirmitMobileSDK.xcframework:1:1: error: While building for watchOS, no library for this platform was found in '/Users/admin/builder/spi-builder-workspace/cocoapod/ConfirmitMobileSDK.xcframework'. (in target 'ConfirmitMobileSDK' from project 'DigitalFeedbackMobileSDK')
2026-10-12 20:02:18.019 xcodebuild[924:5690] [MT] IDERunDestination: Supported platforms for the buildables in the current scheme is empty.
** BUILD FAILED **
The following build commands failed:
Building workspace spi-builder-workspace with scheme DigitalFeedbackMobileSDK
(1 failure)
Command line invocation:
/Applications/Xcode-26.3.0.app/Contents/Developer/usr/bin/xcodebuild -IDEClonedSourcePackagesDirPathOverride=/Users/admin/builder/spi-builder-workspace/.dependencies -resolvePackageDependencies
Resolve Package Graph
Resolved source packages:
DigitalFeedbackMobileSDK: /Users/admin/builder/spi-builder-workspace
resolved source packages: DigitalFeedbackMobileSDK
2026-10-12 20:02:20.554 xcodebuild[1001:6142] [MT] IDERunDestination: Supported platforms for the buildables in the current scheme is empty.
{
"dependencies" : [
],
"manifest_display_name" : "DigitalFeedbackMobileSDK",
"name" : "DigitalFeedbackMobileSDK",
"path" : "/Users/admin/builder/spi-builder-workspace",
"platforms" : [
{
"name" : "ios",
"version" : "11.0"
}
],
"products" : [
{
"name" : "ConfirmitMobileSDK",
"targets" : [
"ConfirmitMobileSDK"
],
"type" : {
"library" : [
"automatic"
]
}
}
],
"swift_languages_versions" : [
"5"
],
"targets" : [
{
"c99name" : "ConfirmitMobileSDK",
"module_type" : "BinaryTarget",
"name" : "ConfirmitMobileSDK",
"path" : "cocoapod/ConfirmitMobileSDK.xcframework",
"product_memberships" : [
"ConfirmitMobileSDK"
],
"sources" : [
],
"type" : "binary"
}
],
"tools_version" : "5.8"
}
{
"workspace" : {
"name" : "spi-builder-workspace",
"schemes" : [
"DigitalFeedbackMobileSDK"
]
}
}
2026-10-12 20:02:21.930 xcodebuild[1009:6205] [MT] IDERunDestination: Supported platforms for the buildables in the current scheme is empty.
Running build ...
env DEVELOPER_DIR=/Applications/Xcode-26.3.0.app xcrun xcodebuild -IDEClonedSourcePackagesDirPathOverride=$PWD/.dependencies -skipMacroValidation -skipPackagePluginValidation -derivedDataPath $PWD/.derivedData build -scheme DigitalFeedbackMobileSDK -destination generic/platform=watchOS
Command line invocation:
/Applications/Xcode-26.3.0.app/Contents/Developer/usr/bin/xcodebuild -IDEClonedSourcePackagesDirPathOverride=/Users/admin/builder/spi-builder-workspace/.dependencies -skipMacroValidation -skipPackagePluginValidation -derivedDataPath /Users/admin/builder/spi-builder-workspace/.derivedData build -scheme DigitalFeedbackMobileSDK -destination generic/platform=watchOS
Resolve Package Graph
Resolved source packages:
DigitalFeedbackMobileSDK: /Users/admin/builder/spi-builder-workspace
ComputePackagePrebuildTargetDependencyGraph
Prepare packages
CreateBuildRequest
SendProjectDescription
CreateBuildOperation
ComputeTargetDependencyGraph
note: Building targets in dependency order
note: Target dependency graph (1 target)
Target 'ConfirmitMobileSDK' in project 'DigitalFeedbackMobileSDK' (no dependencies)
GatherProvisioningInputs
CreateBuildDescription
ExecuteExternalTool /Applications/Xcode-26.3.0.app/Contents/Developer/Toolchains/XcodeDefault.xctoolchain/usr/bin/clang -v -E -dM -isysroot /Applications/Xcode-26.3.0.app/Contents/Developer/Platforms/WatchOS.platform/Developer/SDKs/WatchOS26.2.sdk -x c -c /dev/null
Build description signature: 71424d9e9291776301a31a7f791b440e
Build description path: /Users/admin/builder/spi-builder-workspace/.derivedData/Build/Intermediates.noindex/XCBuildData/71424d9e9291776301a31a7f791b440e.xcbuilddata
/Users/admin/builder/spi-builder-workspace/cocoapod/ConfirmitMobileSDK.xcframework:1:1: error: While building for watchOS, no library for this platform was found in '/Users/admin/builder/spi-builder-workspace/cocoapod/ConfirmitMobileSDK.xcframework'. (in target 'ConfirmitMobileSDK' from project 'DigitalFeedbackMobileSDK')
2026-10-12 20:02:23.002 xcodebuild[1011:6234] [MT] IDERunDestination: Supported platforms for the buildables in the current scheme is empty.
** BUILD FAILED **
The following build commands failed:
Building workspace spi-builder-workspace with scheme DigitalFeedbackMobileSDK
(1 failure)
BUILD FAILURE 6.2 watchOS