The Swift Package Index logo.Swift Package Index

Build Information

Failed to build YAMLCoder, reference 0.0.1 (25ddfd), with Swift 6.1 for watchOS using Xcode 16.3 on 13 Aug 2026 06:09:04 UTC.

Build Command

No build command. This typically means the build failed at an early stage where we determine the build command.

Build Log

========================================
RunAll
========================================
Builder version: undefined version: run 'make version' to update
Interrupt handler set up.
========================================
Checkout
========================================
Clone URL: https://github.com/zhiqiangj217/YAMLCoder.git
Reference: 0.0.1
Initialized empty Git repository in /Users/admin/builder/spi-builder-workspace/.git/
From https://github.com/zhiqiangj217/YAMLCoder
 * tag               0.0.1      -> FETCH_HEAD
HEAD is now at 25ddfda Reduce YAML parsing overhead
Cloned https://github.com/zhiqiangj217/YAMLCoder.git
Revision (git rev-parse @):
25ddfdae50ea636c6f7fb8cf8a9c4adb17f95ec5
SUCCESS checkout https://github.com/zhiqiangj217/YAMLCoder.git at 0.0.1
========================================
Build
========================================
Selected platform:         watchOS
Swift version:             6.1
Building package at path:  $PWD
https://github.com/zhiqiangj217/YAMLCoder.git
https://github.com/zhiqiangj217/YAMLCoder.git
error: 'spi-builder-workspace': package 'spi-builder-workspace' is using Swift tools version 6.2.0 but the installed version is 6.1.0
error: fatalError
Command line invocation:
    /Applications/Xcode-16.3.0.app/Contents/Developer/usr/bin/xcodebuild -IDEClonedSourcePackagesDirPathOverride=/Users/admin/builder/spi-builder-workspace/.dependencies -resolvePackageDependencies
Resolve Package Graph
package 'spi-builder-workspace' is using Swift tools version 6.2.0 but the installed version is 6.1.0
Resolved source packages:
  spi-builder-workspace: (null)
2026-08-12 23:09:03.497 xcodebuild[503:2900] Writing error result bundle to /var/folders/5k/5yc19ymj0jqd5v0zvgfqz0xw0000gn/T/ResultBundle_2026-12-08_23-09-0003.xcresult
xcodebuild: error: Could not resolve package dependencies:
  package 'spi-builder-workspace' is using Swift tools version 6.2.0 but the installed version is 6.1.0
Command line invocation:
    /Applications/Xcode-16.3.0.app/Contents/Developer/usr/bin/xcodebuild -IDEClonedSourcePackagesDirPathOverride=/Users/admin/builder/spi-builder-workspace/.dependencies -resolvePackageDependencies
Resolve Package Graph
package 'spi-builder-workspace' is using Swift tools version 6.2.0 but the installed version is 6.1.0
Resolved source packages:
  spi-builder-workspace: (null)
2026-08-12 23:09:04.215 xcodebuild[512:2990] Writing error result bundle to /var/folders/5k/5yc19ymj0jqd5v0zvgfqz0xw0000gn/T/ResultBundle_2026-12-08_23-09-0004.xcresult
xcodebuild: error: Could not resolve package dependencies:
  package 'spi-builder-workspace' is using Swift tools version 6.2.0 but the installed version is 6.1.0
BUILD FAILURE 6.1 watchOS