Build Information
Failed to build Toybox, reference master (b30d04), with Swift 6.4 for watchOS using Xcode 27.0 on 16 Sep 2026 03:13:15 UTC.
Build Command
env DEVELOPER_DIR=/Applications/Xcode-27.0.0-Release.Candidate.app xcrun xcodebuild -IDEClonedSourcePackagesDirPathOverride=$PWD/.dependencies -skipMacroValidation -skipPackagePluginValidation -derivedDataPath $PWD/.derivedData build -scheme Toybox-Package -destination generic/platform=watchOSBuild Log
Creating working copy of package ‘Commandant’
Checking out 0.18.0 of package ‘Commandant’
Creating working copy of package ‘SWXMLHash’
Checking out 4.9.0 of package ‘SWXMLHash’
Resolve Package Graph
Resolved source packages:
SWXMLHash: https://github.com/drmohundro/SWXMLHash.git @ 4.9.0
Commandant: https://github.com/Carthage/Commandant.git @ 0.18.0
Toybox: /Users/admin/builder/spi-builder-workspace
resolved source packages: SWXMLHash, Commandant, Toybox
2026-09-15 23:12:01.180 xcodebuild[528:3015] [MT] IDERunDestination: Supported platforms for the buildables in the current scheme is empty.
2026-09-15 23:12:01.383 xcodebuild[528:3015] [MT] IDERunDestination: Supported platforms for the buildables in the current scheme is empty.
2026-09-15 23:12:03.422 xcodebuild[528:3015] [MT] IDERunDestination: Supported platforms for the buildables in the current scheme is empty.
{
"dependencies" : [
{
"identity" : "swxmlhash",
"requirement" : {
"range" : [
{
"lower_bound" : "4.9.0",
"upper_bound" : "5.0.0"
}
]
},
"type" : "sourceControl",
"url" : "https://github.com/drmohundro/SWXMLHash.git"
},
{
"identity" : "commandant",
"requirement" : {
"range" : [
{
"lower_bound" : "0.17.0",
"upper_bound" : "1.0.0"
}
]
},
"type" : "sourceControl",
"url" : "https://github.com/Carthage/Commandant.git"
}
],
"manifest_display_name" : "Toybox",
"name" : "Toybox",
"path" : "/Users/admin/builder/spi-builder-workspace",
"platforms" : [
{
"name" : "macos",
"version" : "10.10"
}
],
"products" : [
{
"name" : "toybox",
"targets" : [
"toybox"
],
"type" : {
"executable" : null
}
},
{
"name" : "ToyboxKit",
"targets" : [
"ToyboxKit"
],
"type" : {
"library" : [
"automatic"
]
}
}
],
"swift_languages_versions" : [
"5"
],
"targets" : [
{
"c99name" : "toybox",
"module_type" : "SwiftTarget",
"name" : "toybox",
"path" : "Sources/toybox",
"product_dependencies" : [
"Commandant"
],
"product_memberships" : [
"toybox"
],
"sources" : [
"Commands/Create.swift",
"Commands/List.swift",
"Commands/Open.swift",
"Commands/Root.swift",
"Commands/Version.swift",
"main.swift"
],
"target_dependencies" : [
"ToyboxKit"
],
"type" : "executable"
},
{
"c99name" : "ToyboxKitTests",
"module_type" : "SwiftTarget",
"name" : "ToyboxKitTests",
"path" : "Tests/ToyboxKitTests",
"sources" : [
"HandlerTests.swift",
"PlaygroundTests.swift",
"XcodeFinderTests.swift"
],
"target_dependencies" : [
"toybox"
],
"type" : "test"
},
{
"c99name" : "ToyboxKit",
"module_type" : "SwiftTarget",
"name" : "ToyboxKit",
"path" : "Sources/ToyboxKit",
"product_dependencies" : [
"Commandant",
"SWXMLHash"
],
"product_memberships" : [
"toybox",
"ToyboxKit"
],
"sources" : [
"Errors.swift",
"Handler.swift",
"Playground.swift",
"PlaygroundBuilder.swift",
"Version.swift",
"XcodeFinder.swift"
],
"type" : "library"
}
],
"tools_version" : "5.0"
}
{
"workspace" : {
"name" : "Toybox",
"schemes" : [
"toybox",
"Toybox-Package",
"ToyboxKit"
]
}
}
2026-09-15 23:13:03.085 xcodebuild[803:4739] [MT] IDERunDestination: Supported platforms for the buildables in the current scheme is empty.
2026-09-15 23:13:03.188 xcodebuild[803:4739] [MT] IDERunDestination: Supported platforms for the buildables in the current scheme is empty.
Running build ...
env DEVELOPER_DIR=/Applications/Xcode-27.0.0-Release.Candidate.app xcrun xcodebuild -IDEClonedSourcePackagesDirPathOverride=$PWD/.dependencies -skipMacroValidation -skipPackagePluginValidation -derivedDataPath $PWD/.derivedData build -scheme Toybox-Package -destination generic/platform=watchOS
Command line invocation:
/Applications/Xcode-27.0.0-Release.Candidate.app/Contents/Developer/usr/bin/xcodebuild -IDEClonedSourcePackagesDirPathOverride=/Users/admin/builder/spi-builder-workspace/.dependencies -skipMacroValidation -skipPackagePluginValidation -derivedDataPath /Users/admin/builder/spi-builder-workspace/.derivedData build -scheme Toybox-Package -destination generic/platform=watchOS
Resolve Package Graph
Resolve Package Graph
Resolved source packages:
SWXMLHash: https://github.com/drmohundro/SWXMLHash.git @ 4.9.0
Toybox: /Users/admin/builder/spi-builder-workspace
Commandant: https://github.com/Carthage/Commandant.git @ 0.18.0
ComputePackagePrebuildTargetDependencyGraph
Prepare packages
CreateBuildRequest
SendProjectDescription
CreateBuildOperation
ComputeTargetDependencyGraph
note: Building targets in dependency order
note: Target dependency graph (7 targets)
Target 'toybox-product' in project 'Toybox'
➜ Explicit dependency on target 'ToyboxKit' in project 'Toybox'
➜ Explicit dependency on target 'Commandant-product' in project 'Commandant'
➜ Explicit dependency on target 'SWXMLHash-product' in project 'SWXMLHash'
Target 'ToyboxKit-product' in project 'Toybox'
➜ Explicit dependency on target 'ToyboxKit' in project 'Toybox'
➜ Explicit dependency on target 'Commandant-product' in project 'Commandant'
➜ Explicit dependency on target 'SWXMLHash-product' in project 'SWXMLHash'
Target 'ToyboxKit' in project 'Toybox'
➜ Explicit dependency on target 'Commandant-product' in project 'Commandant'
➜ Explicit dependency on target 'SWXMLHash-product' in project 'SWXMLHash'
Target 'SWXMLHash-product' in project 'SWXMLHash'
➜ Explicit dependency on target 'SWXMLHash' in project 'SWXMLHash'
Target 'SWXMLHash' in project 'SWXMLHash' (no dependencies)
Target 'Commandant-product' in project 'Commandant'
➜ Explicit dependency on target 'Commandant' in project 'Commandant'
Target 'Commandant' in project 'Commandant' (no dependencies)
GatherProvisioningInputs
CreateBuildDescription
ExecuteExternalTool /Applications/Xcode-27.0.0-Release.Candidate.app/Contents/Developer/Toolchains/XcodeDefault.xctoolchain/usr/bin/swiftc --version
ExecuteExternalTool /Applications/Xcode-27.0.0-Release.Candidate.app/Contents/Developer/Toolchains/XcodeDefault.xctoolchain/usr/bin/clang -v -E -dM -isysroot /Applications/Xcode-27.0.0-Release.Candidate.app/Contents/Developer/Platforms/WatchOS.platform/Developer/SDKs/WatchOS27.0.sdk -x c -c /dev/null
ExecuteExternalTool /Applications/Xcode-27.0.0-Release.Candidate.app/Contents/Developer/Toolchains/XcodeDefault.xctoolchain/usr/bin/ld -version_details
Build description signature: c58879a7550049a8f7be6134d12db0f7
Build description path: /Users/admin/builder/spi-builder-workspace/.derivedData/Build/Intermediates.noindex/XCBuildData/c58879a7550049a8f7be6134d12db0f7.xcbuilddata
CreateBuildDirectory /Users/admin/builder/spi-builder-workspace/.derivedData/SDKExplicitPrecompiledModules
cd /Users/admin/builder/spi-builder-workspace/.swiftpm/xcode
builtin-create-build-directory /Users/admin/builder/spi-builder-workspace/.derivedData/SDKExplicitPrecompiledModules
CreateBuildDirectory /Users/admin/builder/spi-builder-workspace/.derivedData/CompilationCache.noindex
cd /Users/admin/builder/spi-builder-workspace/.swiftpm/xcode
builtin-create-build-directory /Users/admin/builder/spi-builder-workspace/.derivedData/CompilationCache.noindex
CreateBuildDirectory /Users/admin/builder/spi-builder-workspace/.derivedData/ModuleCache.noindex
cd /Users/admin/builder/spi-builder-workspace/.swiftpm/xcode
builtin-create-build-directory /Users/admin/builder/spi-builder-workspace/.derivedData/ModuleCache.noindex
ClangStatCache /Applications/Xcode-27.0.0-Release.Candidate.app/Contents/Developer/Toolchains/XcodeDefault.xctoolchain/usr/bin/clang-stat-cache /Applications/Xcode-27.0.0-Release.Candidate.app/Contents/Developer/Platforms/WatchOS.platform/Developer/SDKs/WatchOS27.0.sdk /Users/admin/builder/spi-builder-workspace/.derivedData/SDKStatCaches.noindex/watchos27.0-24R360-e829b21a6f8c9b70876ba0858053c04477534ef55a1706bf4c1112bbb242f0a2.sdkstatcache
cd /Users/admin/builder/spi-builder-workspace/.swiftpm/xcode
/Applications/Xcode-27.0.0-Release.Candidate.app/Contents/Developer/Toolchains/XcodeDefault.xctoolchain/usr/bin/clang-stat-cache /Applications/Xcode-27.0.0-Release.Candidate.app/Contents/Developer/Platforms/WatchOS.platform/Developer/SDKs/WatchOS27.0.sdk -o /Users/admin/builder/spi-builder-workspace/.derivedData/SDKStatCaches.noindex/watchos27.0-24R360-e829b21a6f8c9b70876ba0858053c04477534ef55a1706bf4c1112bbb242f0a2.sdkstatcache
CreateBuildDirectory /Users/admin/builder/spi-builder-workspace/.derivedData/Build/Products
cd /Users/admin/builder/spi-builder-workspace/.swiftpm/xcode
builtin-create-build-directory /Users/admin/builder/spi-builder-workspace/.derivedData/Build/Products
CreateBuildDirectory /Users/admin/builder/spi-builder-workspace/.derivedData/Build/Intermediates.noindex
cd /Users/admin/builder/spi-builder-workspace/.swiftpm/xcode
builtin-create-build-directory /Users/admin/builder/spi-builder-workspace/.derivedData/Build/Intermediates.noindex
CreateBuildDirectory /Users/admin/builder/spi-builder-workspace/.derivedData/Build/Intermediates.noindex/SwiftExplicitPrecompiledModules
cd /Users/admin/builder/spi-builder-workspace/.swiftpm/xcode
builtin-create-build-directory /Users/admin/builder/spi-builder-workspace/.derivedData/Build/Intermediates.noindex/SwiftExplicitPrecompiledModules
CreateBuildDirectory /Users/admin/builder/spi-builder-workspace/.derivedData/Build/Intermediates.noindex/PrecompiledHeaders
cd /Users/admin/builder/spi-builder-workspace/.swiftpm/xcode
builtin-create-build-directory /Users/admin/builder/spi-builder-workspace/.derivedData/Build/Intermediates.noindex/PrecompiledHeaders
CreateBuildDirectory /Users/admin/builder/spi-builder-workspace/.derivedData/Build/Intermediates.noindex/ExplicitPrecompiledModules
cd /Users/admin/builder/spi-builder-workspace/.swiftpm/xcode
builtin-create-build-directory /Users/admin/builder/spi-builder-workspace/.derivedData/Build/Intermediates.noindex/ExplicitPrecompiledModules
CreateBuildDirectory /Users/admin/builder/spi-builder-workspace/.derivedData/Build/Products/Debug-watchos
cd /Users/admin/builder/spi-builder-workspace/.swiftpm/xcode
builtin-create-build-directory /Users/admin/builder/spi-builder-workspace/.derivedData/Build/Products/Debug-watchos
CreateBuildDirectory /Users/admin/builder/spi-builder-workspace/.derivedData/Build/Intermediates.noindex/EagerLinkingTBDs/Debug-watchos
cd /Users/admin/builder/spi-builder-workspace/.swiftpm/xcode
builtin-create-build-directory /Users/admin/builder/spi-builder-workspace/.derivedData/Build/Intermediates.noindex/EagerLinkingTBDs/Debug-watchos
CreateBuildDirectory /Users/admin/builder/spi-builder-workspace/.derivedData/Build/Products/Debug-watchos/PackageFrameworks
cd /Users/admin/builder/spi-builder-workspace/.swiftpm/xcode
builtin-create-build-directory /Users/admin/builder/spi-builder-workspace/.derivedData/Build/Products/Debug-watchos/PackageFrameworks
WriteAuxiliaryFile /Users/admin/builder/spi-builder-workspace/.derivedData/Build/Intermediates.noindex/Toybox.build/Debug-watchos/toybox-p.build/toybox.DependencyStaticMetadataFileList (in target 'toybox-product' from project 'Toybox')
cd /Users/admin/builder/spi-builder-workspace
write-file /Users/admin/builder/spi-builder-workspace/.derivedData/Build/Intermediates.noindex/Toybox.build/Debug-watchos/toybox-p.build/toybox.DependencyStaticMetadataFileList
WriteAuxiliaryFile /Users/admin/builder/spi-builder-workspace/.derivedData/Build/Intermediates.noindex/Toybox.build/Debug-watchos/toybox-p.build/toybox.DependencyMetadataFileList (in target 'toybox-product' from project 'Toybox')
cd /Users/admin/builder/spi-builder-workspace
write-file /Users/admin/builder/spi-builder-workspace/.derivedData/Build/Intermediates.noindex/Toybox.build/Debug-watchos/toybox-p.build/toybox.DependencyMetadataFileList
WriteAuxiliaryFile /Users/admin/builder/spi-builder-workspace/.derivedData/Build/Intermediates.noindex/Toybox.build/Debug-watchos/toybox-p.build/Objects-normal/arm64_32/toybox.LinkFileList (in target 'toybox-product' from project 'Toybox')
cd /Users/admin/builder/spi-builder-workspace
write-file /Users/admin/builder/spi-builder-workspace/.derivedData/Build/Intermediates.noindex/Toybox.build/Debug-watchos/toybox-p.build/Objects-normal/arm64_32/toybox.LinkFileList
WriteAuxiliaryFile /Users/admin/builder/spi-builder-workspace/.derivedData/Build/Intermediates.noindex/Toybox.build/Debug-watchos/toybox-p.build/Objects-normal/arm64_32/toybox.SwiftFileList (in target 'toybox-product' from project 'Toybox')
cd /Users/admin/builder/spi-builder-workspace
write-file /Users/admin/builder/spi-builder-workspace/.derivedData/Build/Intermediates.noindex/Toybox.build/Debug-watchos/toybox-p.build/Objects-normal/arm64_32/toybox.SwiftFileList
WriteAuxiliaryFile /Users/admin/builder/spi-builder-workspace/.derivedData/Build/Intermediates.noindex/Toybox.build/Debug-watchos/toybox-p.build/Objects-normal/arm64_32/toybox_const_extract_protocols.json (in target 'toybox-product' from project 'Toybox')
cd /Users/admin/builder/spi-builder-workspace
write-file /Users/admin/builder/spi-builder-workspace/.derivedData/Build/Intermediates.noindex/Toybox.build/Debug-watchos/toybox-p.build/Objects-normal/arm64_32/toybox_const_extract_protocols.json
WriteAuxiliaryFile /Users/admin/builder/spi-builder-workspace/.derivedData/Build/Intermediates.noindex/Toybox.build/Debug-watchos/toybox-p.build/Objects-normal/arm64_32/toybox-OutputFileMap.json (in target 'toybox-product' from project 'Toybox')
cd /Users/admin/builder/spi-builder-workspace
write-file /Users/admin/builder/spi-builder-workspace/.derivedData/Build/Intermediates.noindex/Toybox.build/Debug-watchos/toybox-p.build/Objects-normal/arm64_32/toybox-OutputFileMap.json
WriteAuxiliaryFile /Users/admin/builder/spi-builder-workspace/.derivedData/Build/Intermediates.noindex/Toybox.build/Debug-watchos/toybox-p.build/Objects-normal/arm64/toybox_const_extract_protocols.json (in target 'toybox-product' from project 'Toybox')
cd /Users/admin/builder/spi-builder-workspace
write-file /Users/admin/builder/spi-builder-workspace/.derivedData/Build/Intermediates.noindex/Toybox.build/Debug-watchos/toybox-p.build/Objects-normal/arm64/toybox_const_extract_protocols.json
WriteAuxiliaryFile /Users/admin/builder/spi-builder-workspace/.derivedData/Build/Intermediates.noindex/Toybox.build/Debug-watchos/toybox-p.build/Objects-normal/arm64/toybox.SwiftFileList (in target 'toybox-product' from project 'Toybox')
cd /Users/admin/builder/spi-builder-workspace
write-file /Users/admin/builder/spi-builder-workspace/.derivedData/Build/Intermediates.noindex/Toybox.build/Debug-watchos/toybox-p.build/Objects-normal/arm64/toybox.SwiftFileList
WriteAuxiliaryFile /Users/admin/builder/spi-builder-workspace/.derivedData/Build/Intermediates.noindex/Toybox.build/Debug-watchos/toybox-p.build/Objects-normal/arm64/toybox.LinkFileList (in target 'toybox-product' from project 'Toybox')
cd /Users/admin/builder/spi-builder-workspace
write-file /Users/admin/builder/spi-builder-workspace/.derivedData/Build/Intermediates.noindex/Toybox.build/Debug-watchos/toybox-p.build/Objects-normal/arm64/toybox.LinkFileList
WriteAuxiliaryFile /Users/admin/builder/spi-builder-workspace/.derivedData/Build/Intermediates.noindex/Toybox.build/Debug-watchos/ToyboxKit-t.build/ToyboxKit.modulemap (in target 'ToyboxKit' from project 'Toybox')
cd /Users/admin/builder/spi-builder-workspace
write-file /Users/admin/builder/spi-builder-workspace/.derivedData/Build/Intermediates.noindex/Toybox.build/Debug-watchos/ToyboxKit-t.build/ToyboxKit.modulemap
WriteAuxiliaryFile /Users/admin/builder/spi-builder-workspace/.derivedData/Build/Intermediates.noindex/Toybox.build/Debug-watchos/toybox-p.build/Objects-normal/arm64/toybox-OutputFileMap.json (in target 'toybox-product' from project 'Toybox')
cd /Users/admin/builder/spi-builder-workspace
write-file /Users/admin/builder/spi-builder-workspace/.derivedData/Build/Intermediates.noindex/Toybox.build/Debug-watchos/toybox-p.build/Objects-normal/arm64/toybox-OutputFileMap.json
WriteAuxiliaryFile /Users/admin/builder/spi-builder-workspace/.derivedData/Build/Intermediates.noindex/Toybox.build/Debug-watchos/ToyboxKit-t.build/ToyboxKit.DependencyMetadataFileList (in target 'ToyboxKit' from project 'Toybox')
cd /Users/admin/builder/spi-builder-workspace
write-file /Users/admin/builder/spi-builder-workspace/.derivedData/Build/Intermediates.noindex/Toybox.build/Debug-watchos/ToyboxKit-t.build/ToyboxKit.DependencyMetadataFileList
WriteAuxiliaryFile /Users/admin/builder/spi-builder-workspace/.derivedData/Build/Intermediates.noindex/Toybox.build/Debug-watchos/ToyboxKit-t.build/ToyboxKit.DependencyStaticMetadataFileList (in target 'ToyboxKit' from project 'Toybox')
cd /Users/admin/builder/spi-builder-workspace
write-file /Users/admin/builder/spi-builder-workspace/.derivedData/Build/Intermediates.noindex/Toybox.build/Debug-watchos/ToyboxKit-t.build/ToyboxKit.DependencyStaticMetadataFileList
WriteAuxiliaryFile /Users/admin/builder/spi-builder-workspace/.derivedData/Build/Intermediates.noindex/Toybox.build/Debug-watchos/ToyboxKit-t.build/Objects-normal/arm64_32/ToyboxKit.SwiftFileList (in target 'ToyboxKit' from project 'Toybox')
cd /Users/admin/builder/spi-builder-workspace
write-file /Users/admin/builder/spi-builder-workspace/.derivedData/Build/Intermediates.noindex/Toybox.build/Debug-watchos/ToyboxKit-t.build/Objects-normal/arm64_32/ToyboxKit.SwiftFileList
WriteAuxiliaryFile /Users/admin/builder/spi-builder-workspace/.derivedData/Build/Intermediates.noindex/Toybox.build/Debug-watchos/ToyboxKit-t.build/Objects-normal/arm64_32/ToyboxKit.SwiftConstValuesFileList (in target 'ToyboxKit' from project 'Toybox')
cd /Users/admin/builder/spi-builder-workspace
write-file /Users/admin/builder/spi-builder-workspace/.derivedData/Build/Intermediates.noindex/Toybox.build/Debug-watchos/ToyboxKit-t.build/Objects-normal/arm64_32/ToyboxKit.SwiftConstValuesFileList
WriteAuxiliaryFile /Users/admin/builder/spi-builder-workspace/.derivedData/Build/Intermediates.noindex/Toybox.build/Debug-watchos/ToyboxKit-t.build/Objects-normal/arm64_32/ToyboxKit_const_extract_protocols.json (in target 'ToyboxKit' from project 'Toybox')
cd /Users/admin/builder/spi-builder-workspace
write-file /Users/admin/builder/spi-builder-workspace/.derivedData/Build/Intermediates.noindex/Toybox.build/Debug-watchos/ToyboxKit-t.build/Objects-normal/arm64_32/ToyboxKit_const_extract_protocols.json
WriteAuxiliaryFile /Users/admin/builder/spi-builder-workspace/.derivedData/Build/Intermediates.noindex/Toybox.build/Debug-watchos/ToyboxKit-t.build/Objects-normal/arm64_32/ToyboxKit.LinkFileList (in target 'ToyboxKit' from project 'Toybox')
cd /Users/admin/builder/spi-builder-workspace
write-file /Users/admin/builder/spi-builder-workspace/.derivedData/Build/Intermediates.noindex/Toybox.build/Debug-watchos/ToyboxKit-t.build/Objects-normal/arm64_32/ToyboxKit.LinkFileList
WriteAuxiliaryFile /Users/admin/builder/spi-builder-workspace/.derivedData/Build/Intermediates.noindex/Toybox.build/Debug-watchos/ToyboxKit-t.build/Objects-normal/arm64_32/ToyboxKit-OutputFileMap.json (in target 'ToyboxKit' from project 'Toybox')
cd /Users/admin/builder/spi-builder-workspace
write-file /Users/admin/builder/spi-builder-workspace/.derivedData/Build/Intermediates.noindex/Toybox.build/Debug-watchos/ToyboxKit-t.build/Objects-normal/arm64_32/ToyboxKit-OutputFileMap.json
WriteAuxiliaryFile /Users/admin/builder/spi-builder-workspace/.derivedData/Build/Intermediates.noindex/Toybox.build/Debug-watchos/ToyboxKit-t.build/Objects-normal/arm64/ToyboxKit.SwiftConstValuesFileList (in target 'ToyboxKit' from project 'Toybox')
cd /Users/admin/builder/spi-builder-workspace
write-file /Users/admin/builder/spi-builder-workspace/.derivedData/Build/Intermediates.noindex/Toybox.build/Debug-watchos/ToyboxKit-t.build/Objects-normal/arm64/ToyboxKit.SwiftConstValuesFileList
WriteAuxiliaryFile /Users/admin/builder/spi-builder-workspace/.derivedData/Build/Intermediates.noindex/Toybox.build/Debug-watchos/ToyboxKit-t.build/Objects-normal/arm64/ToyboxKit_const_extract_protocols.json (in target 'ToyboxKit' from project 'Toybox')
cd /Users/admin/builder/spi-builder-workspace
write-file /Users/admin/builder/spi-builder-workspace/.derivedData/Build/Intermediates.noindex/Toybox.build/Debug-watchos/ToyboxKit-t.build/Objects-normal/arm64/ToyboxKit_const_extract_protocols.json
WriteAuxiliaryFile /Users/admin/builder/spi-builder-workspace/.derivedData/Build/Intermediates.noindex/Toybox.build/Debug-watchos/ToyboxKit-t.build/Objects-normal/arm64/ToyboxKit.SwiftFileList (in target 'ToyboxKit' from project 'Toybox')
cd /Users/admin/builder/spi-builder-workspace
write-file /Users/admin/builder/spi-builder-workspace/.derivedData/Build/Intermediates.noindex/Toybox.build/Debug-watchos/ToyboxKit-t.build/Objects-normal/arm64/ToyboxKit.SwiftFileList
WriteAuxiliaryFile /Users/admin/builder/spi-builder-workspace/.derivedData/Build/Intermediates.noindex/Toybox.build/Debug-watchos/ToyboxKit-t.build/Objects-normal/arm64/ToyboxKit.LinkFileList (in target 'ToyboxKit' from project 'Toybox')
cd /Users/admin/builder/spi-builder-workspace
write-file /Users/admin/builder/spi-builder-workspace/.derivedData/Build/Intermediates.noindex/Toybox.build/Debug-watchos/ToyboxKit-t.build/Objects-normal/arm64/ToyboxKit.LinkFileList
WriteAuxiliaryFile /Users/admin/builder/spi-builder-workspace/.derivedData/Build/Intermediates.noindex/Toybox.build/Debug-watchos/ToyboxKit-t.build/Objects-normal/arm64/ToyboxKit-OutputFileMap.json (in target 'ToyboxKit' from project 'Toybox')
cd /Users/admin/builder/spi-builder-workspace
write-file /Users/admin/builder/spi-builder-workspace/.derivedData/Build/Intermediates.noindex/Toybox.build/Debug-watchos/ToyboxKit-t.build/Objects-normal/arm64/ToyboxKit-OutputFileMap.json
Copy /Users/admin/builder/spi-builder-workspace/.derivedData/Build/Intermediates.noindex/GeneratedModuleMaps-watchos/ToyboxKit.modulemap /Users/admin/builder/spi-builder-workspace/.derivedData/Build/Intermediates.noindex/Toybox.build/Debug-watchos/ToyboxKit-t.build/ToyboxKit.modulemap (in target 'ToyboxKit' from project 'Toybox')
cd /Users/admin/builder/spi-builder-workspace
builtin-copy -exclude .DS_Store -exclude CVS -exclude .svn -exclude .git -exclude .hg -resolve-src-symlinks /Users/admin/builder/spi-builder-workspace/.derivedData/Build/Intermediates.noindex/Toybox.build/Debug-watchos/ToyboxKit-t.build/ToyboxKit.modulemap /Users/admin/builder/spi-builder-workspace/.derivedData/Build/Intermediates.noindex/GeneratedModuleMaps-watchos
WriteAuxiliaryFile /Users/admin/builder/spi-builder-workspace/.derivedData/Build/Intermediates.noindex/SWXMLHash.build/Debug-watchos/SWXMLHash-t.build/SWXMLHash.modulemap (in target 'SWXMLHash' from project 'SWXMLHash')
cd /Users/admin/builder/spi-builder-workspace/.dependencies/checkouts/SWXMLHash
write-file /Users/admin/builder/spi-builder-workspace/.derivedData/Build/Intermediates.noindex/SWXMLHash.build/Debug-watchos/SWXMLHash-t.build/SWXMLHash.modulemap
WriteAuxiliaryFile /Users/admin/builder/spi-builder-workspace/.derivedData/Build/Intermediates.noindex/SWXMLHash.build/Debug-watchos/SWXMLHash-t.build/SWXMLHash.DependencyStaticMetadataFileList (in target 'SWXMLHash' from project 'SWXMLHash')
cd /Users/admin/builder/spi-builder-workspace/.dependencies/checkouts/SWXMLHash
write-file /Users/admin/builder/spi-builder-workspace/.derivedData/Build/Intermediates.noindex/SWXMLHash.build/Debug-watchos/SWXMLHash-t.build/SWXMLHash.DependencyStaticMetadataFileList
WriteAuxiliaryFile /Users/admin/builder/spi-builder-workspace/.derivedData/Build/Intermediates.noindex/SWXMLHash.build/Debug-watchos/SWXMLHash-t.build/SWXMLHash.DependencyMetadataFileList (in target 'SWXMLHash' from project 'SWXMLHash')
cd /Users/admin/builder/spi-builder-workspace/.dependencies/checkouts/SWXMLHash
write-file /Users/admin/builder/spi-builder-workspace/.derivedData/Build/Intermediates.noindex/SWXMLHash.build/Debug-watchos/SWXMLHash-t.build/SWXMLHash.DependencyMetadataFileList
WriteAuxiliaryFile /Users/admin/builder/spi-builder-workspace/.derivedData/Build/Intermediates.noindex/SWXMLHash.build/Debug-watchos/SWXMLHash-t.build/Objects-normal/arm64_32/SWXMLHash_const_extract_protocols.json (in target 'SWXMLHash' from project 'SWXMLHash')
cd /Users/admin/builder/spi-builder-workspace/.dependencies/checkouts/SWXMLHash
write-file /Users/admin/builder/spi-builder-workspace/.derivedData/Build/Intermediates.noindex/SWXMLHash.build/Debug-watchos/SWXMLHash-t.build/Objects-normal/arm64_32/SWXMLHash_const_extract_protocols.json
WriteAuxiliaryFile /Users/admin/builder/spi-builder-workspace/.derivedData/Build/Intermediates.noindex/SWXMLHash.build/Debug-watchos/SWXMLHash-t.build/Objects-normal/arm64_32/SWXMLHash.SwiftFileList (in target 'SWXMLHash' from project 'SWXMLHash')
cd /Users/admin/builder/spi-builder-workspace/.dependencies/checkouts/SWXMLHash
write-file /Users/admin/builder/spi-builder-workspace/.derivedData/Build/Intermediates.noindex/SWXMLHash.build/Debug-watchos/SWXMLHash-t.build/Objects-normal/arm64_32/SWXMLHash.SwiftFileList
WriteAuxiliaryFile /Users/admin/builder/spi-builder-workspace/.derivedData/Build/Intermediates.noindex/SWXMLHash.build/Debug-watchos/SWXMLHash-t.build/Objects-normal/arm64_32/SWXMLHash.SwiftConstValuesFileList (in target 'SWXMLHash' from project 'SWXMLHash')
cd /Users/admin/builder/spi-builder-workspace/.dependencies/checkouts/SWXMLHash
write-file /Users/admin/builder/spi-builder-workspace/.derivedData/Build/Intermediates.noindex/SWXMLHash.build/Debug-watchos/SWXMLHash-t.build/Objects-normal/arm64_32/SWXMLHash.SwiftConstValuesFileList
WriteAuxiliaryFile /Users/admin/builder/spi-builder-workspace/.derivedData/Build/Intermediates.noindex/SWXMLHash.build/Debug-watchos/SWXMLHash-t.build/Objects-normal/arm64_32/SWXMLHash.LinkFileList (in target 'SWXMLHash' from project 'SWXMLHash')
cd /Users/admin/builder/spi-builder-workspace/.dependencies/checkouts/SWXMLHash
write-file /Users/admin/builder/spi-builder-workspace/.derivedData/Build/Intermediates.noindex/SWXMLHash.build/Debug-watchos/SWXMLHash-t.build/Objects-normal/arm64_32/SWXMLHash.LinkFileList
WriteAuxiliaryFile /Users/admin/builder/spi-builder-workspace/.derivedData/Build/Intermediates.noindex/SWXMLHash.build/Debug-watchos/SWXMLHash-t.build/Objects-normal/arm64_32/SWXMLHash-OutputFileMap.json (in target 'SWXMLHash' from project 'SWXMLHash')
cd /Users/admin/builder/spi-builder-workspace/.dependencies/checkouts/SWXMLHash
write-file /Users/admin/builder/spi-builder-workspace/.derivedData/Build/Intermediates.noindex/SWXMLHash.build/Debug-watchos/SWXMLHash-t.build/Objects-normal/arm64_32/SWXMLHash-OutputFileMap.json
WriteAuxiliaryFile /Users/admin/builder/spi-builder-workspace/.derivedData/Build/Intermediates.noindex/SWXMLHash.build/Debug-watchos/SWXMLHash-t.build/Objects-normal/arm64/SWXMLHash_const_extract_protocols.json (in target 'SWXMLHash' from project 'SWXMLHash')
cd /Users/admin/builder/spi-builder-workspace/.dependencies/checkouts/SWXMLHash
write-file /Users/admin/builder/spi-builder-workspace/.derivedData/Build/Intermediates.noindex/SWXMLHash.build/Debug-watchos/SWXMLHash-t.build/Objects-normal/arm64/SWXMLHash_const_extract_protocols.json
WriteAuxiliaryFile /Users/admin/builder/spi-builder-workspace/.derivedData/Build/Intermediates.noindex/SWXMLHash.build/Debug-watchos/SWXMLHash-t.build/Objects-normal/arm64/SWXMLHash.SwiftFileList (in target 'SWXMLHash' from project 'SWXMLHash')
cd /Users/admin/builder/spi-builder-workspace/.dependencies/checkouts/SWXMLHash
write-file /Users/admin/builder/spi-builder-workspace/.derivedData/Build/Intermediates.noindex/SWXMLHash.build/Debug-watchos/SWXMLHash-t.build/Objects-normal/arm64/SWXMLHash.SwiftFileList
WriteAuxiliaryFile /Users/admin/builder/spi-builder-workspace/.derivedData/Build/Intermediates.noindex/SWXMLHash.build/Debug-watchos/SWXMLHash-t.build/Objects-normal/arm64/SWXMLHash.SwiftConstValuesFileList (in target 'SWXMLHash' from project 'SWXMLHash')
cd /Users/admin/builder/spi-builder-workspace/.dependencies/checkouts/SWXMLHash
write-file /Users/admin/builder/spi-builder-workspace/.derivedData/Build/Intermediates.noindex/SWXMLHash.build/Debug-watchos/SWXMLHash-t.build/Objects-normal/arm64/SWXMLHash.SwiftConstValuesFileList
WriteAuxiliaryFile /Users/admin/builder/spi-builder-workspace/.derivedData/Build/Intermediates.noindex/SWXMLHash.build/Debug-watchos/SWXMLHash-t.build/Objects-normal/arm64/SWXMLHash-OutputFileMap.json (in target 'SWXMLHash' from project 'SWXMLHash')
cd /Users/admin/builder/spi-builder-workspace/.dependencies/checkouts/SWXMLHash
write-file /Users/admin/builder/spi-builder-workspace/.derivedData/Build/Intermediates.noindex/SWXMLHash.build/Debug-watchos/SWXMLHash-t.build/Objects-normal/arm64/SWXMLHash-OutputFileMap.json
WriteAuxiliaryFile /Users/admin/builder/spi-builder-workspace/.derivedData/Build/Intermediates.noindex/SWXMLHash.build/Debug-watchos/SWXMLHash-t.build/Objects-normal/arm64/SWXMLHash.LinkFileList (in target 'SWXMLHash' from project 'SWXMLHash')
cd /Users/admin/builder/spi-builder-workspace/.dependencies/checkouts/SWXMLHash
write-file /Users/admin/builder/spi-builder-workspace/.derivedData/Build/Intermediates.noindex/SWXMLHash.build/Debug-watchos/SWXMLHash-t.build/Objects-normal/arm64/SWXMLHash.LinkFileList
WriteAuxiliaryFile /Users/admin/builder/spi-builder-workspace/.derivedData/Build/Intermediates.noindex/Commandant.build/Debug-watchos/Commandant-t.build/Objects-normal/arm64_32/Commandant_const_extract_protocols.json (in target 'Commandant' from project 'Commandant')
cd /Users/admin/builder/spi-builder-workspace/.dependencies/checkouts/Commandant
write-file /Users/admin/builder/spi-builder-workspace/.derivedData/Build/Intermediates.noindex/Commandant.build/Debug-watchos/Commandant-t.build/Objects-normal/arm64_32/Commandant_const_extract_protocols.json
Copy /Users/admin/builder/spi-builder-workspace/.derivedData/Build/Intermediates.noindex/GeneratedModuleMaps-watchos/SWXMLHash.modulemap /Users/admin/builder/spi-builder-workspace/.derivedData/Build/Intermediates.noindex/SWXMLHash.build/Debug-watchos/SWXMLHash-t.build/SWXMLHash.modulemap (in target 'SWXMLHash' from project 'SWXMLHash')
cd /Users/admin/builder/spi-builder-workspace/.dependencies/checkouts/SWXMLHash
builtin-copy -exclude .DS_Store -exclude CVS -exclude .svn -exclude .git -exclude .hg -resolve-src-symlinks /Users/admin/builder/spi-builder-workspace/.derivedData/Build/Intermediates.noindex/SWXMLHash.build/Debug-watchos/SWXMLHash-t.build/SWXMLHash.modulemap /Users/admin/builder/spi-builder-workspace/.derivedData/Build/Intermediates.noindex/GeneratedModuleMaps-watchos
WriteAuxiliaryFile /Users/admin/builder/spi-builder-workspace/.derivedData/Build/Intermediates.noindex/Commandant.build/Debug-watchos/Commandant-t.build/Objects-normal/arm64_32/Commandant.SwiftFileList (in target 'Commandant' from project 'Commandant')
cd /Users/admin/builder/spi-builder-workspace/.dependencies/checkouts/Commandant
write-file /Users/admin/builder/spi-builder-workspace/.derivedData/Build/Intermediates.noindex/Commandant.build/Debug-watchos/Commandant-t.build/Objects-normal/arm64_32/Commandant.SwiftFileList
WriteAuxiliaryFile /Users/admin/builder/spi-builder-workspace/.derivedData/Build/Intermediates.noindex/Commandant.build/Debug-watchos/Commandant-t.build/Objects-normal/arm64_32/Commandant.SwiftConstValuesFileList (in target 'Commandant' from project 'Commandant')
cd /Users/admin/builder/spi-builder-workspace/.dependencies/checkouts/Commandant
write-file /Users/admin/builder/spi-builder-workspace/.derivedData/Build/Intermediates.noindex/Commandant.build/Debug-watchos/Commandant-t.build/Objects-normal/arm64_32/Commandant.SwiftConstValuesFileList
WriteAuxiliaryFile /Users/admin/builder/spi-builder-workspace/.derivedData/Build/Intermediates.noindex/Commandant.build/Debug-watchos/Commandant-t.build/Objects-normal/arm64_32/Commandant.LinkFileList (in target 'Commandant' from project 'Commandant')
cd /Users/admin/builder/spi-builder-workspace/.dependencies/checkouts/Commandant
write-file /Users/admin/builder/spi-builder-workspace/.derivedData/Build/Intermediates.noindex/Commandant.build/Debug-watchos/Commandant-t.build/Objects-normal/arm64_32/Commandant.LinkFileList
WriteAuxiliaryFile /Users/admin/builder/spi-builder-workspace/.derivedData/Build/Intermediates.noindex/Commandant.build/Debug-watchos/Commandant-t.build/Objects-normal/arm64_32/Commandant-OutputFileMap.json (in target 'Commandant' from project 'Commandant')
cd /Users/admin/builder/spi-builder-workspace/.dependencies/checkouts/Commandant
write-file /Users/admin/builder/spi-builder-workspace/.derivedData/Build/Intermediates.noindex/Commandant.build/Debug-watchos/Commandant-t.build/Objects-normal/arm64_32/Commandant-OutputFileMap.json
WriteAuxiliaryFile /Users/admin/builder/spi-builder-workspace/.derivedData/Build/Intermediates.noindex/Commandant.build/Debug-watchos/Commandant-t.build/Objects-normal/arm64/Commandant_const_extract_protocols.json (in target 'Commandant' from project 'Commandant')
cd /Users/admin/builder/spi-builder-workspace/.dependencies/checkouts/Commandant
write-file /Users/admin/builder/spi-builder-workspace/.derivedData/Build/Intermediates.noindex/Commandant.build/Debug-watchos/Commandant-t.build/Objects-normal/arm64/Commandant_const_extract_protocols.json
WriteAuxiliaryFile /Users/admin/builder/spi-builder-workspace/.derivedData/Build/Intermediates.noindex/Commandant.build/Debug-watchos/Commandant-t.build/Objects-normal/arm64/Commandant.SwiftFileList (in target 'Commandant' from project 'Commandant')
cd /Users/admin/builder/spi-builder-workspace/.dependencies/checkouts/Commandant
write-file /Users/admin/builder/spi-builder-workspace/.derivedData/Build/Intermediates.noindex/Commandant.build/Debug-watchos/Commandant-t.build/Objects-normal/arm64/Commandant.SwiftFileList
WriteAuxiliaryFile /Users/admin/builder/spi-builder-workspace/.derivedData/Build/Intermediates.noindex/Commandant.build/Debug-watchos/Commandant-t.build/Objects-normal/arm64/Commandant.SwiftConstValuesFileList (in target 'Commandant' from project 'Commandant')
cd /Users/admin/builder/spi-builder-workspace/.dependencies/checkouts/Commandant
write-file /Users/admin/builder/spi-builder-workspace/.derivedData/Build/Intermediates.noindex/Commandant.build/Debug-watchos/Commandant-t.build/Objects-normal/arm64/Commandant.SwiftConstValuesFileList
WriteAuxiliaryFile /Users/admin/builder/spi-builder-workspace/.derivedData/Build/Intermediates.noindex/Commandant.build/Debug-watchos/Commandant-t.build/Objects-normal/arm64/Commandant.LinkFileList (in target 'Commandant' from project 'Commandant')
cd /Users/admin/builder/spi-builder-workspace/.dependencies/checkouts/Commandant
write-file /Users/admin/builder/spi-builder-workspace/.derivedData/Build/Intermediates.noindex/Commandant.build/Debug-watchos/Commandant-t.build/Objects-normal/arm64/Commandant.LinkFileList
WriteAuxiliaryFile /Users/admin/builder/spi-builder-workspace/.derivedData/Build/Intermediates.noindex/Commandant.build/Debug-watchos/Commandant-t.build/Objects-normal/arm64/Commandant-OutputFileMap.json (in target 'Commandant' from project 'Commandant')
cd /Users/admin/builder/spi-builder-workspace/.dependencies/checkouts/Commandant
write-file /Users/admin/builder/spi-builder-workspace/.derivedData/Build/Intermediates.noindex/Commandant.build/Debug-watchos/Commandant-t.build/Objects-normal/arm64/Commandant-OutputFileMap.json
WriteAuxiliaryFile /Users/admin/builder/spi-builder-workspace/.derivedData/Build/Intermediates.noindex/Commandant.build/Debug-watchos/Commandant-t.build/Commandant.modulemap (in target 'Commandant' from project 'Commandant')
cd /Users/admin/builder/spi-builder-workspace/.dependencies/checkouts/Commandant
write-file /Users/admin/builder/spi-builder-workspace/.derivedData/Build/Intermediates.noindex/Commandant.build/Debug-watchos/Commandant-t.build/Commandant.modulemap
WriteAuxiliaryFile /Users/admin/builder/spi-builder-workspace/.derivedData/Build/Intermediates.noindex/Commandant.build/Debug-watchos/Commandant-t.build/Commandant.DependencyStaticMetadataFileList (in target 'Commandant' from project 'Commandant')
cd /Users/admin/builder/spi-builder-workspace/.dependencies/checkouts/Commandant
write-file /Users/admin/builder/spi-builder-workspace/.derivedData/Build/Intermediates.noindex/Commandant.build/Debug-watchos/Commandant-t.build/Commandant.DependencyStaticMetadataFileList
WriteAuxiliaryFile /Users/admin/builder/spi-builder-workspace/.derivedData/Build/Intermediates.noindex/Commandant.build/Debug-watchos/Commandant-t.build/Commandant.DependencyMetadataFileList (in target 'Commandant' from project 'Commandant')
cd /Users/admin/builder/spi-builder-workspace/.dependencies/checkouts/Commandant
write-file /Users/admin/builder/spi-builder-workspace/.derivedData/Build/Intermediates.noindex/Commandant.build/Debug-watchos/Commandant-t.build/Commandant.DependencyMetadataFileList
Copy /Users/admin/builder/spi-builder-workspace/.derivedData/Build/Intermediates.noindex/GeneratedModuleMaps-watchos/Commandant.modulemap /Users/admin/builder/spi-builder-workspace/.derivedData/Build/Intermediates.noindex/Commandant.build/Debug-watchos/Commandant-t.build/Commandant.modulemap (in target 'Commandant' from project 'Commandant')
cd /Users/admin/builder/spi-builder-workspace/.dependencies/checkouts/Commandant
builtin-copy -exclude .DS_Store -exclude CVS -exclude .svn -exclude .git -exclude .hg -resolve-src-symlinks /Users/admin/builder/spi-builder-workspace/.derivedData/Build/Intermediates.noindex/Commandant.build/Debug-watchos/Commandant-t.build/Commandant.modulemap /Users/admin/builder/spi-builder-workspace/.derivedData/Build/Intermediates.noindex/GeneratedModuleMaps-watchos
SwiftDriver SWXMLHash normal arm64 com.apple.xcode.tools.swift.compiler (in target 'SWXMLHash' from project 'SWXMLHash')
cd /Users/admin/builder/spi-builder-workspace/.swiftpm/xcode
builtin-SwiftDriver -- /Applications/Xcode-27.0.0-Release.Candidate.app/Contents/Developer/Toolchains/XcodeDefault.xctoolchain/usr/bin/swiftc -parse-as-library -module-name SWXMLHash -Onone @/Users/admin/builder/spi-builder-workspace/.derivedData/Build/Intermediates.noindex/SWXMLHash.build/Debug-watchos/SWXMLHash-t.build/Objects-normal/arm64/SWXMLHash.SwiftFileList -DSWIFT_PACKAGE -DDEBUG -DSWIFT_MODULE_RESOURCE_BUNDLE_UNAVAILABLE -DXcode -plugin-path /Applications/Xcode-27.0.0-Release.Candidate.app/Contents/Developer/Toolchains/XcodeDefault.xctoolchain/usr/lib/swift/host/plugins/testing -enable-experimental-feature DebugDescriptionMacro -sdk /Applications/Xcode-27.0.0-Release.Candidate.app/Contents/Developer/Platforms/WatchOS.platform/Developer/SDKs/WatchOS27.0.sdk -target arm64-apple-watchos9.0 -g -module-cache-path /Users/admin/builder/spi-builder-workspace/.derivedData/ModuleCache.noindex -Xfrontend -serialize-debugging-options -profile-coverage-mapping -profile-generate -enable-testing -suppress-warnings -index-store-path /Users/admin/builder/spi-builder-workspace/.derivedData/Index.noindex/DataStore -Xcc -D_LIBCPP_HARDENING_MODE\=_LIBCPP_HARDENING_MODE_DEBUG -swift-version 4 -I /Users/admin/builder/spi-builder-workspace/.derivedData/Build/Products/Debug-watchos -Isystem /Applications/Xcode-27.0.0-Release.Candidate.app/Contents/Developer/Platforms/WatchOS.platform/Developer/usr/lib -F /Users/admin/builder/spi-builder-workspace/.derivedData/Build/Products/Debug-watchos -F /Applications/Xcode-27.0.0-Release.Candidate.app/Contents/Developer/Platforms/WatchOS.platform/Developer/Library/Frameworks -F /Applications/Xcode-27.0.0-Release.Candidate.app/Contents/Developer/Platforms/WatchOS.platform/Developer/SDKs/WatchOS27.0.sdk/Developer/Library/Frameworks -c -j10 -enable-batch-mode -incremental -Xcc -ivfsstatcache -Xcc /Users/admin/builder/spi-builder-workspace/.derivedData/SDKStatCaches.noindex/watchos27.0-24R360-e829b21a6f8c9b70876ba0858053c04477534ef55a1706bf4c1112bbb242f0a2.sdkstatcache -output-file-map /Users/admin/builder/spi-builder-workspace/.derivedData/Build/Intermediates.noindex/SWXMLHash.build/Debug-watchos/SWXMLHash-t.build/Objects-normal/arm64/SWXMLHash-OutputFileMap.json -save-temps -no-color-diagnostics -emit-dependencies -emit-module -emit-module-path /Users/admin/builder/spi-builder-workspace/.derivedData/Build/Intermediates.noindex/SWXMLHash.build/Debug-watchos/SWXMLHash-t.build/Objects-normal/arm64/SWXMLHash.swiftmodule -serialize-diagnostics -validate-clang-modules-once -clang-build-session-file /Users/admin/builder/spi-builder-workspace/.derivedData/ModuleCache.noindex/Session.modulevalidation -Xcc -fmodules-prune-interval\=86400 -Xcc -fmodules-prune-after\=345600 -emit-const-values -const-gather-protocols-list /Users/admin/builder/spi-builder-workspace/.derivedData/Build/Intermediates.noindex/SWXMLHash.build/Debug-watchos/SWXMLHash-t.build/Objects-normal/arm64/SWXMLHash_const_extract_protocols.json -Xcc -I/Users/admin/builder/spi-builder-workspace/.derivedData/Build/Products/Debug-watchos/include -Xcc -I/Users/admin/builder/spi-builder-workspace/.derivedData/Build/Intermediates.noindex/SWXMLHash.build/Debug-watchos/SWXMLHash-t.build/DerivedSources-normal/arm64 -Xcc -I/Users/admin/builder/spi-builder-workspace/.derivedData/Build/Intermediates.noindex/SWXMLHash.build/Debug-watchos/SWXMLHash-t.build/DerivedSources/arm64 -Xcc -I/Users/admin/builder/spi-builder-workspace/.derivedData/Build/Intermediates.noindex/SWXMLHash.build/Debug-watchos/SWXMLHash-t.build/DerivedSources -Xcc -DSWIFT_PACKAGE -Xcc -DDEBUG\=1 -emit-objc-header -emit-objc-header-path /Users/admin/builder/spi-builder-workspace/.derivedData/Build/Intermediates.noindex/SWXMLHash.build/Debug-watchos/SWXMLHash-t.build/Objects-normal/arm64/SWXMLHash-Swift.h -working-directory /Users/admin/builder/spi-builder-workspace/.swiftpm/xcode -experimental-emit-module-separately -disable-cmo
SwiftDriver Commandant normal arm64_32 com.apple.xcode.tools.swift.compiler (in target 'Commandant' from project 'Commandant')
cd /Users/admin/builder/spi-builder-workspace/.swiftpm/xcode
builtin-SwiftDriver -- /Applications/Xcode-27.0.0-Release.Candidate.app/Contents/Developer/Toolchains/XcodeDefault.xctoolchain/usr/bin/swiftc -parse-as-library -module-name Commandant -Onone @/Users/admin/builder/spi-builder-workspace/.derivedData/Build/Intermediates.noindex/Commandant.build/Debug-watchos/Commandant-t.build/Objects-normal/arm64_32/Commandant.SwiftFileList -DSWIFT_PACKAGE -DDEBUG -DSWIFT_MODULE_RESOURCE_BUNDLE_UNAVAILABLE -DXcode -plugin-path /Applications/Xcode-27.0.0-Release.Candidate.app/Contents/Developer/Toolchains/XcodeDefault.xctoolchain/usr/lib/swift/host/plugins/testing -enable-experimental-feature DebugDescriptionMacro -sdk /Applications/Xcode-27.0.0-Release.Candidate.app/Contents/Developer/Platforms/WatchOS.platform/Developer/SDKs/WatchOS27.0.sdk -target arm64_32-apple-watchos9.0 -g -module-cache-path /Users/admin/builder/spi-builder-workspace/.derivedData/ModuleCache.noindex -Xfrontend -serialize-debugging-options -profile-coverage-mapping -profile-generate -enable-testing -suppress-warnings -index-store-path /Users/admin/builder/spi-builder-workspace/.derivedData/Index.noindex/DataStore -Xcc -D_LIBCPP_HARDENING_MODE\=_LIBCPP_HARDENING_MODE_DEBUG -swift-version 5 -I /Users/admin/builder/spi-builder-workspace/.derivedData/Build/Products/Debug-watchos -Isystem /Applications/Xcode-27.0.0-Release.Candidate.app/Contents/Developer/Platforms/WatchOS.platform/Developer/usr/lib -F /Users/admin/builder/spi-builder-workspace/.derivedData/Build/Products/Debug-watchos -F /Applications/Xcode-27.0.0-Release.Candidate.app/Contents/Developer/Platforms/WatchOS.platform/Developer/Library/Frameworks -F /Applications/Xcode-27.0.0-Release.Candidate.app/Contents/Developer/Platforms/WatchOS.platform/Developer/SDKs/WatchOS27.0.sdk/Developer/Library/Frameworks -c -j10 -enable-batch-mode -incremental -Xcc -ivfsstatcache -Xcc /Users/admin/builder/spi-builder-workspace/.derivedData/SDKStatCaches.noindex/watchos27.0-24R360-e829b21a6f8c9b70876ba0858053c04477534ef55a1706bf4c1112bbb242f0a2.sdkstatcache -output-file-map /Users/admin/builder/spi-builder-workspace/.derivedData/Build/Intermediates.noindex/Commandant.build/Debug-watchos/Commandant-t.build/Objects-normal/arm64_32/Commandant-OutputFileMap.json -save-temps -no-color-diagnostics -explicit-module-build -module-cache-path /Users/admin/builder/spi-builder-workspace/.derivedData/Build/Intermediates.noindex/SwiftExplicitPrecompiledModules -clang-scanner-module-cache-path /Users/admin/builder/spi-builder-workspace/.derivedData/ModuleCache.noindex -sdk-module-cache-path /Users/admin/builder/spi-builder-workspace/.derivedData/SDKExplicitPrecompiledModules -emit-dependencies -emit-module -emit-module-path /Users/admin/builder/spi-builder-workspace/.derivedData/Build/Intermediates.noindex/Commandant.build/Debug-watchos/Commandant-t.build/Objects-normal/arm64_32/Commandant.swiftmodule -serialize-diagnostics -dependency-scan-serialize-diagnostics-path /Users/admin/builder/spi-builder-workspace/.derivedData/Build/Intermediates.noindex/Commandant.build/Debug-watchos/Commandant-t.build/Objects-normal/arm64_32/Commandant-dependency-scan.dia -validate-clang-modules-once -clang-build-session-file /Users/admin/builder/spi-builder-workspace/.derivedData/ModuleCache.noindex/Session.modulevalidation -Xcc -fmodules-prune-interval\=86400 -Xcc -fmodules-prune-after\=345600 -emit-const-values -const-gather-protocols-list /Users/admin/builder/spi-builder-workspace/.derivedData/Build/Intermediates.noindex/Commandant.build/Debug-watchos/Commandant-t.build/Objects-normal/arm64_32/Commandant_const_extract_protocols.json -Xcc -I/Users/admin/builder/spi-builder-workspace/.derivedData/Build/Products/Debug-watchos/include -Xcc -I/Users/admin/builder/spi-builder-workspace/.derivedData/Build/Intermediates.noindex/Commandant.build/Debug-watchos/Commandant-t.build/DerivedSources-normal/arm64_32 -Xcc -I/Users/admin/builder/spi-builder-workspace/.derivedData/Build/Intermediates.noindex/Commandant.build/Debug-watchos/Commandant-t.build/DerivedSources/arm64_32 -Xcc -I/Users/admin/builder/spi-builder-workspace/.derivedData/Build/Intermediates.noindex/Commandant.build/Debug-watchos/Commandant-t.build/DerivedSources -Xcc -DSWIFT_PACKAGE -Xcc -DDEBUG\=1 -emit-objc-header -emit-objc-header-path /Users/admin/builder/spi-builder-workspace/.derivedData/Build/Intermediates.noindex/Commandant.build/Debug-watchos/Commandant-t.build/Objects-normal/arm64_32/Commandant-Swift.h -working-directory /Users/admin/builder/spi-builder-workspace/.swiftpm/xcode -experimental-emit-module-separately -disable-cmo
SwiftDriver Commandant normal arm64 com.apple.xcode.tools.swift.compiler (in target 'Commandant' from project 'Commandant')
cd /Users/admin/builder/spi-builder-workspace/.swiftpm/xcode
builtin-SwiftDriver -- /Applications/Xcode-27.0.0-Release.Candidate.app/Contents/Developer/Toolchains/XcodeDefault.xctoolchain/usr/bin/swiftc -parse-as-library -module-name Commandant -Onone @/Users/admin/builder/spi-builder-workspace/.derivedData/Build/Intermediates.noindex/Commandant.build/Debug-watchos/Commandant-t.build/Objects-normal/arm64/Commandant.SwiftFileList -DSWIFT_PACKAGE -DDEBUG -DSWIFT_MODULE_RESOURCE_BUNDLE_UNAVAILABLE -DXcode -plugin-path /Applications/Xcode-27.0.0-Release.Candidate.app/Contents/Developer/Toolchains/XcodeDefault.xctoolchain/usr/lib/swift/host/plugins/testing -enable-experimental-feature DebugDescriptionMacro -sdk /Applications/Xcode-27.0.0-Release.Candidate.app/Contents/Developer/Platforms/WatchOS.platform/Developer/SDKs/WatchOS27.0.sdk -target arm64-apple-watchos9.0 -g -module-cache-path /Users/admin/builder/spi-builder-workspace/.derivedData/ModuleCache.noindex -Xfrontend -serialize-debugging-options -profile-coverage-mapping -profile-generate -enable-testing -suppress-warnings -index-store-path /Users/admin/builder/spi-builder-workspace/.derivedData/Index.noindex/DataStore -Xcc -D_LIBCPP_HARDENING_MODE\=_LIBCPP_HARDENING_MODE_DEBUG -swift-version 5 -I /Users/admin/builder/spi-builder-workspace/.derivedData/Build/Products/Debug-watchos -Isystem /Applications/Xcode-27.0.0-Release.Candidate.app/Contents/Developer/Platforms/WatchOS.platform/Developer/usr/lib -F /Users/admin/builder/spi-builder-workspace/.derivedData/Build/Products/Debug-watchos -F /Applications/Xcode-27.0.0-Release.Candidate.app/Contents/Developer/Platforms/WatchOS.platform/Developer/Library/Frameworks -F /Applications/Xcode-27.0.0-Release.Candidate.app/Contents/Developer/Platforms/WatchOS.platform/Developer/SDKs/WatchOS27.0.sdk/Developer/Library/Frameworks -c -j10 -enable-batch-mode -incremental -Xcc -ivfsstatcache -Xcc /Users/admin/builder/spi-builder-workspace/.derivedData/SDKStatCaches.noindex/watchos27.0-24R360-e829b21a6f8c9b70876ba0858053c04477534ef55a1706bf4c1112bbb242f0a2.sdkstatcache -output-file-map /Users/admin/builder/spi-builder-workspace/.derivedData/Build/Intermediates.noindex/Commandant.build/Debug-watchos/Commandant-t.build/Objects-normal/arm64/Commandant-OutputFileMap.json -save-temps -no-color-diagnostics -explicit-module-build -module-cache-path /Users/admin/builder/spi-builder-workspace/.derivedData/Build/Intermediates.noindex/SwiftExplicitPrecompiledModules -clang-scanner-module-cache-path /Users/admin/builder/spi-builder-workspace/.derivedData/ModuleCache.noindex -sdk-module-cache-path /Users/admin/builder/spi-builder-workspace/.derivedData/SDKExplicitPrecompiledModules -emit-dependencies -emit-module -emit-module-path /Users/admin/builder/spi-builder-workspace/.derivedData/Build/Intermediates.noindex/Commandant.build/Debug-watchos/Commandant-t.build/Objects-normal/arm64/Commandant.swiftmodule -serialize-diagnostics -dependency-scan-serialize-diagnostics-path /Users/admin/builder/spi-builder-workspace/.derivedData/Build/Intermediates.noindex/Commandant.build/Debug-watchos/Commandant-t.build/Objects-normal/arm64/Commandant-dependency-scan.dia -validate-clang-modules-once -clang-build-session-file /Users/admin/builder/spi-builder-workspace/.derivedData/ModuleCache.noindex/Session.modulevalidation -Xcc -fmodules-prune-interval\=86400 -Xcc -fmodules-prune-after\=345600 -emit-const-values -const-gather-protocols-list /Users/admin/builder/spi-builder-workspace/.derivedData/Build/Intermediates.noindex/Commandant.build/Debug-watchos/Commandant-t.build/Objects-normal/arm64/Commandant_const_extract_protocols.json -Xcc -I/Users/admin/builder/spi-builder-workspace/.derivedData/Build/Products/Debug-watchos/include -Xcc -I/Users/admin/builder/spi-builder-workspace/.derivedData/Build/Intermediates.noindex/Commandant.build/Debug-watchos/Commandant-t.build/DerivedSources-normal/arm64 -Xcc -I/Users/admin/builder/spi-builder-workspace/.derivedData/Build/Intermediates.noindex/Commandant.build/Debug-watchos/Commandant-t.build/DerivedSources/arm64 -Xcc -I/Users/admin/builder/spi-builder-workspace/.derivedData/Build/Intermediates.noindex/Commandant.build/Debug-watchos/Commandant-t.build/DerivedSources -Xcc -DSWIFT_PACKAGE -Xcc -DDEBUG\=1 -emit-objc-header -emit-objc-header-path /Users/admin/builder/spi-builder-workspace/.derivedData/Build/Intermediates.noindex/Commandant.build/Debug-watchos/Commandant-t.build/Objects-normal/arm64/Commandant-Swift.h -working-directory /Users/admin/builder/spi-builder-workspace/.swiftpm/xcode -experimental-emit-module-separately -disable-cmo
SwiftDriver SWXMLHash normal arm64_32 com.apple.xcode.tools.swift.compiler (in target 'SWXMLHash' from project 'SWXMLHash')
cd /Users/admin/builder/spi-builder-workspace/.swiftpm/xcode
builtin-SwiftDriver -- /Applications/Xcode-27.0.0-Release.Candidate.app/Contents/Developer/Toolchains/XcodeDefault.xctoolchain/usr/bin/swiftc -parse-as-library -module-name SWXMLHash -Onone @/Users/admin/builder/spi-builder-workspace/.derivedData/Build/Intermediates.noindex/SWXMLHash.build/Debug-watchos/SWXMLHash-t.build/Objects-normal/arm64_32/SWXMLHash.SwiftFileList -DSWIFT_PACKAGE -DDEBUG -DSWIFT_MODULE_RESOURCE_BUNDLE_UNAVAILABLE -DXcode -plugin-path /Applications/Xcode-27.0.0-Release.Candidate.app/Contents/Developer/Toolchains/XcodeDefault.xctoolchain/usr/lib/swift/host/plugins/testing -enable-experimental-feature DebugDescriptionMacro -sdk /Applications/Xcode-27.0.0-Release.Candidate.app/Contents/Developer/Platforms/WatchOS.platform/Developer/SDKs/WatchOS27.0.sdk -target arm64_32-apple-watchos9.0 -g -module-cache-path /Users/admin/builder/spi-builder-workspace/.derivedData/ModuleCache.noindex -Xfrontend -serialize-debugging-options -profile-coverage-mapping -profile-generate -enable-testing -suppress-warnings -index-store-path /Users/admin/builder/spi-builder-workspace/.derivedData/Index.noindex/DataStore -Xcc -D_LIBCPP_HARDENING_MODE\=_LIBCPP_HARDENING_MODE_DEBUG -swift-version 4 -I /Users/admin/builder/spi-builder-workspace/.derivedData/Build/Products/Debug-watchos -Isystem /Applications/Xcode-27.0.0-Release.Candidate.app/Contents/Developer/Platforms/WatchOS.platform/Developer/usr/lib -F /Users/admin/builder/spi-builder-workspace/.derivedData/Build/Products/Debug-watchos -F /Applications/Xcode-27.0.0-Release.Candidate.app/Contents/Developer/Platforms/WatchOS.platform/Developer/Library/Frameworks -F /Applications/Xcode-27.0.0-Release.Candidate.app/Contents/Developer/Platforms/WatchOS.platform/Developer/SDKs/WatchOS27.0.sdk/Developer/Library/Frameworks -c -j10 -enable-batch-mode -incremental -Xcc -ivfsstatcache -Xcc /Users/admin/builder/spi-builder-workspace/.derivedData/SDKStatCaches.noindex/watchos27.0-24R360-e829b21a6f8c9b70876ba0858053c04477534ef55a1706bf4c1112bbb242f0a2.sdkstatcache -output-file-map /Users/admin/builder/spi-builder-workspace/.derivedData/Build/Intermediates.noindex/SWXMLHash.build/Debug-watchos/SWXMLHash-t.build/Objects-normal/arm64_32/SWXMLHash-OutputFileMap.json -save-temps -no-color-diagnostics -emit-dependencies -emit-module -emit-module-path /Users/admin/builder/spi-builder-workspace/.derivedData/Build/Intermediates.noindex/SWXMLHash.build/Debug-watchos/SWXMLHash-t.build/Objects-normal/arm64_32/SWXMLHash.swiftmodule -serialize-diagnostics -validate-clang-modules-once -clang-build-session-file /Users/admin/builder/spi-builder-workspace/.derivedData/ModuleCache.noindex/Session.modulevalidation -Xcc -fmodules-prune-interval\=86400 -Xcc -fmodules-prune-after\=345600 -emit-const-values -const-gather-protocols-list /Users/admin/builder/spi-builder-workspace/.derivedData/Build/Intermediates.noindex/SWXMLHash.build/Debug-watchos/SWXMLHash-t.build/Objects-normal/arm64_32/SWXMLHash_const_extract_protocols.json -Xcc -I/Users/admin/builder/spi-builder-workspace/.derivedData/Build/Products/Debug-watchos/include -Xcc -I/Users/admin/builder/spi-builder-workspace/.derivedData/Build/Intermediates.noindex/SWXMLHash.build/Debug-watchos/SWXMLHash-t.build/DerivedSources-normal/arm64_32 -Xcc -I/Users/admin/builder/spi-builder-workspace/.derivedData/Build/Intermediates.noindex/SWXMLHash.build/Debug-watchos/SWXMLHash-t.build/DerivedSources/arm64_32 -Xcc -I/Users/admin/builder/spi-builder-workspace/.derivedData/Build/Intermediates.noindex/SWXMLHash.build/Debug-watchos/SWXMLHash-t.build/DerivedSources -Xcc -DSWIFT_PACKAGE -Xcc -DDEBUG\=1 -emit-objc-header -emit-objc-header-path /Users/admin/builder/spi-builder-workspace/.derivedData/Build/Intermediates.noindex/SWXMLHash.build/Debug-watchos/SWXMLHash-t.build/Objects-normal/arm64_32/SWXMLHash-Swift.h -working-directory /Users/admin/builder/spi-builder-workspace/.swiftpm/xcode -experimental-emit-module-separately -disable-cmo
SwiftEmitModule normal arm64_32 Emitting\ module\ for\ SWXMLHash (in target 'SWXMLHash' from project 'SWXMLHash')
SwiftCompile normal arm64_32 (in target 'SWXMLHash' from project 'SWXMLHash')
cd /Users/admin/builder/spi-builder-workspace/.swiftpm/xcode
SwiftCompile normal arm64_32 Compiling\ XMLIndexer+XMLIndexerDeserializable.swift /Users/admin/builder/spi-builder-workspace/.dependencies/checkouts/SWXMLHash/Source/XMLIndexer+XMLIndexerDeserializable.swift (in target 'SWXMLHash' from project 'SWXMLHash')
SwiftCompile normal arm64_32 /Users/admin/builder/spi-builder-workspace/.dependencies/checkouts/SWXMLHash/Source/XMLIndexer+XMLIndexerDeserializable.swift (in target 'SWXMLHash' from project 'SWXMLHash')
cd /Users/admin/builder/spi-builder-workspace/.swiftpm/xcode
builtin-SwiftPerFileCompile XMLIndexer+XMLIndexerDeserializable.swift
SwiftCompile normal arm64_32 Compiling\ SWXMLHash.swift /Users/admin/builder/spi-builder-workspace/.dependencies/checkouts/SWXMLHash/Source/SWXMLHash.swift (in target 'SWXMLHash' from project 'SWXMLHash')
SwiftCompile normal arm64_32 /Users/admin/builder/spi-builder-workspace/.dependencies/checkouts/SWXMLHash/Source/SWXMLHash.swift (in target 'SWXMLHash' from project 'SWXMLHash')
cd /Users/admin/builder/spi-builder-workspace/.swiftpm/xcode
builtin-SwiftPerFileCompile SWXMLHash.swift
SwiftCompile normal arm64 Compiling\ SWXMLHash.swift /Users/admin/builder/spi-builder-workspace/.dependencies/checkouts/SWXMLHash/Source/SWXMLHash.swift (in target 'SWXMLHash' from project 'SWXMLHash')
SwiftCompile normal arm64 /Users/admin/builder/spi-builder-workspace/.dependencies/checkouts/SWXMLHash/Source/SWXMLHash.swift (in target 'SWXMLHash' from project 'SWXMLHash')
cd /Users/admin/builder/spi-builder-workspace/.swiftpm/xcode
builtin-SwiftPerFileCompile SWXMLHash.swift
SwiftEmitModule normal arm64 Emitting\ module\ for\ SWXMLHash (in target 'SWXMLHash' from project 'SWXMLHash')
SwiftCompile normal arm64 (in target 'SWXMLHash' from project 'SWXMLHash')
cd /Users/admin/builder/spi-builder-workspace/.swiftpm/xcode
SwiftCompile normal arm64_32 Compiling\ shim.swift /Users/admin/builder/spi-builder-workspace/.dependencies/checkouts/SWXMLHash/Source/shim.swift (in target 'SWXMLHash' from project 'SWXMLHash')
SwiftCompile normal arm64_32 /Users/admin/builder/spi-builder-workspace/.dependencies/checkouts/SWXMLHash/Source/shim.swift (in target 'SWXMLHash' from project 'SWXMLHash')
cd /Users/admin/builder/spi-builder-workspace/.swiftpm/xcode
builtin-SwiftPerFileCompile shim.swift
SwiftCompile normal arm64 Compiling\ XMLIndexer+XMLIndexerDeserializable.swift /Users/admin/builder/spi-builder-workspace/.dependencies/checkouts/SWXMLHash/Source/XMLIndexer+XMLIndexerDeserializable.swift (in target 'SWXMLHash' from project 'SWXMLHash')
SwiftCompile normal arm64 /Users/admin/builder/spi-builder-workspace/.dependencies/checkouts/SWXMLHash/Source/XMLIndexer+XMLIndexerDeserializable.swift (in target 'SWXMLHash' from project 'SWXMLHash')
cd /Users/admin/builder/spi-builder-workspace/.swiftpm/xcode
builtin-SwiftPerFileCompile XMLIndexer+XMLIndexerDeserializable.swift
SwiftCompile normal arm64 Compiling\ shim.swift /Users/admin/builder/spi-builder-workspace/.dependencies/checkouts/SWXMLHash/Source/shim.swift (in target 'SWXMLHash' from project 'SWXMLHash')
SwiftCompile normal arm64 /Users/admin/builder/spi-builder-workspace/.dependencies/checkouts/SWXMLHash/Source/shim.swift (in target 'SWXMLHash' from project 'SWXMLHash')
cd /Users/admin/builder/spi-builder-workspace/.swiftpm/xcode
builtin-SwiftPerFileCompile shim.swift
SwiftExplicitDependencyGeneratePcm arm64 /Users/admin/builder/spi-builder-workspace/.derivedData/SDKExplicitPrecompiledModules/_AvailabilityInternal-BUNV3UXM65NT37THI4W1AM0SF.pcm
SwiftExplicitDependencyGeneratePcm arm64 /Users/admin/builder/spi-builder-workspace/.derivedData/SDKExplicitPrecompiledModules/ptrauth-3TZ9WJCGLYD25HQPWH4968ONX.pcm
SwiftExplicitDependencyGeneratePcm arm64 /Users/admin/builder/spi-builder-workspace/.derivedData/SDKExplicitPrecompiledModules/ptrcheck-AIF0NDOYZ8ORBNHQAQR5NNB8M.pcm
SwiftExplicitDependencyGeneratePcm arm64 /Users/admin/builder/spi-builder-workspace/.derivedData/SDKExplicitPrecompiledModules/_Builtin_stdarg-A7UU8LE6MP85SM26YO7PBZNUQ.pcm
SwiftExplicitDependencyGeneratePcm arm64_32 /Users/admin/builder/spi-builder-workspace/.derivedData/SDKExplicitPrecompiledModules/_Builtin_stdarg-D305JG44A2WPI6CJY37X3QJE8.pcm
SwiftExplicitDependencyGeneratePcm arm64_32 /Users/admin/builder/spi-builder-workspace/.derivedData/SDKExplicitPrecompiledModules/_Builtin_stdbool-A967K8W8YUYEC9SN52KJ7OO88.pcm
SwiftExplicitDependencyGeneratePcm arm64_32 /Users/admin/builder/spi-builder-workspace/.derivedData/SDKExplicitPrecompiledModules/SwiftShims-9CQQGWTSNTN9EB5NSHDWUJICH.pcm
SwiftExplicitDependencyGeneratePcm arm64 /Users/admin/builder/spi-builder-workspace/.derivedData/SDKExplicitPrecompiledModules/SwiftShims-4MXFZPV6FEB0XBYXCGPWAMQGL.pcm
SwiftExplicitDependencyGeneratePcm arm64 /Users/admin/builder/spi-builder-workspace/.derivedData/SDKExplicitPrecompiledModules/_Builtin_stdbool-83J96QSOFE9VX04AAS6310UAE.pcm
SwiftExplicitDependencyGeneratePcm arm64_32 /Users/admin/builder/spi-builder-workspace/.derivedData/SDKExplicitPrecompiledModules/ptrcheck-7ELIH9BTIGVKX3UBITM9N72WD.pcm
SwiftExplicitDependencyGeneratePcm arm64 /Users/admin/builder/spi-builder-workspace/.derivedData/SDKExplicitPrecompiledModules/_Builtin_stddef-1FU30Y8SWFB7OUUHMJQH5J6FM.pcm
SwiftExplicitDependencyGeneratePcm arm64_32 /Users/admin/builder/spi-builder-workspace/.derivedData/SDKExplicitPrecompiledModules/ptrauth-BFXF358ME5AK535N5A9Z766WU.pcm
SwiftExplicitDependencyGeneratePcm arm64_32 /Users/admin/builder/spi-builder-workspace/.derivedData/SDKExplicitPrecompiledModules/_Builtin_float-6KO8O3PEWRCA4WC6PPLOYO6WJ.pcm
SwiftExplicitDependencyGeneratePcm arm64_32 /Users/admin/builder/spi-builder-workspace/.derivedData/SDKExplicitPrecompiledModules/_Builtin_stddef-H44EFHQX6XSS5MZ7QP6YJZ76.pcm
SwiftExplicitDependencyGeneratePcm arm64 /Users/admin/builder/spi-builder-workspace/.derivedData/SDKExplicitPrecompiledModules/_SwiftConcurrencyShims-659N52XSKR5F0QSB880BH2FJR.pcm
SwiftExplicitDependencyGeneratePcm arm64 /Users/admin/builder/spi-builder-workspace/.derivedData/SDKExplicitPrecompiledModules/_Builtin_float-C0CW5Q4HGBQYKE77TC42IAFB5.pcm
SwiftExplicitDependencyGeneratePcm arm64_32 /Users/admin/builder/spi-builder-workspace/.derivedData/SDKExplicitPrecompiledModules/_AvailabilityInternal-244WAN3Z1QBT7PIA64EZEFY1R.pcm
SwiftExplicitDependencyGeneratePcm arm64 /Users/admin/builder/spi-builder-workspace/.derivedData/SDKExplicitPrecompiledModules/_DarwinFoundation1-7SPX3MD0HMP55E4OLNCPNDQ53.pcm
SwiftExplicitDependencyGeneratePcm arm64_32 /Users/admin/builder/spi-builder-workspace/.derivedData/SDKExplicitPrecompiledModules/_SwiftConcurrencyShims-6RTBPQ03V7BM9SPRK8SUE055H.pcm
SwiftExplicitDependencyGeneratePcm arm64_32 /Users/admin/builder/spi-builder-workspace/.derivedData/SDKExplicitPrecompiledModules/_DarwinFoundation1-2GWF9RFMPLQW4PDHS3NARVI3G.pcm
SwiftExplicitDependencyGeneratePcm arm64 /Users/admin/builder/spi-builder-workspace/.derivedData/SDKExplicitPrecompiledModules/_Builtin_limits-9GWPA2B0H20DYUNYHYCWKABJG.pcm
SwiftExplicitDependencyGeneratePcm arm64 /Users/admin/builder/spi-builder-workspace/.derivedData/SDKExplicitPrecompiledModules/_DarwinFoundation2-D0XAPJU49S5E9XMKYOFGSTB1Q.pcm
SwiftExplicitDependencyGeneratePcm arm64_32 /Users/admin/builder/spi-builder-workspace/.derivedData/SDKExplicitPrecompiledModules/_DarwinFoundation2-9MY8GOSYRO0M9MKNXF6D3MBNK.pcm
SwiftExplicitDependencyGeneratePcm arm64_32 /Users/admin/builder/spi-builder-workspace/.derivedData/SDKExplicitPrecompiledModules/_Builtin_limits-3VKBU2AFTD65PAJZ5CJ3LHFM2.pcm
SwiftDriverJobDiscovery normal arm64 Emitting module for SWXMLHash (in target 'SWXMLHash' from project 'SWXMLHash')
SwiftDriverJobDiscovery normal arm64_32 Emitting module for SWXMLHash (in target 'SWXMLHash' from project 'SWXMLHash')
SwiftDriver\ Compilation\ Requirements SWXMLHash normal arm64 com.apple.xcode.tools.swift.compiler (in target 'SWXMLHash' from project 'SWXMLHash')
cd /Users/admin/builder/spi-builder-workspace/.swiftpm/xcode
builtin-Swift-Compilation-Requirements -- /Applications/Xcode-27.0.0-Release.Candidate.app/Contents/Developer/Toolchains/XcodeDefault.xctoolchain/usr/bin/swiftc -parse-as-library -module-name SWXMLHash -Onone @/Users/admin/builder/spi-builder-workspace/.derivedData/Build/Intermediates.noindex/SWXMLHash.build/Debug-watchos/SWXMLHash-t.build/Objects-normal/arm64/SWXMLHash.SwiftFileList -DSWIFT_PACKAGE -DDEBUG -DSWIFT_MODULE_RESOURCE_BUNDLE_UNAVAILABLE -DXcode -plugin-path /Applications/Xcode-27.0.0-Release.Candidate.app/Contents/Developer/Toolchains/XcodeDefault.xctoolchain/usr/lib/swift/host/plugins/testing -enable-experimental-feature DebugDescriptionMacro -sdk /Applications/Xcode-27.0.0-Release.Candidate.app/Contents/Developer/Platforms/WatchOS.platform/Developer/SDKs/WatchOS27.0.sdk -target arm64-apple-watchos9.0 -g -module-cache-path /Users/admin/builder/spi-builder-workspace/.derivedData/ModuleCache.noindex -Xfrontend -serialize-debugging-options -profile-coverage-mapping -profile-generate -enable-testing -suppress-warnings -index-store-path /Users/admin/builder/spi-builder-workspace/.derivedData/Index.noindex/DataStore -Xcc -D_LIBCPP_HARDENING_MODE\=_LIBCPP_HARDENING_MODE_DEBUG -swift-version 4 -I /Users/admin/builder/spi-builder-workspace/.derivedData/Build/Products/Debug-watchos -Isystem /Applications/Xcode-27.0.0-Release.Candidate.app/Contents/Developer/Platforms/WatchOS.platform/Developer/usr/lib -F /Users/admin/builder/spi-builder-workspace/.derivedData/Build/Products/Debug-watchos -F /Applications/Xcode-27.0.0-Release.Candidate.app/Contents/Developer/Platforms/WatchOS.platform/Developer/Library/Frameworks -F /Applications/Xcode-27.0.0-Release.Candidate.app/Contents/Developer/Platforms/WatchOS.platform/Developer/SDKs/WatchOS27.0.sdk/Developer/Library/Frameworks -c -j10 -enable-batch-mode -incremental -Xcc -ivfsstatcache -Xcc /Users/admin/builder/spi-builder-workspace/.derivedData/SDKStatCaches.noindex/watchos27.0-24R360-e829b21a6f8c9b70876ba0858053c04477534ef55a1706bf4c1112bbb242f0a2.sdkstatcache -output-file-map /Users/admin/builder/spi-builder-workspace/.derivedData/Build/Intermediates.noindex/SWXMLHash.build/Debug-watchos/SWXMLHash-t.build/Objects-normal/arm64/SWXMLHash-OutputFileMap.json -save-temps -no-color-diagnostics -emit-dependencies -emit-module -emit-module-path /Users/admin/builder/spi-builder-workspace/.derivedData/Build/Intermediates.noindex/SWXMLHash.build/Debug-watchos/SWXMLHash-t.build/Objects-normal/arm64/SWXMLHash.swiftmodule -serialize-diagnostics -validate-clang-modules-once -clang-build-session-file /Users/admin/builder/spi-builder-workspace/.derivedData/ModuleCache.noindex/Session.modulevalidation -Xcc -fmodules-prune-interval\=86400 -Xcc -fmodules-prune-after\=345600 -emit-const-values -const-gather-protocols-list /Users/admin/builder/spi-builder-workspace/.derivedData/Build/Intermediates.noindex/SWXMLHash.build/Debug-watchos/SWXMLHash-t.build/Objects-normal/arm64/SWXMLHash_const_extract_protocols.json -Xcc -I/Users/admin/builder/spi-builder-workspace/.derivedData/Build/Products/Debug-watchos/include -Xcc -I/Users/admin/builder/spi-builder-workspace/.derivedData/Build/Intermediates.noindex/SWXMLHash.build/Debug-watchos/SWXMLHash-t.build/DerivedSources-normal/arm64 -Xcc -I/Users/admin/builder/spi-builder-workspace/.derivedData/Build/Intermediates.noindex/SWXMLHash.build/Debug-watchos/SWXMLHash-t.build/DerivedSources/arm64 -Xcc -I/Users/admin/builder/spi-builder-workspace/.derivedData/Build/Intermediates.noindex/SWXMLHash.build/Debug-watchos/SWXMLHash-t.build/DerivedSources -Xcc -DSWIFT_PACKAGE -Xcc -DDEBUG\=1 -emit-objc-header -emit-objc-header-path /Users/admin/builder/spi-builder-workspace/.derivedData/Build/Intermediates.noindex/SWXMLHash.build/Debug-watchos/SWXMLHash-t.build/Objects-normal/arm64/SWXMLHash-Swift.h -working-directory /Users/admin/builder/spi-builder-workspace/.swiftpm/xcode -experimental-emit-module-separately -disable-cmo
SwiftDriver\ Compilation\ Requirements SWXMLHash normal arm64_32 com.apple.xcode.tools.swift.compiler (in target 'SWXMLHash' from project 'SWXMLHash')
cd /Users/admin/builder/spi-builder-workspace/.swiftpm/xcode
builtin-Swift-Compilation-Requirements -- /Applications/Xcode-27.0.0-Release.Candidate.app/Contents/Developer/Toolchains/XcodeDefault.xctoolchain/usr/bin/swiftc -parse-as-library -module-name SWXMLHash -Onone @/Users/admin/builder/spi-builder-workspace/.derivedData/Build/Intermediates.noindex/SWXMLHash.build/Debug-watchos/SWXMLHash-t.build/Objects-normal/arm64_32/SWXMLHash.SwiftFileList -DSWIFT_PACKAGE -DDEBUG -DSWIFT_MODULE_RESOURCE_BUNDLE_UNAVAILABLE -DXcode -plugin-path /Applications/Xcode-27.0.0-Release.Candidate.app/Contents/Developer/Toolchains/XcodeDefault.xctoolchain/usr/lib/swift/host/plugins/testing -enable-experimental-feature DebugDescriptionMacro -sdk /Applications/Xcode-27.0.0-Release.Candidate.app/Contents/Developer/Platforms/WatchOS.platform/Developer/SDKs/WatchOS27.0.sdk -target arm64_32-apple-watchos9.0 -g -module-cache-path /Users/admin/builder/spi-builder-workspace/.derivedData/ModuleCache.noindex -Xfrontend -serialize-debugging-options -profile-coverage-mapping -profile-generate -enable-testing -suppress-warnings -index-store-path /Users/admin/builder/spi-builder-workspace/.derivedData/Index.noindex/DataStore -Xcc -D_LIBCPP_HARDENING_MODE\=_LIBCPP_HARDENING_MODE_DEBUG -swift-version 4 -I /Users/admin/builder/spi-builder-workspace/.derivedData/Build/Products/Debug-watchos -Isystem /Applications/Xcode-27.0.0-Release.Candidate.app/Contents/Developer/Platforms/WatchOS.platform/Developer/usr/lib -F /Users/admin/builder/spi-builder-workspace/.derivedData/Build/Products/Debug-watchos -F /Applications/Xcode-27.0.0-Release.Candidate.app/Contents/Developer/Platforms/WatchOS.platform/Developer/Library/Frameworks -F /Applications/Xcode-27.0.0-Release.Candidate.app/Contents/Developer/Platforms/WatchOS.platform/Developer/SDKs/WatchOS27.0.sdk/Developer/Library/Frameworks -c -j10 -enable-batch-mode -incremental -Xcc -ivfsstatcache -Xcc /Users/admin/builder/spi-builder-workspace/.derivedData/SDKStatCaches.noindex/watchos27.0-24R360-e829b21a6f8c9b70876ba0858053c04477534ef55a1706bf4c1112bbb242f0a2.sdkstatcache -output-file-map /Users/admin/builder/spi-builder-workspace/.derivedData/Build/Intermediates.noindex/SWXMLHash.build/Debug-watchos/SWXMLHash-t.build/Objects-normal/arm64_32/SWXMLHash-OutputFileMap.json -save-temps -no-color-diagnostics -emit-dependencies -emit-module -emit-module-path /Users/admin/builder/spi-builder-workspace/.derivedData/Build/Intermediates.noindex/SWXMLHash.build/Debug-watchos/SWXMLHash-t.build/Objects-normal/arm64_32/SWXMLHash.swiftmodule -serialize-diagnostics -validate-clang-modules-once -clang-build-session-file /Users/admin/builder/spi-builder-workspace/.derivedData/ModuleCache.noindex/Session.modulevalidation -Xcc -fmodules-prune-interval\=86400 -Xcc -fmodules-prune-after\=345600 -emit-const-values -const-gather-protocols-list /Users/admin/builder/spi-builder-workspace/.derivedData/Build/Intermediates.noindex/SWXMLHash.build/Debug-watchos/SWXMLHash-t.build/Objects-normal/arm64_32/SWXMLHash_const_extract_protocols.json -Xcc -I/Users/admin/builder/spi-builder-workspace/.derivedData/Build/Products/Debug-watchos/include -Xcc -I/Users/admin/builder/spi-builder-workspace/.derivedData/Build/Intermediates.noindex/SWXMLHash.build/Debug-watchos/SWXMLHash-t.build/DerivedSources-normal/arm64_32 -Xcc -I/Users/admin/builder/spi-builder-workspace/.derivedData/Build/Intermediates.noindex/SWXMLHash.build/Debug-watchos/SWXMLHash-t.build/DerivedSources/arm64_32 -Xcc -I/Users/admin/builder/spi-builder-workspace/.derivedData/Build/Intermediates.noindex/SWXMLHash.build/Debug-watchos/SWXMLHash-t.build/DerivedSources -Xcc -DSWIFT_PACKAGE -Xcc -DDEBUG\=1 -emit-objc-header -emit-objc-header-path /Users/admin/builder/spi-builder-workspace/.derivedData/Build/Intermediates.noindex/SWXMLHash.build/Debug-watchos/SWXMLHash-t.build/Objects-normal/arm64_32/SWXMLHash-Swift.h -working-directory /Users/admin/builder/spi-builder-workspace/.swiftpm/xcode -experimental-emit-module-separately -disable-cmo
Copy /Users/admin/builder/spi-builder-workspace/.derivedData/Build/Products/Debug-watchos/SWXMLHash.swiftmodule/arm64-apple-watchos.swiftmodule /Users/admin/builder/spi-builder-workspace/.derivedData/Build/Intermediates.noindex/SWXMLHash.build/Debug-watchos/SWXMLHash-t.build/Objects-normal/arm64/SWXMLHash.swiftmodule (in target 'SWXMLHash' from project 'SWXMLHash')
cd /Users/admin/builder/spi-builder-workspace/.dependencies/checkouts/SWXMLHash
builtin-copy -exclude .DS_Store -exclude CVS -exclude .svn -exclude .git -exclude .hg -resolve-src-symlinks -rename /Users/admin/builder/spi-builder-workspace/.derivedData/Build/Intermediates.noindex/SWXMLHash.build/Debug-watchos/SWXMLHash-t.build/Objects-normal/arm64/SWXMLHash.swiftmodule /Users/admin/builder/spi-builder-workspace/.derivedData/Build/Products/Debug-watchos/SWXMLHash.swiftmodule/arm64-apple-watchos.swiftmodule
SwiftMergeGeneratedHeaders /Users/admin/builder/spi-builder-workspace/.derivedData/Build/Intermediates.noindex/GeneratedModuleMaps-watchos/SWXMLHash-Swift.h /Users/admin/builder/spi-builder-workspace/.derivedData/Build/Intermediates.noindex/SWXMLHash.build/Debug-watchos/SWXMLHash-t.build/Objects-normal/arm64/SWXMLHash-Swift.h /Users/admin/builder/spi-builder-workspace/.derivedData/Build/Intermediates.noindex/SWXMLHash.build/Debug-watchos/SWXMLHash-t.build/Objects-normal/arm64_32/SWXMLHash-Swift.h (in target 'SWXMLHash' from project 'SWXMLHash')
cd /Users/admin/builder/spi-builder-workspace/.dependencies/checkouts/SWXMLHash
builtin-swiftHeaderTool -arch arm64 /Users/admin/builder/spi-builder-workspace/.derivedData/Build/Intermediates.noindex/SWXMLHash.build/Debug-watchos/SWXMLHash-t.build/Objects-normal/arm64/SWXMLHash-Swift.h -arch arm64_32 /Users/admin/builder/spi-builder-workspace/.derivedData/Build/Intermediates.noindex/SWXMLHash.build/Debug-watchos/SWXMLHash-t.build/Objects-normal/arm64_32/SWXMLHash-Swift.h -o /Users/admin/builder/spi-builder-workspace/.derivedData/Build/Intermediates.noindex/GeneratedModuleMaps-watchos/SWXMLHash-Swift.h
Copy /Users/admin/builder/spi-builder-workspace/.derivedData/Build/Products/Debug-watchos/SWXMLHash.swiftmodule/arm64_32-apple-watchos.swiftmodule /Users/admin/builder/spi-builder-workspace/.derivedData/Build/Intermediates.noindex/SWXMLHash.build/Debug-watchos/SWXMLHash-t.build/Objects-normal/arm64_32/SWXMLHash.swiftmodule (in target 'SWXMLHash' from project 'SWXMLHash')
cd /Users/admin/builder/spi-builder-workspace/.dependencies/checkouts/SWXMLHash
builtin-copy -exclude .DS_Store -exclude CVS -exclude .svn -exclude .git -exclude .hg -resolve-src-symlinks -rename /Users/admin/builder/spi-builder-workspace/.derivedData/Build/Intermediates.noindex/SWXMLHash.build/Debug-watchos/SWXMLHash-t.build/Objects-normal/arm64_32/SWXMLHash.swiftmodule /Users/admin/builder/spi-builder-workspace/.derivedData/Build/Products/Debug-watchos/SWXMLHash.swiftmodule/arm64_32-apple-watchos.swiftmodule
Copy /Users/admin/builder/spi-builder-workspace/.derivedData/Build/Products/Debug-watchos/SWXMLHash.swiftmodule/arm64_32-apple-watchos.swiftdoc /Users/admin/builder/spi-builder-workspace/.derivedData/Build/Intermediates.noindex/SWXMLHash.build/Debug-watchos/SWXMLHash-t.build/Objects-normal/arm64_32/SWXMLHash.swiftdoc (in target 'SWXMLHash' from project 'SWXMLHash')
cd /Users/admin/builder/spi-builder-workspace/.dependencies/checkouts/SWXMLHash
builtin-copy -exclude .DS_Store -exclude CVS -exclude .svn -exclude .git -exclude .hg -resolve-src-symlinks -rename /Users/admin/builder/spi-builder-workspace/.derivedData/Build/Intermediates.noindex/SWXMLHash.build/Debug-watchos/SWXMLHash-t.build/Objects-normal/arm64_32/SWXMLHash.swiftdoc /Users/admin/builder/spi-builder-workspace/.derivedData/Build/Products/Debug-watchos/SWXMLHash.swiftmodule/arm64_32-apple-watchos.swiftdoc
Copy /Users/admin/builder/spi-builder-workspace/.derivedData/Build/Products/Debug-watchos/SWXMLHash.swiftmodule/arm64_32-apple-watchos.abi.json /Users/admin/builder/spi-builder-workspace/.derivedData/Build/Intermediates.noindex/SWXMLHash.build/Debug-watchos/SWXMLHash-t.build/Objects-normal/arm64_32/SWXMLHash.abi.json (in target 'SWXMLHash' from project 'SWXMLHash')
cd /Users/admin/builder/spi-builder-workspace/.dependencies/checkouts/SWXMLHash
builtin-copy -exclude .DS_Store -exclude CVS -exclude .svn -exclude .git -exclude .hg -resolve-src-symlinks -rename /Users/admin/builder/spi-builder-workspace/.derivedData/Build/Intermediates.noindex/SWXMLHash.build/Debug-watchos/SWXMLHash-t.build/Objects-normal/arm64_32/SWXMLHash.abi.json /Users/admin/builder/spi-builder-workspace/.derivedData/Build/Products/Debug-watchos/SWXMLHash.swiftmodule/arm64_32-apple-watchos.abi.json
Copy /Users/admin/builder/spi-builder-workspace/.derivedData/Build/Products/Debug-watchos/SWXMLHash.swiftmodule/arm64-apple-watchos.swiftdoc /Users/admin/builder/spi-builder-workspace/.derivedData/Build/Intermediates.noindex/SWXMLHash.build/Debug-watchos/SWXMLHash-t.build/Objects-normal/arm64/SWXMLHash.swiftdoc (in target 'SWXMLHash' from project 'SWXMLHash')
cd /Users/admin/builder/spi-builder-workspace/.dependencies/checkouts/SWXMLHash
builtin-copy -exclude .DS_Store -exclude CVS -exclude .svn -exclude .git -exclude .hg -resolve-src-symlinks -rename /Users/admin/builder/spi-builder-workspace/.derivedData/Build/Intermediates.noindex/SWXMLHash.build/Debug-watchos/SWXMLHash-t.build/Objects-normal/arm64/SWXMLHash.swiftdoc /Users/admin/builder/spi-builder-workspace/.derivedData/Build/Products/Debug-watchos/SWXMLHash.swiftmodule/arm64-apple-watchos.swiftdoc
Copy /Users/admin/builder/spi-builder-workspace/.derivedData/Build/Products/Debug-watchos/SWXMLHash.swiftmodule/arm64-apple-watchos.abi.json /Users/admin/builder/spi-builder-workspace/.derivedData/Build/Intermediates.noindex/SWXMLHash.build/Debug-watchos/SWXMLHash-t.build/Objects-normal/arm64/SWXMLHash.abi.json (in target 'SWXMLHash' from project 'SWXMLHash')
cd /Users/admin/builder/spi-builder-workspace/.dependencies/checkouts/SWXMLHash
builtin-copy -exclude .DS_Store -exclude CVS -exclude .svn -exclude .git -exclude .hg -resolve-src-symlinks -rename /Users/admin/builder/spi-builder-workspace/.derivedData/Build/Intermediates.noindex/SWXMLHash.build/Debug-watchos/SWXMLHash-t.build/Objects-normal/arm64/SWXMLHash.abi.json /Users/admin/builder/spi-builder-workspace/.derivedData/Build/Products/Debug-watchos/SWXMLHash.swiftmodule/arm64-apple-watchos.abi.json
Copy /Users/admin/builder/spi-builder-workspace/.derivedData/Build/Products/Debug-watchos/SWXMLHash.swiftmodule/Project/arm64_32-apple-watchos.swiftsourceinfo /Users/admin/builder/spi-builder-workspace/.derivedData/Build/Intermediates.noindex/SWXMLHash.build/Debug-watchos/SWXMLHash-t.build/Objects-normal/arm64_32/SWXMLHash.swiftsourceinfo (in target 'SWXMLHash' from project 'SWXMLHash')
cd /Users/admin/builder/spi-builder-workspace/.dependencies/checkouts/SWXMLHash
builtin-copy -exclude .DS_Store -exclude CVS -exclude .svn -exclude .git -exclude .hg -resolve-src-symlinks -rename /Users/admin/builder/spi-builder-workspace/.derivedData/Build/Intermediates.noindex/SWXMLHash.build/Debug-watchos/SWXMLHash-t.build/Objects-normal/arm64_32/SWXMLHash.swiftsourceinfo /Users/admin/builder/spi-builder-workspace/.derivedData/Build/Products/Debug-watchos/SWXMLHash.swiftmodule/Project/arm64_32-apple-watchos.swiftsourceinfo
Copy /Users/admin/builder/spi-builder-workspace/.derivedData/Build/Products/Debug-watchos/SWXMLHash.swiftmodule/Project/arm64-apple-watchos.swiftsourceinfo /Users/admin/builder/spi-builder-workspace/.derivedData/Build/Intermediates.noindex/SWXMLHash.build/Debug-watchos/SWXMLHash-t.build/Objects-normal/arm64/SWXMLHash.swiftsourceinfo (in target 'SWXMLHash' from project 'SWXMLHash')
cd /Users/admin/builder/spi-builder-workspace/.dependencies/checkouts/SWXMLHash
builtin-copy -exclude .DS_Store -exclude CVS -exclude .svn -exclude .git -exclude .hg -resolve-src-symlinks -rename /Users/admin/builder/spi-builder-workspace/.derivedData/Build/Intermediates.noindex/SWXMLHash.build/Debug-watchos/SWXMLHash-t.build/Objects-normal/arm64/SWXMLHash.swiftsourceinfo /Users/admin/builder/spi-builder-workspace/.derivedData/Build/Products/Debug-watchos/SWXMLHash.swiftmodule/Project/arm64-apple-watchos.swiftsourceinfo
SwiftExplicitDependencyGeneratePcm arm64 /Users/admin/builder/spi-builder-workspace/.derivedData/SDKExplicitPrecompiledModules/_Builtin_stdint-8XMILLJZEGRN2XG7XZUXZ5RLX.pcm
SwiftExplicitDependencyGeneratePcm arm64 /Users/admin/builder/spi-builder-workspace/.derivedData/SDKExplicitPrecompiledModules/string_h-E6PRXK75PHIPCZFWOFCQ3QBMK.pcm
SwiftExplicitDependencyGeneratePcm arm64 /Users/admin/builder/spi-builder-workspace/.derivedData/SDKExplicitPrecompiledModules/sys_types-2KXQLI78OUCDP779AE68GZJ2.pcm
SwiftExplicitDependencyGeneratePcm arm64_32 /Users/admin/builder/spi-builder-workspace/.derivedData/SDKExplicitPrecompiledModules/sys_types-8TLLMW08ZJWDGIIPKOYFGHHZW.pcm
SwiftExplicitDependencyGeneratePcm arm64_32 /Users/admin/builder/spi-builder-workspace/.derivedData/SDKExplicitPrecompiledModules/_Builtin_stdint-1HMXWI3V0V4TXHRWZOMZGZ80Y.pcm
SwiftExplicitDependencyGeneratePcm arm64_32 /Users/admin/builder/spi-builder-workspace/.derivedData/SDKExplicitPrecompiledModules/string_h-BFVLUQUSBZWYMLCU9QI7VZALW.pcm
SwiftExplicitDependencyGeneratePcm arm64 /Users/admin/builder/spi-builder-workspace/.derivedData/SDKExplicitPrecompiledModules/_DarwinFoundation3-B97LRG0E9GON2NUE65TVG81HU.pcm
SwiftExplicitDependencyGeneratePcm arm64_32 /Users/admin/builder/spi-builder-workspace/.derivedData/SDKExplicitPrecompiledModules/_DarwinFoundation3-3DUTYQDQSD9HUAAVY947NMWOI.pcm
SwiftExplicitDependencyGeneratePcm arm64 /Users/admin/builder/spi-builder-workspace/.derivedData/SDKExplicitPrecompiledModules/_Builtin_inttypes-3UQSCM7WNM9EK4HZML8TY5J3D.pcm
SwiftExplicitDependencyGeneratePcm arm64_32 /Users/admin/builder/spi-builder-workspace/.derivedData/SDKExplicitPrecompiledModules/_Builtin_inttypes-D2KPCR4PEX9AQA33NGLUT5SBR.pcm
SwiftExplicitDependencyGeneratePcm arm64 /Users/admin/builder/spi-builder-workspace/.derivedData/SDKExplicitPrecompiledModules/Darwin-3984OXKFNSPE77NT743WK8SEX.pcm
SwiftExplicitDependencyGeneratePcm arm64_32 /Users/admin/builder/spi-builder-workspace/.derivedData/SDKExplicitPrecompiledModules/Darwin-3FVT1SKLN2ZQ5RVOABMTQBB34.pcm
SwiftDriverJobDiscovery normal arm64_32 Compiling shim.swift (in target 'SWXMLHash' from project 'SWXMLHash')
SwiftDriverJobDiscovery normal arm64 Compiling shim.swift (in target 'SWXMLHash' from project 'SWXMLHash')
SwiftExplicitDependencyGeneratePcm arm64 /Users/admin/builder/spi-builder-workspace/.derivedData/SDKExplicitPrecompiledModules/ObjectiveC-72IVD3VS2RS8Q28D9PIMY0KQP.pcm
SwiftExplicitDependencyGeneratePcm arm64_32 /Users/admin/builder/spi-builder-workspace/.derivedData/SDKExplicitPrecompiledModules/ObjectiveC-6IJNELR2E80E7LUKESVCP2KET.pcm
SwiftExplicitDependencyGeneratePcm arm64 /Users/admin/builder/spi-builder-workspace/.derivedData/SDKExplicitPrecompiledModules/os_object-3SDKD7F87FTZ26OON37DRYT6O.pcm
SwiftExplicitDependencyGeneratePcm arm64_32 /Users/admin/builder/spi-builder-workspace/.derivedData/SDKExplicitPrecompiledModules/os_object-5YWTC6L4756IWSTPGXS5NM0D0.pcm
SwiftExplicitDependencyGeneratePcm arm64 /Users/admin/builder/spi-builder-workspace/.derivedData/SDKExplicitPrecompiledModules/os_workgroup-89GG5G7YC2D0ZTK6AZXXQ20DH.pcm
SwiftExplicitDependencyGeneratePcm arm64_32 /Users/admin/builder/spi-builder-workspace/.derivedData/SDKExplicitPrecompiledModules/os_workgroup-5JHTPDMNBUNHLJI8LPHKQK1JK.pcm
SwiftExplicitDependencyGeneratePcm arm64 /Users/admin/builder/spi-builder-workspace/.derivedData/SDKExplicitPrecompiledModules/Dispatch-1NLJOVAK60XP0DUB05XA59EIM.pcm
SwiftExplicitDependencyGeneratePcm arm64_32 /Users/admin/builder/spi-builder-workspace/.derivedData/SDKExplicitPrecompiledModules/Dispatch-2P62F1T4XV63S4P99TUDTOK2Q.pcm
SwiftExplicitDependencyGeneratePcm arm64 /Users/admin/builder/spi-builder-workspace/.derivedData/SDKExplicitPrecompiledModules/XPC-40DR0X1DHKGCV4J1IOLFS8MOU.pcm
SwiftExplicitDependencyGeneratePcm arm64 /Users/admin/builder/spi-builder-workspace/.derivedData/SDKExplicitPrecompiledModules/CoreFoundation-8T2L24YC5NU7WO6WQJWRY7W08.pcm
SwiftExplicitDependencyGeneratePcm arm64_32 /Users/admin/builder/spi-builder-workspace/.derivedData/SDKExplicitPrecompiledModules/CoreFoundation-8E6Y4BA3EXYKUGJ24GT9LGV3N.pcm
SwiftExplicitDependencyGeneratePcm arm64_32 /Users/admin/builder/spi-builder-workspace/.derivedData/SDKExplicitPrecompiledModules/XPC-81Y45QFY96XYYFCW2GT6FY8S4.pcm
SwiftExplicitDependencyGeneratePcm arm64 /Users/admin/builder/spi-builder-workspace/.derivedData/SDKExplicitPrecompiledModules/Security-6RZ6YBRU8WCUHRFFRVUK5WKMM.pcm
SwiftExplicitDependencyGeneratePcm arm64_32 /Users/admin/builder/spi-builder-workspace/.derivedData/SDKExplicitPrecompiledModules/Security-D7TOWF88VWF67TB9HAFP5UWB1.pcm
SwiftExplicitDependencyGeneratePcm arm64 /Users/admin/builder/spi-builder-workspace/.derivedData/SDKExplicitPrecompiledModules/Foundation-DLBKUSGXN8QHAT8W0OARR9S8A.pcm
SwiftExplicitDependencyGeneratePcm arm64_32 /Users/admin/builder/spi-builder-workspace/.derivedData/SDKExplicitPrecompiledModules/Foundation-BJ2VQGI3OGR34500MEQ1VKHPH.pcm
SwiftCompile normal arm64 Compiling\ Errors.swift /Users/admin/builder/spi-builder-workspace/.dependencies/checkouts/Commandant/Sources/Commandant/Errors.swift (in target 'Commandant' from project 'Commandant')
SwiftCompile normal arm64 /Users/admin/builder/spi-builder-workspace/.dependencies/checkouts/Commandant/Sources/Commandant/Errors.swift (in target 'Commandant' from project 'Commandant')
cd /Users/admin/builder/spi-builder-workspace/.swiftpm/xcode
builtin-SwiftPerFileCompile Errors.swift
SwiftCompile normal arm64 Compiling\ Option.swift /Users/admin/builder/spi-builder-workspace/.dependencies/checkouts/Commandant/Sources/Commandant/Option.swift (in target 'Commandant' from project 'Commandant')
SwiftCompile normal arm64 /Users/admin/builder/spi-builder-workspace/.dependencies/checkouts/Commandant/Sources/Commandant/Option.swift (in target 'Commandant' from project 'Commandant')
cd /Users/admin/builder/spi-builder-workspace/.swiftpm/xcode
builtin-SwiftPerFileCompile Option.swift
SwiftCompile normal arm64 Compiling\ Result+Additions.swift /Users/admin/builder/spi-builder-workspace/.dependencies/checkouts/Commandant/Sources/Commandant/Result+Additions.swift (in target 'Commandant' from project 'Commandant')
SwiftCompile normal arm64 /Users/admin/builder/spi-builder-workspace/.dependencies/checkouts/Commandant/Sources/Commandant/Result+Additions.swift (in target 'Commandant' from project 'Commandant')
cd /Users/admin/builder/spi-builder-workspace/.swiftpm/xcode
builtin-SwiftPerFileCompile Result+Additions.swift
SwiftEmitModule normal arm64 Emitting\ module\ for\ Commandant (in target 'Commandant' from project 'Commandant')
SwiftCompile normal arm64 (in target 'Commandant' from project 'Commandant')
cd /Users/admin/builder/spi-builder-workspace/.swiftpm/xcode
SwiftCompile normal arm64 Compiling\ Command.swift /Users/admin/builder/spi-builder-workspace/.dependencies/checkouts/Commandant/Sources/Commandant/Command.swift (in target 'Commandant' from project 'Commandant')
/Users/admin/builder/spi-builder-workspace/.dependencies/checkouts/Commandant/Sources/Commandant/Command.swift:206:15: error: cannot find 'Process' in scope
204 |
205 | func launchTask(_ path: String, arguments: [String]) -> Int32 {
206 | let task = Process()
| `- error: cannot find 'Process' in scope
207 | task.arguments = arguments
208 |
Failed frontend command:
/Applications/Xcode-27.0.0-Release.Candidate.app/Contents/Developer/Toolchains/XcodeDefault.xctoolchain/usr/bin/swift-frontend -frontend -c /Users/admin/builder/spi-builder-workspace/.dependencies/checkouts/Commandant/Sources/Commandant/Argument.swift /Users/admin/builder/spi-builder-workspace/.dependencies/checkouts/Commandant/Sources/Commandant/ArgumentParser.swift /Users/admin/builder/spi-builder-workspace/.dependencies/checkouts/Commandant/Sources/Commandant/ArgumentProtocol.swift -primary-file /Users/admin/builder/spi-builder-workspace/.dependencies/checkouts/Commandant/Sources/Commandant/Command.swift /Users/admin/builder/spi-builder-workspace/.dependencies/checkouts/Commandant/Sources/Commandant/Errors.swift /Users/admin/builder/spi-builder-workspace/.dependencies/checkouts/Commandant/Sources/Commandant/HelpCommand.swift /Users/admin/builder/spi-builder-workspace/.dependencies/checkouts/Commandant/Sources/Commandant/Option.swift /Users/admin/builder/spi-builder-workspace/.dependencies/checkouts/Commandant/Sources/Commandant/OrderedSet.swift /Users/admin/builder/spi-builder-workspace/.dependencies/checkouts/Commandant/Sources/Commandant/Result+Additions.swift /Users/admin/builder/spi-builder-workspace/.dependencies/checkouts/Commandant/Sources/Commandant/Switch.swift -emit-dependencies-path /Users/admin/builder/spi-builder-workspace/.derivedData/Build/Intermediates.noindex/Commandant.build/Debug-watchos/Commandant-t.build/Objects-normal/arm64/Command.d -emit-const-values-path /Users/admin/builder/spi-builder-workspace/.derivedData/Build/Intermediates.noindex/Commandant.build/Debug-watchos/Commandant-t.build/Objects-normal/arm64/Command.swiftconstvalues -emit-reference-dependencies-path /Users/admin/builder/spi-builder-workspace/.derivedData/Build/Intermediates.noindex/Commandant.build/Debug-watchos/Commandant-t.build/Objects-normal/arm64/Command.swiftdeps -serialize-diagnostics-path /Users/admin/builder/spi-builder-workspace/.derivedData/Build/Intermediates.noindex/Commandant.build/Debug-watchos/Commandant-t.build/Objects-normal/arm64/Command.dia -target arm64-apple-watchos9.0 -module-can-import-version Darwin 428.0.10 0 -disable-cross-import-overlay-search -load-resolved-plugin /Applications/Xcode-27.0.0-Release.Candidate.app/Contents/Developer/Platforms/WatchOS.platform/Developer/usr/lib/swift/host/plugins/libFoundationMacros.dylib\#/Applications/Xcode-27.0.0-Release.Candidate.app/Contents/Developer/Platforms/WatchOS.platform/Developer/usr/bin/swift-plugin-server\#FoundationMacros -load-resolved-plugin /Applications/Xcode-27.0.0-Release.Candidate.app/Contents/Developer/Platforms/WatchOS.platform/Developer/usr/lib/swift/host/plugins/libObservationMacros.dylib\#/Applications/Xcode-27.0.0-Release.Candidate.app/Contents/Developer/Platforms/WatchOS.platform/Developer/usr/bin/swift-plugin-server\#ObservationMacros -load-resolved-plugin /Applications/Xcode-27.0.0-Release.Candidate.app/Contents/Developer/Platforms/WatchOS.platform/Developer/usr/lib/swift/host/plugins/libSwiftMacros.dylib\#/Applications/Xcode-27.0.0-Release.Candidate.app/Contents/Developer/Platforms/WatchOS.platform/Developer/usr/bin/swift-plugin-server\#SwiftMacros -disable-implicit-swift-modules -Xcc -fno-implicit-modules -Xcc -fno-implicit-module-maps -explicit-swift-module-map-file /Users/admin/builder/spi-builder-workspace/.derivedData/Build/Intermediates.noindex/Commandant.build/Debug-watchos/Commandant-t.build/Objects-normal/arm64/Commandant-dependencies-1.json -Xllvm -aarch64-use-tbi -enable-objc-interop -stack-check -sdk /Applications/Xcode-27.0.0-Release.Candidate.app/Contents/Developer/Platforms/WatchOS.platform/Developer/SDKs/WatchOS27.0.sdk -I /Users/admin/builder/spi-builder-workspace/.derivedData/Build/Products/Debug-watchos -Isystem /Applications/Xcode-27.0.0-Release.Candidate.app/Contents/Developer/Platforms/WatchOS.platform/Developer/usr/lib -F /Users/admin/builder/spi-builder-workspace/.derivedData/Build/Products/Debug-watchos -F /Applications/Xcode-27.0.0-Release.Candidate.app/Contents/Developer/Platforms/WatchOS.platform/Developer/Library/Frameworks -F /Applications/Xcode-27.0.0-Release.Candidate.app/Contents/Developer/Platforms/WatchOS.platform/Developer/SDKs/WatchOS27.0.sdk/Developer/Library/Frameworks -module-cache-path /Users/admin/builder/spi-builder-workspace/.derivedData/Build/Intermediates.noindex/SwiftExplicitPrecompiledModules -no-color-diagnostics -Xcc -fno-color-diagnostics -enable-testing -g -debug-info-format\=dwarf -dwarf-version\=4 -suppress-warnings -profile-generate -profile-coverage-mapping -swift-version 5 -Onone -D SWIFT_PACKAGE -D DEBUG -D SWIFT_MODULE_RESOURCE_BUNDLE_UNAVAILABLE -D Xcode -serialize-debugging-options -enable-experimental-feature DebugDescriptionMacro -empty-abi-descriptor -validate-clang-modules-once -clang-build-session-file /Users/admin/builder/spi-builder-workspace/.derivedData/ModuleCache.noindex/Session.modulevalidation -Xcc -working-directory -Xcc /Users/admin/builder/spi-builder-workspace/.swiftpm/xcode -enable-anonymous-context-mangled-names -file-compilation-dir /Users/admin/builder/spi-builder-workspace/.swiftpm/xcode -Xcc -D_LIBCPP_HARDENING_MODE\=_LIBCPP_HARDENING_MODE_DEBUG -Xcc -ivfsstatcache -Xcc /Users/admin/builder/spi-builder-workspace/.derivedData/SDKStatCaches.noindex/watchos27.0-24R360-e829b21a6f8c9b70876ba0858053c04477534ef55a1706bf4c1112bbb242f0a2.sdkstatcache -Xcc -fmodules-prune-interval\=86400 -Xcc -fmodules-prune-after\=345600 -Xcc -I/Users/admin/builder/spi-builder-workspace/.derivedData/Build/Products/Debug-watchos/include -Xcc -I/Users/admin/builder/spi-builder-workspace/.derivedData/Build/Intermediates.noindex/Commandant.build/Debug-watchos/Commandant-t.build/DerivedSources-normal/arm64 -Xcc -I/Users/admin/builder/spi-builder-workspace/.derivedData/Build/Intermediates.noindex/Commandant.build/Debug-watchos/Commandant-t.build/DerivedSources/arm64 -Xcc -I/Users/admin/builder/spi-builder-workspace/.derivedData/Build/Intermediates.noindex/Commandant.build/Debug-watchos/Commandant-t.build/DerivedSources -Xcc -DSWIFT_PACKAGE -Xcc -DDEBUG\=1 -no-auto-bridging-header-chaining -module-name Commandant -const-gather-protocols-file /Users/admin/builder/spi-builder-workspace/.derivedData/Build/Intermediates.noindex/Commandant.build/Debug-watchos/Commandant-t.build/Objects-normal/arm64/Commandant_const_extract_protocols.json -disable-clang-spi -clang-target arm64-apple-watchos27.0 -target-sdk-version 27.0 -target-sdk-name watchos27.0 -in-process-plugin-server-path /Applications/Xcode-27.0.0-Release.Candidate.app/Contents/Developer/Toolchains/XcodeDefault.xctoolchain/usr/lib/swift/host/libSwiftInProcPluginServer.dylib -parse-as-library -o /Users/admin/builder/spi-builder-workspace/.derivedData/Build/Intermediates.noindex/Commandant.build/Debug-watchos/Commandant-t.build/Objects-normal/arm64/Command.o -debug-module-path /Users/admin/builder/spi-builder-workspace/.derivedData/Build/Intermediates.noindex/Commandant.build/Debug-watchos/Commandant-t.build/Objects-normal/arm64/Commandant.swiftmodule -index-unit-output-path /Commandant.build/Debug-watchos/Commandant-t.build/Objects-normal/arm64/Command.o -index-store-path /Users/admin/builder/spi-builder-workspace/.derivedData/Index.noindex/DataStore -index-system-modules
SwiftCompile normal arm64 /Users/admin/builder/spi-builder-workspace/.dependencies/checkouts/Commandant/Sources/Commandant/Command.swift (in target 'Commandant' from project 'Commandant')
cd /Users/admin/builder/spi-builder-workspace/.swiftpm/xcode
builtin-SwiftPerFileCompile Command.swift
SwiftCompile normal arm64 Compiling\ ArgumentParser.swift /Users/admin/builder/spi-builder-workspace/.dependencies/checkouts/Commandant/Sources/Commandant/ArgumentParser.swift (in target 'Commandant' from project 'Commandant')
SwiftCompile normal arm64 /Users/admin/builder/spi-builder-workspace/.dependencies/checkouts/Commandant/Sources/Commandant/ArgumentParser.swift (in target 'Commandant' from project 'Commandant')
cd /Users/admin/builder/spi-builder-workspace/.swiftpm/xcode
builtin-SwiftPerFileCompile ArgumentParser.swift
SwiftDriverJobDiscovery normal arm64 Compiling XMLIndexer+XMLIndexerDeserializable.swift (in target 'SWXMLHash' from project 'SWXMLHash')
SwiftCompile normal arm64 Compiling\ HelpCommand.swift /Users/admin/builder/spi-builder-workspace/.dependencies/checkouts/Commandant/Sources/Commandant/HelpCommand.swift (in target 'Commandant' from project 'Commandant')
SwiftCompile normal arm64 /Users/admin/builder/spi-builder-workspace/.dependencies/checkouts/Commandant/Sources/Commandant/HelpCommand.swift (in target 'Commandant' from project 'Commandant')
cd /Users/admin/builder/spi-builder-workspace/.swiftpm/xcode
builtin-SwiftPerFileCompile HelpCommand.swift
SwiftDriverJobDiscovery normal arm64_32 Compiling XMLIndexer+XMLIndexerDeserializable.swift (in target 'SWXMLHash' from project 'SWXMLHash')
SwiftCompile normal arm64 Compiling\ Switch.swift /Users/admin/builder/spi-builder-workspace/.dependencies/checkouts/Commandant/Sources/Commandant/Switch.swift (in target 'Commandant' from project 'Commandant')
SwiftCompile normal arm64 /Users/admin/builder/spi-builder-workspace/.dependencies/checkouts/Commandant/Sources/Commandant/Switch.swift (in target 'Commandant' from project 'Commandant')
cd /Users/admin/builder/spi-builder-workspace/.swiftpm/xcode
builtin-SwiftPerFileCompile Switch.swift
SwiftEmitModule normal arm64_32 Emitting\ module\ for\ Commandant (in target 'Commandant' from project 'Commandant')
SwiftCompile normal arm64_32 (in target 'Commandant' from project 'Commandant')
cd /Users/admin/builder/spi-builder-workspace/.swiftpm/xcode
SwiftDriverJobDiscovery normal arm64 Compiling SWXMLHash.swift (in target 'SWXMLHash' from project 'SWXMLHash')
SwiftDriver\ Compilation SWXMLHash normal arm64 com.apple.xcode.tools.swift.compiler (in target 'SWXMLHash' from project 'SWXMLHash')
cd /Users/admin/builder/spi-builder-workspace/.swiftpm/xcode
builtin-Swift-Compilation -- /Applications/Xcode-27.0.0-Release.Candidate.app/Contents/Developer/Toolchains/XcodeDefault.xctoolchain/usr/bin/swiftc -parse-as-library -module-name SWXMLHash -Onone @/Users/admin/builder/spi-builder-workspace/.derivedData/Build/Intermediates.noindex/SWXMLHash.build/Debug-watchos/SWXMLHash-t.build/Objects-normal/arm64/SWXMLHash.SwiftFileList -DSWIFT_PACKAGE -DDEBUG -DSWIFT_MODULE_RESOURCE_BUNDLE_UNAVAILABLE -DXcode -plugin-path /Applications/Xcode-27.0.0-Release.Candidate.app/Contents/Developer/Toolchains/XcodeDefault.xctoolchain/usr/lib/swift/host/plugins/testing -enable-experimental-feature DebugDescriptionMacro -sdk /Applications/Xcode-27.0.0-Release.Candidate.app/Contents/Developer/Platforms/WatchOS.platform/Developer/SDKs/WatchOS27.0.sdk -target arm64-apple-watchos9.0 -g -module-cache-path /Users/admin/builder/spi-builder-workspace/.derivedData/ModuleCache.noindex -Xfrontend -serialize-debugging-options -profile-coverage-mapping -profile-generate -enable-testing -suppress-warnings -index-store-path /Users/admin/builder/spi-builder-workspace/.derivedData/Index.noindex/DataStore -Xcc -D_LIBCPP_HARDENING_MODE\=_LIBCPP_HARDENING_MODE_DEBUG -swift-version 4 -I /Users/admin/builder/spi-builder-workspace/.derivedData/Build/Products/Debug-watchos -Isystem /Applications/Xcode-27.0.0-Release.Candidate.app/Contents/Developer/Platforms/WatchOS.platform/Developer/usr/lib -F /Users/admin/builder/spi-builder-workspace/.derivedData/Build/Products/Debug-watchos -F /Applications/Xcode-27.0.0-Release.Candidate.app/Contents/Developer/Platforms/WatchOS.platform/Developer/Library/Frameworks -F /Applications/Xcode-27.0.0-Release.Candidate.app/Contents/Developer/Platforms/WatchOS.platform/Developer/SDKs/WatchOS27.0.sdk/Developer/Library/Frameworks -c -j10 -enable-batch-mode -incremental -Xcc -ivfsstatcache -Xcc /Users/admin/builder/spi-builder-workspace/.derivedData/SDKStatCaches.noindex/watchos27.0-24R360-e829b21a6f8c9b70876ba0858053c04477534ef55a1706bf4c1112bbb242f0a2.sdkstatcache -output-file-map /Users/admin/builder/spi-builder-workspace/.derivedData/Build/Intermediates.noindex/SWXMLHash.build/Debug-watchos/SWXMLHash-t.build/Objects-normal/arm64/SWXMLHash-OutputFileMap.json -save-temps -no-color-diagnostics -emit-dependencies -emit-module -emit-module-path /Users/admin/builder/spi-builder-workspace/.derivedData/Build/Intermediates.noindex/SWXMLHash.build/Debug-watchos/SWXMLHash-t.build/Objects-normal/arm64/SWXMLHash.swiftmodule -serialize-diagnostics -validate-clang-modules-once -clang-build-session-file /Users/admin/builder/spi-builder-workspace/.derivedData/ModuleCache.noindex/Session.modulevalidation -Xcc -fmodules-prune-interval\=86400 -Xcc -fmodules-prune-after\=345600 -emit-const-values -const-gather-protocols-list /Users/admin/builder/spi-builder-workspace/.derivedData/Build/Intermediates.noindex/SWXMLHash.build/Debug-watchos/SWXMLHash-t.build/Objects-normal/arm64/SWXMLHash_const_extract_protocols.json -Xcc -I/Users/admin/builder/spi-builder-workspace/.derivedData/Build/Products/Debug-watchos/include -Xcc -I/Users/admin/builder/spi-builder-workspace/.derivedData/Build/Intermediates.noindex/SWXMLHash.build/Debug-watchos/SWXMLHash-t.build/DerivedSources-normal/arm64 -Xcc -I/Users/admin/builder/spi-builder-workspace/.derivedData/Build/Intermediates.noindex/SWXMLHash.build/Debug-watchos/SWXMLHash-t.build/DerivedSources/arm64 -Xcc -I/Users/admin/builder/spi-builder-workspace/.derivedData/Build/Intermediates.noindex/SWXMLHash.build/Debug-watchos/SWXMLHash-t.build/DerivedSources -Xcc -DSWIFT_PACKAGE -Xcc -DDEBUG\=1 -emit-objc-header -emit-objc-header-path /Users/admin/builder/spi-builder-workspace/.derivedData/Build/Intermediates.noindex/SWXMLHash.build/Debug-watchos/SWXMLHash-t.build/Objects-normal/arm64/SWXMLHash-Swift.h -working-directory /Users/admin/builder/spi-builder-workspace/.swiftpm/xcode -experimental-emit-module-separately -disable-cmo
SwiftDriverJobDiscovery normal arm64_32 Compiling SWXMLHash.swift (in target 'SWXMLHash' from project 'SWXMLHash')
SwiftCompile normal arm64_32 Compiling\ Argument.swift /Users/admin/builder/spi-builder-workspace/.dependencies/checkouts/Commandant/Sources/Commandant/Argument.swift (in target 'Commandant' from project 'Commandant')
SwiftCompile normal arm64_32 /Users/admin/builder/spi-builder-workspace/.dependencies/checkouts/Commandant/Sources/Commandant/Argument.swift (in target 'Commandant' from project 'Commandant')
cd /Users/admin/builder/spi-builder-workspace/.swiftpm/xcode
builtin-SwiftPerFileCompile Argument.swift
Ld /Users/admin/builder/spi-builder-workspace/.derivedData/Build/Intermediates.noindex/SWXMLHash.build/Debug-watchos/SWXMLHash-t.build/Objects-normal/arm64/Binary/SWXMLHash.o normal arm64 (in target 'SWXMLHash' from project 'SWXMLHash')
cd /Users/admin/builder/spi-builder-workspace/.dependencies/checkouts/SWXMLHash
/Applications/Xcode-27.0.0-Release.Candidate.app/Contents/Developer/Toolchains/XcodeDefault.xctoolchain/usr/bin/clang -Xlinker -reproducible -target arm64-apple-watchos9.0 -r -isysroot /Applications/Xcode-27.0.0-Release.Candidate.app/Contents/Developer/Platforms/WatchOS.platform/Developer/SDKs/WatchOS27.0.sdk -O0 -w -Xlinker -no_warn_duplicate_libraries -F/Users/admin/builder/spi-builder-workspace/.derivedData/Build/Intermediates.noindex/EagerLinkingTBDs/Debug-watchos -F/Users/admin/builder/spi-builder-workspace/.derivedData/Build/Products/Debug-watchos -iframework /Applications/Xcode-27.0.0-Release.Candidate.app/Contents/Developer/Platforms/WatchOS.platform/Developer/Library/Frameworks -iframework /Applications/Xcode-27.0.0-Release.Candidate.app/Contents/Developer/Platforms/WatchOS.platform/Developer/SDKs/WatchOS27.0.sdk/Developer/Library/Frameworks -filelist /Users/admin/builder/spi-builder-workspace/.derivedData/Build/Intermediates.noindex/SWXMLHash.build/Debug-watchos/SWXMLHash-t.build/Objects-normal/arm64/SWXMLHash.LinkFileList -nostdlib -Xlinker -object_path_lto -Xlinker /Users/admin/builder/spi-builder-workspace/.derivedData/Build/Intermediates.noindex/SWXMLHash.build/Debug-watchos/SWXMLHash-t.build/Objects-normal/arm64/SWXMLHash_lto.o -Xlinker -no_deduplicate -Xlinker -debug_variant -Xlinker -dependency_info -Xlinker /Users/admin/builder/spi-builder-workspace/.derivedData/Build/Intermediates.noindex/SWXMLHash.build/Debug-watchos/SWXMLHash-t.build/Objects-normal/arm64/SWXMLHash_dependency_info.dat -fobjc-link-runtime -L/Applications/Xcode-27.0.0-Release.Candidate.app/Contents/Developer/Toolchains/XcodeDefault.xctoolchain/usr/lib/swift/watchos -L/usr/lib/swift -Xlinker -add_ast_path -Xlinker /Users/admin/builder/spi-builder-workspace/.derivedData/Build/Intermediates.noindex/SWXMLHash.build/Debug-watchos/SWXMLHash-t.build/Objects-normal/arm64/SWXMLHash.swiftmodule -o /Users/admin/builder/spi-builder-workspace/.derivedData/Build/Intermediates.noindex/SWXMLHash.build/Debug-watchos/SWXMLHash-t.build/Objects-normal/arm64/Binary/SWXMLHash.o
SwiftDriverJobDiscovery normal arm64 Compiling Result+Additions.swift (in target 'Commandant' from project 'Commandant')
PruneExplicitPrecompiledModules /Users/admin/builder/spi-builder-workspace/.derivedData/SDKExplicitPrecompiledModules
PruneExplicitPrecompiledModules /Users/admin/builder/spi-builder-workspace/.derivedData/Build/Intermediates.noindex/SwiftExplicitPrecompiledModules
PruneExplicitPrecompiledModules /Users/admin/builder/spi-builder-workspace/.derivedData/Build/Intermediates.noindex/ExplicitPrecompiledModules
2026-09-15 23:13:04.105 xcodebuild[804:4783] [MT] IDERunDestination: Supported platforms for the buildables in the current scheme is empty.
2026-09-15 23:13:04.249 xcodebuild[804:4783] [MT] IDERunDestination: Supported platforms for the buildables in the current scheme is empty.
** BUILD FAILED **
The following build commands failed:
SwiftCompile normal arm64 Compiling\ Command.swift /Users/admin/builder/spi-builder-workspace/.dependencies/checkouts/Commandant/Sources/Commandant/Command.swift (in target 'Commandant' from project 'Commandant')
SwiftCompile normal arm64 /Users/admin/builder/spi-builder-workspace/.dependencies/checkouts/Commandant/Sources/Commandant/Command.swift (in target 'Commandant' from project 'Commandant')
Building workspace Toybox with scheme Toybox-Package
(3 failures)
Command line invocation:
/Applications/Xcode-27.0.0-Release.Candidate.app/Contents/Developer/usr/bin/xcodebuild -IDEClonedSourcePackagesDirPathOverride=/Users/admin/builder/spi-builder-workspace/.dependencies -resolvePackageDependencies
Resolve Package Graph
Resolved source packages:
Commandant: https://github.com/Carthage/Commandant.git @ 0.18.0
SWXMLHash: https://github.com/drmohundro/SWXMLHash.git @ 4.9.0
Toybox: /Users/admin/builder/spi-builder-workspace
resolved source packages: Commandant, SWXMLHash, Toybox
2026-09-15 23:13:11.177 xcodebuild[911:5294] [MT] IDERunDestination: Supported platforms for the buildables in the current scheme is empty.
2026-09-15 23:13:11.281 xcodebuild[911:5294] [MT] IDERunDestination: Supported platforms for the buildables in the current scheme is empty.
{
"dependencies" : [
{
"identity" : "swxmlhash",
"requirement" : {
"range" : [
{
"lower_bound" : "4.9.0",
"upper_bound" : "5.0.0"
}
]
},
"type" : "sourceControl",
"url" : "https://github.com/drmohundro/SWXMLHash.git"
},
{
"identity" : "commandant",
"requirement" : {
"range" : [
{
"lower_bound" : "0.17.0",
"upper_bound" : "1.0.0"
}
]
},
"type" : "sourceControl",
"url" : "https://github.com/Carthage/Commandant.git"
}
],
"manifest_display_name" : "Toybox",
"name" : "Toybox",
"path" : "/Users/admin/builder/spi-builder-workspace",
"platforms" : [
{
"name" : "macos",
"version" : "10.10"
}
],
"products" : [
{
"name" : "toybox",
"targets" : [
"toybox"
],
"type" : {
"executable" : null
}
},
{
"name" : "ToyboxKit",
"targets" : [
"ToyboxKit"
],
"type" : {
"library" : [
"automatic"
]
}
}
],
"swift_languages_versions" : [
"5"
],
"targets" : [
{
"c99name" : "toybox",
"module_type" : "SwiftTarget",
"name" : "toybox",
"path" : "Sources/toybox",
"product_dependencies" : [
"Commandant"
],
"product_memberships" : [
"toybox"
],
"sources" : [
"Commands/Create.swift",
"Commands/List.swift",
"Commands/Open.swift",
"Commands/Root.swift",
"Commands/Version.swift",
"main.swift"
],
"target_dependencies" : [
"ToyboxKit"
],
"type" : "executable"
},
{
"c99name" : "ToyboxKitTests",
"module_type" : "SwiftTarget",
"name" : "ToyboxKitTests",
"path" : "Tests/ToyboxKitTests",
"sources" : [
"HandlerTests.swift",
"PlaygroundTests.swift",
"XcodeFinderTests.swift"
],
"target_dependencies" : [
"toybox"
],
"type" : "test"
},
{
"c99name" : "ToyboxKit",
"module_type" : "SwiftTarget",
"name" : "ToyboxKit",
"path" : "Sources/ToyboxKit",
"product_dependencies" : [
"Commandant",
"SWXMLHash"
],
"product_memberships" : [
"toybox",
"ToyboxKit"
],
"sources" : [
"Errors.swift",
"Handler.swift",
"Playground.swift",
"PlaygroundBuilder.swift",
"Version.swift",
"XcodeFinder.swift"
],
"type" : "library"
}
],
"tools_version" : "5.0"
}
{
"workspace" : {
"name" : "Toybox",
"schemes" : [
"toybox",
"Toybox-Package",
"ToyboxKit"
]
}
}
2026-09-15 23:13:12.469 xcodebuild[919:5360] [MT] IDERunDestination: Supported platforms for the buildables in the current scheme is empty.
2026-09-15 23:13:12.572 xcodebuild[919:5360] [MT] IDERunDestination: Supported platforms for the buildables in the current scheme is empty.
Running build ...
env DEVELOPER_DIR=/Applications/Xcode-27.0.0-Release.Candidate.app xcrun xcodebuild -IDEClonedSourcePackagesDirPathOverride=$PWD/.dependencies -skipMacroValidation -skipPackagePluginValidation -derivedDataPath $PWD/.derivedData build -scheme Toybox-Package -destination generic/platform=watchOS
Command line invocation:
/Applications/Xcode-27.0.0-Release.Candidate.app/Contents/Developer/usr/bin/xcodebuild -IDEClonedSourcePackagesDirPathOverride=/Users/admin/builder/spi-builder-workspace/.dependencies -skipMacroValidation -skipPackagePluginValidation -derivedDataPath /Users/admin/builder/spi-builder-workspace/.derivedData build -scheme Toybox-Package -destination generic/platform=watchOS
Resolve Package Graph
Resolved source packages:
SWXMLHash: https://github.com/drmohundro/SWXMLHash.git @ 4.9.0
Toybox: /Users/admin/builder/spi-builder-workspace
Commandant: https://github.com/Carthage/Commandant.git @ 0.18.0
ComputePackagePrebuildTargetDependencyGraph
Prepare packages
CreateBuildRequest
SendProjectDescription
CreateBuildOperation
ComputeTargetDependencyGraph
note: Building targets in dependency order
note: Target dependency graph (7 targets)
Target 'toybox-product' in project 'Toybox'
➜ Explicit dependency on target 'ToyboxKit' in project 'Toybox'
➜ Explicit dependency on target 'Commandant-product' in project 'Commandant'
➜ Explicit dependency on target 'SWXMLHash-product' in project 'SWXMLHash'
Target 'ToyboxKit-product' in project 'Toybox'
➜ Explicit dependency on target 'ToyboxKit' in project 'Toybox'
➜ Explicit dependency on target 'Commandant-product' in project 'Commandant'
➜ Explicit dependency on target 'SWXMLHash-product' in project 'SWXMLHash'
Target 'ToyboxKit' in project 'Toybox'
➜ Explicit dependency on target 'Commandant-product' in project 'Commandant'
➜ Explicit dependency on target 'SWXMLHash-product' in project 'SWXMLHash'
Target 'SWXMLHash-product' in project 'SWXMLHash'
➜ Explicit dependency on target 'SWXMLHash' in project 'SWXMLHash'
Target 'SWXMLHash' in project 'SWXMLHash' (no dependencies)
Target 'Commandant-product' in project 'Commandant'
➜ Explicit dependency on target 'Commandant' in project 'Commandant'
Target 'Commandant' in project 'Commandant' (no dependencies)
GatherProvisioningInputs
CreateBuildDescription
ClangStatCache /Applications/Xcode-27.0.0-Release.Candidate.app/Contents/Developer/Toolchains/XcodeDefault.xctoolchain/usr/bin/clang-stat-cache /Applications/Xcode-27.0.0-Release.Candidate.app/Contents/Developer/Platforms/WatchOS.platform/Developer/SDKs/WatchOS27.0.sdk /Users/admin/builder/spi-builder-workspace/.derivedData/SDKStatCaches.noindex/watchos27.0-24R360-e829b21a6f8c9b70876ba0858053c04477534ef55a1706bf4c1112bbb242f0a2.sdkstatcache
cd /Users/admin/builder/spi-builder-workspace/.swiftpm/xcode
/Applications/Xcode-27.0.0-Release.Candidate.app/Contents/Developer/Toolchains/XcodeDefault.xctoolchain/usr/bin/clang-stat-cache /Applications/Xcode-27.0.0-Release.Candidate.app/Contents/Developer/Platforms/WatchOS.platform/Developer/SDKs/WatchOS27.0.sdk -o /Users/admin/builder/spi-builder-workspace/.derivedData/SDKStatCaches.noindex/watchos27.0-24R360-e829b21a6f8c9b70876ba0858053c04477534ef55a1706bf4c1112bbb242f0a2.sdkstatcache
SwiftDriver Commandant normal arm64_32 com.apple.xcode.tools.swift.compiler (in target 'Commandant' from project 'Commandant')
cd /Users/admin/builder/spi-builder-workspace/.swiftpm/xcode
builtin-SwiftDriver -- /Applications/Xcode-27.0.0-Release.Candidate.app/Contents/Developer/Toolchains/XcodeDefault.xctoolchain/usr/bin/swiftc -parse-as-library -module-name Commandant -Onone @/Users/admin/builder/spi-builder-workspace/.derivedData/Build/Intermediates.noindex/Commandant.build/Debug-watchos/Commandant-t.build/Objects-normal/arm64_32/Commandant.SwiftFileList -DSWIFT_PACKAGE -DDEBUG -DSWIFT_MODULE_RESOURCE_BUNDLE_UNAVAILABLE -DXcode -plugin-path /Applications/Xcode-27.0.0-Release.Candidate.app/Contents/Developer/Toolchains/XcodeDefault.xctoolchain/usr/lib/swift/host/plugins/testing -enable-experimental-feature DebugDescriptionMacro -sdk /Applications/Xcode-27.0.0-Release.Candidate.app/Contents/Developer/Platforms/WatchOS.platform/Developer/SDKs/WatchOS27.0.sdk -target arm64_32-apple-watchos9.0 -g -module-cache-path /Users/admin/builder/spi-builder-workspace/.derivedData/ModuleCache.noindex -Xfrontend -serialize-debugging-options -profile-coverage-mapping -profile-generate -enable-testing -suppress-warnings -index-store-path /Users/admin/builder/spi-builder-workspace/.derivedData/Index.noindex/DataStore -Xcc -D_LIBCPP_HARDENING_MODE\=_LIBCPP_HARDENING_MODE_DEBUG -swift-version 5 -I /Users/admin/builder/spi-builder-workspace/.derivedData/Build/Products/Debug-watchos -Isystem /Applications/Xcode-27.0.0-Release.Candidate.app/Contents/Developer/Platforms/WatchOS.platform/Developer/usr/lib -F /Users/admin/builder/spi-builder-workspace/.derivedData/Build/Products/Debug-watchos -F /Applications/Xcode-27.0.0-Release.Candidate.app/Contents/Developer/Platforms/WatchOS.platform/Developer/Library/Frameworks -F /Applications/Xcode-27.0.0-Release.Candidate.app/Contents/Developer/Platforms/WatchOS.platform/Developer/SDKs/WatchOS27.0.sdk/Developer/Library/Frameworks -c -j10 -enable-batch-mode -incremental -Xcc -ivfsstatcache -Xcc /Users/admin/builder/spi-builder-workspace/.derivedData/SDKStatCaches.noindex/watchos27.0-24R360-e829b21a6f8c9b70876ba0858053c04477534ef55a1706bf4c1112bbb242f0a2.sdkstatcache -output-file-map /Users/admin/builder/spi-builder-workspace/.derivedData/Build/Intermediates.noindex/Commandant.build/Debug-watchos/Commandant-t.build/Objects-normal/arm64_32/Commandant-OutputFileMap.json -save-temps -no-color-diagnostics -explicit-module-build -module-cache-path /Users/admin/builder/spi-builder-workspace/.derivedData/Build/Intermediates.noindex/SwiftExplicitPrecompiledModules -clang-scanner-module-cache-path /Users/admin/builder/spi-builder-workspace/.derivedData/ModuleCache.noindex -sdk-module-cache-path /Users/admin/builder/spi-builder-workspace/.derivedData/SDKExplicitPrecompiledModules -emit-dependencies -emit-module -emit-module-path /Users/admin/builder/spi-builder-workspace/.derivedData/Build/Intermediates.noindex/Commandant.build/Debug-watchos/Commandant-t.build/Objects-normal/arm64_32/Commandant.swiftmodule -serialize-diagnostics -dependency-scan-serialize-diagnostics-path /Users/admin/builder/spi-builder-workspace/.derivedData/Build/Intermediates.noindex/Commandant.build/Debug-watchos/Commandant-t.build/Objects-normal/arm64_32/Commandant-dependency-scan.dia -validate-clang-modules-once -clang-build-session-file /Users/admin/builder/spi-builder-workspace/.derivedData/ModuleCache.noindex/Session.modulevalidation -Xcc -fmodules-prune-interval\=86400 -Xcc -fmodules-prune-after\=345600 -emit-const-values -const-gather-protocols-list /Users/admin/builder/spi-builder-workspace/.derivedData/Build/Intermediates.noindex/Commandant.build/Debug-watchos/Commandant-t.build/Objects-normal/arm64_32/Commandant_const_extract_protocols.json -Xcc -I/Users/admin/builder/spi-builder-workspace/.derivedData/Build/Products/Debug-watchos/include -Xcc -I/Users/admin/builder/spi-builder-workspace/.derivedData/Build/Intermediates.noindex/Commandant.build/Debug-watchos/Commandant-t.build/DerivedSources-normal/arm64_32 -Xcc -I/Users/admin/builder/spi-builder-workspace/.derivedData/Build/Intermediates.noindex/Commandant.build/Debug-watchos/Commandant-t.build/DerivedSources/arm64_32 -Xcc -I/Users/admin/builder/spi-builder-workspace/.derivedData/Build/Intermediates.noindex/Commandant.build/Debug-watchos/Commandant-t.build/DerivedSources -Xcc -DSWIFT_PACKAGE -Xcc -DDEBUG\=1 -emit-objc-header -emit-objc-header-path /Users/admin/builder/spi-builder-workspace/.derivedData/Build/Intermediates.noindex/Commandant.build/Debug-watchos/Commandant-t.build/Objects-normal/arm64_32/Commandant-Swift.h -working-directory /Users/admin/builder/spi-builder-workspace/.swiftpm/xcode -experimental-emit-module-separately -disable-cmo
SwiftDriver SWXMLHash normal arm64_32 com.apple.xcode.tools.swift.compiler (in target 'SWXMLHash' from project 'SWXMLHash')
cd /Users/admin/builder/spi-builder-workspace/.swiftpm/xcode
builtin-SwiftDriver -- /Applications/Xcode-27.0.0-Release.Candidate.app/Contents/Developer/Toolchains/XcodeDefault.xctoolchain/usr/bin/swiftc -parse-as-library -module-name SWXMLHash -Onone @/Users/admin/builder/spi-builder-workspace/.derivedData/Build/Intermediates.noindex/SWXMLHash.build/Debug-watchos/SWXMLHash-t.build/Objects-normal/arm64_32/SWXMLHash.SwiftFileList -DSWIFT_PACKAGE -DDEBUG -DSWIFT_MODULE_RESOURCE_BUNDLE_UNAVAILABLE -DXcode -plugin-path /Applications/Xcode-27.0.0-Release.Candidate.app/Contents/Developer/Toolchains/XcodeDefault.xctoolchain/usr/lib/swift/host/plugins/testing -enable-experimental-feature DebugDescriptionMacro -sdk /Applications/Xcode-27.0.0-Release.Candidate.app/Contents/Developer/Platforms/WatchOS.platform/Developer/SDKs/WatchOS27.0.sdk -target arm64_32-apple-watchos9.0 -g -module-cache-path /Users/admin/builder/spi-builder-workspace/.derivedData/ModuleCache.noindex -Xfrontend -serialize-debugging-options -profile-coverage-mapping -profile-generate -enable-testing -suppress-warnings -index-store-path /Users/admin/builder/spi-builder-workspace/.derivedData/Index.noindex/DataStore -Xcc -D_LIBCPP_HARDENING_MODE\=_LIBCPP_HARDENING_MODE_DEBUG -swift-version 4 -I /Users/admin/builder/spi-builder-workspace/.derivedData/Build/Products/Debug-watchos -Isystem /Applications/Xcode-27.0.0-Release.Candidate.app/Contents/Developer/Platforms/WatchOS.platform/Developer/usr/lib -F /Users/admin/builder/spi-builder-workspace/.derivedData/Build/Products/Debug-watchos -F /Applications/Xcode-27.0.0-Release.Candidate.app/Contents/Developer/Platforms/WatchOS.platform/Developer/Library/Frameworks -F /Applications/Xcode-27.0.0-Release.Candidate.app/Contents/Developer/Platforms/WatchOS.platform/Developer/SDKs/WatchOS27.0.sdk/Developer/Library/Frameworks -c -j10 -enable-batch-mode -incremental -Xcc -ivfsstatcache -Xcc /Users/admin/builder/spi-builder-workspace/.derivedData/SDKStatCaches.noindex/watchos27.0-24R360-e829b21a6f8c9b70876ba0858053c04477534ef55a1706bf4c1112bbb242f0a2.sdkstatcache -output-file-map /Users/admin/builder/spi-builder-workspace/.derivedData/Build/Intermediates.noindex/SWXMLHash.build/Debug-watchos/SWXMLHash-t.build/Objects-normal/arm64_32/SWXMLHash-OutputFileMap.json -save-temps -no-color-diagnostics -emit-dependencies -emit-module -emit-module-path /Users/admin/builder/spi-builder-workspace/.derivedData/Build/Intermediates.noindex/SWXMLHash.build/Debug-watchos/SWXMLHash-t.build/Objects-normal/arm64_32/SWXMLHash.swiftmodule -serialize-diagnostics -validate-clang-modules-once -clang-build-session-file /Users/admin/builder/spi-builder-workspace/.derivedData/ModuleCache.noindex/Session.modulevalidation -Xcc -fmodules-prune-interval\=86400 -Xcc -fmodules-prune-after\=345600 -emit-const-values -const-gather-protocols-list /Users/admin/builder/spi-builder-workspace/.derivedData/Build/Intermediates.noindex/SWXMLHash.build/Debug-watchos/SWXMLHash-t.build/Objects-normal/arm64_32/SWXMLHash_const_extract_protocols.json -Xcc -I/Users/admin/builder/spi-builder-workspace/.derivedData/Build/Products/Debug-watchos/include -Xcc -I/Users/admin/builder/spi-builder-workspace/.derivedData/Build/Intermediates.noindex/SWXMLHash.build/Debug-watchos/SWXMLHash-t.build/DerivedSources-normal/arm64_32 -Xcc -I/Users/admin/builder/spi-builder-workspace/.derivedData/Build/Intermediates.noindex/SWXMLHash.build/Debug-watchos/SWXMLHash-t.build/DerivedSources/arm64_32 -Xcc -I/Users/admin/builder/spi-builder-workspace/.derivedData/Build/Intermediates.noindex/SWXMLHash.build/Debug-watchos/SWXMLHash-t.build/DerivedSources -Xcc -DSWIFT_PACKAGE -Xcc -DDEBUG\=1 -emit-objc-header -emit-objc-header-path /Users/admin/builder/spi-builder-workspace/.derivedData/Build/Intermediates.noindex/SWXMLHash.build/Debug-watchos/SWXMLHash-t.build/Objects-normal/arm64_32/SWXMLHash-Swift.h -working-directory /Users/admin/builder/spi-builder-workspace/.swiftpm/xcode -experimental-emit-module-separately -disable-cmo
SwiftDriver Commandant normal arm64 com.apple.xcode.tools.swift.compiler (in target 'Commandant' from project 'Commandant')
cd /Users/admin/builder/spi-builder-workspace/.swiftpm/xcode
builtin-SwiftDriver -- /Applications/Xcode-27.0.0-Release.Candidate.app/Contents/Developer/Toolchains/XcodeDefault.xctoolchain/usr/bin/swiftc -parse-as-library -module-name Commandant -Onone @/Users/admin/builder/spi-builder-workspace/.derivedData/Build/Intermediates.noindex/Commandant.build/Debug-watchos/Commandant-t.build/Objects-normal/arm64/Commandant.SwiftFileList -DSWIFT_PACKAGE -DDEBUG -DSWIFT_MODULE_RESOURCE_BUNDLE_UNAVAILABLE -DXcode -plugin-path /Applications/Xcode-27.0.0-Release.Candidate.app/Contents/Developer/Toolchains/XcodeDefault.xctoolchain/usr/lib/swift/host/plugins/testing -enable-experimental-feature DebugDescriptionMacro -sdk /Applications/Xcode-27.0.0-Release.Candidate.app/Contents/Developer/Platforms/WatchOS.platform/Developer/SDKs/WatchOS27.0.sdk -target arm64-apple-watchos9.0 -g -module-cache-path /Users/admin/builder/spi-builder-workspace/.derivedData/ModuleCache.noindex -Xfrontend -serialize-debugging-options -profile-coverage-mapping -profile-generate -enable-testing -suppress-warnings -index-store-path /Users/admin/builder/spi-builder-workspace/.derivedData/Index.noindex/DataStore -Xcc -D_LIBCPP_HARDENING_MODE\=_LIBCPP_HARDENING_MODE_DEBUG -swift-version 5 -I /Users/admin/builder/spi-builder-workspace/.derivedData/Build/Products/Debug-watchos -Isystem /Applications/Xcode-27.0.0-Release.Candidate.app/Contents/Developer/Platforms/WatchOS.platform/Developer/usr/lib -F /Users/admin/builder/spi-builder-workspace/.derivedData/Build/Products/Debug-watchos -F /Applications/Xcode-27.0.0-Release.Candidate.app/Contents/Developer/Platforms/WatchOS.platform/Developer/Library/Frameworks -F /Applications/Xcode-27.0.0-Release.Candidate.app/Contents/Developer/Platforms/WatchOS.platform/Developer/SDKs/WatchOS27.0.sdk/Developer/Library/Frameworks -c -j10 -enable-batch-mode -incremental -Xcc -ivfsstatcache -Xcc /Users/admin/builder/spi-builder-workspace/.derivedData/SDKStatCaches.noindex/watchos27.0-24R360-e829b21a6f8c9b70876ba0858053c04477534ef55a1706bf4c1112bbb242f0a2.sdkstatcache -output-file-map /Users/admin/builder/spi-builder-workspace/.derivedData/Build/Intermediates.noindex/Commandant.build/Debug-watchos/Commandant-t.build/Objects-normal/arm64/Commandant-OutputFileMap.json -save-temps -no-color-diagnostics -explicit-module-build -module-cache-path /Users/admin/builder/spi-builder-workspace/.derivedData/Build/Intermediates.noindex/SwiftExplicitPrecompiledModules -clang-scanner-module-cache-path /Users/admin/builder/spi-builder-workspace/.derivedData/ModuleCache.noindex -sdk-module-cache-path /Users/admin/builder/spi-builder-workspace/.derivedData/SDKExplicitPrecompiledModules -emit-dependencies -emit-module -emit-module-path /Users/admin/builder/spi-builder-workspace/.derivedData/Build/Intermediates.noindex/Commandant.build/Debug-watchos/Commandant-t.build/Objects-normal/arm64/Commandant.swiftmodule -serialize-diagnostics -dependency-scan-serialize-diagnostics-path /Users/admin/builder/spi-builder-workspace/.derivedData/Build/Intermediates.noindex/Commandant.build/Debug-watchos/Commandant-t.build/Objects-normal/arm64/Commandant-dependency-scan.dia -validate-clang-modules-once -clang-build-session-file /Users/admin/builder/spi-builder-workspace/.derivedData/ModuleCache.noindex/Session.modulevalidation -Xcc -fmodules-prune-interval\=86400 -Xcc -fmodules-prune-after\=345600 -emit-const-values -const-gather-protocols-list /Users/admin/builder/spi-builder-workspace/.derivedData/Build/Intermediates.noindex/Commandant.build/Debug-watchos/Commandant-t.build/Objects-normal/arm64/Commandant_const_extract_protocols.json -Xcc -I/Users/admin/builder/spi-builder-workspace/.derivedData/Build/Products/Debug-watchos/include -Xcc -I/Users/admin/builder/spi-builder-workspace/.derivedData/Build/Intermediates.noindex/Commandant.build/Debug-watchos/Commandant-t.build/DerivedSources-normal/arm64 -Xcc -I/Users/admin/builder/spi-builder-workspace/.derivedData/Build/Intermediates.noindex/Commandant.build/Debug-watchos/Commandant-t.build/DerivedSources/arm64 -Xcc -I/Users/admin/builder/spi-builder-workspace/.derivedData/Build/Intermediates.noindex/Commandant.build/Debug-watchos/Commandant-t.build/DerivedSources -Xcc -DSWIFT_PACKAGE -Xcc -DDEBUG\=1 -emit-objc-header -emit-objc-header-path /Users/admin/builder/spi-builder-workspace/.derivedData/Build/Intermediates.noindex/Commandant.build/Debug-watchos/Commandant-t.build/Objects-normal/arm64/Commandant-Swift.h -working-directory /Users/admin/builder/spi-builder-workspace/.swiftpm/xcode -experimental-emit-module-separately -disable-cmo
Ld /Users/admin/builder/spi-builder-workspace/.derivedData/Build/Intermediates.noindex/SWXMLHash.build/Debug-watchos/SWXMLHash-t.build/Objects-normal/arm64/Binary/SWXMLHash.o normal arm64 (in target 'SWXMLHash' from project 'SWXMLHash')
cd /Users/admin/builder/spi-builder-workspace/.dependencies/checkouts/SWXMLHash
/Applications/Xcode-27.0.0-Release.Candidate.app/Contents/Developer/Toolchains/XcodeDefault.xctoolchain/usr/bin/clang -Xlinker -reproducible -target arm64-apple-watchos9.0 -r -isysroot /Applications/Xcode-27.0.0-Release.Candidate.app/Contents/Developer/Platforms/WatchOS.platform/Developer/SDKs/WatchOS27.0.sdk -O0 -w -Xlinker -no_warn_duplicate_libraries -F/Users/admin/builder/spi-builder-workspace/.derivedData/Build/Intermediates.noindex/EagerLinkingTBDs/Debug-watchos -F/Users/admin/builder/spi-builder-workspace/.derivedData/Build/Products/Debug-watchos -iframework /Applications/Xcode-27.0.0-Release.Candidate.app/Contents/Developer/Platforms/WatchOS.platform/Developer/Library/Frameworks -iframework /Applications/Xcode-27.0.0-Release.Candidate.app/Contents/Developer/Platforms/WatchOS.platform/Developer/SDKs/WatchOS27.0.sdk/Developer/Library/Frameworks -filelist /Users/admin/builder/spi-builder-workspace/.derivedData/Build/Intermediates.noindex/SWXMLHash.build/Debug-watchos/SWXMLHash-t.build/Objects-normal/arm64/SWXMLHash.LinkFileList -nostdlib -Xlinker -object_path_lto -Xlinker /Users/admin/builder/spi-builder-workspace/.derivedData/Build/Intermediates.noindex/SWXMLHash.build/Debug-watchos/SWXMLHash-t.build/Objects-normal/arm64/SWXMLHash_lto.o -Xlinker -no_deduplicate -Xlinker -debug_variant -Xlinker -dependency_info -Xlinker /Users/admin/builder/spi-builder-workspace/.derivedData/Build/Intermediates.noindex/SWXMLHash.build/Debug-watchos/SWXMLHash-t.build/Objects-normal/arm64/SWXMLHash_dependency_info.dat -fobjc-link-runtime -L/Applications/Xcode-27.0.0-Release.Candidate.app/Contents/Developer/Toolchains/XcodeDefault.xctoolchain/usr/lib/swift/watchos -L/usr/lib/swift -Xlinker -add_ast_path -Xlinker /Users/admin/builder/spi-builder-workspace/.derivedData/Build/Intermediates.noindex/SWXMLHash.build/Debug-watchos/SWXMLHash-t.build/Objects-normal/arm64/SWXMLHash.swiftmodule -o /Users/admin/builder/spi-builder-workspace/.derivedData/Build/Intermediates.noindex/SWXMLHash.build/Debug-watchos/SWXMLHash-t.build/Objects-normal/arm64/Binary/SWXMLHash.o
SwiftDriver\ Compilation SWXMLHash normal arm64_32 com.apple.xcode.tools.swift.compiler (in target 'SWXMLHash' from project 'SWXMLHash')
cd /Users/admin/builder/spi-builder-workspace/.swiftpm/xcode
builtin-Swift-Compilation -- /Applications/Xcode-27.0.0-Release.Candidate.app/Contents/Developer/Toolchains/XcodeDefault.xctoolchain/usr/bin/swiftc -parse-as-library -module-name SWXMLHash -Onone @/Users/admin/builder/spi-builder-workspace/.derivedData/Build/Intermediates.noindex/SWXMLHash.build/Debug-watchos/SWXMLHash-t.build/Objects-normal/arm64_32/SWXMLHash.SwiftFileList -DSWIFT_PACKAGE -DDEBUG -DSWIFT_MODULE_RESOURCE_BUNDLE_UNAVAILABLE -DXcode -plugin-path /Applications/Xcode-27.0.0-Release.Candidate.app/Contents/Developer/Toolchains/XcodeDefault.xctoolchain/usr/lib/swift/host/plugins/testing -enable-experimental-feature DebugDescriptionMacro -sdk /Applications/Xcode-27.0.0-Release.Candidate.app/Contents/Developer/Platforms/WatchOS.platform/Developer/SDKs/WatchOS27.0.sdk -target arm64_32-apple-watchos9.0 -g -module-cache-path /Users/admin/builder/spi-builder-workspace/.derivedData/ModuleCache.noindex -Xfrontend -serialize-debugging-options -profile-coverage-mapping -profile-generate -enable-testing -suppress-warnings -index-store-path /Users/admin/builder/spi-builder-workspace/.derivedData/Index.noindex/DataStore -Xcc -D_LIBCPP_HARDENING_MODE\=_LIBCPP_HARDENING_MODE_DEBUG -swift-version 4 -I /Users/admin/builder/spi-builder-workspace/.derivedData/Build/Products/Debug-watchos -Isystem /Applications/Xcode-27.0.0-Release.Candidate.app/Contents/Developer/Platforms/WatchOS.platform/Developer/usr/lib -F /Users/admin/builder/spi-builder-workspace/.derivedData/Build/Products/Debug-watchos -F /Applications/Xcode-27.0.0-Release.Candidate.app/Contents/Developer/Platforms/WatchOS.platform/Developer/Library/Frameworks -F /Applications/Xcode-27.0.0-Release.Candidate.app/Contents/Developer/Platforms/WatchOS.platform/Developer/SDKs/WatchOS27.0.sdk/Developer/Library/Frameworks -c -j10 -enable-batch-mode -incremental -Xcc -ivfsstatcache -Xcc /Users/admin/builder/spi-builder-workspace/.derivedData/SDKStatCaches.noindex/watchos27.0-24R360-e829b21a6f8c9b70876ba0858053c04477534ef55a1706bf4c1112bbb242f0a2.sdkstatcache -output-file-map /Users/admin/builder/spi-builder-workspace/.derivedData/Build/Intermediates.noindex/SWXMLHash.build/Debug-watchos/SWXMLHash-t.build/Objects-normal/arm64_32/SWXMLHash-OutputFileMap.json -save-temps -no-color-diagnostics -emit-dependencies -emit-module -emit-module-path /Users/admin/builder/spi-builder-workspace/.derivedData/Build/Intermediates.noindex/SWXMLHash.build/Debug-watchos/SWXMLHash-t.build/Objects-normal/arm64_32/SWXMLHash.swiftmodule -serialize-diagnostics -validate-clang-modules-once -clang-build-session-file /Users/admin/builder/spi-builder-workspace/.derivedData/ModuleCache.noindex/Session.modulevalidation -Xcc -fmodules-prune-interval\=86400 -Xcc -fmodules-prune-after\=345600 -emit-const-values -const-gather-protocols-list /Users/admin/builder/spi-builder-workspace/.derivedData/Build/Intermediates.noindex/SWXMLHash.build/Debug-watchos/SWXMLHash-t.build/Objects-normal/arm64_32/SWXMLHash_const_extract_protocols.json -Xcc -I/Users/admin/builder/spi-builder-workspace/.derivedData/Build/Products/Debug-watchos/include -Xcc -I/Users/admin/builder/spi-builder-workspace/.derivedData/Build/Intermediates.noindex/SWXMLHash.build/Debug-watchos/SWXMLHash-t.build/DerivedSources-normal/arm64_32 -Xcc -I/Users/admin/builder/spi-builder-workspace/.derivedData/Build/Intermediates.noindex/SWXMLHash.build/Debug-watchos/SWXMLHash-t.build/DerivedSources/arm64_32 -Xcc -I/Users/admin/builder/spi-builder-workspace/.derivedData/Build/Intermediates.noindex/SWXMLHash.build/Debug-watchos/SWXMLHash-t.build/DerivedSources -Xcc -DSWIFT_PACKAGE -Xcc -DDEBUG\=1 -emit-objc-header -emit-objc-header-path /Users/admin/builder/spi-builder-workspace/.derivedData/Build/Intermediates.noindex/SWXMLHash.build/Debug-watchos/SWXMLHash-t.build/Objects-normal/arm64_32/SWXMLHash-Swift.h -working-directory /Users/admin/builder/spi-builder-workspace/.swiftpm/xcode -experimental-emit-module-separately -disable-cmo
Ld /Users/admin/builder/spi-builder-workspace/.derivedData/Build/Intermediates.noindex/SWXMLHash.build/Debug-watchos/SWXMLHash-t.build/Objects-normal/arm64_32/Binary/SWXMLHash.o normal arm64_32 (in target 'SWXMLHash' from project 'SWXMLHash')
cd /Users/admin/builder/spi-builder-workspace/.dependencies/checkouts/SWXMLHash
/Applications/Xcode-27.0.0-Release.Candidate.app/Contents/Developer/Toolchains/XcodeDefault.xctoolchain/usr/bin/clang -Xlinker -reproducible -target arm64_32-apple-watchos9.0 -r -isysroot /Applications/Xcode-27.0.0-Release.Candidate.app/Contents/Developer/Platforms/WatchOS.platform/Developer/SDKs/WatchOS27.0.sdk -O0 -w -Xlinker -no_warn_duplicate_libraries -F/Users/admin/builder/spi-builder-workspace/.derivedData/Build/Intermediates.noindex/EagerLinkingTBDs/Debug-watchos -F/Users/admin/builder/spi-builder-workspace/.derivedData/Build/Products/Debug-watchos -iframework /Applications/Xcode-27.0.0-Release.Candidate.app/Contents/Developer/Platforms/WatchOS.platform/Developer/Library/Frameworks -iframework /Applications/Xcode-27.0.0-Release.Candidate.app/Contents/Developer/Platforms/WatchOS.platform/Developer/SDKs/WatchOS27.0.sdk/Developer/Library/Frameworks -filelist /Users/admin/builder/spi-builder-workspace/.derivedData/Build/Intermediates.noindex/SWXMLHash.build/Debug-watchos/SWXMLHash-t.build/Objects-normal/arm64_32/SWXMLHash.LinkFileList -nostdlib -Xlinker -object_path_lto -Xlinker /Users/admin/builder/spi-builder-workspace/.derivedData/Build/Intermediates.noindex/SWXMLHash.build/Debug-watchos/SWXMLHash-t.build/Objects-normal/arm64_32/SWXMLHash_lto.o -Xlinker -no_deduplicate -Xlinker -debug_variant -Xlinker -dependency_info -Xlinker /Users/admin/builder/spi-builder-workspace/.derivedData/Build/Intermediates.noindex/SWXMLHash.build/Debug-watchos/SWXMLHash-t.build/Objects-normal/arm64_32/SWXMLHash_dependency_info.dat -fobjc-link-runtime -L/Applications/Xcode-27.0.0-Release.Candidate.app/Contents/Developer/Toolchains/XcodeDefault.xctoolchain/usr/lib/swift/watchos -L/usr/lib/swift -Xlinker -add_ast_path -Xlinker /Users/admin/builder/spi-builder-workspace/.derivedData/Build/Intermediates.noindex/SWXMLHash.build/Debug-watchos/SWXMLHash-t.build/Objects-normal/arm64_32/SWXMLHash.swiftmodule -o /Users/admin/builder/spi-builder-workspace/.derivedData/Build/Intermediates.noindex/SWXMLHash.build/Debug-watchos/SWXMLHash-t.build/Objects-normal/arm64_32/Binary/SWXMLHash.o
CreateUniversalBinary /Users/admin/builder/spi-builder-workspace/.derivedData/Build/Products/Debug-watchos/SWXMLHash.o normal arm64\ arm64_32 (in target 'SWXMLHash' from project 'SWXMLHash')
cd /Users/admin/builder/spi-builder-workspace/.dependencies/checkouts/SWXMLHash
/Applications/Xcode-27.0.0-Release.Candidate.app/Contents/Developer/Toolchains/XcodeDefault.xctoolchain/usr/bin/lipo -create /Users/admin/builder/spi-builder-workspace/.derivedData/Build/Intermediates.noindex/SWXMLHash.build/Debug-watchos/SWXMLHash-t.build/Objects-normal/arm64/Binary/SWXMLHash.o /Users/admin/builder/spi-builder-workspace/.derivedData/Build/Intermediates.noindex/SWXMLHash.build/Debug-watchos/SWXMLHash-t.build/Objects-normal/arm64_32/Binary/SWXMLHash.o -output /Users/admin/builder/spi-builder-workspace/.derivedData/Build/Products/Debug-watchos/SWXMLHash.o
ExtractAppIntentsMetadata (in target 'SWXMLHash' from project 'SWXMLHash')
cd /Users/admin/builder/spi-builder-workspace/.dependencies/checkouts/SWXMLHash
/Applications/Xcode-27.0.0-Release.Candidate.app/Contents/Developer/Toolchains/XcodeDefault.xctoolchain/usr/bin/appintentsmetadataprocessor --toolchain-dir /var/run/com.apple.security.cryptexd/mnt/com.apple.MobileAsset.MetalToolchain-v27.1.266.1.9PiAvR/Metal.xctoolchain --module-name SWXMLHash --sdk-root /Applications/Xcode-27.0.0-Release.Candidate.app/Contents/Developer/Platforms/WatchOS.platform/Developer/SDKs/WatchOS27.0.sdk --xcode-version 27A266a --platform-family watchOS --deployment-target 9.0 --bundle-identifier swxmlhash.SWXMLHash --output /Users/admin/builder/spi-builder-workspace/.derivedData/Build/Products/Debug-watchos/SWXMLHash.appintents --target-triple arm64-apple-watchos9.0 --target-triple arm64_32-apple-watchos9.0 --binary-file /Users/admin/builder/spi-builder-workspace/.derivedData/Build/Products/Debug-watchos/SWXMLHash.o --dependency-file /Users/admin/builder/spi-builder-workspace/.derivedData/Build/Intermediates.noindex/SWXMLHash.build/Debug-watchos/SWXMLHash-t.build/Objects-normal/arm64/SWXMLHash_dependency_info.dat --dependency-file /Users/admin/builder/spi-builder-workspace/.derivedData/Build/Intermediates.noindex/SWXMLHash.build/Debug-watchos/SWXMLHash-t.build/Objects-normal/arm64_32/SWXMLHash_dependency_info.dat --stringsdata-file /Users/admin/builder/spi-builder-workspace/.derivedData/Build/Intermediates.noindex/SWXMLHash.build/Debug-watchos/SWXMLHash-t.build/Objects-normal/arm64/ExtractedAppShortcutsMetadata.stringsdata --stringsdata-file /Users/admin/builder/spi-builder-workspace/.derivedData/Build/Intermediates.noindex/SWXMLHash.build/Debug-watchos/SWXMLHash-t.build/Objects-normal/arm64_32/ExtractedAppShortcutsMetadata.stringsdata --source-file-list /Users/admin/builder/spi-builder-workspace/.derivedData/Build/Intermediates.noindex/SWXMLHash.build/Debug-watchos/SWXMLHash-t.build/Objects-normal/arm64/SWXMLHash.SwiftFileList --source-file-list /Users/admin/builder/spi-builder-workspace/.derivedData/Build/Intermediates.noindex/SWXMLHash.build/Debug-watchos/SWXMLHash-t.build/Objects-normal/arm64_32/SWXMLHash.SwiftFileList --metadata-file-list /Users/admin/builder/spi-builder-workspace/.derivedData/Build/Intermediates.noindex/SWXMLHash.build/Debug-watchos/SWXMLHash-t.build/SWXMLHash.DependencyMetadataFileList --static-metadata-file-list /Users/admin/builder/spi-builder-workspace/.derivedData/Build/Intermediates.noindex/SWXMLHash.build/Debug-watchos/SWXMLHash-t.build/SWXMLHash.DependencyStaticMetadataFileList --swift-const-vals-list /Users/admin/builder/spi-builder-workspace/.derivedData/Build/Intermediates.noindex/SWXMLHash.build/Debug-watchos/SWXMLHash-t.build/Objects-normal/arm64/SWXMLHash.SwiftConstValuesFileList --swift-const-vals-list /Users/admin/builder/spi-builder-workspace/.derivedData/Build/Intermediates.noindex/SWXMLHash.build/Debug-watchos/SWXMLHash-t.build/Objects-normal/arm64_32/SWXMLHash.SwiftConstValuesFileList --force --compile-time-extraction --deployment-aware-processing --no-app-shortcuts-localization
2026-09-15 23:13:14.613 appintentsmetadataprocessor[928:5473] Starting appintentsmetadataprocessor export
2026-09-15 23:13:14.705 appintentsmetadataprocessor[928:5473] Extracted no relevant App Intents symbols, skipping writing output
SwiftCompile normal arm64_32 Compiling\ Argument.swift /Users/admin/builder/spi-builder-workspace/.dependencies/checkouts/Commandant/Sources/Commandant/Argument.swift (in target 'Commandant' from project 'Commandant')
SwiftCompile normal arm64_32 /Users/admin/builder/spi-builder-workspace/.dependencies/checkouts/Commandant/Sources/Commandant/Argument.swift (in target 'Commandant' from project 'Commandant')
cd /Users/admin/builder/spi-builder-workspace/.swiftpm/xcode
builtin-SwiftPerFileCompile Argument.swift
SwiftCompile normal arm64_32 Compiling\ ArgumentProtocol.swift /Users/admin/builder/spi-builder-workspace/.dependencies/checkouts/Commandant/Sources/Commandant/ArgumentProtocol.swift (in target 'Commandant' from project 'Commandant')
SwiftCompile normal arm64_32 /Users/admin/builder/spi-builder-workspace/.dependencies/checkouts/Commandant/Sources/Commandant/ArgumentProtocol.swift (in target 'Commandant' from project 'Commandant')
cd /Users/admin/builder/spi-builder-workspace/.swiftpm/xcode
builtin-SwiftPerFileCompile ArgumentProtocol.swift
SwiftEmitModule normal arm64_32 Emitting\ module\ for\ Commandant (in target 'Commandant' from project 'Commandant')
SwiftCompile normal arm64_32 (in target 'Commandant' from project 'Commandant')
cd /Users/admin/builder/spi-builder-workspace/.swiftpm/xcode
SwiftCompile normal arm64_32 Compiling\ Errors.swift /Users/admin/builder/spi-builder-workspace/.dependencies/checkouts/Commandant/Sources/Commandant/Errors.swift (in target 'Commandant' from project 'Commandant')
SwiftCompile normal arm64_32 /Users/admin/builder/spi-builder-workspace/.dependencies/checkouts/Commandant/Sources/Commandant/Errors.swift (in target 'Commandant' from project 'Commandant')
cd /Users/admin/builder/spi-builder-workspace/.swiftpm/xcode
builtin-SwiftPerFileCompile Errors.swift
SwiftCompile normal arm64_32 Compiling\ HelpCommand.swift /Users/admin/builder/spi-builder-workspace/.dependencies/checkouts/Commandant/Sources/Commandant/HelpCommand.swift (in target 'Commandant' from project 'Commandant')
SwiftCompile normal arm64_32 /Users/admin/builder/spi-builder-workspace/.dependencies/checkouts/Commandant/Sources/Commandant/HelpCommand.swift (in target 'Commandant' from project 'Commandant')
cd /Users/admin/builder/spi-builder-workspace/.swiftpm/xcode
builtin-SwiftPerFileCompile HelpCommand.swift
SwiftCompile normal arm64_32 Compiling\ OrderedSet.swift /Users/admin/builder/spi-builder-workspace/.dependencies/checkouts/Commandant/Sources/Commandant/OrderedSet.swift (in target 'Commandant' from project 'Commandant')
SwiftCompile normal arm64_32 /Users/admin/builder/spi-builder-workspace/.dependencies/checkouts/Commandant/Sources/Commandant/OrderedSet.swift (in target 'Commandant' from project 'Commandant')
cd /Users/admin/builder/spi-builder-workspace/.swiftpm/xcode
builtin-SwiftPerFileCompile OrderedSet.swift
SwiftCompile normal arm64_32 Compiling\ Switch.swift /Users/admin/builder/spi-builder-workspace/.dependencies/checkouts/Commandant/Sources/Commandant/Switch.swift (in target 'Commandant' from project 'Commandant')
SwiftCompile normal arm64_32 /Users/admin/builder/spi-builder-workspace/.dependencies/checkouts/Commandant/Sources/Commandant/Switch.swift (in target 'Commandant' from project 'Commandant')
cd /Users/admin/builder/spi-builder-workspace/.swiftpm/xcode
builtin-SwiftPerFileCompile Switch.swift
SwiftCompile normal arm64_32 Compiling\ Result+Additions.swift /Users/admin/builder/spi-builder-workspace/.dependencies/checkouts/Commandant/Sources/Commandant/Result+Additions.swift (in target 'Commandant' from project 'Commandant')
SwiftCompile normal arm64_32 /Users/admin/builder/spi-builder-workspace/.dependencies/checkouts/Commandant/Sources/Commandant/Result+Additions.swift (in target 'Commandant' from project 'Commandant')
cd /Users/admin/builder/spi-builder-workspace/.swiftpm/xcode
builtin-SwiftPerFileCompile Result+Additions.swift
SwiftCompile normal arm64_32 Compiling\ ArgumentParser.swift /Users/admin/builder/spi-builder-workspace/.dependencies/checkouts/Commandant/Sources/Commandant/ArgumentParser.swift (in target 'Commandant' from project 'Commandant')
SwiftCompile normal arm64_32 /Users/admin/builder/spi-builder-workspace/.dependencies/checkouts/Commandant/Sources/Commandant/ArgumentParser.swift (in target 'Commandant' from project 'Commandant')
cd /Users/admin/builder/spi-builder-workspace/.swiftpm/xcode
builtin-SwiftPerFileCompile ArgumentParser.swift
SwiftEmitModule normal arm64 Emitting\ module\ for\ Commandant (in target 'Commandant' from project 'Commandant')
SwiftCompile normal arm64 (in target 'Commandant' from project 'Commandant')
cd /Users/admin/builder/spi-builder-workspace/.swiftpm/xcode
SwiftCompile normal arm64 Compiling\ ArgumentProtocol.swift /Users/admin/builder/spi-builder-workspace/.dependencies/checkouts/Commandant/Sources/Commandant/ArgumentProtocol.swift (in target 'Commandant' from project 'Commandant')
SwiftCompile normal arm64 /Users/admin/builder/spi-builder-workspace/.dependencies/checkouts/Commandant/Sources/Commandant/ArgumentProtocol.swift (in target 'Commandant' from project 'Commandant')
cd /Users/admin/builder/spi-builder-workspace/.swiftpm/xcode
builtin-SwiftPerFileCompile ArgumentProtocol.swift
SwiftDriverJobDiscovery normal arm64_32 Compiling Result+Additions.swift (in target 'Commandant' from project 'Commandant')
SwiftCompile normal arm64 Compiling\ Switch.swift /Users/admin/builder/spi-builder-workspace/.dependencies/checkouts/Commandant/Sources/Commandant/Switch.swift (in target 'Commandant' from project 'Commandant')
SwiftCompile normal arm64 /Users/admin/builder/spi-builder-workspace/.dependencies/checkouts/Commandant/Sources/Commandant/Switch.swift (in target 'Commandant' from project 'Commandant')
cd /Users/admin/builder/spi-builder-workspace/.swiftpm/xcode
builtin-SwiftPerFileCompile Switch.swift
SwiftDriverJobDiscovery normal arm64_32 Emitting module for Commandant (in target 'Commandant' from project 'Commandant')
SwiftDriver\ Compilation\ Requirements Commandant normal arm64_32 com.apple.xcode.tools.swift.compiler (in target 'Commandant' from project 'Commandant')
cd /Users/admin/builder/spi-builder-workspace/.swiftpm/xcode
builtin-Swift-Compilation-Requirements -- /Applications/Xcode-27.0.0-Release.Candidate.app/Contents/Developer/Toolchains/XcodeDefault.xctoolchain/usr/bin/swiftc -parse-as-library -module-name Commandant -Onone @/Users/admin/builder/spi-builder-workspace/.derivedData/Build/Intermediates.noindex/Commandant.build/Debug-watchos/Commandant-t.build/Objects-normal/arm64_32/Commandant.SwiftFileList -DSWIFT_PACKAGE -DDEBUG -DSWIFT_MODULE_RESOURCE_BUNDLE_UNAVAILABLE -DXcode -plugin-path /Applications/Xcode-27.0.0-Release.Candidate.app/Contents/Developer/Toolchains/XcodeDefault.xctoolchain/usr/lib/swift/host/plugins/testing -enable-experimental-feature DebugDescriptionMacro -sdk /Applications/Xcode-27.0.0-Release.Candidate.app/Contents/Developer/Platforms/WatchOS.platform/Developer/SDKs/WatchOS27.0.sdk -target arm64_32-apple-watchos9.0 -g -module-cache-path /Users/admin/builder/spi-builder-workspace/.derivedData/ModuleCache.noindex -Xfrontend -serialize-debugging-options -profile-coverage-mapping -profile-generate -enable-testing -suppress-warnings -index-store-path /Users/admin/builder/spi-builder-workspace/.derivedData/Index.noindex/DataStore -Xcc -D_LIBCPP_HARDENING_MODE\=_LIBCPP_HARDENING_MODE_DEBUG -swift-version 5 -I /Users/admin/builder/spi-builder-workspace/.derivedData/Build/Products/Debug-watchos -Isystem /Applications/Xcode-27.0.0-Release.Candidate.app/Contents/Developer/Platforms/WatchOS.platform/Developer/usr/lib -F /Users/admin/builder/spi-builder-workspace/.derivedData/Build/Products/Debug-watchos -F /Applications/Xcode-27.0.0-Release.Candidate.app/Contents/Developer/Platforms/WatchOS.platform/Developer/Library/Frameworks -F /Applications/Xcode-27.0.0-Release.Candidate.app/Contents/Developer/Platforms/WatchOS.platform/Developer/SDKs/WatchOS27.0.sdk/Developer/Library/Frameworks -c -j10 -enable-batch-mode -incremental -Xcc -ivfsstatcache -Xcc /Users/admin/builder/spi-builder-workspace/.derivedData/SDKStatCaches.noindex/watchos27.0-24R360-e829b21a6f8c9b70876ba0858053c04477534ef55a1706bf4c1112bbb242f0a2.sdkstatcache -output-file-map /Users/admin/builder/spi-builder-workspace/.derivedData/Build/Intermediates.noindex/Commandant.build/Debug-watchos/Commandant-t.build/Objects-normal/arm64_32/Commandant-OutputFileMap.json -save-temps -no-color-diagnostics -explicit-module-build -module-cache-path /Users/admin/builder/spi-builder-workspace/.derivedData/Build/Intermediates.noindex/SwiftExplicitPrecompiledModules -clang-scanner-module-cache-path /Users/admin/builder/spi-builder-workspace/.derivedData/ModuleCache.noindex -sdk-module-cache-path /Users/admin/builder/spi-builder-workspace/.derivedData/SDKExplicitPrecompiledModules -emit-dependencies -emit-module -emit-module-path /Users/admin/builder/spi-builder-workspace/.derivedData/Build/Intermediates.noindex/Commandant.build/Debug-watchos/Commandant-t.build/Objects-normal/arm64_32/Commandant.swiftmodule -serialize-diagnostics -dependency-scan-serialize-diagnostics-path /Users/admin/builder/spi-builder-workspace/.derivedData/Build/Intermediates.noindex/Commandant.build/Debug-watchos/Commandant-t.build/Objects-normal/arm64_32/Commandant-dependency-scan.dia -validate-clang-modules-once -clang-build-session-file /Users/admin/builder/spi-builder-workspace/.derivedData/ModuleCache.noindex/Session.modulevalidation -Xcc -fmodules-prune-interval\=86400 -Xcc -fmodules-prune-after\=345600 -emit-const-values -const-gather-protocols-list /Users/admin/builder/spi-builder-workspace/.derivedData/Build/Intermediates.noindex/Commandant.build/Debug-watchos/Commandant-t.build/Objects-normal/arm64_32/Commandant_const_extract_protocols.json -Xcc -I/Users/admin/builder/spi-builder-workspace/.derivedData/Build/Products/Debug-watchos/include -Xcc -I/Users/admin/builder/spi-builder-workspace/.derivedData/Build/Intermediates.noindex/Commandant.build/Debug-watchos/Commandant-t.build/DerivedSources-normal/arm64_32 -Xcc -I/Users/admin/builder/spi-builder-workspace/.derivedData/Build/Intermediates.noindex/Commandant.build/Debug-watchos/Commandant-t.build/DerivedSources/arm64_32 -Xcc -I/Users/admin/builder/spi-builder-workspace/.derivedData/Build/Intermediates.noindex/Commandant.build/Debug-watchos/Commandant-t.build/DerivedSources -Xcc -DSWIFT_PACKAGE -Xcc -DDEBUG\=1 -emit-objc-header -emit-objc-header-path /Users/admin/builder/spi-builder-workspace/.derivedData/Build/Intermediates.noindex/Commandant.build/Debug-watchos/Commandant-t.build/Objects-normal/arm64_32/Commandant-Swift.h -working-directory /Users/admin/builder/spi-builder-workspace/.swiftpm/xcode -experimental-emit-module-separately -disable-cmo
SwiftDriverJobDiscovery normal arm64_32 Compiling OrderedSet.swift (in target 'Commandant' from project 'Commandant')
SwiftCompile normal arm64 Compiling\ Option.swift /Users/admin/builder/spi-builder-workspace/.dependencies/checkouts/Commandant/Sources/Commandant/Option.swift (in target 'Commandant' from project 'Commandant')
SwiftCompile normal arm64 /Users/admin/builder/spi-builder-workspace/.dependencies/checkouts/Commandant/Sources/Commandant/Option.swift (in target 'Commandant' from project 'Commandant')
cd /Users/admin/builder/spi-builder-workspace/.swiftpm/xcode
builtin-SwiftPerFileCompile Option.swift
Copy /Users/admin/builder/spi-builder-workspace/.derivedData/Build/Products/Debug-watchos/Commandant.swiftmodule/arm64_32-apple-watchos.swiftmodule /Users/admin/builder/spi-builder-workspace/.derivedData/Build/Intermediates.noindex/Commandant.build/Debug-watchos/Commandant-t.build/Objects-normal/arm64_32/Commandant.swiftmodule (in target 'Commandant' from project 'Commandant')
cd /Users/admin/builder/spi-builder-workspace/.dependencies/checkouts/Commandant
builtin-copy -exclude .DS_Store -exclude CVS -exclude .svn -exclude .git -exclude .hg -resolve-src-symlinks -rename /Users/admin/builder/spi-builder-workspace/.derivedData/Build/Intermediates.noindex/Commandant.build/Debug-watchos/Commandant-t.build/Objects-normal/arm64_32/Commandant.swiftmodule /Users/admin/builder/spi-builder-workspace/.derivedData/Build/Products/Debug-watchos/Commandant.swiftmodule/arm64_32-apple-watchos.swiftmodule
SwiftDriverJobDiscovery normal arm64_32 Compiling Switch.swift (in target 'Commandant' from project 'Commandant')
Copy /Users/admin/builder/spi-builder-workspace/.derivedData/Build/Products/Debug-watchos/Commandant.swiftmodule/arm64_32-apple-watchos.swiftdoc /Users/admin/builder/spi-builder-workspace/.derivedData/Build/Intermediates.noindex/Commandant.build/Debug-watchos/Commandant-t.build/Objects-normal/arm64_32/Commandant.swiftdoc (in target 'Commandant' from project 'Commandant')
cd /Users/admin/builder/spi-builder-workspace/.dependencies/checkouts/Commandant
builtin-copy -exclude .DS_Store -exclude CVS -exclude .svn -exclude .git -exclude .hg -resolve-src-symlinks -rename /Users/admin/builder/spi-builder-workspace/.derivedData/Build/Intermediates.noindex/Commandant.build/Debug-watchos/Commandant-t.build/Objects-normal/arm64_32/Commandant.swiftdoc /Users/admin/builder/spi-builder-workspace/.derivedData/Build/Products/Debug-watchos/Commandant.swiftmodule/arm64_32-apple-watchos.swiftdoc
Copy /Users/admin/builder/spi-builder-workspace/.derivedData/Build/Products/Debug-watchos/Commandant.swiftmodule/arm64_32-apple-watchos.abi.json /Users/admin/builder/spi-builder-workspace/.derivedData/Build/Intermediates.noindex/Commandant.build/Debug-watchos/Commandant-t.build/Objects-normal/arm64_32/Commandant.abi.json (in target 'Commandant' from project 'Commandant')
cd /Users/admin/builder/spi-builder-workspace/.dependencies/checkouts/Commandant
builtin-copy -exclude .DS_Store -exclude CVS -exclude .svn -exclude .git -exclude .hg -resolve-src-symlinks -rename /Users/admin/builder/spi-builder-workspace/.derivedData/Build/Intermediates.noindex/Commandant.build/Debug-watchos/Commandant-t.build/Objects-normal/arm64_32/Commandant.abi.json /Users/admin/builder/spi-builder-workspace/.derivedData/Build/Products/Debug-watchos/Commandant.swiftmodule/arm64_32-apple-watchos.abi.json
Copy /Users/admin/builder/spi-builder-workspace/.derivedData/Build/Products/Debug-watchos/Commandant.swiftmodule/Project/arm64_32-apple-watchos.swiftsourceinfo /Users/admin/builder/spi-builder-workspace/.derivedData/Build/Intermediates.noindex/Commandant.build/Debug-watchos/Commandant-t.build/Objects-normal/arm64_32/Commandant.swiftsourceinfo (in target 'Commandant' from project 'Commandant')
cd /Users/admin/builder/spi-builder-workspace/.dependencies/checkouts/Commandant
builtin-copy -exclude .DS_Store -exclude CVS -exclude .svn -exclude .git -exclude .hg -resolve-src-symlinks -rename /Users/admin/builder/spi-builder-workspace/.derivedData/Build/Intermediates.noindex/Commandant.build/Debug-watchos/Commandant-t.build/Objects-normal/arm64_32/Commandant.swiftsourceinfo /Users/admin/builder/spi-builder-workspace/.derivedData/Build/Products/Debug-watchos/Commandant.swiftmodule/Project/arm64_32-apple-watchos.swiftsourceinfo
SwiftDriverJobDiscovery normal arm64_32 Compiling ArgumentProtocol.swift (in target 'Commandant' from project 'Commandant')
SwiftCompile normal arm64 Compiling\ Command.swift /Users/admin/builder/spi-builder-workspace/.dependencies/checkouts/Commandant/Sources/Commandant/Command.swift (in target 'Commandant' from project 'Commandant')
SwiftCompile normal arm64 /Users/admin/builder/spi-builder-workspace/.dependencies/checkouts/Commandant/Sources/Commandant/Command.swift (in target 'Commandant' from project 'Commandant')
cd /Users/admin/builder/spi-builder-workspace/.swiftpm/xcode
builtin-SwiftPerFileCompile Command.swift
/Users/admin/builder/spi-builder-workspace/.dependencies/checkouts/Commandant/Sources/Commandant/Command.swift:206:15: error: cannot find 'Process' in scope
204 |
205 | func launchTask(_ path: String, arguments: [String]) -> Int32 {
206 | let task = Process()
| `- error: cannot find 'Process' in scope
207 | task.arguments = arguments
208 |
Failed frontend command:
/Applications/Xcode-27.0.0-Release.Candidate.app/Contents/Developer/Toolchains/XcodeDefault.xctoolchain/usr/bin/swift-frontend -frontend -c /Users/admin/builder/spi-builder-workspace/.dependencies/checkouts/Commandant/Sources/Commandant/Argument.swift /Users/admin/builder/spi-builder-workspace/.dependencies/checkouts/Commandant/Sources/Commandant/ArgumentParser.swift /Users/admin/builder/spi-builder-workspace/.dependencies/checkouts/Commandant/Sources/Commandant/ArgumentProtocol.swift -primary-file /Users/admin/builder/spi-builder-workspace/.dependencies/checkouts/Commandant/Sources/Commandant/Command.swift /Users/admin/builder/spi-builder-workspace/.dependencies/checkouts/Commandant/Sources/Commandant/Errors.swift /Users/admin/builder/spi-builder-workspace/.dependencies/checkouts/Commandant/Sources/Commandant/HelpCommand.swift /Users/admin/builder/spi-builder-workspace/.dependencies/checkouts/Commandant/Sources/Commandant/Option.swift /Users/admin/builder/spi-builder-workspace/.dependencies/checkouts/Commandant/Sources/Commandant/OrderedSet.swift /Users/admin/builder/spi-builder-workspace/.dependencies/checkouts/Commandant/Sources/Commandant/Result+Additions.swift /Users/admin/builder/spi-builder-workspace/.dependencies/checkouts/Commandant/Sources/Commandant/Switch.swift -emit-dependencies-path /Users/admin/builder/spi-builder-workspace/.derivedData/Build/Intermediates.noindex/Commandant.build/Debug-watchos/Commandant-t.build/Objects-normal/arm64/Command.d -emit-const-values-path /Users/admin/builder/spi-builder-workspace/.derivedData/Build/Intermediates.noindex/Commandant.build/Debug-watchos/Commandant-t.build/Objects-normal/arm64/Command.swiftconstvalues -emit-reference-dependencies-path /Users/admin/builder/spi-builder-workspace/.derivedData/Build/Intermediates.noindex/Commandant.build/Debug-watchos/Commandant-t.build/Objects-normal/arm64/Command.swiftdeps -serialize-diagnostics-path /Users/admin/builder/spi-builder-workspace/.derivedData/Build/Intermediates.noindex/Commandant.build/Debug-watchos/Commandant-t.build/Objects-normal/arm64/Command.dia -target arm64-apple-watchos9.0 -module-can-import-version Darwin 428.0.10 0 -disable-cross-import-overlay-search -load-resolved-plugin /Applications/Xcode-27.0.0-Release.Candidate.app/Contents/Developer/Platforms/WatchOS.platform/Developer/usr/lib/swift/host/plugins/libFoundationMacros.dylib\#/Applications/Xcode-27.0.0-Release.Candidate.app/Contents/Developer/Platforms/WatchOS.platform/Developer/usr/bin/swift-plugin-server\#FoundationMacros -load-resolved-plugin /Applications/Xcode-27.0.0-Release.Candidate.app/Contents/Developer/Platforms/WatchOS.platform/Developer/usr/lib/swift/host/plugins/libObservationMacros.dylib\#/Applications/Xcode-27.0.0-Release.Candidate.app/Contents/Developer/Platforms/WatchOS.platform/Developer/usr/bin/swift-plugin-server\#ObservationMacros -load-resolved-plugin /Applications/Xcode-27.0.0-Release.Candidate.app/Contents/Developer/Platforms/WatchOS.platform/Developer/usr/lib/swift/host/plugins/libSwiftMacros.dylib\#/Applications/Xcode-27.0.0-Release.Candidate.app/Contents/Developer/Platforms/WatchOS.platform/Developer/usr/bin/swift-plugin-server\#SwiftMacros -disable-implicit-swift-modules -Xcc -fno-implicit-modules -Xcc -fno-implicit-module-maps -explicit-swift-module-map-file /Users/admin/builder/spi-builder-workspace/.derivedData/Build/Intermediates.noindex/Commandant.build/Debug-watchos/Commandant-t.build/Objects-normal/arm64/Commandant-dependencies-2.json -Xllvm -aarch64-use-tbi -enable-objc-interop -stack-check -sdk /Applications/Xcode-27.0.0-Release.Candidate.app/Contents/Developer/Platforms/WatchOS.platform/Developer/SDKs/WatchOS27.0.sdk -I /Users/admin/builder/spi-builder-workspace/.derivedData/Build/Products/Debug-watchos -Isystem /Applications/Xcode-27.0.0-Release.Candidate.app/Contents/Developer/Platforms/WatchOS.platform/Developer/usr/lib -F /Users/admin/builder/spi-builder-workspace/.derivedData/Build/Products/Debug-watchos -F /Applications/Xcode-27.0.0-Release.Candidate.app/Contents/Developer/Platforms/WatchOS.platform/Developer/Library/Frameworks -F /Applications/Xcode-27.0.0-Release.Candidate.app/Contents/Developer/Platforms/WatchOS.platform/Developer/SDKs/WatchOS27.0.sdk/Developer/Library/Frameworks -module-cache-path /Users/admin/builder/spi-builder-workspace/.derivedData/Build/Intermediates.noindex/SwiftExplicitPrecompiledModules -no-color-diagnostics -Xcc -fno-color-diagnostics -enable-testing -g -debug-info-format\=dwarf -dwarf-version\=4 -suppress-warnings -profile-generate -profile-coverage-mapping -swift-version 5 -Onone -D SWIFT_PACKAGE -D DEBUG -D SWIFT_MODULE_RESOURCE_BUNDLE_UNAVAILABLE -D Xcode -serialize-debugging-options -enable-experimental-feature DebugDescriptionMacro -empty-abi-descriptor -validate-clang-modules-once -clang-build-session-file /Users/admin/builder/spi-builder-workspace/.derivedData/ModuleCache.noindex/Session.modulevalidation -Xcc -working-directory -Xcc /Users/admin/builder/spi-builder-workspace/.swiftpm/xcode -enable-anonymous-context-mangled-names -file-compilation-dir /Users/admin/builder/spi-builder-workspace/.swiftpm/xcode -Xcc -D_LIBCPP_HARDENING_MODE\=_LIBCPP_HARDENING_MODE_DEBUG -Xcc -ivfsstatcache -Xcc /Users/admin/builder/spi-builder-workspace/.derivedData/SDKStatCaches.noindex/watchos27.0-24R360-e829b21a6f8c9b70876ba0858053c04477534ef55a1706bf4c1112bbb242f0a2.sdkstatcache -Xcc -fmodules-prune-interval\=86400 -Xcc -fmodules-prune-after\=345600 -Xcc -I/Users/admin/builder/spi-builder-workspace/.derivedData/Build/Products/Debug-watchos/include -Xcc -I/Users/admin/builder/spi-builder-workspace/.derivedData/Build/Intermediates.noindex/Commandant.build/Debug-watchos/Commandant-t.build/DerivedSources-normal/arm64 -Xcc -I/Users/admin/builder/spi-builder-workspace/.derivedData/Build/Intermediates.noindex/Commandant.build/Debug-watchos/Commandant-t.build/DerivedSources/arm64 -Xcc -I/Users/admin/builder/spi-builder-workspace/.derivedData/Build/Intermediates.noindex/Commandant.build/Debug-watchos/Commandant-t.build/DerivedSources -Xcc -DSWIFT_PACKAGE -Xcc -DDEBUG\=1 -no-auto-bridging-header-chaining -module-name Commandant -const-gather-protocols-file /Users/admin/builder/spi-builder-workspace/.derivedData/Build/Intermediates.noindex/Commandant.build/Debug-watchos/Commandant-t.build/Objects-normal/arm64/Commandant_const_extract_protocols.json -disable-clang-spi -clang-target arm64-apple-watchos27.0 -target-sdk-version 27.0 -target-sdk-name watchos27.0 -in-process-plugin-server-path /Applications/Xcode-27.0.0-Release.Candidate.app/Contents/Developer/Toolchains/XcodeDefault.xctoolchain/usr/lib/swift/host/libSwiftInProcPluginServer.dylib -parse-as-library -o /Users/admin/builder/spi-builder-workspace/.derivedData/Build/Intermediates.noindex/Commandant.build/Debug-watchos/Commandant-t.build/Objects-normal/arm64/Command.o -debug-module-path /Users/admin/builder/spi-builder-workspace/.derivedData/Build/Intermediates.noindex/Commandant.build/Debug-watchos/Commandant-t.build/Objects-normal/arm64/Commandant.swiftmodule -index-unit-output-path /Commandant.build/Debug-watchos/Commandant-t.build/Objects-normal/arm64/Command.o -index-store-path /Users/admin/builder/spi-builder-workspace/.derivedData/Index.noindex/DataStore -index-system-modules
SwiftCompile normal arm64 Compiling\ Argument.swift /Users/admin/builder/spi-builder-workspace/.dependencies/checkouts/Commandant/Sources/Commandant/Argument.swift (in target 'Commandant' from project 'Commandant')
SwiftCompile normal arm64 /Users/admin/builder/spi-builder-workspace/.dependencies/checkouts/Commandant/Sources/Commandant/Argument.swift (in target 'Commandant' from project 'Commandant')
cd /Users/admin/builder/spi-builder-workspace/.swiftpm/xcode
builtin-SwiftPerFileCompile Argument.swift
SwiftCompile normal arm64_32 Compiling\ Command.swift /Users/admin/builder/spi-builder-workspace/.dependencies/checkouts/Commandant/Sources/Commandant/Command.swift (in target 'Commandant' from project 'Commandant')
/Users/admin/builder/spi-builder-workspace/.dependencies/checkouts/Commandant/Sources/Commandant/Command.swift:206:15: error: cannot find 'Process' in scope
204 |
205 | func launchTask(_ path: String, arguments: [String]) -> Int32 {
206 | let task = Process()
| `- error: cannot find 'Process' in scope
207 | task.arguments = arguments
208 |
Failed frontend command:
/Applications/Xcode-27.0.0-Release.Candidate.app/Contents/Developer/Toolchains/XcodeDefault.xctoolchain/usr/bin/swift-frontend -frontend -c /Users/admin/builder/spi-builder-workspace/.dependencies/checkouts/Commandant/Sources/Commandant/Argument.swift /Users/admin/builder/spi-builder-workspace/.dependencies/checkouts/Commandant/Sources/Commandant/ArgumentParser.swift /Users/admin/builder/spi-builder-workspace/.dependencies/checkouts/Commandant/Sources/Commandant/ArgumentProtocol.swift -primary-file /Users/admin/builder/spi-builder-workspace/.dependencies/checkouts/Commandant/Sources/Commandant/Command.swift /Users/admin/builder/spi-builder-workspace/.dependencies/checkouts/Commandant/Sources/Commandant/Errors.swift /Users/admin/builder/spi-builder-workspace/.dependencies/checkouts/Commandant/Sources/Commandant/HelpCommand.swift /Users/admin/builder/spi-builder-workspace/.dependencies/checkouts/Commandant/Sources/Commandant/Option.swift /Users/admin/builder/spi-builder-workspace/.dependencies/checkouts/Commandant/Sources/Commandant/OrderedSet.swift /Users/admin/builder/spi-builder-workspace/.dependencies/checkouts/Commandant/Sources/Commandant/Result+Additions.swift /Users/admin/builder/spi-builder-workspace/.dependencies/checkouts/Commandant/Sources/Commandant/Switch.swift -emit-dependencies-path /Users/admin/builder/spi-builder-workspace/.derivedData/Build/Intermediates.noindex/Commandant.build/Debug-watchos/Commandant-t.build/Objects-normal/arm64_32/Command.d -emit-const-values-path /Users/admin/builder/spi-builder-workspace/.derivedData/Build/Intermediates.noindex/Commandant.build/Debug-watchos/Commandant-t.build/Objects-normal/arm64_32/Command.swiftconstvalues -emit-reference-dependencies-path /Users/admin/builder/spi-builder-workspace/.derivedData/Build/Intermediates.noindex/Commandant.build/Debug-watchos/Commandant-t.build/Objects-normal/arm64_32/Command.swiftdeps -serialize-diagnostics-path /Users/admin/builder/spi-builder-workspace/.derivedData/Build/Intermediates.noindex/Commandant.build/Debug-watchos/Commandant-t.build/Objects-normal/arm64_32/Command.dia -target arm64_32-apple-watchos9.0 -module-can-import-version Darwin 428.0.10 0 -disable-cross-import-overlay-search -load-resolved-plugin /Applications/Xcode-27.0.0-Release.Candidate.app/Contents/Developer/Platforms/WatchOS.platform/Developer/usr/lib/swift/host/plugins/libFoundationMacros.dylib\#/Applications/Xcode-27.0.0-Release.Candidate.app/Contents/Developer/Platforms/WatchOS.platform/Developer/usr/bin/swift-plugin-server\#FoundationMacros -load-resolved-plugin /Applications/Xcode-27.0.0-Release.Candidate.app/Contents/Developer/Platforms/WatchOS.platform/Developer/usr/lib/swift/host/plugins/libObservationMacros.dylib\#/Applications/Xcode-27.0.0-Release.Candidate.app/Contents/Developer/Platforms/WatchOS.platform/Developer/usr/bin/swift-plugin-server\#ObservationMacros -load-resolved-plugin /Applications/Xcode-27.0.0-Release.Candidate.app/Contents/Developer/Platforms/WatchOS.platform/Developer/usr/lib/swift/host/plugins/libSwiftMacros.dylib\#/Applications/Xcode-27.0.0-Release.Candidate.app/Contents/Developer/Platforms/WatchOS.platform/Developer/usr/bin/swift-plugin-server\#SwiftMacros -disable-implicit-swift-modules -Xcc -fno-implicit-modules -Xcc -fno-implicit-module-maps -explicit-swift-module-map-file /Users/admin/builder/spi-builder-workspace/.derivedData/Build/Intermediates.noindex/Commandant.build/Debug-watchos/Commandant-t.build/Objects-normal/arm64_32/Commandant-dependencies-1.json -enable-objc-interop -sdk /Applications/Xcode-27.0.0-Release.Candidate.app/Contents/Developer/Platforms/WatchOS.platform/Developer/SDKs/WatchOS27.0.sdk -I /Users/admin/builder/spi-builder-workspace/.derivedData/Build/Products/Debug-watchos -Isystem /Applications/Xcode-27.0.0-Release.Candidate.app/Contents/Developer/Platforms/WatchOS.platform/Developer/usr/lib -F /Users/admin/builder/spi-builder-workspace/.derivedData/Build/Products/Debug-watchos -F /Applications/Xcode-27.0.0-Release.Candidate.app/Contents/Developer/Platforms/WatchOS.platform/Developer/Library/Frameworks -F /Applications/Xcode-27.0.0-Release.Candidate.app/Contents/Developer/Platforms/WatchOS.platform/Developer/SDKs/WatchOS27.0.sdk/Developer/Library/Frameworks -module-cache-path /Users/admin/builder/spi-builder-workspace/.derivedData/Build/Intermediates.noindex/SwiftExplicitPrecompiledModules -no-color-diagnostics -Xcc -fno-color-diagnostics -enable-testing -g -debug-info-format\=dwarf -dwarf-version\=4 -suppress-warnings -profile-generate -profile-coverage-mapping -swift-version 5 -Onone -D SWIFT_PACKAGE -D DEBUG -D SWIFT_MODULE_RESOURCE_BUNDLE_UNAVAILABLE -D Xcode -serialize-debugging-options -enable-experimental-feature DebugDescriptionMacro -empty-abi-descriptor -validate-clang-modules-once -clang-build-session-file /Users/admin/builder/spi-builder-workspace/.derivedData/ModuleCache.noindex/Session.modulevalidation -Xcc -working-directory -Xcc /Users/admin/builder/spi-builder-workspace/.swiftpm/xcode -enable-anonymous-context-mangled-names -file-compilation-dir /Users/admin/builder/spi-builder-workspace/.swiftpm/xcode -Xcc -D_LIBCPP_HARDENING_MODE\=_LIBCPP_HARDENING_MODE_DEBUG -Xcc -ivfsstatcache -Xcc /Users/admin/builder/spi-builder-workspace/.derivedData/SDKStatCaches.noindex/watchos27.0-24R360-e829b21a6f8c9b70876ba0858053c04477534ef55a1706bf4c1112bbb242f0a2.sdkstatcache -Xcc -fmodules-prune-interval\=86400 -Xcc -fmodules-prune-after\=345600 -Xcc -I/Users/admin/builder/spi-builder-workspace/.derivedData/Build/Products/Debug-watchos/include -Xcc -I/Users/admin/builder/spi-builder-workspace/.derivedData/Build/Intermediates.noindex/Commandant.build/Debug-watchos/Commandant-t.build/DerivedSources-normal/arm64_32 -Xcc -I/Users/admin/builder/spi-builder-workspace/.derivedData/Build/Intermediates.noindex/Commandant.build/Debug-watchos/Commandant-t.build/DerivedSources/arm64_32 -Xcc -I/Users/admin/builder/spi-builder-workspace/.derivedData/Build/Intermediates.noindex/Commandant.build/Debug-watchos/Commandant-t.build/DerivedSources -Xcc -DSWIFT_PACKAGE -Xcc -DDEBUG\=1 -no-auto-bridging-header-chaining -module-name Commandant -const-gather-protocols-file /Users/admin/builder/spi-builder-workspace/.derivedData/Build/Intermediates.noindex/Commandant.build/Debug-watchos/Commandant-t.build/Objects-normal/arm64_32/Commandant_const_extract_protocols.json -disable-clang-spi -clang-target arm64_32-apple-watchos27.0 -target-sdk-version 27.0 -target-sdk-name watchos27.0 -in-process-plugin-server-path /Applications/Xcode-27.0.0-Release.Candidate.app/Contents/Developer/Toolchains/XcodeDefault.xctoolchain/usr/lib/swift/host/libSwiftInProcPluginServer.dylib -parse-as-library -o /Users/admin/builder/spi-builder-workspace/.derivedData/Build/Intermediates.noindex/Commandant.build/Debug-watchos/Commandant-t.build/Objects-normal/arm64_32/Command.o -debug-module-path /Users/admin/builder/spi-builder-workspace/.derivedData/Build/Intermediates.noindex/Commandant.build/Debug-watchos/Commandant-t.build/Objects-normal/arm64_32/Commandant.swiftmodule -index-unit-output-path /Commandant.build/Debug-watchos/Commandant-t.build/Objects-normal/arm64_32/Command.o -index-store-path /Users/admin/builder/spi-builder-workspace/.derivedData/Index.noindex/DataStore -index-system-modules
SwiftCompile normal arm64_32 /Users/admin/builder/spi-builder-workspace/.dependencies/checkouts/Commandant/Sources/Commandant/Command.swift (in target 'Commandant' from project 'Commandant')
cd /Users/admin/builder/spi-builder-workspace/.swiftpm/xcode
builtin-SwiftPerFileCompile Command.swift
SwiftDriverJobDiscovery normal arm64 Emitting module for Commandant (in target 'Commandant' from project 'Commandant')
SwiftDriver\ Compilation\ Requirements Commandant normal arm64 com.apple.xcode.tools.swift.compiler (in target 'Commandant' from project 'Commandant')
cd /Users/admin/builder/spi-builder-workspace/.swiftpm/xcode
builtin-Swift-Compilation-Requirements -- /Applications/Xcode-27.0.0-Release.Candidate.app/Contents/Developer/Toolchains/XcodeDefault.xctoolchain/usr/bin/swiftc -parse-as-library -module-name Commandant -Onone @/Users/admin/builder/spi-builder-workspace/.derivedData/Build/Intermediates.noindex/Commandant.build/Debug-watchos/Commandant-t.build/Objects-normal/arm64/Commandant.SwiftFileList -DSWIFT_PACKAGE -DDEBUG -DSWIFT_MODULE_RESOURCE_BUNDLE_UNAVAILABLE -DXcode -plugin-path /Applications/Xcode-27.0.0-Release.Candidate.app/Contents/Developer/Toolchains/XcodeDefault.xctoolchain/usr/lib/swift/host/plugins/testing -enable-experimental-feature DebugDescriptionMacro -sdk /Applications/Xcode-27.0.0-Release.Candidate.app/Contents/Developer/Platforms/WatchOS.platform/Developer/SDKs/WatchOS27.0.sdk -target arm64-apple-watchos9.0 -g -module-cache-path /Users/admin/builder/spi-builder-workspace/.derivedData/ModuleCache.noindex -Xfrontend -serialize-debugging-options -profile-coverage-mapping -profile-generate -enable-testing -suppress-warnings -index-store-path /Users/admin/builder/spi-builder-workspace/.derivedData/Index.noindex/DataStore -Xcc -D_LIBCPP_HARDENING_MODE\=_LIBCPP_HARDENING_MODE_DEBUG -swift-version 5 -I /Users/admin/builder/spi-builder-workspace/.derivedData/Build/Products/Debug-watchos -Isystem /Applications/Xcode-27.0.0-Release.Candidate.app/Contents/Developer/Platforms/WatchOS.platform/Developer/usr/lib -F /Users/admin/builder/spi-builder-workspace/.derivedData/Build/Products/Debug-watchos -F /Applications/Xcode-27.0.0-Release.Candidate.app/Contents/Developer/Platforms/WatchOS.platform/Developer/Library/Frameworks -F /Applications/Xcode-27.0.0-Release.Candidate.app/Contents/Developer/Platforms/WatchOS.platform/Developer/SDKs/WatchOS27.0.sdk/Developer/Library/Frameworks -c -j10 -enable-batch-mode -incremental -Xcc -ivfsstatcache -Xcc /Users/admin/builder/spi-builder-workspace/.derivedData/SDKStatCaches.noindex/watchos27.0-24R360-e829b21a6f8c9b70876ba0858053c04477534ef55a1706bf4c1112bbb242f0a2.sdkstatcache -output-file-map /Users/admin/builder/spi-builder-workspace/.derivedData/Build/Intermediates.noindex/Commandant.build/Debug-watchos/Commandant-t.build/Objects-normal/arm64/Commandant-OutputFileMap.json -save-temps -no-color-diagnostics -explicit-module-build -module-cache-path /Users/admin/builder/spi-builder-workspace/.derivedData/Build/Intermediates.noindex/SwiftExplicitPrecompiledModules -clang-scanner-module-cache-path /Users/admin/builder/spi-builder-workspace/.derivedData/ModuleCache.noindex -sdk-module-cache-path /Users/admin/builder/spi-builder-workspace/.derivedData/SDKExplicitPrecompiledModules -emit-dependencies -emit-module -emit-module-path /Users/admin/builder/spi-builder-workspace/.derivedData/Build/Intermediates.noindex/Commandant.build/Debug-watchos/Commandant-t.build/Objects-normal/arm64/Commandant.swiftmodule -serialize-diagnostics -dependency-scan-serialize-diagnostics-path /Users/admin/builder/spi-builder-workspace/.derivedData/Build/Intermediates.noindex/Commandant.build/Debug-watchos/Commandant-t.build/Objects-normal/arm64/Commandant-dependency-scan.dia -validate-clang-modules-once -clang-build-session-file /Users/admin/builder/spi-builder-workspace/.derivedData/ModuleCache.noindex/Session.modulevalidation -Xcc -fmodules-prune-interval\=86400 -Xcc -fmodules-prune-after\=345600 -emit-const-values -const-gather-protocols-list /Users/admin/builder/spi-builder-workspace/.derivedData/Build/Intermediates.noindex/Commandant.build/Debug-watchos/Commandant-t.build/Objects-normal/arm64/Commandant_const_extract_protocols.json -Xcc -I/Users/admin/builder/spi-builder-workspace/.derivedData/Build/Products/Debug-watchos/include -Xcc -I/Users/admin/builder/spi-builder-workspace/.derivedData/Build/Intermediates.noindex/Commandant.build/Debug-watchos/Commandant-t.build/DerivedSources-normal/arm64 -Xcc -I/Users/admin/builder/spi-builder-workspace/.derivedData/Build/Intermediates.noindex/Commandant.build/Debug-watchos/Commandant-t.build/DerivedSources/arm64 -Xcc -I/Users/admin/builder/spi-builder-workspace/.derivedData/Build/Intermediates.noindex/Commandant.build/Debug-watchos/Commandant-t.build/DerivedSources -Xcc -DSWIFT_PACKAGE -Xcc -DDEBUG\=1 -emit-objc-header -emit-objc-header-path /Users/admin/builder/spi-builder-workspace/.derivedData/Build/Intermediates.noindex/Commandant.build/Debug-watchos/Commandant-t.build/Objects-normal/arm64/Commandant-Swift.h -working-directory /Users/admin/builder/spi-builder-workspace/.swiftpm/xcode -experimental-emit-module-separately -disable-cmo
SwiftDriverJobDiscovery normal arm64_32 Compiling Argument.swift (in target 'Commandant' from project 'Commandant')
SwiftCompile normal arm64 Compiling\ Errors.swift /Users/admin/builder/spi-builder-workspace/.dependencies/checkouts/Commandant/Sources/Commandant/Errors.swift (in target 'Commandant' from project 'Commandant')
SwiftCompile normal arm64 /Users/admin/builder/spi-builder-workspace/.dependencies/checkouts/Commandant/Sources/Commandant/Errors.swift (in target 'Commandant' from project 'Commandant')
cd /Users/admin/builder/spi-builder-workspace/.swiftpm/xcode
builtin-SwiftPerFileCompile Errors.swift
SwiftMergeGeneratedHeaders /Users/admin/builder/spi-builder-workspace/.derivedData/Build/Intermediates.noindex/GeneratedModuleMaps-watchos/Commandant-Swift.h /Users/admin/builder/spi-builder-workspace/.derivedData/Build/Intermediates.noindex/Commandant.build/Debug-watchos/Commandant-t.build/Objects-normal/arm64/Commandant-Swift.h /Users/admin/builder/spi-builder-workspace/.derivedData/Build/Intermediates.noindex/Commandant.build/Debug-watchos/Commandant-t.build/Objects-normal/arm64_32/Commandant-Swift.h (in target 'Commandant' from project 'Commandant')
cd /Users/admin/builder/spi-builder-workspace/.dependencies/checkouts/Commandant
builtin-swiftHeaderTool -arch arm64 /Users/admin/builder/spi-builder-workspace/.derivedData/Build/Intermediates.noindex/Commandant.build/Debug-watchos/Commandant-t.build/Objects-normal/arm64/Commandant-Swift.h -arch arm64_32 /Users/admin/builder/spi-builder-workspace/.derivedData/Build/Intermediates.noindex/Commandant.build/Debug-watchos/Commandant-t.build/Objects-normal/arm64_32/Commandant-Swift.h -o /Users/admin/builder/spi-builder-workspace/.derivedData/Build/Intermediates.noindex/GeneratedModuleMaps-watchos/Commandant-Swift.h
SwiftDriverJobDiscovery normal arm64_32 Compiling Errors.swift (in target 'Commandant' from project 'Commandant')
Copy /Users/admin/builder/spi-builder-workspace/.derivedData/Build/Products/Debug-watchos/Commandant.swiftmodule/arm64-apple-watchos.swiftmodule /Users/admin/builder/spi-builder-workspace/.derivedData/Build/Intermediates.noindex/Commandant.build/Debug-watchos/Commandant-t.build/Objects-normal/arm64/Commandant.swiftmodule (in target 'Commandant' from project 'Commandant')
cd /Users/admin/builder/spi-builder-workspace/.dependencies/checkouts/Commandant
builtin-copy -exclude .DS_Store -exclude CVS -exclude .svn -exclude .git -exclude .hg -resolve-src-symlinks -rename /Users/admin/builder/spi-builder-workspace/.derivedData/Build/Intermediates.noindex/Commandant.build/Debug-watchos/Commandant-t.build/Objects-normal/arm64/Commandant.swiftmodule /Users/admin/builder/spi-builder-workspace/.derivedData/Build/Products/Debug-watchos/Commandant.swiftmodule/arm64-apple-watchos.swiftmodule
Copy /Users/admin/builder/spi-builder-workspace/.derivedData/Build/Products/Debug-watchos/Commandant.swiftmodule/arm64-apple-watchos.swiftdoc /Users/admin/builder/spi-builder-workspace/.derivedData/Build/Intermediates.noindex/Commandant.build/Debug-watchos/Commandant-t.build/Objects-normal/arm64/Commandant.swiftdoc (in target 'Commandant' from project 'Commandant')
cd /Users/admin/builder/spi-builder-workspace/.dependencies/checkouts/Commandant
builtin-copy -exclude .DS_Store -exclude CVS -exclude .svn -exclude .git -exclude .hg -resolve-src-symlinks -rename /Users/admin/builder/spi-builder-workspace/.derivedData/Build/Intermediates.noindex/Commandant.build/Debug-watchos/Commandant-t.build/Objects-normal/arm64/Commandant.swiftdoc /Users/admin/builder/spi-builder-workspace/.derivedData/Build/Products/Debug-watchos/Commandant.swiftmodule/arm64-apple-watchos.swiftdoc
Copy /Users/admin/builder/spi-builder-workspace/.derivedData/Build/Products/Debug-watchos/Commandant.swiftmodule/arm64-apple-watchos.abi.json /Users/admin/builder/spi-builder-workspace/.derivedData/Build/Intermediates.noindex/Commandant.build/Debug-watchos/Commandant-t.build/Objects-normal/arm64/Commandant.abi.json (in target 'Commandant' from project 'Commandant')
cd /Users/admin/builder/spi-builder-workspace/.dependencies/checkouts/Commandant
builtin-copy -exclude .DS_Store -exclude CVS -exclude .svn -exclude .git -exclude .hg -resolve-src-symlinks -rename /Users/admin/builder/spi-builder-workspace/.derivedData/Build/Intermediates.noindex/Commandant.build/Debug-watchos/Commandant-t.build/Objects-normal/arm64/Commandant.abi.json /Users/admin/builder/spi-builder-workspace/.derivedData/Build/Products/Debug-watchos/Commandant.swiftmodule/arm64-apple-watchos.abi.json
Copy /Users/admin/builder/spi-builder-workspace/.derivedData/Build/Products/Debug-watchos/Commandant.swiftmodule/Project/arm64-apple-watchos.swiftsourceinfo /Users/admin/builder/spi-builder-workspace/.derivedData/Build/Intermediates.noindex/Commandant.build/Debug-watchos/Commandant-t.build/Objects-normal/arm64/Commandant.swiftsourceinfo (in target 'Commandant' from project 'Commandant')
cd /Users/admin/builder/spi-builder-workspace/.dependencies/checkouts/Commandant
builtin-copy -exclude .DS_Store -exclude CVS -exclude .svn -exclude .git -exclude .hg -resolve-src-symlinks -rename /Users/admin/builder/spi-builder-workspace/.derivedData/Build/Intermediates.noindex/Commandant.build/Debug-watchos/Commandant-t.build/Objects-normal/arm64/Commandant.swiftsourceinfo /Users/admin/builder/spi-builder-workspace/.derivedData/Build/Products/Debug-watchos/Commandant.swiftmodule/Project/arm64-apple-watchos.swiftsourceinfo
SwiftDriverJobDiscovery normal arm64_32 Compiling HelpCommand.swift (in target 'Commandant' from project 'Commandant')
SwiftCompile normal arm64 Compiling\ ArgumentParser.swift /Users/admin/builder/spi-builder-workspace/.dependencies/checkouts/Commandant/Sources/Commandant/ArgumentParser.swift (in target 'Commandant' from project 'Commandant')
SwiftCompile normal arm64 /Users/admin/builder/spi-builder-workspace/.dependencies/checkouts/Commandant/Sources/Commandant/ArgumentParser.swift (in target 'Commandant' from project 'Commandant')
cd /Users/admin/builder/spi-builder-workspace/.swiftpm/xcode
builtin-SwiftPerFileCompile ArgumentParser.swift
SwiftCompile normal arm64 Compiling\ HelpCommand.swift /Users/admin/builder/spi-builder-workspace/.dependencies/checkouts/Commandant/Sources/Commandant/HelpCommand.swift (in target 'Commandant' from project 'Commandant')
SwiftCompile normal arm64 /Users/admin/builder/spi-builder-workspace/.dependencies/checkouts/Commandant/Sources/Commandant/HelpCommand.swift (in target 'Commandant' from project 'Commandant')
cd /Users/admin/builder/spi-builder-workspace/.swiftpm/xcode
builtin-SwiftPerFileCompile HelpCommand.swift
SwiftDriverJobDiscovery normal arm64_32 Compiling ArgumentParser.swift (in target 'Commandant' from project 'Commandant')
SwiftCompile normal arm64_32 Compiling\ Option.swift /Users/admin/builder/spi-builder-workspace/.dependencies/checkouts/Commandant/Sources/Commandant/Option.swift (in target 'Commandant' from project 'Commandant')
SwiftCompile normal arm64_32 /Users/admin/builder/spi-builder-workspace/.dependencies/checkouts/Commandant/Sources/Commandant/Option.swift (in target 'Commandant' from project 'Commandant')
cd /Users/admin/builder/spi-builder-workspace/.swiftpm/xcode
builtin-SwiftPerFileCompile Option.swift
SwiftDriverJobDiscovery normal arm64 Compiling ArgumentProtocol.swift (in target 'Commandant' from project 'Commandant')
SwiftCompile normal arm64 Compiling\ OrderedSet.swift /Users/admin/builder/spi-builder-workspace/.dependencies/checkouts/Commandant/Sources/Commandant/OrderedSet.swift (in target 'Commandant' from project 'Commandant')
SwiftCompile normal arm64 /Users/admin/builder/spi-builder-workspace/.dependencies/checkouts/Commandant/Sources/Commandant/OrderedSet.swift (in target 'Commandant' from project 'Commandant')
cd /Users/admin/builder/spi-builder-workspace/.swiftpm/xcode
builtin-SwiftPerFileCompile OrderedSet.swift
SwiftDriverJobDiscovery normal arm64 Compiling Switch.swift (in target 'Commandant' from project 'Commandant')
SwiftDriver ToyboxKit normal arm64 com.apple.xcode.tools.swift.compiler (in target 'ToyboxKit' from project 'Toybox')
cd /Users/admin/builder/spi-builder-workspace/.swiftpm/xcode
builtin-SwiftDriver -- /Applications/Xcode-27.0.0-Release.Candidate.app/Contents/Developer/Toolchains/XcodeDefault.xctoolchain/usr/bin/swiftc -parse-as-library -module-name ToyboxKit -Onone @/Users/admin/builder/spi-builder-workspace/.derivedData/Build/Intermediates.noindex/Toybox.build/Debug-watchos/ToyboxKit-t.build/Objects-normal/arm64/ToyboxKit.SwiftFileList -DSWIFT_PACKAGE -DDEBUG -DSWIFT_MODULE_RESOURCE_BUNDLE_UNAVAILABLE -DXcode -plugin-path /Applications/Xcode-27.0.0-Release.Candidate.app/Contents/Developer/Toolchains/XcodeDefault.xctoolchain/usr/lib/swift/host/plugins/testing -enable-experimental-feature DebugDescriptionMacro -sdk /Applications/Xcode-27.0.0-Release.Candidate.app/Contents/Developer/Platforms/WatchOS.platform/Developer/SDKs/WatchOS27.0.sdk -target arm64-apple-watchos9.0 -g -module-cache-path /Users/admin/builder/spi-builder-workspace/.derivedData/ModuleCache.noindex -Xfrontend -serialize-debugging-options -profile-coverage-mapping -profile-generate -enable-testing -index-store-path /Users/admin/builder/spi-builder-workspace/.derivedData/Index.noindex/DataStore -Xcc -D_LIBCPP_HARDENING_MODE\=_LIBCPP_HARDENING_MODE_DEBUG -swift-version 5 -I /Users/admin/builder/spi-builder-workspace/.derivedData/Build/Products/Debug-watchos -Isystem /Applications/Xcode-27.0.0-Release.Candidate.app/Contents/Developer/Platforms/WatchOS.platform/Developer/usr/lib -F /Users/admin/builder/spi-builder-workspace/.derivedData/Build/Products/Debug-watchos/PackageFrameworks -F /Users/admin/builder/spi-builder-workspace/.derivedData/Build/Products/Debug-watchos -F /Applications/Xcode-27.0.0-Release.Candidate.app/Contents/Developer/Platforms/WatchOS.platform/Developer/Library/Frameworks -F /Applications/Xcode-27.0.0-Release.Candidate.app/Contents/Developer/Platforms/WatchOS.platform/Developer/SDKs/WatchOS27.0.sdk/Developer/Library/Frameworks -c -j10 -enable-batch-mode -incremental -Xcc -ivfsstatcache -Xcc /Users/admin/builder/spi-builder-workspace/.derivedData/SDKStatCaches.noindex/watchos27.0-24R360-e829b21a6f8c9b70876ba0858053c04477534ef55a1706bf4c1112bbb242f0a2.sdkstatcache -output-file-map /Users/admin/builder/spi-builder-workspace/.derivedData/Build/Intermediates.noindex/Toybox.build/Debug-watchos/ToyboxKit-t.build/Objects-normal/arm64/ToyboxKit-OutputFileMap.json -save-temps -no-color-diagnostics -explicit-module-build -module-cache-path /Users/admin/builder/spi-builder-workspace/.derivedData/Build/Intermediates.noindex/SwiftExplicitPrecompiledModules -clang-scanner-module-cache-path /Users/admin/builder/spi-builder-workspace/.derivedData/ModuleCache.noindex -sdk-module-cache-path /Users/admin/builder/spi-builder-workspace/.derivedData/SDKExplicitPrecompiledModules -emit-dependencies -emit-module -emit-module-path /Users/admin/builder/spi-builder-workspace/.derivedData/Build/Intermediates.noindex/Toybox.build/Debug-watchos/ToyboxKit-t.build/Objects-normal/arm64/ToyboxKit.swiftmodule -serialize-diagnostics -dependency-scan-serialize-diagnostics-path /Users/admin/builder/spi-builder-workspace/.derivedData/Build/Intermediates.noindex/Toybox.build/Debug-watchos/ToyboxKit-t.build/Objects-normal/arm64/ToyboxKit-dependency-scan.dia -validate-clang-modules-once -clang-build-session-file /Users/admin/builder/spi-builder-workspace/.derivedData/ModuleCache.noindex/Session.modulevalidation -Xcc -fmodules-prune-interval\=86400 -Xcc -fmodules-prune-after\=345600 -emit-const-values -const-gather-protocols-list /Users/admin/builder/spi-builder-workspace/.derivedData/Build/Intermediates.noindex/Toybox.build/Debug-watchos/ToyboxKit-t.build/Objects-normal/arm64/ToyboxKit_const_extract_protocols.json -Xcc -I/Users/admin/builder/spi-builder-workspace/.derivedData/Build/Products/Debug-watchos/include -Xcc -I/Users/admin/builder/spi-builder-workspace/.derivedData/Build/Intermediates.noindex/Toybox.build/Debug-watchos/ToyboxKit-t.build/DerivedSources-normal/arm64 -Xcc -I/Users/admin/builder/spi-builder-workspace/.derivedData/Build/Intermediates.noindex/Toybox.build/Debug-watchos/ToyboxKit-t.build/DerivedSources/arm64 -Xcc -I/Users/admin/builder/spi-builder-workspace/.derivedData/Build/Intermediates.noindex/Toybox.build/Debug-watchos/ToyboxKit-t.build/DerivedSources -Xcc -DSWIFT_PACKAGE -Xcc -DDEBUG\=1 -emit-objc-header -emit-objc-header-path /Users/admin/builder/spi-builder-workspace/.derivedData/Build/Intermediates.noindex/Toybox.build/Debug-watchos/ToyboxKit-t.build/Objects-normal/arm64/ToyboxKit-Swift.h -working-directory /Users/admin/builder/spi-builder-workspace/.swiftpm/xcode -experimental-emit-module-separately -disable-cmo
error: Clang dependency scanning failure: (in target 'ToyboxKit' from project 'Toybox')
/Users/admin/builder/spi-builder-workspace/Sources/ToyboxKit/Handler.swift:2:8: error: Unable to resolve module dependency: 'Cocoa' (in target 'ToyboxKit' from project 'Toybox')
note: A dependency of main module 'ToyboxKit'
/Users/admin/builder/spi-builder-workspace/Sources/ToyboxKit/Playground.swift:1:8: note: Also imported here
/Users/admin/builder/spi-builder-workspace/Sources/ToyboxKit/Handler.swift:2:8: note: A dependency of main module 'ToyboxKit'
import Cocoa
^ (in target 'ToyboxKit' from project 'Toybox')
/Users/admin/builder/spi-builder-workspace/Sources/ToyboxKit/Playground.swift:1:8: note: Also imported here
import Cocoa
^ (in target 'ToyboxKit' from project 'Toybox')
SwiftDriver ToyboxKit normal arm64_32 com.apple.xcode.tools.swift.compiler (in target 'ToyboxKit' from project 'Toybox')
cd /Users/admin/builder/spi-builder-workspace/.swiftpm/xcode
builtin-SwiftDriver -- /Applications/Xcode-27.0.0-Release.Candidate.app/Contents/Developer/Toolchains/XcodeDefault.xctoolchain/usr/bin/swiftc -parse-as-library -module-name ToyboxKit -Onone @/Users/admin/builder/spi-builder-workspace/.derivedData/Build/Intermediates.noindex/Toybox.build/Debug-watchos/ToyboxKit-t.build/Objects-normal/arm64_32/ToyboxKit.SwiftFileList -DSWIFT_PACKAGE -DDEBUG -DSWIFT_MODULE_RESOURCE_BUNDLE_UNAVAILABLE -DXcode -plugin-path /Applications/Xcode-27.0.0-Release.Candidate.app/Contents/Developer/Toolchains/XcodeDefault.xctoolchain/usr/lib/swift/host/plugins/testing -enable-experimental-feature DebugDescriptionMacro -sdk /Applications/Xcode-27.0.0-Release.Candidate.app/Contents/Developer/Platforms/WatchOS.platform/Developer/SDKs/WatchOS27.0.sdk -target arm64_32-apple-watchos9.0 -g -module-cache-path /Users/admin/builder/spi-builder-workspace/.derivedData/ModuleCache.noindex -Xfrontend -serialize-debugging-options -profile-coverage-mapping -profile-generate -enable-testing -index-store-path /Users/admin/builder/spi-builder-workspace/.derivedData/Index.noindex/DataStore -Xcc -D_LIBCPP_HARDENING_MODE\=_LIBCPP_HARDENING_MODE_DEBUG -swift-version 5 -I /Users/admin/builder/spi-builder-workspace/.derivedData/Build/Products/Debug-watchos -Isystem /Applications/Xcode-27.0.0-Release.Candidate.app/Contents/Developer/Platforms/WatchOS.platform/Developer/usr/lib -F /Users/admin/builder/spi-builder-workspace/.derivedData/Build/Products/Debug-watchos/PackageFrameworks -F /Users/admin/builder/spi-builder-workspace/.derivedData/Build/Products/Debug-watchos -F /Applications/Xcode-27.0.0-Release.Candidate.app/Contents/Developer/Platforms/WatchOS.platform/Developer/Library/Frameworks -F /Applications/Xcode-27.0.0-Release.Candidate.app/Contents/Developer/Platforms/WatchOS.platform/Developer/SDKs/WatchOS27.0.sdk/Developer/Library/Frameworks -c -j10 -enable-batch-mode -incremental -Xcc -ivfsstatcache -Xcc /Users/admin/builder/spi-builder-workspace/.derivedData/SDKStatCaches.noindex/watchos27.0-24R360-e829b21a6f8c9b70876ba0858053c04477534ef55a1706bf4c1112bbb242f0a2.sdkstatcache -output-file-map /Users/admin/builder/spi-builder-workspace/.derivedData/Build/Intermediates.noindex/Toybox.build/Debug-watchos/ToyboxKit-t.build/Objects-normal/arm64_32/ToyboxKit-OutputFileMap.json -save-temps -no-color-diagnostics -explicit-module-build -module-cache-path /Users/admin/builder/spi-builder-workspace/.derivedData/Build/Intermediates.noindex/SwiftExplicitPrecompiledModules -clang-scanner-module-cache-path /Users/admin/builder/spi-builder-workspace/.derivedData/ModuleCache.noindex -sdk-module-cache-path /Users/admin/builder/spi-builder-workspace/.derivedData/SDKExplicitPrecompiledModules -emit-dependencies -emit-module -emit-module-path /Users/admin/builder/spi-builder-workspace/.derivedData/Build/Intermediates.noindex/Toybox.build/Debug-watchos/ToyboxKit-t.build/Objects-normal/arm64_32/ToyboxKit.swiftmodule -serialize-diagnostics -dependency-scan-serialize-diagnostics-path /Users/admin/builder/spi-builder-workspace/.derivedData/Build/Intermediates.noindex/Toybox.build/Debug-watchos/ToyboxKit-t.build/Objects-normal/arm64_32/ToyboxKit-dependency-scan.dia -validate-clang-modules-once -clang-build-session-file /Users/admin/builder/spi-builder-workspace/.derivedData/ModuleCache.noindex/Session.modulevalidation -Xcc -fmodules-prune-interval\=86400 -Xcc -fmodules-prune-after\=345600 -emit-const-values -const-gather-protocols-list /Users/admin/builder/spi-builder-workspace/.derivedData/Build/Intermediates.noindex/Toybox.build/Debug-watchos/ToyboxKit-t.build/Objects-normal/arm64_32/ToyboxKit_const_extract_protocols.json -Xcc -I/Users/admin/builder/spi-builder-workspace/.derivedData/Build/Products/Debug-watchos/include -Xcc -I/Users/admin/builder/spi-builder-workspace/.derivedData/Build/Intermediates.noindex/Toybox.build/Debug-watchos/ToyboxKit-t.build/DerivedSources-normal/arm64_32 -Xcc -I/Users/admin/builder/spi-builder-workspace/.derivedData/Build/Intermediates.noindex/Toybox.build/Debug-watchos/ToyboxKit-t.build/DerivedSources/arm64_32 -Xcc -I/Users/admin/builder/spi-builder-workspace/.derivedData/Build/Intermediates.noindex/Toybox.build/Debug-watchos/ToyboxKit-t.build/DerivedSources -Xcc -DSWIFT_PACKAGE -Xcc -DDEBUG\=1 -emit-objc-header -emit-objc-header-path /Users/admin/builder/spi-builder-workspace/.derivedData/Build/Intermediates.noindex/Toybox.build/Debug-watchos/ToyboxKit-t.build/Objects-normal/arm64_32/ToyboxKit-Swift.h -working-directory /Users/admin/builder/spi-builder-workspace/.swiftpm/xcode -experimental-emit-module-separately -disable-cmo
error: Clang dependency scanning failure: (in target 'ToyboxKit' from project 'Toybox')
/Users/admin/builder/spi-builder-workspace/Sources/ToyboxKit/Handler.swift:2:8: error: Unable to resolve module dependency: 'Cocoa' (in target 'ToyboxKit' from project 'Toybox')
note: A dependency of main module 'ToyboxKit'
/Users/admin/builder/spi-builder-workspace/Sources/ToyboxKit/Playground.swift:1:8: note: Also imported here
/Users/admin/builder/spi-builder-workspace/Sources/ToyboxKit/Handler.swift:2:8: note: A dependency of main module 'ToyboxKit'
import Cocoa
^ (in target 'ToyboxKit' from project 'Toybox')
/Users/admin/builder/spi-builder-workspace/Sources/ToyboxKit/Playground.swift:1:8: note: Also imported here
import Cocoa
^ (in target 'ToyboxKit' from project 'Toybox')
SwiftDriverJobDiscovery normal arm64 Compiling Argument.swift (in target 'Commandant' from project 'Commandant')
SwiftDriverJobDiscovery normal arm64 Compiling Option.swift (in target 'Commandant' from project 'Commandant')
PruneExplicitPrecompiledModules /Users/admin/builder/spi-builder-workspace/.derivedData/SDKExplicitPrecompiledModules
PruneExplicitPrecompiledModules /Users/admin/builder/spi-builder-workspace/.derivedData/Build/Intermediates.noindex/SwiftExplicitPrecompiledModules
PruneExplicitPrecompiledModules /Users/admin/builder/spi-builder-workspace/.derivedData/Build/Intermediates.noindex/ExplicitPrecompiledModules
2026-09-15 23:13:13.485 xcodebuild[920:5387] [MT] IDERunDestination: Supported platforms for the buildables in the current scheme is empty.
2026-09-15 23:13:13.588 xcodebuild[920:5387] [MT] IDERunDestination: Supported platforms for the buildables in the current scheme is empty.
** BUILD FAILED **
The following build commands failed:
SwiftCompile normal arm64 /Users/admin/builder/spi-builder-workspace/.dependencies/checkouts/Commandant/Sources/Commandant/Command.swift (in target 'Commandant' from project 'Commandant')
SwiftCompile normal arm64 Compiling\ Command.swift /Users/admin/builder/spi-builder-workspace/.dependencies/checkouts/Commandant/Sources/Commandant/Command.swift (in target 'Commandant' from project 'Commandant')
SwiftCompile normal arm64_32 Compiling\ Command.swift /Users/admin/builder/spi-builder-workspace/.dependencies/checkouts/Commandant/Sources/Commandant/Command.swift (in target 'Commandant' from project 'Commandant')
SwiftCompile normal arm64_32 /Users/admin/builder/spi-builder-workspace/.dependencies/checkouts/Commandant/Sources/Commandant/Command.swift (in target 'Commandant' from project 'Commandant')
SwiftDriver ToyboxKit normal arm64 com.apple.xcode.tools.swift.compiler (in target 'ToyboxKit' from project 'Toybox')
SwiftDriver ToyboxKit normal arm64_32 com.apple.xcode.tools.swift.compiler (in target 'ToyboxKit' from project 'Toybox')
Building workspace Toybox with scheme Toybox-Package
(7 failures)
BUILD FAILURE 6.4 watchOS