Build Information
Failed to build AccountProtection, reference 3.0.9 (87b8e9), with Swift 6.2 for visionOS using Xcode 26.3 on 9 Oct 2026 13:44:11 UTC.
Build Command
env DEVELOPER_DIR=/Applications/Xcode-26.3.0.app xcrun xcodebuild -IDEClonedSourcePackagesDirPathOverride=$PWD/.dependencies -skipMacroValidation -skipPackagePluginValidation -derivedDataPath $PWD/.derivedData build -scheme AccountProtection -destination generic/platform=xrOSBuild Log
========================================
RunAll
========================================
Builder version: 5.1.1
Interrupt handler set up.
========================================
Checkout
========================================
Clone URL: https://github.com/TransmitSecurity/accountprotection-ios-sdk.git
Reference: 3.0.9
Initialized empty Git repository in /Users/admin/builder/spi-builder-workspace/.git/
From https://github.com/TransmitSecurity/accountprotection-ios-sdk
* tag 3.0.9 -> FETCH_HEAD
HEAD is now at 87b8e96 Added AccountProtection Framework release/3.0.9
Cloned https://github.com/TransmitSecurity/accountprotection-ios-sdk.git
Revision (git rev-parse @):
87b8e96a56045bef3d21825d484cf3d233fb5433
SUCCESS checkout https://github.com/TransmitSecurity/accountprotection-ios-sdk.git at 3.0.9
========================================
Build
========================================
Selected platform: visionOS
Swift version: 6.2
Building package at path: $PWD
https://github.com/TransmitSecurity/accountprotection-ios-sdk.git
Command line invocation:
/Applications/Xcode-26.3.0.app/Contents/Developer/usr/bin/xcodebuild -IDEClonedSourcePackagesDirPathOverride=/Users/admin/builder/spi-builder-workspace/.dependencies -resolvePackageDependencies
Resolve Package Graph
Fetching from https://github.com/TransmitSecurity/core-ios-sdk.git
Creating working copy of package ‘core-ios-sdk’
Checking out 1.1.6 of package ‘core-ios-sdk’
Resolve Package Graph
Resolved source packages:
TSCore: https://github.com/TransmitSecurity/core-ios-sdk.git @ 1.1.6
AccountProtection: /Users/admin/builder/spi-builder-workspace
resolved source packages: TSCore, AccountProtection
2026-10-09 09:43:44.346 xcodebuild[537:3121] [MT] IDERunDestination: Supported platforms for the buildables in the current scheme is empty.
{
"dependencies" : [
{
"identity" : "core-ios-sdk",
"requirement" : {
"range" : [
{
"lower_bound" : "1.1.5",
"upper_bound" : "2.0.0"
}
]
},
"type" : "sourceControl",
"url" : "https://github.com/TransmitSecurity/core-ios-sdk.git"
}
],
"manifest_display_name" : "AccountProtection",
"name" : "AccountProtection",
"path" : "/Users/admin/builder/spi-builder-workspace",
"platforms" : [
{
"name" : "ios",
"version" : "13.0"
}
],
"products" : [
{
"name" : "AccountProtection",
"targets" : [
"AccountProtection",
"AccountProtection-Dependencies"
],
"type" : {
"library" : [
"automatic"
]
}
}
],
"targets" : [
{
"c99name" : "AccountProtection_Dependencies",
"module_type" : "SwiftTarget",
"name" : "AccountProtection-Dependencies",
"path" : "Sources/AccountProtection-Dependencies",
"product_dependencies" : [
"TSCoreSDK"
],
"product_memberships" : [
"AccountProtection"
],
"sources" : [
"AccountProtection-Dependencies.swift"
],
"type" : "library"
},
{
"c99name" : "AccountProtection",
"module_type" : "BinaryTarget",
"name" : "AccountProtection",
"path" : "Sources/AccountProtection.xcframework",
"product_memberships" : [
"AccountProtection"
],
"sources" : [
],
"type" : "binary"
}
],
"tools_version" : "5.5"
}
{
"workspace" : {
"name" : "spi-builder-workspace",
"schemes" : [
"AccountProtection"
]
}
}
2026-10-09 09:44:05.034 xcodebuild[715:4509] [MT] IDERunDestination: Supported platforms for the buildables in the current scheme is empty.
Running build ...
env DEVELOPER_DIR=/Applications/Xcode-26.3.0.app xcrun xcodebuild -IDEClonedSourcePackagesDirPathOverride=$PWD/.dependencies -skipMacroValidation -skipPackagePluginValidation -derivedDataPath $PWD/.derivedData build -scheme AccountProtection -destination generic/platform=xrOS
Command line invocation:
/Applications/Xcode-26.3.0.app/Contents/Developer/usr/bin/xcodebuild -IDEClonedSourcePackagesDirPathOverride=/Users/admin/builder/spi-builder-workspace/.dependencies -skipMacroValidation -skipPackagePluginValidation -derivedDataPath /Users/admin/builder/spi-builder-workspace/.derivedData build -scheme AccountProtection -destination generic/platform=xrOS
Resolve Package Graph
Resolve Package Graph
Resolved source packages:
TSCore: https://github.com/TransmitSecurity/core-ios-sdk.git @ 1.1.6
AccountProtection: /Users/admin/builder/spi-builder-workspace
ComputePackagePrebuildTargetDependencyGraph
Prepare packages
CreateBuildRequest
SendProjectDescription
CreateBuildOperation
ComputeTargetDependencyGraph
note: Building targets in dependency order
note: Target dependency graph (3 targets)
Target 'AccountProtection' in project 'AccountProtection'
➜ Explicit dependency on target 'AccountProtection-Dependencies' in project 'AccountProtection'
➜ Explicit dependency on target 'TSCoreSDK' in project 'TSCore'
Target 'AccountProtection-Dependencies' in project 'AccountProtection'
➜ Explicit dependency on target 'TSCoreSDK' in project 'TSCore'
Target 'TSCoreSDK' in project 'TSCore' (no dependencies)
GatherProvisioningInputs
CreateBuildDescription
ExecuteExternalTool /Applications/Xcode-26.3.0.app/Contents/Developer/Toolchains/XcodeDefault.xctoolchain/usr/bin/clang -v -E -dM -isysroot /Applications/Xcode-26.3.0.app/Contents/Developer/Platforms/XROS.platform/Developer/SDKs/XROS26.2.sdk -x c -c /dev/null
ExecuteExternalTool /Applications/Xcode-26.3.0.app/Contents/Developer/Toolchains/XcodeDefault.xctoolchain/usr/bin/swiftc --version
ExecuteExternalTool /Applications/Xcode-26.3.0.app/Contents/Developer/Toolchains/XcodeDefault.xctoolchain/usr/bin/ld -version_details
Build description signature: de115b0da884207946b2ae6a8b1bba9f
Build description path: /Users/admin/builder/spi-builder-workspace/.derivedData/Build/Intermediates.noindex/XCBuildData/de115b0da884207946b2ae6a8b1bba9f.xcbuilddata
/Users/admin/builder/spi-builder-workspace/.dependencies/checkouts/core-ios-sdk/Sources/TSCoreSDK.xcframework:1:1: error: While building for visionOS, no library for this platform was found in '/Users/admin/builder/spi-builder-workspace/.dependencies/checkouts/core-ios-sdk/Sources/TSCoreSDK.xcframework'. (in target 'TSCoreSDK' from project 'TSCore')
/Users/admin/builder/spi-builder-workspace/Sources/AccountProtection.xcframework:1:1: error: While building for visionOS, no library for this platform was found in '/Users/admin/builder/spi-builder-workspace/Sources/AccountProtection.xcframework'. (in target 'AccountProtection' from project 'AccountProtection')
/Users/admin/builder/spi-builder-workspace/.dependencies/checkouts/core-ios-sdk/Sources/TSCoreSDK.xcframework:1:1: error: While building for visionOS, no library for this platform was found in '/Users/admin/builder/spi-builder-workspace/.dependencies/checkouts/core-ios-sdk/Sources/TSCoreSDK.xcframework'. (in target 'AccountProtection' from project 'AccountProtection')
/Users/admin/builder/spi-builder-workspace/.dependencies/checkouts/core-ios-sdk/Sources/TSCoreSDK.xcframework:1:1: error: While building for visionOS, no library for this platform was found in '/Users/admin/builder/spi-builder-workspace/.dependencies/checkouts/core-ios-sdk/Sources/TSCoreSDK.xcframework'. (in target 'AccountProtection' from project 'AccountProtection')
/Users/admin/builder/spi-builder-workspace/.dependencies/checkouts/core-ios-sdk/Sources/TSCoreSDK.xcframework:1:1: error: While building for visionOS, no library for this platform was found in '/Users/admin/builder/spi-builder-workspace/.dependencies/checkouts/core-ios-sdk/Sources/TSCoreSDK.xcframework'. (in target 'AccountProtection-Dependencies' from project 'AccountProtection')
2026-10-09 09:44:07.044 xcodebuild[717:4558] [MT] IDERunDestination: Supported platforms for the buildables in the current scheme is empty.
** BUILD FAILED **
The following build commands failed:
Building workspace spi-builder-workspace with scheme AccountProtection
(1 failure)
Command line invocation:
/Applications/Xcode-26.3.0.app/Contents/Developer/usr/bin/xcodebuild -IDEClonedSourcePackagesDirPathOverride=/Users/admin/builder/spi-builder-workspace/.dependencies -resolvePackageDependencies
Resolve Package Graph
Resolved source packages:
TSCore: https://github.com/TransmitSecurity/core-ios-sdk.git @ 1.1.6
AccountProtection: /Users/admin/builder/spi-builder-workspace
resolved source packages: TSCore, AccountProtection
2026-10-09 09:44:09.482 xcodebuild[740:4704] [MT] IDERunDestination: Supported platforms for the buildables in the current scheme is empty.
{
"dependencies" : [
{
"identity" : "core-ios-sdk",
"requirement" : {
"range" : [
{
"lower_bound" : "1.1.5",
"upper_bound" : "2.0.0"
}
]
},
"type" : "sourceControl",
"url" : "https://github.com/TransmitSecurity/core-ios-sdk.git"
}
],
"manifest_display_name" : "AccountProtection",
"name" : "AccountProtection",
"path" : "/Users/admin/builder/spi-builder-workspace",
"platforms" : [
{
"name" : "ios",
"version" : "13.0"
}
],
"products" : [
{
"name" : "AccountProtection",
"targets" : [
"AccountProtection",
"AccountProtection-Dependencies"
],
"type" : {
"library" : [
"automatic"
]
}
}
],
"targets" : [
{
"c99name" : "AccountProtection_Dependencies",
"module_type" : "SwiftTarget",
"name" : "AccountProtection-Dependencies",
"path" : "Sources/AccountProtection-Dependencies",
"product_dependencies" : [
"TSCoreSDK"
],
"product_memberships" : [
"AccountProtection"
],
"sources" : [
"AccountProtection-Dependencies.swift"
],
"type" : "library"
},
{
"c99name" : "AccountProtection",
"module_type" : "BinaryTarget",
"name" : "AccountProtection",
"path" : "Sources/AccountProtection.xcframework",
"product_memberships" : [
"AccountProtection"
],
"sources" : [
],
"type" : "binary"
}
],
"tools_version" : "5.5"
}
{
"workspace" : {
"name" : "spi-builder-workspace",
"schemes" : [
"AccountProtection"
]
}
}
2026-10-09 09:44:10.563 xcodebuild[748:4767] [MT] IDERunDestination: Supported platforms for the buildables in the current scheme is empty.
Running build ...
env DEVELOPER_DIR=/Applications/Xcode-26.3.0.app xcrun xcodebuild -IDEClonedSourcePackagesDirPathOverride=$PWD/.dependencies -skipMacroValidation -skipPackagePluginValidation -derivedDataPath $PWD/.derivedData build -scheme AccountProtection -destination generic/platform=xrOS
Command line invocation:
/Applications/Xcode-26.3.0.app/Contents/Developer/usr/bin/xcodebuild -IDEClonedSourcePackagesDirPathOverride=/Users/admin/builder/spi-builder-workspace/.dependencies -skipMacroValidation -skipPackagePluginValidation -derivedDataPath /Users/admin/builder/spi-builder-workspace/.derivedData build -scheme AccountProtection -destination generic/platform=xrOS
Resolve Package Graph
Resolved source packages:
TSCore: https://github.com/TransmitSecurity/core-ios-sdk.git @ 1.1.6
AccountProtection: /Users/admin/builder/spi-builder-workspace
ComputePackagePrebuildTargetDependencyGraph
Prepare packages
CreateBuildRequest
SendProjectDescription
CreateBuildOperation
ComputeTargetDependencyGraph
note: Building targets in dependency order
note: Target dependency graph (3 targets)
Target 'AccountProtection' in project 'AccountProtection'
➜ Explicit dependency on target 'AccountProtection-Dependencies' in project 'AccountProtection'
➜ Explicit dependency on target 'TSCoreSDK' in project 'TSCore'
Target 'AccountProtection-Dependencies' in project 'AccountProtection'
➜ Explicit dependency on target 'TSCoreSDK' in project 'TSCore'
Target 'TSCoreSDK' in project 'TSCore' (no dependencies)
GatherProvisioningInputs
CreateBuildDescription
ExecuteExternalTool /Applications/Xcode-26.3.0.app/Contents/Developer/Toolchains/XcodeDefault.xctoolchain/usr/bin/clang -v -E -dM -isysroot /Applications/Xcode-26.3.0.app/Contents/Developer/Platforms/XROS.platform/Developer/SDKs/XROS26.2.sdk -x c -c /dev/null
ExecuteExternalTool /Applications/Xcode-26.3.0.app/Contents/Developer/Toolchains/XcodeDefault.xctoolchain/usr/bin/swiftc --version
ExecuteExternalTool /Applications/Xcode-26.3.0.app/Contents/Developer/Toolchains/XcodeDefault.xctoolchain/usr/bin/ld -version_details
Build description signature: de115b0da884207946b2ae6a8b1bba9f
Build description path: /Users/admin/builder/spi-builder-workspace/.derivedData/Build/Intermediates.noindex/XCBuildData/de115b0da884207946b2ae6a8b1bba9f.xcbuilddata
/Users/admin/builder/spi-builder-workspace/.dependencies/checkouts/core-ios-sdk/Sources/TSCoreSDK.xcframework:1:1: error: While building for visionOS, no library for this platform was found in '/Users/admin/builder/spi-builder-workspace/.dependencies/checkouts/core-ios-sdk/Sources/TSCoreSDK.xcframework'. (in target 'AccountProtection-Dependencies' from project 'AccountProtection')
/Users/admin/builder/spi-builder-workspace/.dependencies/checkouts/core-ios-sdk/Sources/TSCoreSDK.xcframework:1:1: error: While building for visionOS, no library for this platform was found in '/Users/admin/builder/spi-builder-workspace/.dependencies/checkouts/core-ios-sdk/Sources/TSCoreSDK.xcframework'. (in target 'TSCoreSDK' from project 'TSCore')
/Users/admin/builder/spi-builder-workspace/Sources/AccountProtection.xcframework:1:1: error: While building for visionOS, no library for this platform was found in '/Users/admin/builder/spi-builder-workspace/Sources/AccountProtection.xcframework'. (in target 'AccountProtection' from project 'AccountProtection')
/Users/admin/builder/spi-builder-workspace/.dependencies/checkouts/core-ios-sdk/Sources/TSCoreSDK.xcframework:1:1: error: While building for visionOS, no library for this platform was found in '/Users/admin/builder/spi-builder-workspace/.dependencies/checkouts/core-ios-sdk/Sources/TSCoreSDK.xcframework'. (in target 'AccountProtection' from project 'AccountProtection')
/Users/admin/builder/spi-builder-workspace/.dependencies/checkouts/core-ios-sdk/Sources/TSCoreSDK.xcframework:1:1: error: While building for visionOS, no library for this platform was found in '/Users/admin/builder/spi-builder-workspace/.dependencies/checkouts/core-ios-sdk/Sources/TSCoreSDK.xcframework'. (in target 'AccountProtection' from project 'AccountProtection')
2026-10-09 09:44:11.415 xcodebuild[750:4796] [MT] IDERunDestination: Supported platforms for the buildables in the current scheme is empty.
** BUILD FAILED **
The following build commands failed:
Building workspace spi-builder-workspace with scheme AccountProtection
(1 failure)
BUILD FAILURE 6.2 visionOS