The Swift Package Index logo.Swift Package Index

Build Information

Failed to build FlagsmithOpenFeatureProvider, reference main (1b5cec), with Swift 6.1 for Android on 9 Sep 2026 16:14:58 UTC.

Build Command

bash -c docker run --pull=always --rm -v "checkouts-54344845-0":/host -w "$PWD" -e JAVA_HOME="/root/.sdkman/candidates/java/current" -e SPI_BUILD="1" -e SPI_PROCESSING="1" registry.gitlab.com/saguaro1/spi-images:android-6.1-latest swift build --swift-sdk aarch64-unknown-linux-android24 2>&1

Build Log

========================================
RunAll
========================================
Builder version: 5.0.2
Interrupt handler set up.
========================================
Checkout
========================================
Clone URL: https://github.com/Flagsmith/flagsmith-openfeature-swift-provider.git
Reference: main
Initialized empty Git repository in /host/spi-builder-workspace/.git/
hint: Using 'master' as the name for the initial branch. This default branch name
hint: is subject to change. To configure the initial branch name to use in all
hint: of your new repositories, which will suppress this warning, call:
hint:
hint: 	git config --global init.defaultBranch <name>
hint:
hint: Names commonly chosen instead of 'master' are 'main', 'trunk' and
hint: 'development'. The just-created branch can be renamed via this command:
hint:
hint: 	git branch -m <name>
From https://github.com/Flagsmith/flagsmith-openfeature-swift-provider
 * branch            main       -> FETCH_HEAD
 * [new branch]      main       -> origin/main
HEAD is now at 1b5cec0 chore(main): release 0.2.0 (#2)
Cloned https://github.com/Flagsmith/flagsmith-openfeature-swift-provider.git
Revision (git rev-parse @):
1b5cec0c1041c55cace705bbc7bfdd27928a3cd1
SPI manifest file found: $PWD/.spi.yml
SUCCESS checkout https://github.com/Flagsmith/flagsmith-openfeature-swift-provider.git at main
========================================
Build
========================================
Selected platform:         android
Swift version:             6.1
Building package at path:  $PWD
https://github.com/Flagsmith/flagsmith-openfeature-swift-provider.git
https://github.com/Flagsmith/flagsmith-openfeature-swift-provider.git
WARNING: environment variable SUPPRESS_SWIFT_6_FLAGS is not set
Running build ...
bash -c docker run --pull=always --rm -v "checkouts-54344845-0":/host -w "$PWD" -e JAVA_HOME="/root/.sdkman/candidates/java/current" -e SPI_BUILD="1" -e SPI_PROCESSING="1" registry.gitlab.com/saguaro1/spi-images:android-6.1-latest swift build --swift-sdk aarch64-unknown-linux-android24 -Xswiftc -Xfrontend -Xswiftc -stats-output-dir -Xswiftc -Xfrontend -Xswiftc .stats -Xswiftc -strict-concurrency=complete -Xswiftc -enable-upcoming-feature -Xswiftc StrictConcurrency -Xswiftc -enable-upcoming-feature -Xswiftc DisableOutwardActorInference -Xswiftc -enable-upcoming-feature -Xswiftc GlobalActorIsolatedTypesUsability -Xswiftc -enable-upcoming-feature -Xswiftc InferSendableFromCaptures 2>&1
android-6.1-latest: Pulling from saguaro1/spi-images
Digest: sha256:0cd0efb458d677a6de9b5e028d30e2aa1d1b247c2277202ba317a28ce9e867e0
Status: Image is up to date for registry.gitlab.com/saguaro1/spi-images:android-6.1-latest
Fetching https://github.com/open-feature/swift-sdk.git
Fetching https://github.com/Flagsmith/flagsmith-ios-client.git
Fetching https://github.com/swhitty/FlyingFox.git
Fetching https://github.com/apple/swift-log.git
[1/8066] Fetching swift-log
[4276/9779] Fetching swift-log, swift-sdk
[5424/11640] Fetching swift-log, swift-sdk, flagsmith-ios-client
Fetched https://github.com/Flagsmith/flagsmith-ios-client.git from cache (0.55s)
Fetched https://github.com/apple/swift-log.git from cache (0.55s)
[1/6394] Fetching flyingfox
Fetched https://github.com/open-feature/swift-sdk.git from cache (1.30s)
Fetched https://github.com/swhitty/FlyingFox.git from cache (1.30s)
Computing version for https://github.com/swhitty/FlyingFox.git
Computed https://github.com/swhitty/FlyingFox.git at 0.27.1 (1.57s)
Computing version for https://github.com/Flagsmith/flagsmith-ios-client.git
Computed https://github.com/Flagsmith/flagsmith-ios-client.git at 3.10.0 (0.25s)
Computing version for https://github.com/open-feature/swift-sdk.git
Computed https://github.com/open-feature/swift-sdk.git at 0.6.0 (1.00s)
Computing version for https://github.com/apple/swift-log.git
Computed https://github.com/apple/swift-log.git at 1.15.1 (0.25s)
Creating working copy for https://github.com/apple/swift-log.git
Working copy of https://github.com/apple/swift-log.git resolved at 1.15.1
Creating working copy for https://github.com/open-feature/swift-sdk.git
Working copy of https://github.com/open-feature/swift-sdk.git resolved at 0.6.0
Creating working copy for https://github.com/Flagsmith/flagsmith-ios-client.git
Working copy of https://github.com/Flagsmith/flagsmith-ios-client.git resolved at 3.10.0
Creating working copy for https://github.com/swhitty/FlyingFox.git
Working copy of https://github.com/swhitty/FlyingFox.git resolved at 0.27.1
Building for debugging...
[0/7] Write sources
[3/7] Copying PrivacyInfo.xcprivacy
[5/7] Write sources
[6/7] Write swift-version-24593BA9C3E375BF.txt
[8/35] Compiling Logging LoggingSystem.swift
<unknown>:0: warning: upcoming feature 'InferSendableFromCaptures' is already enabled as of Swift version 6
<unknown>:0: warning: upcoming feature 'GlobalActorIsolatedTypesUsability' is already enabled as of Swift version 6
<unknown>:0: warning: upcoming feature 'DisableOutwardActorInference' is already enabled as of Swift version 6
[9/36] Compiling Logging Logger.swift
<unknown>:0: warning: upcoming feature 'InferSendableFromCaptures' is already enabled as of Swift version 6
<unknown>:0: warning: upcoming feature 'GlobalActorIsolatedTypesUsability' is already enabled as of Swift version 6
<unknown>:0: warning: upcoming feature 'DisableOutwardActorInference' is already enabled as of Swift version 6
[10/36] Compiling Logging Logger+With.swift
unable to find node: pound
unable to find node: pound
<unknown>:0: warning: upcoming feature 'InferSendableFromCaptures' is already enabled as of Swift version 6
<unknown>:0: warning: upcoming feature 'GlobalActorIsolatedTypesUsability' is already enabled as of Swift version 6
<unknown>:0: warning: upcoming feature 'DisableOutwardActorInference' is already enabled as of Swift version 6
[11/36] Compiling Logging Logger+Attributes.swift
<unknown>:0: warning: upcoming feature 'InferSendableFromCaptures' is already enabled as of Swift version 6
<unknown>:0: warning: upcoming feature 'GlobalActorIsolatedTypesUsability' is already enabled as of Swift version 6
<unknown>:0: warning: upcoming feature 'DisableOutwardActorInference' is already enabled as of Swift version 6
[12/36] Compiling FlagsmithClient FlagsmithAnalytics.swift
<unknown>:0: warning: upcoming feature 'InferSendableFromCaptures' is already enabled as of Swift version 6
<unknown>:0: warning: upcoming feature 'GlobalActorIsolatedTypesUsability' is already enabled as of Swift version 6
<unknown>:0: warning: upcoming feature 'DisableOutwardActorInference' is already enabled as of Swift version 6
[13/36] Compiling FlagsmithClient ReconnectionDelay.swift
<unknown>:0: warning: upcoming feature 'InferSendableFromCaptures' is already enabled as of Swift version 6
<unknown>:0: warning: upcoming feature 'GlobalActorIsolatedTypesUsability' is already enabled as of Swift version 6
<unknown>:0: warning: upcoming feature 'DisableOutwardActorInference' is already enabled as of Swift version 6
[14/36] Compiling Logging MetadataProvider.swift
<unknown>:0: warning: upcoming feature 'InferSendableFromCaptures' is already enabled as of Swift version 6
<unknown>:0: warning: upcoming feature 'GlobalActorIsolatedTypesUsability' is already enabled as of Swift version 6
<unknown>:0: warning: upcoming feature 'DisableOutwardActorInference' is already enabled as of Swift version 6
[15/36] Emitting module Logging
unable to find node: pound
unable to find node: pound
<unknown>:0: warning: upcoming feature 'InferSendableFromCaptures' is already enabled as of Swift version 6
<unknown>:0: warning: upcoming feature 'GlobalActorIsolatedTypesUsability' is already enabled as of Swift version 6
<unknown>:0: warning: upcoming feature 'DisableOutwardActorInference' is already enabled as of Swift version 6
[16/36] Compiling FlagsmithClient FlagEvent.swift
<unknown>:0: warning: upcoming feature 'InferSendableFromCaptures' is already enabled as of Swift version 6
<unknown>:0: warning: upcoming feature 'GlobalActorIsolatedTypesUsability' is already enabled as of Swift version 6
<unknown>:0: warning: upcoming feature 'DisableOutwardActorInference' is already enabled as of Swift version 6
[17/36] Compiling FlagsmithClient CachedURLResponse.swift
<unknown>:0: warning: upcoming feature 'InferSendableFromCaptures' is already enabled as of Swift version 6
<unknown>:0: warning: upcoming feature 'GlobalActorIsolatedTypesUsability' is already enabled as of Swift version 6
<unknown>:0: warning: upcoming feature 'DisableOutwardActorInference' is already enabled as of Swift version 6
[18/36] Compiling FlagsmithClient Feature.swift
<unknown>:0: warning: upcoming feature 'InferSendableFromCaptures' is already enabled as of Swift version 6
<unknown>:0: warning: upcoming feature 'GlobalActorIsolatedTypesUsability' is already enabled as of Swift version 6
<unknown>:0: warning: upcoming feature 'DisableOutwardActorInference' is already enabled as of Swift version 6
[19/36] Compiling FlagsmithClient Flag.swift
<unknown>:0: warning: upcoming feature 'InferSendableFromCaptures' is already enabled as of Swift version 6
<unknown>:0: warning: upcoming feature 'GlobalActorIsolatedTypesUsability' is already enabled as of Swift version 6
<unknown>:0: warning: upcoming feature 'DisableOutwardActorInference' is already enabled as of Swift version 6
[21/37] Compiling FlagsmithClient Traits.swift
[22/37] Compiling FlagsmithClient TypedValue.swift
[23/54] Compiling OpenFeature BaseEvaluation.swift
[24/54] Compiling OpenFeature Client.swift
[25/54] Compiling OpenFeature ClientMetadata.swift
[26/78] Emitting module FlagsmithClient
[27/78] Compiling OpenFeature ImmutableTrackingEventDetails.swift
[28/78] Compiling OpenFeature MetadataValue.swift
[29/78] Compiling OpenFeature MutableStructure.swift
[30/78] Compiling OpenFeature OpenFeatureAPI.swift
[31/78] Compiling OpenFeature OpenFeatureClient.swift
[32/78] Compiling OpenFeature EvaluationContext.swift
[33/78] Compiling OpenFeature EventHandler.swift
[34/78] Compiling OpenFeature EventMetadataValue.swift
[35/78] Compiling OpenFeature ImmutableStructure.swift
[36/78] Compiling OpenFeature FirstSuccessfulStrategy.swift
[37/78] Compiling OpenFeature MultiProvider.swift
[38/78] Compiling OpenFeature FlagValueType.swift
[39/78] Compiling OpenFeature Hook.swift
[40/79] Compiling OpenFeature Features+Defaults.swift
/host/spi-builder-workspace/.build/checkouts/swift-sdk/Sources/OpenFeature/EventHandler.swift:1:8: error: no such module 'Combine'
 1 | import Combine
   |        `- error: no such module 'Combine'
 2 | import Foundation
 3 |
[41/79] Compiling OpenFeature Features.swift
/host/spi-builder-workspace/.build/checkouts/swift-sdk/Sources/OpenFeature/EventHandler.swift:1:8: error: no such module 'Combine'
 1 | import Combine
   |        `- error: no such module 'Combine'
 2 | import Foundation
 3 |
[42/79] Compiling OpenFeature FlagEvaluationDetails.swift
/host/spi-builder-workspace/.build/checkouts/swift-sdk/Sources/OpenFeature/EventHandler.swift:1:8: error: no such module 'Combine'
 1 | import Combine
   |        `- error: no such module 'Combine'
 2 | import Foundation
 3 |
[43/79] Compiling OpenFeature FlagEvaluationOptions.swift
/host/spi-builder-workspace/.build/checkouts/swift-sdk/Sources/OpenFeature/EventHandler.swift:1:8: error: no such module 'Combine'
 1 | import Combine
   |        `- error: no such module 'Combine'
 2 | import Foundation
 3 |
[44/79] Compiling OpenFeature FlagMetadataValue.swift
/host/spi-builder-workspace/.build/checkouts/swift-sdk/Sources/OpenFeature/EventHandler.swift:1:8: error: no such module 'Combine'
 1 | import Combine
   |        `- error: no such module 'Combine'
 2 | import Foundation
 3 |
[45/84] Compiling OpenFeature Strategy.swift
/host/spi-builder-workspace/.build/checkouts/swift-sdk/Sources/OpenFeature/EventHandler.swift:1:8: error: no such module 'Combine'
 1 | import Combine
   |        `- error: no such module 'Combine'
 2 | import Foundation
 3 |
[46/84] Compiling OpenFeature NoOpProvider.swift
/host/spi-builder-workspace/.build/checkouts/swift-sdk/Sources/OpenFeature/EventHandler.swift:1:8: error: no such module 'Combine'
 1 | import Combine
   |        `- error: no such module 'Combine'
 2 | import Foundation
 3 |
[47/84] Compiling OpenFeature ProviderEvaluation.swift
/host/spi-builder-workspace/.build/checkouts/swift-sdk/Sources/OpenFeature/EventHandler.swift:1:8: error: no such module 'Combine'
 1 | import Combine
   |        `- error: no such module 'Combine'
 2 | import Foundation
 3 |
[48/84] Compiling OpenFeature ProviderEventDetails.swift
/host/spi-builder-workspace/.build/checkouts/swift-sdk/Sources/OpenFeature/EventHandler.swift:1:8: error: no such module 'Combine'
 1 | import Combine
   |        `- error: no such module 'Combine'
 2 | import Foundation
 3 |
[49/84] Compiling OpenFeature ProviderEvents.swift
/host/spi-builder-workspace/.build/checkouts/swift-sdk/Sources/OpenFeature/EventHandler.swift:1:8: error: no such module 'Combine'
 1 | import Combine
   |        `- error: no such module 'Combine'
 2 | import Foundation
 3 |
[50/84] Compiling OpenFeature ProviderMetadata.swift
/host/spi-builder-workspace/.build/checkouts/swift-sdk/Sources/OpenFeature/EventHandler.swift:1:8: error: no such module 'Combine'
 1 | import Combine
   |        `- error: no such module 'Combine'
 2 | import Foundation
 3 |
[51/84] Compiling OpenFeature ProviderStatus.swift
/host/spi-builder-workspace/.build/checkouts/swift-sdk/Sources/OpenFeature/EventHandler.swift:1:8: error: no such module 'Combine'
 1 | import Combine
   |        `- error: no such module 'Combine'
 2 | import Foundation
 3 |
[52/84] Compiling OpenFeature ProviderStatusTracker.swift
/host/spi-builder-workspace/.build/checkouts/swift-sdk/Sources/OpenFeature/EventHandler.swift:1:8: error: no such module 'Combine'
 1 | import Combine
   |        `- error: no such module 'Combine'
 2 | import Foundation
 3 |
[53/84] Compiling OpenFeature Reason.swift
/host/spi-builder-workspace/.build/checkouts/swift-sdk/Sources/OpenFeature/EventHandler.swift:1:8: error: no such module 'Combine'
 1 | import Combine
   |        `- error: no such module 'Combine'
 2 | import Foundation
 3 |
[54/84] Compiling OpenFeature Structure.swift
/host/spi-builder-workspace/.build/checkouts/swift-sdk/Sources/OpenFeature/EventHandler.swift:1:8: error: no such module 'Combine'
 1 | import Combine
   |        `- error: no such module 'Combine'
 2 | import Foundation
 3 |
/host/spi-builder-workspace/.build/checkouts/swift-sdk/Sources/OpenFeature/EventHandler.swift:1:8: error: no such module 'Combine'
 1 | import Combine
   |        `- error: no such module 'Combine'
 2 | import Foundation
 3 |
/host/spi-builder-workspace/.build/checkouts/swift-sdk/Sources/OpenFeature/EventHandler.swift:1:8: error: no such module 'Combine'
 1 | import Combine
   |        `- error: no such module 'Combine'
 2 | import Foundation
 3 |
/host/spi-builder-workspace/.build/checkouts/swift-sdk/Sources/OpenFeature/EventHandler.swift:1:8: error: no such module 'Combine'
 1 | import Combine
   |        `- error: no such module 'Combine'
 2 | import Foundation
 3 |
/host/spi-builder-workspace/.build/checkouts/swift-sdk/Sources/OpenFeature/EventHandler.swift:1:8: error: no such module 'Combine'
 1 | import Combine
   |        `- error: no such module 'Combine'
 2 | import Foundation
 3 |
/host/spi-builder-workspace/.build/checkouts/swift-sdk/Sources/OpenFeature/EventHandler.swift:1:8: error: no such module 'Combine'
 1 | import Combine
   |        `- error: no such module 'Combine'
 2 | import Foundation
 3 |
/host/spi-builder-workspace/.build/checkouts/swift-sdk/Sources/OpenFeature/EventHandler.swift:1:8: error: no such module 'Combine'
 1 | import Combine
   |        `- error: no such module 'Combine'
 2 | import Foundation
 3 |
/host/spi-builder-workspace/.build/checkouts/swift-sdk/Sources/OpenFeature/EventHandler.swift:1:8: error: no such module 'Combine'
 1 | import Combine
   |        `- error: no such module 'Combine'
 2 | import Foundation
 3 |
/host/spi-builder-workspace/.build/checkouts/swift-sdk/Sources/OpenFeature/EventHandler.swift:1:8: error: no such module 'Combine'
 1 | import Combine
   |        `- error: no such module 'Combine'
 2 | import Foundation
 3 |
/host/spi-builder-workspace/.build/checkouts/swift-sdk/Sources/OpenFeature/EventHandler.swift:1:8: error: no such module 'Combine'
 1 | import Combine
   |        `- error: no such module 'Combine'
 2 | import Foundation
 3 |
/host/spi-builder-workspace/.build/checkouts/swift-sdk/Sources/OpenFeature/EventHandler.swift:1:8: error: no such module 'Combine'
 1 | import Combine
   |        `- error: no such module 'Combine'
 2 | import Foundation
 3 |
/host/spi-builder-workspace/.build/checkouts/swift-sdk/Sources/OpenFeature/EventHandler.swift:1:8: error: no such module 'Combine'
 1 | import Combine
   |        `- error: no such module 'Combine'
 2 | import Foundation
 3 |
[67/84] Compiling FlagsmithOpenFeatureTestSupport LogCapture.swift
[68/84] Emitting module FlagsmithOpenFeatureTestSupport
error: emit-module command failed with exit code 1 (use -v to see invocation)
[69/85] Emitting module OpenFeature
/host/spi-builder-workspace/.build/checkouts/swift-sdk/Sources/OpenFeature/EventHandler.swift:1:8: error: no such module 'Combine'
 1 | import Combine
   |        `- error: no such module 'Combine'
 2 | import Foundation
 3 |
/host/spi-builder-workspace/.build/checkouts/swift-sdk/Sources/OpenFeature/EventHandler.swift:1:8: error: no such module 'Combine'
 1 | import Combine
   |        `- error: no such module 'Combine'
 2 | import Foundation
 3 |
/host/spi-builder-workspace/.build/checkouts/swift-sdk/Sources/OpenFeature/EventHandler.swift:1:8: error: no such module 'Combine'
 1 | import Combine
   |        `- error: no such module 'Combine'
 2 | import Foundation
 3 |
[72/85] Compiling OpenFeature HookContext.swift
/host/spi-builder-workspace/.build/checkouts/swift-sdk/Sources/OpenFeature/EventHandler.swift:1:8: error: no such module 'Combine'
 1 | import Combine
   |        `- error: no such module 'Combine'
 2 | import Foundation
 3 |
[73/85] Compiling OpenFeature HookSupport.swift
/host/spi-builder-workspace/.build/checkouts/swift-sdk/Sources/OpenFeature/EventHandler.swift:1:8: error: no such module 'Combine'
 1 | import Combine
   |        `- error: no such module 'Combine'
 2 | import Foundation
 3 |
[74/85] Compiling OpenFeature ImmutableContext.swift
/host/spi-builder-workspace/.build/checkouts/swift-sdk/Sources/OpenFeature/EventHandler.swift:1:8: error: no such module 'Combine'
 1 | import Combine
   |        `- error: no such module 'Combine'
 2 | import Foundation
 3 |
/host/spi-builder-workspace/.build/checkouts/swift-sdk/Sources/OpenFeature/EventHandler.swift:1:8: error: no such module 'Combine'
 1 | import Combine
   |        `- error: no such module 'Combine'
 2 | import Foundation
 3 |
[76/85] Compiling OpenFeature FeatureProvider.swift
/host/spi-builder-workspace/.build/checkouts/swift-sdk/Sources/OpenFeature/EventHandler.swift:1:8: error: no such module 'Combine'
 1 | import Combine
   |        `- error: no such module 'Combine'
 2 | import Foundation
 3 |
[77/85] Compiling OpenFeature FirstMatchStrategy.swift
/host/spi-builder-workspace/.build/checkouts/swift-sdk/Sources/OpenFeature/EventHandler.swift:1:8: error: no such module 'Combine'
 1 | import Combine
   |        `- error: no such module 'Combine'
 2 | import Foundation
 3 |
/host/spi-builder-workspace/.build/checkouts/swift-sdk/Sources/OpenFeature/EventHandler.swift:1:8: error: no such module 'Combine'
 1 | import Combine
   |        `- error: no such module 'Combine'
 2 | import Foundation
 3 |
/host/spi-builder-workspace/.build/checkouts/swift-sdk/Sources/OpenFeature/EventHandler.swift:1:8: error: no such module 'Combine'
 1 | import Combine
   |        `- error: no such module 'Combine'
 2 | import Foundation
 3 |
[80/85] Compiling OpenFeature Tracking.swift
/host/spi-builder-workspace/.build/checkouts/swift-sdk/Sources/OpenFeature/EventHandler.swift:1:8: error: no such module 'Combine'
 1 | import Combine
   |        `- error: no such module 'Combine'
 2 | import Foundation
 3 |
[81/85] Compiling OpenFeature TrackingEventDetails.swift
/host/spi-builder-workspace/.build/checkouts/swift-sdk/Sources/OpenFeature/EventHandler.swift:1:8: error: no such module 'Combine'
 1 | import Combine
   |        `- error: no such module 'Combine'
 2 | import Foundation
 3 |
[82/85] Compiling OpenFeature Value.swift
/host/spi-builder-workspace/.build/checkouts/swift-sdk/Sources/OpenFeature/EventHandler.swift:1:8: error: no such module 'Combine'
 1 | import Combine
   |        `- error: no such module 'Combine'
 2 | import Foundation
 3 |
[83/85] Compiling OpenFeature ErrorCode.swift
/host/spi-builder-workspace/.build/checkouts/swift-sdk/Sources/OpenFeature/EventHandler.swift:1:8: error: no such module 'Combine'
 1 | import Combine
   |        `- error: no such module 'Combine'
 2 | import Foundation
 3 |
[84/85] Compiling OpenFeature OpenFeatureError.swift
/host/spi-builder-workspace/.build/checkouts/swift-sdk/Sources/OpenFeature/EventHandler.swift:1:8: error: no such module 'Combine'
 1 | import Combine
   |        `- error: no such module 'Combine'
 2 | import Foundation
 3 |
Running build ...
bash -c docker run --pull=always --rm -v "checkouts-54344845-0":/host -w "$PWD" -e JAVA_HOME="/root/.sdkman/candidates/java/current" -e SPI_BUILD="1" -e SPI_PROCESSING="1" registry.gitlab.com/saguaro1/spi-images:android-6.1-latest swift build --swift-sdk aarch64-unknown-linux-android24 2>&1
android-6.1-latest: Pulling from saguaro1/spi-images
Digest: sha256:0cd0efb458d677a6de9b5e028d30e2aa1d1b247c2277202ba317a28ce9e867e0
Status: Image is up to date for registry.gitlab.com/saguaro1/spi-images:android-6.1-latest
[0/1] Planning build
Building for debugging...
[0/1] Write swift-version-24593BA9C3E375BF.txt
[2/29] Compiling Logging LoggingSystem.swift
[3/30] Compiling FlagsmithClient CachedURLResponse.swift
[4/30] Compiling FlagsmithClient FlagsmithAnalytics.swift
[5/32] Compiling Logging MetadataProvider.swift
[6/32] Compiling FlagsmithClient UnknownTypeValue.swift
[7/32] Compiling FlagsmithClient resource_bundle_accessor.swift
[8/32] Compiling Logging Logger+Attributes.swift
[9/32] Compiling FlagsmithClient ReconnectionDelay.swift
[10/32] Compiling FlagsmithClient Router.swift
[11/32] Compiling Logging Logger.swift
[12/32] Compiling Logging Logger+With.swift
unable to find node: pound
unable to find node: pound
[13/32] Compiling FlagsmithClient Flagsmith+Concurrency.swift
[14/32] Compiling FlagsmithClient Flagsmith.swift
[15/32] Emitting module Logging
unable to find node: pound
unable to find node: pound
[18/33] Compiling FlagsmithClient Identity.swift
[19/33] Compiling FlagsmithClient APIManager.swift
[20/33] Compiling FlagsmithClient Traits.swift
[21/33] Compiling FlagsmithClient TypedValue.swift
[25/33] Compiling FlagsmithClient SSEManager.swift
[26/33] Compiling FlagsmithClient Trait.swift
[27/33] Emitting module FlagsmithClient
[28/33] Compiling FlagsmithClient Feature.swift
[29/33] Compiling FlagsmithClient Flag.swift
[30/33] Compiling FlagsmithClient FlagEvent.swift
[33/33] Compiling FlagsmithClient FlagsmithError.swift
[35/73] Compiling OpenFeature Features+Defaults.swift
/host/spi-builder-workspace/.build/checkouts/swift-sdk/Sources/OpenFeature/EventHandler.swift:1:8: error: no such module 'Combine'
 1 | import Combine
   |        `- error: no such module 'Combine'
 2 | import Foundation
 3 |
[36/73] Compiling OpenFeature Features.swift
/host/spi-builder-workspace/.build/checkouts/swift-sdk/Sources/OpenFeature/EventHandler.swift:1:8: error: no such module 'Combine'
 1 | import Combine
   |        `- error: no such module 'Combine'
 2 | import Foundation
 3 |
[37/73] Compiling OpenFeature FlagEvaluationDetails.swift
/host/spi-builder-workspace/.build/checkouts/swift-sdk/Sources/OpenFeature/EventHandler.swift:1:8: error: no such module 'Combine'
 1 | import Combine
   |        `- error: no such module 'Combine'
 2 | import Foundation
 3 |
[38/73] Compiling OpenFeature FlagEvaluationOptions.swift
/host/spi-builder-workspace/.build/checkouts/swift-sdk/Sources/OpenFeature/EventHandler.swift:1:8: error: no such module 'Combine'
 1 | import Combine
   |        `- error: no such module 'Combine'
 2 | import Foundation
 3 |
[39/73] Compiling OpenFeature FlagMetadataValue.swift
/host/spi-builder-workspace/.build/checkouts/swift-sdk/Sources/OpenFeature/EventHandler.swift:1:8: error: no such module 'Combine'
 1 | import Combine
   |        `- error: no such module 'Combine'
 2 | import Foundation
 3 |
[40/78] Compiling OpenFeature Strategy.swift
/host/spi-builder-workspace/.build/checkouts/swift-sdk/Sources/OpenFeature/EventHandler.swift:1:8: error: no such module 'Combine'
 1 | import Combine
   |        `- error: no such module 'Combine'
 2 | import Foundation
 3 |
[41/78] Compiling OpenFeature NoOpProvider.swift
/host/spi-builder-workspace/.build/checkouts/swift-sdk/Sources/OpenFeature/EventHandler.swift:1:8: error: no such module 'Combine'
 1 | import Combine
   |        `- error: no such module 'Combine'
 2 | import Foundation
 3 |
[42/78] Compiling OpenFeature ProviderEvaluation.swift
/host/spi-builder-workspace/.build/checkouts/swift-sdk/Sources/OpenFeature/EventHandler.swift:1:8: error: no such module 'Combine'
 1 | import Combine
   |        `- error: no such module 'Combine'
 2 | import Foundation
 3 |
[43/78] Compiling OpenFeature ProviderEventDetails.swift
/host/spi-builder-workspace/.build/checkouts/swift-sdk/Sources/OpenFeature/EventHandler.swift:1:8: error: no such module 'Combine'
 1 | import Combine
   |        `- error: no such module 'Combine'
 2 | import Foundation
 3 |
[44/78] Compiling OpenFeature ProviderEvents.swift
/host/spi-builder-workspace/.build/checkouts/swift-sdk/Sources/OpenFeature/EventHandler.swift:1:8: error: no such module 'Combine'
 1 | import Combine
   |        `- error: no such module 'Combine'
 2 | import Foundation
 3 |
error: emit-module command failed with exit code 1 (use -v to see invocation)
[45/78] Emitting module OpenFeature
/host/spi-builder-workspace/.build/checkouts/swift-sdk/Sources/OpenFeature/EventHandler.swift:1:8: error: no such module 'Combine'
 1 | import Combine
   |        `- error: no such module 'Combine'
 2 | import Foundation
 3 |
[46/78] Compiling OpenFeature ProviderMetadata.swift
/host/spi-builder-workspace/.build/checkouts/swift-sdk/Sources/OpenFeature/EventHandler.swift:1:8: error: no such module 'Combine'
 1 | import Combine
   |        `- error: no such module 'Combine'
 2 | import Foundation
 3 |
[47/78] Compiling OpenFeature ProviderStatus.swift
/host/spi-builder-workspace/.build/checkouts/swift-sdk/Sources/OpenFeature/EventHandler.swift:1:8: error: no such module 'Combine'
 1 | import Combine
   |        `- error: no such module 'Combine'
 2 | import Foundation
 3 |
[48/78] Compiling OpenFeature ProviderStatusTracker.swift
/host/spi-builder-workspace/.build/checkouts/swift-sdk/Sources/OpenFeature/EventHandler.swift:1:8: error: no such module 'Combine'
 1 | import Combine
   |        `- error: no such module 'Combine'
 2 | import Foundation
 3 |
[49/78] Compiling OpenFeature Reason.swift
/host/spi-builder-workspace/.build/checkouts/swift-sdk/Sources/OpenFeature/EventHandler.swift:1:8: error: no such module 'Combine'
 1 | import Combine
   |        `- error: no such module 'Combine'
 2 | import Foundation
 3 |
[50/78] Compiling OpenFeature Structure.swift
/host/spi-builder-workspace/.build/checkouts/swift-sdk/Sources/OpenFeature/EventHandler.swift:1:8: error: no such module 'Combine'
 1 | import Combine
   |        `- error: no such module 'Combine'
 2 | import Foundation
 3 |
[51/78] Compiling OpenFeature ImmutableStructure.swift
/host/spi-builder-workspace/.build/checkouts/swift-sdk/Sources/OpenFeature/EventHandler.swift:1:8: error: no such module 'Combine'
 1 | import Combine
   |        `- error: no such module 'Combine'
 2 | import Foundation
 3 |
[52/78] Compiling OpenFeature ImmutableTrackingEventDetails.swift
/host/spi-builder-workspace/.build/checkouts/swift-sdk/Sources/OpenFeature/EventHandler.swift:1:8: error: no such module 'Combine'
 1 | import Combine
   |        `- error: no such module 'Combine'
 2 | import Foundation
 3 |
[53/78] Compiling OpenFeature MetadataValue.swift
/host/spi-builder-workspace/.build/checkouts/swift-sdk/Sources/OpenFeature/EventHandler.swift:1:8: error: no such module 'Combine'
 1 | import Combine
   |        `- error: no such module 'Combine'
 2 | import Foundation
 3 |
[54/78] Compiling OpenFeature MutableStructure.swift
/host/spi-builder-workspace/.build/checkouts/swift-sdk/Sources/OpenFeature/EventHandler.swift:1:8: error: no such module 'Combine'
 1 | import Combine
   |        `- error: no such module 'Combine'
 2 | import Foundation
 3 |
[55/78] Compiling OpenFeature OpenFeatureAPI.swift
/host/spi-builder-workspace/.build/checkouts/swift-sdk/Sources/OpenFeature/EventHandler.swift:1:8: error: no such module 'Combine'
 1 | import Combine
   |        `- error: no such module 'Combine'
 2 | import Foundation
 3 |
[56/78] Compiling OpenFeature BaseEvaluation.swift
/host/spi-builder-workspace/.build/checkouts/swift-sdk/Sources/OpenFeature/EventHandler.swift:1:8: error: no such module 'Combine'
 1 | import Combine
   |        `- error: no such module 'Combine'
 2 | import Foundation
 3 |
[57/78] Compiling OpenFeature Client.swift
/host/spi-builder-workspace/.build/checkouts/swift-sdk/Sources/OpenFeature/EventHandler.swift:1:8: error: no such module 'Combine'
 1 | import Combine
   |        `- error: no such module 'Combine'
 2 | import Foundation
 3 |
[58/78] Compiling OpenFeature ClientMetadata.swift
/host/spi-builder-workspace/.build/checkouts/swift-sdk/Sources/OpenFeature/EventHandler.swift:1:8: error: no such module 'Combine'
 1 | import Combine
   |        `- error: no such module 'Combine'
 2 | import Foundation
 3 |
[59/78] Compiling OpenFeature EvaluationContext.swift
/host/spi-builder-workspace/.build/checkouts/swift-sdk/Sources/OpenFeature/EventHandler.swift:1:8: error: no such module 'Combine'
 1 | import Combine
   |        `- error: no such module 'Combine'
 2 | import Foundation
 3 |
[60/78] Compiling OpenFeature EventHandler.swift
/host/spi-builder-workspace/.build/checkouts/swift-sdk/Sources/OpenFeature/EventHandler.swift:1:8: error: no such module 'Combine'
 1 | import Combine
   |        `- error: no such module 'Combine'
 2 | import Foundation
 3 |
[61/78] Compiling OpenFeature EventMetadataValue.swift
/host/spi-builder-workspace/.build/checkouts/swift-sdk/Sources/OpenFeature/EventHandler.swift:1:8: error: no such module 'Combine'
 1 | import Combine
   |        `- error: no such module 'Combine'
 2 | import Foundation
 3 |
[62/78] Compiling OpenFeature OpenFeatureClient.swift
/host/spi-builder-workspace/.build/checkouts/swift-sdk/Sources/OpenFeature/EventHandler.swift:1:8: error: no such module 'Combine'
 1 | import Combine
   |        `- error: no such module 'Combine'
 2 | import Foundation
 3 |
[63/78] Compiling OpenFeature FeatureProvider.swift
/host/spi-builder-workspace/.build/checkouts/swift-sdk/Sources/OpenFeature/EventHandler.swift:1:8: error: no such module 'Combine'
 1 | import Combine
   |        `- error: no such module 'Combine'
 2 | import Foundation
 3 |
[64/78] Compiling OpenFeature FirstMatchStrategy.swift
/host/spi-builder-workspace/.build/checkouts/swift-sdk/Sources/OpenFeature/EventHandler.swift:1:8: error: no such module 'Combine'
 1 | import Combine
   |        `- error: no such module 'Combine'
 2 | import Foundation
 3 |
[65/78] Compiling OpenFeature FirstSuccessfulStrategy.swift
/host/spi-builder-workspace/.build/checkouts/swift-sdk/Sources/OpenFeature/EventHandler.swift:1:8: error: no such module 'Combine'
 1 | import Combine
   |        `- error: no such module 'Combine'
 2 | import Foundation
 3 |
[66/78] Compiling OpenFeature MultiProvider.swift
/host/spi-builder-workspace/.build/checkouts/swift-sdk/Sources/OpenFeature/EventHandler.swift:1:8: error: no such module 'Combine'
 1 | import Combine
   |        `- error: no such module 'Combine'
 2 | import Foundation
 3 |
[67/78] Compiling OpenFeature FlagValueType.swift
/host/spi-builder-workspace/.build/checkouts/swift-sdk/Sources/OpenFeature/EventHandler.swift:1:8: error: no such module 'Combine'
 1 | import Combine
   |        `- error: no such module 'Combine'
 2 | import Foundation
 3 |
[68/78] Compiling OpenFeature Hook.swift
/host/spi-builder-workspace/.build/checkouts/swift-sdk/Sources/OpenFeature/EventHandler.swift:1:8: error: no such module 'Combine'
 1 | import Combine
   |        `- error: no such module 'Combine'
 2 | import Foundation
 3 |
[69/78] Compiling OpenFeature HookContext.swift
/host/spi-builder-workspace/.build/checkouts/swift-sdk/Sources/OpenFeature/EventHandler.swift:1:8: error: no such module 'Combine'
 1 | import Combine
   |        `- error: no such module 'Combine'
 2 | import Foundation
 3 |
[70/78] Compiling OpenFeature HookSupport.swift
/host/spi-builder-workspace/.build/checkouts/swift-sdk/Sources/OpenFeature/EventHandler.swift:1:8: error: no such module 'Combine'
 1 | import Combine
   |        `- error: no such module 'Combine'
 2 | import Foundation
 3 |
[71/78] Compiling OpenFeature ImmutableContext.swift
/host/spi-builder-workspace/.build/checkouts/swift-sdk/Sources/OpenFeature/EventHandler.swift:1:8: error: no such module 'Combine'
 1 | import Combine
   |        `- error: no such module 'Combine'
 2 | import Foundation
 3 |
[72/78] Compiling FlagsmithOpenFeatureTestSupport LogCapture.swift
[73/78] Emitting module FlagsmithOpenFeatureTestSupport
[74/79] Compiling OpenFeature Tracking.swift
/host/spi-builder-workspace/.build/checkouts/swift-sdk/Sources/OpenFeature/EventHandler.swift:1:8: error: no such module 'Combine'
 1 | import Combine
   |        `- error: no such module 'Combine'
 2 | import Foundation
 3 |
[75/79] Compiling OpenFeature TrackingEventDetails.swift
/host/spi-builder-workspace/.build/checkouts/swift-sdk/Sources/OpenFeature/EventHandler.swift:1:8: error: no such module 'Combine'
 1 | import Combine
   |        `- error: no such module 'Combine'
 2 | import Foundation
 3 |
[76/79] Compiling OpenFeature Value.swift
/host/spi-builder-workspace/.build/checkouts/swift-sdk/Sources/OpenFeature/EventHandler.swift:1:8: error: no such module 'Combine'
 1 | import Combine
   |        `- error: no such module 'Combine'
 2 | import Foundation
 3 |
[77/79] Compiling OpenFeature ErrorCode.swift
/host/spi-builder-workspace/.build/checkouts/swift-sdk/Sources/OpenFeature/EventHandler.swift:1:8: error: no such module 'Combine'
 1 | import Combine
   |        `- error: no such module 'Combine'
 2 | import Foundation
 3 |
[78/79] Compiling OpenFeature OpenFeatureError.swift
/host/spi-builder-workspace/.build/checkouts/swift-sdk/Sources/OpenFeature/EventHandler.swift:1:8: error: no such module 'Combine'
 1 | import Combine
   |        `- error: no such module 'Combine'
 2 | import Foundation
 3 |
BUILD FAILURE 6.1 android