The Swift Package Index logo.Swift Package Index

Build Information

Failed to build SwiftFindRefs, reference 1.0.4 (42dafa), with Swift 6.4 for Android on 23 Sep 2026 23:13:25 UTC.

Build Command

bash -c docker run --pull=always --rm -v "checkouts-54344844-0":/host -w "$PWD" -e JAVA_HOME="/root/.sdkman/candidates/java/current" -e SPI_BUILD="1" -e SPI_PROCESSING="1" registry.gitlab.com/saguaro1/spi-images:android-6.4-latest swift build --swift-sdk aarch64-unknown-linux-android28 2>&1

Build Log

========================================
RunAll
========================================
Builder version: 5.1.0
Interrupt handler set up.
========================================
Checkout
========================================
Clone URL: https://github.com/michaelversus/SwiftFindRefs.git
Reference: 1.0.4
Initialized empty Git repository in /host/spi-builder-workspace/.git/
hint: Using 'master' as the name for the initial branch. This default branch name
hint: is subject to change. To configure the initial branch name to use in all
hint: of your new repositories, which will suppress this warning, call:
hint:
hint: 	git config --global init.defaultBranch <name>
hint:
hint: Names commonly chosen instead of 'master' are 'main', 'trunk' and
hint: 'development'. The just-created branch can be renamed via this command:
hint:
hint: 	git branch -m <name>
From https://github.com/michaelversus/SwiftFindRefs
 * tag               1.0.4      -> FETCH_HEAD
HEAD is now at 42dafae bump up version
Cloned https://github.com/michaelversus/SwiftFindRefs.git
Revision (git rev-parse @):
42dafaeb7117a32cee40a24c3f657e20eb80a44f
SUCCESS checkout https://github.com/michaelversus/SwiftFindRefs.git at 1.0.4
========================================
Build
========================================
Selected platform:         android
Swift version:             6.4
Building package at path:  $PWD
https://github.com/michaelversus/SwiftFindRefs.git
Running build ...
bash -c docker run --pull=always --rm -v "checkouts-54344844-0":/host -w "$PWD" -e JAVA_HOME="/root/.sdkman/candidates/java/current" -e SPI_BUILD="1" -e SPI_PROCESSING="1" registry.gitlab.com/saguaro1/spi-images:android-6.4-latest swift build --swift-sdk aarch64-unknown-linux-android28 2>&1
android-6.4-latest: Pulling from saguaro1/spi-images
Digest: sha256:abadcff584c273feba50641b454858d377ba30b35ea7287a94f45ebd8afd0ea0
Status: Image is up to date for registry.gitlab.com/saguaro1/spi-images:android-6.4-latest
Fetching https://github.com/MobileNativeFoundation/swift-index-store
[1/938] Fetching swift-index-store
Fetched https://github.com/MobileNativeFoundation/swift-index-store (0.54s)
Fetching https://github.com/apple/swift-argument-parser
[1/18918] Fetching swift-argument-parser
Fetched https://github.com/apple/swift-argument-parser (0.82s)
Computing version for https://github.com/apple/swift-argument-parser
Computed https://github.com/apple/swift-argument-parser at 1.8.2 (1.01s)
Creating working copy for https://github.com/MobileNativeFoundation/swift-index-store
Working copy of https://github.com/MobileNativeFoundation/swift-index-store resolved at main (7edb9a6)
Creating working copy for https://github.com/apple/swift-argument-parser
Working copy of https://github.com/apple/swift-argument-parser resolved at 1.8.2
Building for debugging...
[Pre-planning 1 / 156]
[Starting]
[47 / 72] CIndexStore
error: SwiftCompile normal aarch64 failed with a nonzero exit code. Command line:     cd /host

/host/spi-builder-workspace/.build/checkouts/swift-index-store/Sources/IndexStore/Constants.swift:75:10: error: type 'SymbolRoles' has no member 'childOf'
 73 | public extension SymbolRoles {
 74 |     static let relationRoles: SymbolRoles = [
 75 |         .childOf,
    |          `- error: type 'SymbolRoles' has no member 'childOf'
 76 |         .baseOf,
 77 |         .overrideOf,
/host/spi-builder-workspace/.build/checkouts/swift-index-store/Sources/IndexStore/Constants.swift:76:10: error: type 'SymbolRoles' has no member 'baseOf'
 74 |     static let relationRoles: SymbolRoles = [
 75 |         .childOf,
 76 |         .baseOf,
    |          `- error: type 'SymbolRoles' has no member 'baseOf'
 77 |         .overrideOf,
 78 |         .receivedBy,
/host/spi-builder-workspace/.build/checkouts/swift-index-store/Sources/IndexStore/Constants.swift:77:10: error: type 'SymbolRoles' has no member 'overrideOf'
 75 |         .childOf,
 76 |         .baseOf,
 77 |         .overrideOf,
    |          `- error: type 'SymbolRoles' has no member 'overrideOf'
 78 |         .receivedBy,
 79 |         .calledBy,
/host/spi-builder-workspace/.build/checkouts/swift-index-store/Sources/IndexStore/Constants.swift:78:10: error: type 'SymbolRoles' has no member 'receivedBy'
 76 |         .baseOf,
 77 |         .overrideOf,
 78 |         .receivedBy,
    |          `- error: type 'SymbolRoles' has no member 'receivedBy'
 79 |         .calledBy,
 80 |         .extendedBy,
/host/spi-builder-workspace/.build/checkouts/swift-index-store/Sources/IndexStore/Constants.swift:79:10: error: type 'SymbolRoles' has no member 'calledBy'
 77 |         .overrideOf,
 78 |         .receivedBy,
 79 |         .calledBy,
    |          `- error: type 'SymbolRoles' has no member 'calledBy'
 80 |         .extendedBy,
 81 |         .accessorOf,
/host/spi-builder-workspace/.build/checkouts/swift-index-store/Sources/IndexStore/Constants.swift:80:10: error: type 'SymbolRoles' has no member 'extendedBy'
 78 |         .receivedBy,
 79 |         .calledBy,
 80 |         .extendedBy,
    |          `- error: type 'SymbolRoles' has no member 'extendedBy'
 81 |         .accessorOf,
 82 |         .containedBy,
/host/spi-builder-workspace/.build/checkouts/swift-index-store/Sources/IndexStore/Constants.swift:81:10: error: type 'SymbolRoles' has no member 'accessorOf'
 79 |         .calledBy,
 80 |         .extendedBy,
 81 |         .accessorOf,
    |          `- error: type 'SymbolRoles' has no member 'accessorOf'
 82 |         .containedBy,
 83 |         .IBTypeOf,
/host/spi-builder-workspace/.build/checkouts/swift-index-store/Sources/IndexStore/Constants.swift:82:10: error: type 'SymbolRoles' has no member 'containedBy'
 80 |         .extendedBy,
 81 |         .accessorOf,
 82 |         .containedBy,
    |          `- error: type 'SymbolRoles' has no member 'containedBy'
 83 |         .IBTypeOf,
 84 |         .specializationOf,
/host/spi-builder-workspace/.build/checkouts/swift-index-store/Sources/IndexStore/Constants.swift:83:10: error: type 'SymbolRoles' has no member 'IBTypeOf'
 81 |         .accessorOf,
 82 |         .containedBy,
 83 |         .IBTypeOf,
    |          `- error: type 'SymbolRoles' has no member 'IBTypeOf'
 84 |         .specializationOf,
 85 |     ]
/host/spi-builder-workspace/.build/checkouts/swift-index-store/Sources/IndexStore/Constants.swift:84:10: error: type 'SymbolRoles' has no member 'specializationOf'
 82 |         .containedBy,
 83 |         .IBTypeOf,
 84 |         .specializationOf,
    |          `- error: type 'SymbolRoles' has no member 'specializationOf'
 85 |     ]
 86 | }
/host/spi-builder-workspace/.build/checkouts/swift-index-store/Sources/IndexStore/IndexStore.swift:342:45: error: missing argument label 'rawValue:' in call
340 |                     let (this, callback) = context!.assumingMemoryBound(to: Context.self).pointee
341 |                     let symbol = Symbol(this.recordReader, indexstore_symbol_relation_get_symbol(relation))
342 |                     let roles = SymbolRoles(indexstore_symbol_relation_get_roles(relation))
    |                                             `- error: missing argument label 'rawValue:' in call
343 |                     callback(symbol, roles)
344 |                     return true
/host/spi-builder-workspace/.build/checkouts/swift-index-store/Sources/IndexStore/StandardStream.swift:9:46: error: cannot find type 'FILE' in scope
 7 |
 8 | struct StandardStream: TextOutputStream {
 9 |     private let stream: UnsafeMutablePointer<FILE>
   |                                              `- error: cannot find type 'FILE' in scope
10 |
11 |     fileprivate init(_ stream: UnsafeMutablePointer<FILE>) {
/host/spi-builder-workspace/.build/checkouts/swift-index-store/Sources/IndexStore/StandardStream.swift:11:53: error: cannot find type 'FILE' in scope
 9 |     private let stream: UnsafeMutablePointer<FILE>
10 |
11 |     fileprivate init(_ stream: UnsafeMutablePointer<FILE>) {
   |                                                     `- error: cannot find type 'FILE' in scope
12 |         self.stream = stream
13 |     }
Failed frontend command:
/root/.local/share/swiftly/toolchains/6.4.x-snapshot-2026-09-04/usr/bin/swift-frontend -frontend -emit-module -experimental-skip-non-inlinable-function-bodies-without-types /host/spi-builder-workspace/.build/checkouts/swift-index-store/Sources/IndexStore/Constants.swift /host/spi-builder-workspace/.build/checkouts/swift-index-store/Sources/IndexStore/IndexStore.swift /host/spi-builder-workspace/.build/checkouts/swift-index-store/Sources/IndexStore/IndexStoreError.swift /host/spi-builder-workspace/.build/checkouts/swift-index-store/Sources/IndexStore/StandardStream.swift /host/spi-builder-workspace/.build/checkouts/swift-index-store/Sources/IndexStore/String+IndexStore.swift -target aarch64-unknown-linux-android28 -Xllvm -aarch64-use-tbi -disable-objc-interop -sdk /android-ndk/android-ndk-r27d/toolchains/llvm/prebuilt/linux-x86_64/sysroot -sysroot /android-ndk/android-ndk-r27d/toolchains/llvm/prebuilt/linux-x86_64/sysroot -I /host/spi-builder-workspace/.build/out/Products/Debug-android-aarch64 -module-cache-path /host/spi-builder-workspace/.build/out/ModuleCache.noindex -color-diagnostics -Xcc -fcolor-diagnostics -enable-testing -g -debug-info-format\=dwarf -dwarf-version\=4 -suppress-warnings -swift-version 5 -Onone -D SWIFT_PACKAGE -D DEBUG -D SWIFT_MODULE_RESOURCE_BUNDLE_UNAVAILABLE -D Xcode -serialize-debugging-options -enable-experimental-feature DebugDescriptionMacro -empty-abi-descriptor -external-plugin-path /root/.local/share/swiftly/toolchains/6.4.x-snapshot-2026-09-04/usr/lib/swift/host/plugins/testing\#/root/.local/share/swiftly/toolchains/6.4.x-snapshot-2026-09-04/usr/bin/swift-plugin-server -validate-clang-modules-once -clang-build-session-file /host/spi-builder-workspace/.build/out/ModuleCache.noindex/Session.modulevalidation -Xcc -working-directory -Xcc /host -resource-dir /root/.swiftpm/swift-sdks/swift-6.4.x-DEVELOPMENT-SNAPSHOT-2026-09-04-a_android.artifactbundle/swift-android/swift-resources/usr/lib/swift-aarch64 -enable-anonymous-context-mangled-names -file-compilation-dir /host -Xcc -resource-dir -Xcc /android-ndk/android-ndk-r27d/toolchains/llvm/prebuilt/linux-x86_64/lib/clang/18 -Xcc -fmodule-map-file\=/host/spi-builder-workspace/.build/checkouts/swift-index-store/Sources/CIndexStore/include/module.modulemap -Xcc -fno-omit-frame-pointer -Xcc -D_LIBCPP_HARDENING_MODE\=_LIBCPP_HARDENING_MODE_DEBUG -Xcc -fmodules-prune-interval\=86400 -Xcc -fmodules-prune-after\=345600 -Xcc -I/host/spi-builder-workspace/.build/checkouts/swift-index-store/Sources/CIndexStore/include -Xcc -I/host/spi-builder-workspace/.build/out/Products/Debug-android-aarch64/include -Xcc -I/host/spi-builder-workspace/.build/out/Intermediates.noindex/IndexStore.build/Debug-android-aarch64/IndexStore-t.build/DerivedSources-normal/aarch64 -Xcc -I/host/spi-builder-workspace/.build/out/Intermediates.noindex/IndexStore.build/Debug-android-aarch64/IndexStore-t.build/DerivedSources/aarch64 -Xcc -I/host/spi-builder-workspace/.build/out/Intermediates.noindex/IndexStore.build/Debug-android-aarch64/IndexStore-t.build/DerivedSources -Xcc -DSWIFT_PACKAGE -Xcc -DDEBUG\=1 -no-auto-bridging-header-chaining -module-name IndexStore -const-gather-protocols-file /host/spi-builder-workspace/.build/out/Intermediates.noindex/IndexStore.build/Debug-android-aarch64/IndexStore-t.build/Objects-normal/aarch64/IndexStore_const_extract_protocols.json -in-process-plugin-server-path /root/.local/share/swiftly/toolchains/6.4.x-snapshot-2026-09-04/usr/lib/swift/host/libSwiftInProcPluginServer.so -plugin-path /root/.local/share/swiftly/toolchains/6.4.x-snapshot-2026-09-04/usr/lib/swift/host/plugins -plugin-path /root/.local/share/swiftly/toolchains/6.4.x-snapshot-2026-09-04/usr/local/lib/swift/host/plugins -emit-module-doc-path /host/spi-builder-workspace/.build/out/Intermediates.noindex/IndexStore.build/Debug-android-aarch64/IndexStore-t.build/Objects-normal/aarch64/Modules/IndexStore.swiftdoc -emit-module-source-info-path /host/spi-builder-workspace/.build/out/Intermediates.noindex/IndexStore.build/Debug-android-aarch64/IndexStore-t.build/Objects-normal/aarch64/Modules/IndexStore.swiftsourceinfo -emit-objc-header-path /host/spi-builder-workspace/.build/out/Intermediates.noindex/IndexStore.build/Debug-android-aarch64/IndexStore-t.build/Objects-normal/aarch64/IndexStore-Swift.h -serialize-diagnostics-path /host/spi-builder-workspace/.build/out/Intermediates.noindex/IndexStore.build/Debug-android-aarch64/IndexStore-t.build/Objects-normal/aarch64/IndexStore-primary-emit-module.dia -emit-dependencies-path /host/spi-builder-workspace/.build/out/Intermediates.noindex/IndexStore.build/Debug-android-aarch64/IndexStore-t.build/Objects-normal/aarch64/IndexStore-primary-emit-module.d -parse-as-library -o /host/spi-builder-workspace/.build/out/Intermediates.noindex/IndexStore.build/Debug-android-aarch64/IndexStore-t.build/Objects-normal/aarch64/Modules/IndexStore.swiftmodule
error: Build failed
BUILD FAILURE 6.4 android