Build Information
Failed to build DataDrivenRxDatasources, reference 3.6.2 (8d102f), with Swift 6.4 for watchOS using Xcode 27.0 on 21 Sep 2026 15:17:18 UTC.
Build Command
env DEVELOPER_DIR=/Applications/Xcode-27.0.0-Release.Candidate.app xcrun xcodebuild -IDEClonedSourcePackagesDirPathOverride=$PWD/.dependencies -skipMacroValidation -skipPackagePluginValidation -derivedDataPath $PWD/.derivedData build -scheme DataDrivenRxDatasources -destination generic/platform=watchOSBuild Log
SwiftDriverJobDiscovery normal arm64 Compiling UIGestureRecognizer+Rx.swift, UINavigationController+Rx.swift, UIPickerView+Rx.swift, UIRefreshControl+Rx.swift, UIScrollView+Rx.swift, UISearchBar+Rx.swift, UISearchController+Rx.swift, UISegmentedControl+Rx.swift, UISlider+Rx.swift (in target 'RxCocoa' from project 'RxSwift')
SwiftDriverJobDiscovery normal arm64 Compiling RxCollectionViewDelegateProxy.swift, RxCollectionViewReactiveArrayDataSource.swift, RxNavigationControllerDelegateProxy.swift, RxPickerViewAdapter.swift, RxPickerViewDataSourceProxy.swift, RxPickerViewDataSourceType.swift, RxPickerViewDelegateProxy.swift, RxScrollViewDelegateProxy.swift, RxSearchBarDelegateProxy.swift, RxSearchControllerDelegateProxy.swift (in target 'RxCocoa' from project 'RxSwift')
Ld /Users/admin/builder/spi-builder-workspace/.derivedData/Build/Intermediates.noindex/RxSwift.build/Debug-watchos/RxCocoaRuntime-t.build/Objects-normal/arm64_32/Binary/RxCocoaRuntime.o normal arm64_32 (in target 'RxCocoaRuntime' from project 'RxSwift')
cd /Users/admin/builder/spi-builder-workspace/.dependencies/checkouts/RxSwift
/Applications/Xcode-27.0.0-Release.Candidate.app/Contents/Developer/Toolchains/XcodeDefault.xctoolchain/usr/bin/clang -Xlinker -reproducible -target arm64_32-apple-watchos9.0 -r -isysroot /Applications/Xcode-27.0.0-Release.Candidate.app/Contents/Developer/Platforms/WatchOS.platform/Developer/SDKs/WatchOS27.0.sdk -O0 -w -Xlinker -no_warn_duplicate_libraries -F/Users/admin/builder/spi-builder-workspace/.derivedData/Build/Intermediates.noindex/EagerLinkingTBDs/Debug-watchos -F/Users/admin/builder/spi-builder-workspace/.derivedData/Build/Products/Debug-watchos/PackageFrameworks -F/Users/admin/builder/spi-builder-workspace/.derivedData/Build/Products/Debug-watchos -iframework /Applications/Xcode-27.0.0-Release.Candidate.app/Contents/Developer/Platforms/WatchOS.platform/Developer/Library/Frameworks -iframework /Applications/Xcode-27.0.0-Release.Candidate.app/Contents/Developer/Platforms/WatchOS.platform/Developer/SDKs/WatchOS27.0.sdk/Developer/Library/Frameworks -filelist /Users/admin/builder/spi-builder-workspace/.derivedData/Build/Intermediates.noindex/RxSwift.build/Debug-watchos/RxCocoaRuntime-t.build/Objects-normal/arm64_32/RxCocoaRuntime.LinkFileList -nostdlib -Xlinker -object_path_lto -Xlinker /Users/admin/builder/spi-builder-workspace/.derivedData/Build/Intermediates.noindex/RxSwift.build/Debug-watchos/RxCocoaRuntime-t.build/Objects-normal/arm64_32/RxCocoaRuntime_lto.o -Xlinker -no_deduplicate -Xlinker -dependency_info -Xlinker /Users/admin/builder/spi-builder-workspace/.derivedData/Build/Intermediates.noindex/RxSwift.build/Debug-watchos/RxCocoaRuntime-t.build/Objects-normal/arm64_32/RxCocoaRuntime_dependency_info.dat -fobjc-arc -fobjc-link-runtime -o /Users/admin/builder/spi-builder-workspace/.derivedData/Build/Intermediates.noindex/RxSwift.build/Debug-watchos/RxCocoaRuntime-t.build/Objects-normal/arm64_32/Binary/RxCocoaRuntime.o
SwiftDriverJobDiscovery normal arm64_32 Compiling NSControl+Rx.swift, NSObject+Rx+KVORepresentable.swift, NSObject+Rx+RawRepresentable.swift, NSObject+Rx.swift, NSSlider+Rx.swift, NSTextField+Rx.swift, NSTextStorage+Rx.swift, NSTextView+Rx.swift, NSView+Rx.swift, NotificationCenter+Rx.swift (in target 'RxCocoa' from project 'RxSwift')
SwiftDriverJobDiscovery normal arm64_32 Compiling DispatchQueue+Extensions.swift, Driver+Subscription.swift, Driver.swift, Infallible+Bind.swift, Infallible+Driver.swift, ItemEvents.swift, KVORepresentable+CoreGraphics.swift, KVORepresentable+Swift.swift, KVORepresentable.swift, NSButton+Rx.swift (in target 'RxCocoa' from project 'RxSwift')
Ld /Users/admin/builder/spi-builder-workspace/.derivedData/Build/Intermediates.noindex/RxSwift.build/Debug-watchos/RxCocoaRuntime-t.build/Objects-normal/arm64/Binary/RxCocoaRuntime.o normal arm64 (in target 'RxCocoaRuntime' from project 'RxSwift')
cd /Users/admin/builder/spi-builder-workspace/.dependencies/checkouts/RxSwift
/Applications/Xcode-27.0.0-Release.Candidate.app/Contents/Developer/Toolchains/XcodeDefault.xctoolchain/usr/bin/clang -Xlinker -reproducible -target arm64-apple-watchos9.0 -r -isysroot /Applications/Xcode-27.0.0-Release.Candidate.app/Contents/Developer/Platforms/WatchOS.platform/Developer/SDKs/WatchOS27.0.sdk -O0 -w -Xlinker -no_warn_duplicate_libraries -F/Users/admin/builder/spi-builder-workspace/.derivedData/Build/Intermediates.noindex/EagerLinkingTBDs/Debug-watchos -F/Users/admin/builder/spi-builder-workspace/.derivedData/Build/Products/Debug-watchos/PackageFrameworks -F/Users/admin/builder/spi-builder-workspace/.derivedData/Build/Products/Debug-watchos -iframework /Applications/Xcode-27.0.0-Release.Candidate.app/Contents/Developer/Platforms/WatchOS.platform/Developer/Library/Frameworks -iframework /Applications/Xcode-27.0.0-Release.Candidate.app/Contents/Developer/Platforms/WatchOS.platform/Developer/SDKs/WatchOS27.0.sdk/Developer/Library/Frameworks -filelist /Users/admin/builder/spi-builder-workspace/.derivedData/Build/Intermediates.noindex/RxSwift.build/Debug-watchos/RxCocoaRuntime-t.build/Objects-normal/arm64/RxCocoaRuntime.LinkFileList -nostdlib -Xlinker -object_path_lto -Xlinker /Users/admin/builder/spi-builder-workspace/.derivedData/Build/Intermediates.noindex/RxSwift.build/Debug-watchos/RxCocoaRuntime-t.build/Objects-normal/arm64/RxCocoaRuntime_lto.o -Xlinker -no_deduplicate -Xlinker -dependency_info -Xlinker /Users/admin/builder/spi-builder-workspace/.derivedData/Build/Intermediates.noindex/RxSwift.build/Debug-watchos/RxCocoaRuntime-t.build/Objects-normal/arm64/RxCocoaRuntime_dependency_info.dat -fobjc-arc -fobjc-link-runtime -o /Users/admin/builder/spi-builder-workspace/.derivedData/Build/Intermediates.noindex/RxSwift.build/Debug-watchos/RxCocoaRuntime-t.build/Objects-normal/arm64/Binary/RxCocoaRuntime.o
CreateUniversalBinary /Users/admin/builder/spi-builder-workspace/.derivedData/Build/Products/Debug-watchos/RxCocoaRuntime.o normal arm64\ arm64_32 (in target 'RxCocoaRuntime' from project 'RxSwift')
cd /Users/admin/builder/spi-builder-workspace/.dependencies/checkouts/RxSwift
/Applications/Xcode-27.0.0-Release.Candidate.app/Contents/Developer/Toolchains/XcodeDefault.xctoolchain/usr/bin/lipo -create /Users/admin/builder/spi-builder-workspace/.derivedData/Build/Intermediates.noindex/RxSwift.build/Debug-watchos/RxCocoaRuntime-t.build/Objects-normal/arm64/Binary/RxCocoaRuntime.o /Users/admin/builder/spi-builder-workspace/.derivedData/Build/Intermediates.noindex/RxSwift.build/Debug-watchos/RxCocoaRuntime-t.build/Objects-normal/arm64_32/Binary/RxCocoaRuntime.o -output /Users/admin/builder/spi-builder-workspace/.derivedData/Build/Products/Debug-watchos/RxCocoaRuntime.o
SwiftEmitModule normal arm64_32 Emitting\ module\ for\ RxDataSources (in target 'RxDataSources' from project 'RxDataSources')
SwiftCompile normal arm64_32 (in target 'RxDataSources' from project 'RxDataSources')
cd /Users/admin/builder/spi-builder-workspace/.swiftpm/xcode
SwiftCompile normal arm64_32 Compiling\ Deprecated.swift,\ FloatingPointType+IdentifiableType.swift /Users/admin/builder/spi-builder-workspace/.dependencies/checkouts/RxDataSources/Sources/RxDataSources/Deprecated.swift /Users/admin/builder/spi-builder-workspace/.dependencies/checkouts/RxDataSources/Sources/RxDataSources/FloatingPointType+IdentifiableType.swift (in target 'RxDataSources' from project 'RxDataSources')
SwiftCompile normal arm64_32 /Users/admin/builder/spi-builder-workspace/.dependencies/checkouts/RxDataSources/Sources/RxDataSources/Deprecated.swift (in target 'RxDataSources' from project 'RxDataSources')
cd /Users/admin/builder/spi-builder-workspace/.swiftpm/xcode
builtin-SwiftPerFileCompile Deprecated.swift
SwiftCompile normal arm64_32 /Users/admin/builder/spi-builder-workspace/.dependencies/checkouts/RxDataSources/Sources/RxDataSources/FloatingPointType+IdentifiableType.swift (in target 'RxDataSources' from project 'RxDataSources')
cd /Users/admin/builder/spi-builder-workspace/.swiftpm/xcode
builtin-SwiftPerFileCompile FloatingPointType+IdentifiableType.swift
SwiftCompile normal arm64_32 Compiling\ CollectionViewSectionedDataSource.swift,\ DataSources.swift /Users/admin/builder/spi-builder-workspace/.dependencies/checkouts/RxDataSources/Sources/RxDataSources/CollectionViewSectionedDataSource.swift /Users/admin/builder/spi-builder-workspace/.dependencies/checkouts/RxDataSources/Sources/RxDataSources/DataSources.swift (in target 'RxDataSources' from project 'RxDataSources')
SwiftCompile normal arm64_32 /Users/admin/builder/spi-builder-workspace/.dependencies/checkouts/RxDataSources/Sources/RxDataSources/CollectionViewSectionedDataSource.swift (in target 'RxDataSources' from project 'RxDataSources')
cd /Users/admin/builder/spi-builder-workspace/.swiftpm/xcode
builtin-SwiftPerFileCompile CollectionViewSectionedDataSource.swift
SwiftCompile normal arm64_32 /Users/admin/builder/spi-builder-workspace/.dependencies/checkouts/RxDataSources/Sources/RxDataSources/DataSources.swift (in target 'RxDataSources' from project 'RxDataSources')
cd /Users/admin/builder/spi-builder-workspace/.swiftpm/xcode
builtin-SwiftPerFileCompile DataSources.swift
SwiftCompile normal arm64_32 Compiling\ TableViewSectionedDataSource.swift /Users/admin/builder/spi-builder-workspace/.dependencies/checkouts/RxDataSources/Sources/RxDataSources/TableViewSectionedDataSource.swift (in target 'RxDataSources' from project 'RxDataSources')
SwiftCompile normal arm64_32 /Users/admin/builder/spi-builder-workspace/.dependencies/checkouts/RxDataSources/Sources/RxDataSources/TableViewSectionedDataSource.swift (in target 'RxDataSources' from project 'RxDataSources')
cd /Users/admin/builder/spi-builder-workspace/.swiftpm/xcode
builtin-SwiftPerFileCompile TableViewSectionedDataSource.swift
SwiftCompile normal arm64_32 Compiling\ RxTableViewSectionedAnimatedDataSource.swift,\ RxTableViewSectionedReloadDataSource.swift /Users/admin/builder/spi-builder-workspace/.dependencies/checkouts/RxDataSources/Sources/RxDataSources/RxTableViewSectionedAnimatedDataSource.swift /Users/admin/builder/spi-builder-workspace/.dependencies/checkouts/RxDataSources/Sources/RxDataSources/RxTableViewSectionedReloadDataSource.swift (in target 'RxDataSources' from project 'RxDataSources')
SwiftCompile normal arm64_32 /Users/admin/builder/spi-builder-workspace/.dependencies/checkouts/RxDataSources/Sources/RxDataSources/RxTableViewSectionedAnimatedDataSource.swift (in target 'RxDataSources' from project 'RxDataSources')
cd /Users/admin/builder/spi-builder-workspace/.swiftpm/xcode
builtin-SwiftPerFileCompile RxTableViewSectionedAnimatedDataSource.swift
SwiftCompile normal arm64_32 /Users/admin/builder/spi-builder-workspace/.dependencies/checkouts/RxDataSources/Sources/RxDataSources/RxTableViewSectionedReloadDataSource.swift (in target 'RxDataSources' from project 'RxDataSources')
cd /Users/admin/builder/spi-builder-workspace/.swiftpm/xcode
builtin-SwiftPerFileCompile RxTableViewSectionedReloadDataSource.swift
SwiftCompile normal arm64_32 Compiling\ IntegerType+IdentifiableType.swift,\ RxCollectionViewSectionedAnimatedDataSource.swift /Users/admin/builder/spi-builder-workspace/.dependencies/checkouts/RxDataSources/Sources/RxDataSources/IntegerType+IdentifiableType.swift /Users/admin/builder/spi-builder-workspace/.dependencies/checkouts/RxDataSources/Sources/RxDataSources/RxCollectionViewSectionedAnimatedDataSource.swift (in target 'RxDataSources' from project 'RxDataSources')
SwiftCompile normal arm64_32 /Users/admin/builder/spi-builder-workspace/.dependencies/checkouts/RxDataSources/Sources/RxDataSources/IntegerType+IdentifiableType.swift (in target 'RxDataSources' from project 'RxDataSources')
cd /Users/admin/builder/spi-builder-workspace/.swiftpm/xcode
builtin-SwiftPerFileCompile IntegerType+IdentifiableType.swift
SwiftCompile normal arm64_32 /Users/admin/builder/spi-builder-workspace/.dependencies/checkouts/RxDataSources/Sources/RxDataSources/RxCollectionViewSectionedAnimatedDataSource.swift (in target 'RxDataSources' from project 'RxDataSources')
cd /Users/admin/builder/spi-builder-workspace/.swiftpm/xcode
builtin-SwiftPerFileCompile RxCollectionViewSectionedAnimatedDataSource.swift
SwiftCompile normal arm64_32 Compiling\ AnimationConfiguration.swift,\ Array+Extensions.swift /Users/admin/builder/spi-builder-workspace/.dependencies/checkouts/RxDataSources/Sources/RxDataSources/AnimationConfiguration.swift /Users/admin/builder/spi-builder-workspace/.dependencies/checkouts/RxDataSources/Sources/RxDataSources/Array+Extensions.swift (in target 'RxDataSources' from project 'RxDataSources')
SwiftCompile normal arm64_32 /Users/admin/builder/spi-builder-workspace/.dependencies/checkouts/RxDataSources/Sources/RxDataSources/AnimationConfiguration.swift (in target 'RxDataSources' from project 'RxDataSources')
cd /Users/admin/builder/spi-builder-workspace/.swiftpm/xcode
builtin-SwiftPerFileCompile AnimationConfiguration.swift
SwiftCompile normal arm64_32 /Users/admin/builder/spi-builder-workspace/.dependencies/checkouts/RxDataSources/Sources/RxDataSources/Array+Extensions.swift (in target 'RxDataSources' from project 'RxDataSources')
cd /Users/admin/builder/spi-builder-workspace/.swiftpm/xcode
builtin-SwiftPerFileCompile Array+Extensions.swift
SwiftEmitModule normal arm64 Emitting\ module\ for\ RxDataSources (in target 'RxDataSources' from project 'RxDataSources')
SwiftCompile normal arm64 (in target 'RxDataSources' from project 'RxDataSources')
cd /Users/admin/builder/spi-builder-workspace/.swiftpm/xcode
SwiftDriverJobDiscovery normal arm64_32 Compiling resource_bundle_accessor.swift, BehaviorRelay+Driver.swift, ControlEvent+Driver.swift, ControlEvent+Signal.swift, ControlEvent.swift, ControlProperty+Driver.swift, ControlProperty.swift, ControlTarget.swift, DelegateProxy.swift, DelegateProxyType.swift (in target 'RxCocoa' from project 'RxSwift')
SwiftCompile normal arm64 Compiling\ TableViewSectionedDataSource.swift /Users/admin/builder/spi-builder-workspace/.dependencies/checkouts/RxDataSources/Sources/RxDataSources/TableViewSectionedDataSource.swift (in target 'RxDataSources' from project 'RxDataSources')
SwiftCompile normal arm64 /Users/admin/builder/spi-builder-workspace/.dependencies/checkouts/RxDataSources/Sources/RxDataSources/TableViewSectionedDataSource.swift (in target 'RxDataSources' from project 'RxDataSources')
cd /Users/admin/builder/spi-builder-workspace/.swiftpm/xcode
builtin-SwiftPerFileCompile TableViewSectionedDataSource.swift
SwiftDriverJobDiscovery normal arm64_32 Compiling TableViewSectionedDataSource.swift (in target 'RxDataSources' from project 'RxDataSources')
SwiftCompile normal arm64 Compiling\ IntegerType+IdentifiableType.swift,\ RxCollectionViewSectionedAnimatedDataSource.swift /Users/admin/builder/spi-builder-workspace/.dependencies/checkouts/RxDataSources/Sources/RxDataSources/IntegerType+IdentifiableType.swift /Users/admin/builder/spi-builder-workspace/.dependencies/checkouts/RxDataSources/Sources/RxDataSources/RxCollectionViewSectionedAnimatedDataSource.swift (in target 'RxDataSources' from project 'RxDataSources')
SwiftCompile normal arm64 /Users/admin/builder/spi-builder-workspace/.dependencies/checkouts/RxDataSources/Sources/RxDataSources/IntegerType+IdentifiableType.swift (in target 'RxDataSources' from project 'RxDataSources')
cd /Users/admin/builder/spi-builder-workspace/.swiftpm/xcode
builtin-SwiftPerFileCompile IntegerType+IdentifiableType.swift
SwiftCompile normal arm64 /Users/admin/builder/spi-builder-workspace/.dependencies/checkouts/RxDataSources/Sources/RxDataSources/RxCollectionViewSectionedAnimatedDataSource.swift (in target 'RxDataSources' from project 'RxDataSources')
cd /Users/admin/builder/spi-builder-workspace/.swiftpm/xcode
builtin-SwiftPerFileCompile RxCollectionViewSectionedAnimatedDataSource.swift
SwiftDriverJobDiscovery normal arm64_32 Compiling RxTableViewSectionedAnimatedDataSource.swift, RxTableViewSectionedReloadDataSource.swift (in target 'RxDataSources' from project 'RxDataSources')
SwiftCompile normal arm64 Compiling\ Deprecated.swift,\ FloatingPointType+IdentifiableType.swift /Users/admin/builder/spi-builder-workspace/.dependencies/checkouts/RxDataSources/Sources/RxDataSources/Deprecated.swift /Users/admin/builder/spi-builder-workspace/.dependencies/checkouts/RxDataSources/Sources/RxDataSources/FloatingPointType+IdentifiableType.swift (in target 'RxDataSources' from project 'RxDataSources')
SwiftCompile normal arm64 /Users/admin/builder/spi-builder-workspace/.dependencies/checkouts/RxDataSources/Sources/RxDataSources/Deprecated.swift (in target 'RxDataSources' from project 'RxDataSources')
cd /Users/admin/builder/spi-builder-workspace/.swiftpm/xcode
builtin-SwiftPerFileCompile Deprecated.swift
SwiftCompile normal arm64 /Users/admin/builder/spi-builder-workspace/.dependencies/checkouts/RxDataSources/Sources/RxDataSources/FloatingPointType+IdentifiableType.swift (in target 'RxDataSources' from project 'RxDataSources')
cd /Users/admin/builder/spi-builder-workspace/.swiftpm/xcode
builtin-SwiftPerFileCompile FloatingPointType+IdentifiableType.swift
SwiftDriverJobDiscovery normal arm64_32 Compiling Deprecated.swift, FloatingPointType+IdentifiableType.swift (in target 'RxDataSources' from project 'RxDataSources')
SwiftCompile normal arm64 Compiling\ RxTableViewSectionedAnimatedDataSource.swift,\ RxTableViewSectionedReloadDataSource.swift /Users/admin/builder/spi-builder-workspace/.dependencies/checkouts/RxDataSources/Sources/RxDataSources/RxTableViewSectionedAnimatedDataSource.swift /Users/admin/builder/spi-builder-workspace/.dependencies/checkouts/RxDataSources/Sources/RxDataSources/RxTableViewSectionedReloadDataSource.swift (in target 'RxDataSources' from project 'RxDataSources')
SwiftCompile normal arm64 /Users/admin/builder/spi-builder-workspace/.dependencies/checkouts/RxDataSources/Sources/RxDataSources/RxTableViewSectionedAnimatedDataSource.swift (in target 'RxDataSources' from project 'RxDataSources')
cd /Users/admin/builder/spi-builder-workspace/.swiftpm/xcode
builtin-SwiftPerFileCompile RxTableViewSectionedAnimatedDataSource.swift
SwiftCompile normal arm64 /Users/admin/builder/spi-builder-workspace/.dependencies/checkouts/RxDataSources/Sources/RxDataSources/RxTableViewSectionedReloadDataSource.swift (in target 'RxDataSources' from project 'RxDataSources')
cd /Users/admin/builder/spi-builder-workspace/.swiftpm/xcode
builtin-SwiftPerFileCompile RxTableViewSectionedReloadDataSource.swift
SwiftDriverJobDiscovery normal arm64_32 Compiling IntegerType+IdentifiableType.swift, RxCollectionViewSectionedAnimatedDataSource.swift (in target 'RxDataSources' from project 'RxDataSources')
SwiftCompile normal arm64 Compiling\ ViewTransition.swift /Users/admin/builder/spi-builder-workspace/.dependencies/checkouts/RxDataSources/Sources/RxDataSources/ViewTransition.swift (in target 'RxDataSources' from project 'RxDataSources')
SwiftCompile normal arm64 /Users/admin/builder/spi-builder-workspace/.dependencies/checkouts/RxDataSources/Sources/RxDataSources/ViewTransition.swift (in target 'RxDataSources' from project 'RxDataSources')
cd /Users/admin/builder/spi-builder-workspace/.swiftpm/xcode
builtin-SwiftPerFileCompile ViewTransition.swift
SwiftDriverJobDiscovery normal arm64_32 Emitting module for RxDataSources (in target 'RxDataSources' from project 'RxDataSources')
SwiftDriver\ Compilation\ Requirements RxDataSources normal arm64_32 com.apple.xcode.tools.swift.compiler (in target 'RxDataSources' from project 'RxDataSources')
cd /Users/admin/builder/spi-builder-workspace/.swiftpm/xcode
builtin-Swift-Compilation-Requirements -- /Applications/Xcode-27.0.0-Release.Candidate.app/Contents/Developer/Toolchains/XcodeDefault.xctoolchain/usr/bin/swiftc -parse-as-library -module-name RxDataSources -Onone @/Users/admin/builder/spi-builder-workspace/.derivedData/Build/Intermediates.noindex/RxDataSources.build/Debug-watchos/RxDataSources-t.build/Objects-normal/arm64_32/RxDataSources.SwiftFileList -DSWIFT_PACKAGE -DDEBUG -DSWIFT_MODULE_RESOURCE_BUNDLE_UNAVAILABLE -Xcc -fmodule-map-file\=/Users/admin/builder/spi-builder-workspace/.derivedData/Build/Intermediates.noindex/GeneratedModuleMaps-watchos/RxCocoaRuntime.modulemap -DXcode -plugin-path /Applications/Xcode-27.0.0-Release.Candidate.app/Contents/Developer/Toolchains/XcodeDefault.xctoolchain/usr/lib/swift/host/plugins/testing -enable-experimental-feature DebugDescriptionMacro -sdk /Applications/Xcode-27.0.0-Release.Candidate.app/Contents/Developer/Platforms/WatchOS.platform/Developer/SDKs/WatchOS27.0.sdk -target arm64_32-apple-watchos9.0 -g -module-cache-path /Users/admin/builder/spi-builder-workspace/.derivedData/ModuleCache.noindex -Xfrontend -serialize-debugging-options -enable-testing -suppress-warnings -index-store-path /Users/admin/builder/spi-builder-workspace/.derivedData/Index.noindex/DataStore -Xcc -D_LIBCPP_HARDENING_MODE\=_LIBCPP_HARDENING_MODE_DEBUG -swift-version 5 -I /Users/admin/builder/spi-builder-workspace/.derivedData/Build/Products/Debug-watchos -Isystem /Applications/Xcode-27.0.0-Release.Candidate.app/Contents/Developer/Platforms/WatchOS.platform/Developer/usr/lib -F /Users/admin/builder/spi-builder-workspace/.derivedData/Build/Products/Debug-watchos/PackageFrameworks -F /Users/admin/builder/spi-builder-workspace/.derivedData/Build/Products/Debug-watchos -F /Applications/Xcode-27.0.0-Release.Candidate.app/Contents/Developer/Platforms/WatchOS.platform/Developer/Library/Frameworks -F /Applications/Xcode-27.0.0-Release.Candidate.app/Contents/Developer/Platforms/WatchOS.platform/Developer/SDKs/WatchOS27.0.sdk/Developer/Library/Frameworks -c -j10 -enable-batch-mode -incremental -Xcc -ivfsstatcache -Xcc /Users/admin/builder/spi-builder-workspace/.derivedData/SDKStatCaches.noindex/watchos27.0-24R360-e829b21a6f8c9b70876ba0858053c04477534ef55a1706bf4c1112bbb242f0a2.sdkstatcache -output-file-map /Users/admin/builder/spi-builder-workspace/.derivedData/Build/Intermediates.noindex/RxDataSources.build/Debug-watchos/RxDataSources-t.build/Objects-normal/arm64_32/RxDataSources-OutputFileMap.json -save-temps -no-color-diagnostics -explicit-module-build -module-cache-path /Users/admin/builder/spi-builder-workspace/.derivedData/Build/Intermediates.noindex/SwiftExplicitPrecompiledModules -clang-scanner-module-cache-path /Users/admin/builder/spi-builder-workspace/.derivedData/ModuleCache.noindex -sdk-module-cache-path /Users/admin/builder/spi-builder-workspace/.derivedData/SDKExplicitPrecompiledModules -emit-dependencies -emit-module -emit-module-path /Users/admin/builder/spi-builder-workspace/.derivedData/Build/Intermediates.noindex/RxDataSources.build/Debug-watchos/RxDataSources-t.build/Objects-normal/arm64_32/RxDataSources.swiftmodule -serialize-diagnostics -dependency-scan-serialize-diagnostics-path /Users/admin/builder/spi-builder-workspace/.derivedData/Build/Intermediates.noindex/RxDataSources.build/Debug-watchos/RxDataSources-t.build/Objects-normal/arm64_32/RxDataSources-dependency-scan.dia -validate-clang-modules-once -clang-build-session-file /Users/admin/builder/spi-builder-workspace/.derivedData/ModuleCache.noindex/Session.modulevalidation -Xcc -fmodules-prune-interval\=86400 -Xcc -fmodules-prune-after\=345600 -emit-const-values -const-gather-protocols-list /Users/admin/builder/spi-builder-workspace/.derivedData/Build/Intermediates.noindex/RxDataSources.build/Debug-watchos/RxDataSources-t.build/Objects-normal/arm64_32/RxDataSources_const_extract_protocols.json -Xcc -I/Users/admin/builder/spi-builder-workspace/.dependencies/checkouts/RxSwift/Sources/RxCocoaRuntime/include -Xcc -I/Users/admin/builder/spi-builder-workspace/.derivedData/Build/Products/Debug-watchos/include -Xcc -I/Users/admin/builder/spi-builder-workspace/.derivedData/Build/Intermediates.noindex/RxDataSources.build/Debug-watchos/RxDataSources-t.build/DerivedSources-normal/arm64_32 -Xcc -I/Users/admin/builder/spi-builder-workspace/.derivedData/Build/Intermediates.noindex/RxDataSources.build/Debug-watchos/RxDataSources-t.build/DerivedSources/arm64_32 -Xcc -I/Users/admin/builder/spi-builder-workspace/.derivedData/Build/Intermediates.noindex/RxDataSources.build/Debug-watchos/RxDataSources-t.build/DerivedSources -Xcc -DSWIFT_PACKAGE -Xcc -DDEBUG\=1 -emit-objc-header -emit-objc-header-path /Users/admin/builder/spi-builder-workspace/.derivedData/Build/Intermediates.noindex/RxDataSources.build/Debug-watchos/RxDataSources-t.build/Objects-normal/arm64_32/RxDataSources-Swift.h -working-directory /Users/admin/builder/spi-builder-workspace/.swiftpm/xcode -experimental-emit-module-separately -disable-cmo
SwiftDriverJobDiscovery normal arm64_32 Compiling CollectionViewSectionedDataSource.swift, DataSources.swift (in target 'RxDataSources' from project 'RxDataSources')
SwiftCompile normal arm64 Compiling\ String+IdentifiableType.swift /Users/admin/builder/spi-builder-workspace/.dependencies/checkouts/RxDataSources/Sources/RxDataSources/String+IdentifiableType.swift (in target 'RxDataSources' from project 'RxDataSources')
SwiftCompile normal arm64 /Users/admin/builder/spi-builder-workspace/.dependencies/checkouts/RxDataSources/Sources/RxDataSources/String+IdentifiableType.swift (in target 'RxDataSources' from project 'RxDataSources')
cd /Users/admin/builder/spi-builder-workspace/.swiftpm/xcode
builtin-SwiftPerFileCompile String+IdentifiableType.swift
SwiftDriverJobDiscovery normal arm64_32 Compiling AnimationConfiguration.swift, Array+Extensions.swift (in target 'RxDataSources' from project 'RxDataSources')
Copy /Users/admin/builder/spi-builder-workspace/.derivedData/Build/Products/Debug-watchos/RxDataSources.swiftmodule/arm64_32-apple-watchos.swiftmodule /Users/admin/builder/spi-builder-workspace/.derivedData/Build/Intermediates.noindex/RxDataSources.build/Debug-watchos/RxDataSources-t.build/Objects-normal/arm64_32/RxDataSources.swiftmodule (in target 'RxDataSources' from project 'RxDataSources')
cd /Users/admin/builder/spi-builder-workspace/.dependencies/checkouts/RxDataSources
builtin-copy -exclude .DS_Store -exclude CVS -exclude .svn -exclude .git -exclude .hg -resolve-src-symlinks -rename /Users/admin/builder/spi-builder-workspace/.derivedData/Build/Intermediates.noindex/RxDataSources.build/Debug-watchos/RxDataSources-t.build/Objects-normal/arm64_32/RxDataSources.swiftmodule /Users/admin/builder/spi-builder-workspace/.derivedData/Build/Products/Debug-watchos/RxDataSources.swiftmodule/arm64_32-apple-watchos.swiftmodule
Copy /Users/admin/builder/spi-builder-workspace/.derivedData/Build/Products/Debug-watchos/RxDataSources.swiftmodule/arm64_32-apple-watchos.swiftdoc /Users/admin/builder/spi-builder-workspace/.derivedData/Build/Intermediates.noindex/RxDataSources.build/Debug-watchos/RxDataSources-t.build/Objects-normal/arm64_32/RxDataSources.swiftdoc (in target 'RxDataSources' from project 'RxDataSources')
cd /Users/admin/builder/spi-builder-workspace/.dependencies/checkouts/RxDataSources
builtin-copy -exclude .DS_Store -exclude CVS -exclude .svn -exclude .git -exclude .hg -resolve-src-symlinks -rename /Users/admin/builder/spi-builder-workspace/.derivedData/Build/Intermediates.noindex/RxDataSources.build/Debug-watchos/RxDataSources-t.build/Objects-normal/arm64_32/RxDataSources.swiftdoc /Users/admin/builder/spi-builder-workspace/.derivedData/Build/Products/Debug-watchos/RxDataSources.swiftmodule/arm64_32-apple-watchos.swiftdoc
Copy /Users/admin/builder/spi-builder-workspace/.derivedData/Build/Products/Debug-watchos/RxDataSources.swiftmodule/arm64_32-apple-watchos.abi.json /Users/admin/builder/spi-builder-workspace/.derivedData/Build/Intermediates.noindex/RxDataSources.build/Debug-watchos/RxDataSources-t.build/Objects-normal/arm64_32/RxDataSources.abi.json (in target 'RxDataSources' from project 'RxDataSources')
cd /Users/admin/builder/spi-builder-workspace/.dependencies/checkouts/RxDataSources
builtin-copy -exclude .DS_Store -exclude CVS -exclude .svn -exclude .git -exclude .hg -resolve-src-symlinks -rename /Users/admin/builder/spi-builder-workspace/.derivedData/Build/Intermediates.noindex/RxDataSources.build/Debug-watchos/RxDataSources-t.build/Objects-normal/arm64_32/RxDataSources.abi.json /Users/admin/builder/spi-builder-workspace/.derivedData/Build/Products/Debug-watchos/RxDataSources.swiftmodule/arm64_32-apple-watchos.abi.json
Copy /Users/admin/builder/spi-builder-workspace/.derivedData/Build/Products/Debug-watchos/RxDataSources.swiftmodule/Project/arm64_32-apple-watchos.swiftsourceinfo /Users/admin/builder/spi-builder-workspace/.derivedData/Build/Intermediates.noindex/RxDataSources.build/Debug-watchos/RxDataSources-t.build/Objects-normal/arm64_32/RxDataSources.swiftsourceinfo (in target 'RxDataSources' from project 'RxDataSources')
cd /Users/admin/builder/spi-builder-workspace/.dependencies/checkouts/RxDataSources
builtin-copy -exclude .DS_Store -exclude CVS -exclude .svn -exclude .git -exclude .hg -resolve-src-symlinks -rename /Users/admin/builder/spi-builder-workspace/.derivedData/Build/Intermediates.noindex/RxDataSources.build/Debug-watchos/RxDataSources-t.build/Objects-normal/arm64_32/RxDataSources.swiftsourceinfo /Users/admin/builder/spi-builder-workspace/.derivedData/Build/Products/Debug-watchos/RxDataSources.swiftmodule/Project/arm64_32-apple-watchos.swiftsourceinfo
SwiftCompile normal arm64 Compiling\ RxCollectionViewSectionedReloadDataSource.swift,\ RxPickerViewAdapter.swift /Users/admin/builder/spi-builder-workspace/.dependencies/checkouts/RxDataSources/Sources/RxDataSources/RxCollectionViewSectionedReloadDataSource.swift /Users/admin/builder/spi-builder-workspace/.dependencies/checkouts/RxDataSources/Sources/RxDataSources/RxPickerViewAdapter.swift (in target 'RxDataSources' from project 'RxDataSources')
SwiftCompile normal arm64 /Users/admin/builder/spi-builder-workspace/.dependencies/checkouts/RxDataSources/Sources/RxDataSources/RxCollectionViewSectionedReloadDataSource.swift (in target 'RxDataSources' from project 'RxDataSources')
cd /Users/admin/builder/spi-builder-workspace/.swiftpm/xcode
builtin-SwiftPerFileCompile RxCollectionViewSectionedReloadDataSource.swift
SwiftCompile normal arm64 /Users/admin/builder/spi-builder-workspace/.dependencies/checkouts/RxDataSources/Sources/RxDataSources/RxPickerViewAdapter.swift (in target 'RxDataSources' from project 'RxDataSources')
cd /Users/admin/builder/spi-builder-workspace/.swiftpm/xcode
builtin-SwiftPerFileCompile RxPickerViewAdapter.swift
SwiftCompile normal arm64_32 Compiling\ RxCollectionViewSectionedReloadDataSource.swift,\ RxPickerViewAdapter.swift /Users/admin/builder/spi-builder-workspace/.dependencies/checkouts/RxDataSources/Sources/RxDataSources/RxCollectionViewSectionedReloadDataSource.swift /Users/admin/builder/spi-builder-workspace/.dependencies/checkouts/RxDataSources/Sources/RxDataSources/RxPickerViewAdapter.swift (in target 'RxDataSources' from project 'RxDataSources')
SwiftCompile normal arm64_32 /Users/admin/builder/spi-builder-workspace/.dependencies/checkouts/RxDataSources/Sources/RxDataSources/RxCollectionViewSectionedReloadDataSource.swift (in target 'RxDataSources' from project 'RxDataSources')
cd /Users/admin/builder/spi-builder-workspace/.swiftpm/xcode
builtin-SwiftPerFileCompile RxCollectionViewSectionedReloadDataSource.swift
SwiftCompile normal arm64_32 /Users/admin/builder/spi-builder-workspace/.dependencies/checkouts/RxDataSources/Sources/RxDataSources/RxPickerViewAdapter.swift (in target 'RxDataSources' from project 'RxDataSources')
cd /Users/admin/builder/spi-builder-workspace/.swiftpm/xcode
builtin-SwiftPerFileCompile RxPickerViewAdapter.swift
SwiftDriverJobDiscovery normal arm64 Compiling TableViewSectionedDataSource.swift (in target 'RxDataSources' from project 'RxDataSources')
SwiftCompile normal arm64_32 Compiling\ UI+SectionedViewType.swift /Users/admin/builder/spi-builder-workspace/.dependencies/checkouts/RxDataSources/Sources/RxDataSources/UI+SectionedViewType.swift (in target 'RxDataSources' from project 'RxDataSources')
SwiftCompile normal arm64_32 /Users/admin/builder/spi-builder-workspace/.dependencies/checkouts/RxDataSources/Sources/RxDataSources/UI+SectionedViewType.swift (in target 'RxDataSources' from project 'RxDataSources')
cd /Users/admin/builder/spi-builder-workspace/.swiftpm/xcode
builtin-SwiftPerFileCompile UI+SectionedViewType.swift
SwiftDriverJobDiscovery normal arm64 Emitting module for RxDataSources (in target 'RxDataSources' from project 'RxDataSources')
SwiftDriver\ Compilation\ Requirements RxDataSources normal arm64 com.apple.xcode.tools.swift.compiler (in target 'RxDataSources' from project 'RxDataSources')
cd /Users/admin/builder/spi-builder-workspace/.swiftpm/xcode
builtin-Swift-Compilation-Requirements -- /Applications/Xcode-27.0.0-Release.Candidate.app/Contents/Developer/Toolchains/XcodeDefault.xctoolchain/usr/bin/swiftc -parse-as-library -module-name RxDataSources -Onone @/Users/admin/builder/spi-builder-workspace/.derivedData/Build/Intermediates.noindex/RxDataSources.build/Debug-watchos/RxDataSources-t.build/Objects-normal/arm64/RxDataSources.SwiftFileList -DSWIFT_PACKAGE -DDEBUG -DSWIFT_MODULE_RESOURCE_BUNDLE_UNAVAILABLE -Xcc -fmodule-map-file\=/Users/admin/builder/spi-builder-workspace/.derivedData/Build/Intermediates.noindex/GeneratedModuleMaps-watchos/RxCocoaRuntime.modulemap -DXcode -plugin-path /Applications/Xcode-27.0.0-Release.Candidate.app/Contents/Developer/Toolchains/XcodeDefault.xctoolchain/usr/lib/swift/host/plugins/testing -enable-experimental-feature DebugDescriptionMacro -sdk /Applications/Xcode-27.0.0-Release.Candidate.app/Contents/Developer/Platforms/WatchOS.platform/Developer/SDKs/WatchOS27.0.sdk -target arm64-apple-watchos9.0 -g -module-cache-path /Users/admin/builder/spi-builder-workspace/.derivedData/ModuleCache.noindex -Xfrontend -serialize-debugging-options -enable-testing -suppress-warnings -index-store-path /Users/admin/builder/spi-builder-workspace/.derivedData/Index.noindex/DataStore -Xcc -D_LIBCPP_HARDENING_MODE\=_LIBCPP_HARDENING_MODE_DEBUG -swift-version 5 -I /Users/admin/builder/spi-builder-workspace/.derivedData/Build/Products/Debug-watchos -Isystem /Applications/Xcode-27.0.0-Release.Candidate.app/Contents/Developer/Platforms/WatchOS.platform/Developer/usr/lib -F /Users/admin/builder/spi-builder-workspace/.derivedData/Build/Products/Debug-watchos/PackageFrameworks -F /Users/admin/builder/spi-builder-workspace/.derivedData/Build/Products/Debug-watchos -F /Applications/Xcode-27.0.0-Release.Candidate.app/Contents/Developer/Platforms/WatchOS.platform/Developer/Library/Frameworks -F /Applications/Xcode-27.0.0-Release.Candidate.app/Contents/Developer/Platforms/WatchOS.platform/Developer/SDKs/WatchOS27.0.sdk/Developer/Library/Frameworks -c -j10 -enable-batch-mode -incremental -Xcc -ivfsstatcache -Xcc /Users/admin/builder/spi-builder-workspace/.derivedData/SDKStatCaches.noindex/watchos27.0-24R360-e829b21a6f8c9b70876ba0858053c04477534ef55a1706bf4c1112bbb242f0a2.sdkstatcache -output-file-map /Users/admin/builder/spi-builder-workspace/.derivedData/Build/Intermediates.noindex/RxDataSources.build/Debug-watchos/RxDataSources-t.build/Objects-normal/arm64/RxDataSources-OutputFileMap.json -save-temps -no-color-diagnostics -explicit-module-build -module-cache-path /Users/admin/builder/spi-builder-workspace/.derivedData/Build/Intermediates.noindex/SwiftExplicitPrecompiledModules -clang-scanner-module-cache-path /Users/admin/builder/spi-builder-workspace/.derivedData/ModuleCache.noindex -sdk-module-cache-path /Users/admin/builder/spi-builder-workspace/.derivedData/SDKExplicitPrecompiledModules -emit-dependencies -emit-module -emit-module-path /Users/admin/builder/spi-builder-workspace/.derivedData/Build/Intermediates.noindex/RxDataSources.build/Debug-watchos/RxDataSources-t.build/Objects-normal/arm64/RxDataSources.swiftmodule -serialize-diagnostics -dependency-scan-serialize-diagnostics-path /Users/admin/builder/spi-builder-workspace/.derivedData/Build/Intermediates.noindex/RxDataSources.build/Debug-watchos/RxDataSources-t.build/Objects-normal/arm64/RxDataSources-dependency-scan.dia -validate-clang-modules-once -clang-build-session-file /Users/admin/builder/spi-builder-workspace/.derivedData/ModuleCache.noindex/Session.modulevalidation -Xcc -fmodules-prune-interval\=86400 -Xcc -fmodules-prune-after\=345600 -emit-const-values -const-gather-protocols-list /Users/admin/builder/spi-builder-workspace/.derivedData/Build/Intermediates.noindex/RxDataSources.build/Debug-watchos/RxDataSources-t.build/Objects-normal/arm64/RxDataSources_const_extract_protocols.json -Xcc -I/Users/admin/builder/spi-builder-workspace/.dependencies/checkouts/RxSwift/Sources/RxCocoaRuntime/include -Xcc -I/Users/admin/builder/spi-builder-workspace/.derivedData/Build/Products/Debug-watchos/include -Xcc -I/Users/admin/builder/spi-builder-workspace/.derivedData/Build/Intermediates.noindex/RxDataSources.build/Debug-watchos/RxDataSources-t.build/DerivedSources-normal/arm64 -Xcc -I/Users/admin/builder/spi-builder-workspace/.derivedData/Build/Intermediates.noindex/RxDataSources.build/Debug-watchos/RxDataSources-t.build/DerivedSources/arm64 -Xcc -I/Users/admin/builder/spi-builder-workspace/.derivedData/Build/Intermediates.noindex/RxDataSources.build/Debug-watchos/RxDataSources-t.build/DerivedSources -Xcc -DSWIFT_PACKAGE -Xcc -DDEBUG\=1 -emit-objc-header -emit-objc-header-path /Users/admin/builder/spi-builder-workspace/.derivedData/Build/Intermediates.noindex/RxDataSources.build/Debug-watchos/RxDataSources-t.build/Objects-normal/arm64/RxDataSources-Swift.h -working-directory /Users/admin/builder/spi-builder-workspace/.swiftpm/xcode -experimental-emit-module-separately -disable-cmo
SwiftDriverJobDiscovery normal arm64 Compiling RxTableViewSectionedAnimatedDataSource.swift, RxTableViewSectionedReloadDataSource.swift (in target 'RxDataSources' from project 'RxDataSources')
SwiftCompile normal arm64 Compiling\ UI+SectionedViewType.swift /Users/admin/builder/spi-builder-workspace/.dependencies/checkouts/RxDataSources/Sources/RxDataSources/UI+SectionedViewType.swift (in target 'RxDataSources' from project 'RxDataSources')
SwiftCompile normal arm64 /Users/admin/builder/spi-builder-workspace/.dependencies/checkouts/RxDataSources/Sources/RxDataSources/UI+SectionedViewType.swift (in target 'RxDataSources' from project 'RxDataSources')
cd /Users/admin/builder/spi-builder-workspace/.swiftpm/xcode
builtin-SwiftPerFileCompile UI+SectionedViewType.swift
SwiftMergeGeneratedHeaders /Users/admin/builder/spi-builder-workspace/.derivedData/Build/Intermediates.noindex/GeneratedModuleMaps-watchos/RxDataSources-Swift.h /Users/admin/builder/spi-builder-workspace/.derivedData/Build/Intermediates.noindex/RxDataSources.build/Debug-watchos/RxDataSources-t.build/Objects-normal/arm64/RxDataSources-Swift.h /Users/admin/builder/spi-builder-workspace/.derivedData/Build/Intermediates.noindex/RxDataSources.build/Debug-watchos/RxDataSources-t.build/Objects-normal/arm64_32/RxDataSources-Swift.h (in target 'RxDataSources' from project 'RxDataSources')
cd /Users/admin/builder/spi-builder-workspace/.dependencies/checkouts/RxDataSources
builtin-swiftHeaderTool -arch arm64 /Users/admin/builder/spi-builder-workspace/.derivedData/Build/Intermediates.noindex/RxDataSources.build/Debug-watchos/RxDataSources-t.build/Objects-normal/arm64/RxDataSources-Swift.h -arch arm64_32 /Users/admin/builder/spi-builder-workspace/.derivedData/Build/Intermediates.noindex/RxDataSources.build/Debug-watchos/RxDataSources-t.build/Objects-normal/arm64_32/RxDataSources-Swift.h -o /Users/admin/builder/spi-builder-workspace/.derivedData/Build/Intermediates.noindex/GeneratedModuleMaps-watchos/RxDataSources-Swift.h
SwiftDriverJobDiscovery normal arm64 Compiling IntegerType+IdentifiableType.swift, RxCollectionViewSectionedAnimatedDataSource.swift (in target 'RxDataSources' from project 'RxDataSources')
Copy /Users/admin/builder/spi-builder-workspace/.derivedData/Build/Products/Debug-watchos/RxDataSources.swiftmodule/arm64-apple-watchos.swiftmodule /Users/admin/builder/spi-builder-workspace/.derivedData/Build/Intermediates.noindex/RxDataSources.build/Debug-watchos/RxDataSources-t.build/Objects-normal/arm64/RxDataSources.swiftmodule (in target 'RxDataSources' from project 'RxDataSources')
cd /Users/admin/builder/spi-builder-workspace/.dependencies/checkouts/RxDataSources
builtin-copy -exclude .DS_Store -exclude CVS -exclude .svn -exclude .git -exclude .hg -resolve-src-symlinks -rename /Users/admin/builder/spi-builder-workspace/.derivedData/Build/Intermediates.noindex/RxDataSources.build/Debug-watchos/RxDataSources-t.build/Objects-normal/arm64/RxDataSources.swiftmodule /Users/admin/builder/spi-builder-workspace/.derivedData/Build/Products/Debug-watchos/RxDataSources.swiftmodule/arm64-apple-watchos.swiftmodule
Copy /Users/admin/builder/spi-builder-workspace/.derivedData/Build/Products/Debug-watchos/RxDataSources.swiftmodule/arm64-apple-watchos.swiftdoc /Users/admin/builder/spi-builder-workspace/.derivedData/Build/Intermediates.noindex/RxDataSources.build/Debug-watchos/RxDataSources-t.build/Objects-normal/arm64/RxDataSources.swiftdoc (in target 'RxDataSources' from project 'RxDataSources')
cd /Users/admin/builder/spi-builder-workspace/.dependencies/checkouts/RxDataSources
builtin-copy -exclude .DS_Store -exclude CVS -exclude .svn -exclude .git -exclude .hg -resolve-src-symlinks -rename /Users/admin/builder/spi-builder-workspace/.derivedData/Build/Intermediates.noindex/RxDataSources.build/Debug-watchos/RxDataSources-t.build/Objects-normal/arm64/RxDataSources.swiftdoc /Users/admin/builder/spi-builder-workspace/.derivedData/Build/Products/Debug-watchos/RxDataSources.swiftmodule/arm64-apple-watchos.swiftdoc
Copy /Users/admin/builder/spi-builder-workspace/.derivedData/Build/Products/Debug-watchos/RxDataSources.swiftmodule/arm64-apple-watchos.abi.json /Users/admin/builder/spi-builder-workspace/.derivedData/Build/Intermediates.noindex/RxDataSources.build/Debug-watchos/RxDataSources-t.build/Objects-normal/arm64/RxDataSources.abi.json (in target 'RxDataSources' from project 'RxDataSources')
cd /Users/admin/builder/spi-builder-workspace/.dependencies/checkouts/RxDataSources
builtin-copy -exclude .DS_Store -exclude CVS -exclude .svn -exclude .git -exclude .hg -resolve-src-symlinks -rename /Users/admin/builder/spi-builder-workspace/.derivedData/Build/Intermediates.noindex/RxDataSources.build/Debug-watchos/RxDataSources-t.build/Objects-normal/arm64/RxDataSources.abi.json /Users/admin/builder/spi-builder-workspace/.derivedData/Build/Products/Debug-watchos/RxDataSources.swiftmodule/arm64-apple-watchos.abi.json
SwiftDriverJobDiscovery normal arm64 Compiling Deprecated.swift, FloatingPointType+IdentifiableType.swift (in target 'RxDataSources' from project 'RxDataSources')
Copy /Users/admin/builder/spi-builder-workspace/.derivedData/Build/Products/Debug-watchos/RxDataSources.swiftmodule/Project/arm64-apple-watchos.swiftsourceinfo /Users/admin/builder/spi-builder-workspace/.derivedData/Build/Intermediates.noindex/RxDataSources.build/Debug-watchos/RxDataSources-t.build/Objects-normal/arm64/RxDataSources.swiftsourceinfo (in target 'RxDataSources' from project 'RxDataSources')
cd /Users/admin/builder/spi-builder-workspace/.dependencies/checkouts/RxDataSources
builtin-copy -exclude .DS_Store -exclude CVS -exclude .svn -exclude .git -exclude .hg -resolve-src-symlinks -rename /Users/admin/builder/spi-builder-workspace/.derivedData/Build/Intermediates.noindex/RxDataSources.build/Debug-watchos/RxDataSources-t.build/Objects-normal/arm64/RxDataSources.swiftsourceinfo /Users/admin/builder/spi-builder-workspace/.derivedData/Build/Products/Debug-watchos/RxDataSources.swiftmodule/Project/arm64-apple-watchos.swiftsourceinfo
SwiftCompile normal arm64_32 Compiling\ ViewTransition.swift /Users/admin/builder/spi-builder-workspace/.dependencies/checkouts/RxDataSources/Sources/RxDataSources/ViewTransition.swift (in target 'RxDataSources' from project 'RxDataSources')
SwiftCompile normal arm64_32 /Users/admin/builder/spi-builder-workspace/.dependencies/checkouts/RxDataSources/Sources/RxDataSources/ViewTransition.swift (in target 'RxDataSources' from project 'RxDataSources')
cd /Users/admin/builder/spi-builder-workspace/.swiftpm/xcode
builtin-SwiftPerFileCompile ViewTransition.swift
SwiftCompile normal arm64 Compiling\ AnimationConfiguration.swift,\ Array+Extensions.swift /Users/admin/builder/spi-builder-workspace/.dependencies/checkouts/RxDataSources/Sources/RxDataSources/AnimationConfiguration.swift /Users/admin/builder/spi-builder-workspace/.dependencies/checkouts/RxDataSources/Sources/RxDataSources/Array+Extensions.swift (in target 'RxDataSources' from project 'RxDataSources')
SwiftCompile normal arm64 /Users/admin/builder/spi-builder-workspace/.dependencies/checkouts/RxDataSources/Sources/RxDataSources/AnimationConfiguration.swift (in target 'RxDataSources' from project 'RxDataSources')
cd /Users/admin/builder/spi-builder-workspace/.swiftpm/xcode
builtin-SwiftPerFileCompile AnimationConfiguration.swift
SwiftCompile normal arm64 /Users/admin/builder/spi-builder-workspace/.dependencies/checkouts/RxDataSources/Sources/RxDataSources/Array+Extensions.swift (in target 'RxDataSources' from project 'RxDataSources')
cd /Users/admin/builder/spi-builder-workspace/.swiftpm/xcode
builtin-SwiftPerFileCompile Array+Extensions.swift
SwiftDriverJobDiscovery normal arm64 Compiling String+IdentifiableType.swift (in target 'RxDataSources' from project 'RxDataSources')
SwiftCompile normal arm64 Compiling\ CollectionViewSectionedDataSource.swift,\ DataSources.swift /Users/admin/builder/spi-builder-workspace/.dependencies/checkouts/RxDataSources/Sources/RxDataSources/CollectionViewSectionedDataSource.swift /Users/admin/builder/spi-builder-workspace/.dependencies/checkouts/RxDataSources/Sources/RxDataSources/DataSources.swift (in target 'RxDataSources' from project 'RxDataSources')
SwiftCompile normal arm64 /Users/admin/builder/spi-builder-workspace/.dependencies/checkouts/RxDataSources/Sources/RxDataSources/CollectionViewSectionedDataSource.swift (in target 'RxDataSources' from project 'RxDataSources')
cd /Users/admin/builder/spi-builder-workspace/.swiftpm/xcode
builtin-SwiftPerFileCompile CollectionViewSectionedDataSource.swift
SwiftCompile normal arm64 /Users/admin/builder/spi-builder-workspace/.dependencies/checkouts/RxDataSources/Sources/RxDataSources/DataSources.swift (in target 'RxDataSources' from project 'RxDataSources')
cd /Users/admin/builder/spi-builder-workspace/.swiftpm/xcode
builtin-SwiftPerFileCompile DataSources.swift
SwiftCompile normal arm64_32 Compiling\ String+IdentifiableType.swift /Users/admin/builder/spi-builder-workspace/.dependencies/checkouts/RxDataSources/Sources/RxDataSources/String+IdentifiableType.swift (in target 'RxDataSources' from project 'RxDataSources')
SwiftCompile normal arm64_32 /Users/admin/builder/spi-builder-workspace/.dependencies/checkouts/RxDataSources/Sources/RxDataSources/String+IdentifiableType.swift (in target 'RxDataSources' from project 'RxDataSources')
cd /Users/admin/builder/spi-builder-workspace/.swiftpm/xcode
builtin-SwiftPerFileCompile String+IdentifiableType.swift
SwiftDriverJobDiscovery normal arm64 Compiling ViewTransition.swift (in target 'RxDataSources' from project 'RxDataSources')
SwiftDriverJobDiscovery normal arm64_32 Compiling RxTextViewDelegateProxy.swift, RxWKNavigationDelegateProxy.swift, SchedulerType+SharedSequence.swift, SectionedViewDataSourceType.swift, SharedSequence+Concurrency.swift, SharedSequence+Operators+arity.swift, SharedSequence+Operators.swift, SharedSequence.swift, Signal+Subscription.swift (in target 'RxCocoa' from project 'RxSwift')
SwiftDriver\ Compilation RxCocoa normal arm64_32 com.apple.xcode.tools.swift.compiler (in target 'RxCocoa' from project 'RxSwift')
cd /Users/admin/builder/spi-builder-workspace/.swiftpm/xcode
builtin-Swift-Compilation -- /Applications/Xcode-27.0.0-Release.Candidate.app/Contents/Developer/Toolchains/XcodeDefault.xctoolchain/usr/bin/swiftc -parse-as-library -module-name RxCocoa -Onone @/Users/admin/builder/spi-builder-workspace/.derivedData/Build/Intermediates.noindex/RxSwift.build/Debug-watchos/RxCocoa-t.build/Objects-normal/arm64_32/RxCocoa.SwiftFileList -DSWIFT_PACKAGE -DDEBUG -DSWIFT_MODULE_RESOURCE_BUNDLE_AVAILABLE -Xcc -fmodule-map-file\=/Users/admin/builder/spi-builder-workspace/.derivedData/Build/Intermediates.noindex/GeneratedModuleMaps-watchos/RxCocoaRuntime.modulemap -DXcode -plugin-path /Applications/Xcode-27.0.0-Release.Candidate.app/Contents/Developer/Toolchains/XcodeDefault.xctoolchain/usr/lib/swift/host/plugins/testing -enable-experimental-feature DebugDescriptionMacro -sdk /Applications/Xcode-27.0.0-Release.Candidate.app/Contents/Developer/Platforms/WatchOS.platform/Developer/SDKs/WatchOS27.0.sdk -target arm64_32-apple-watchos9.0 -g -module-cache-path /Users/admin/builder/spi-builder-workspace/.derivedData/ModuleCache.noindex -Xfrontend -serialize-debugging-options -enable-testing -suppress-warnings -index-store-path /Users/admin/builder/spi-builder-workspace/.derivedData/Index.noindex/DataStore -Xcc -D_LIBCPP_HARDENING_MODE\=_LIBCPP_HARDENING_MODE_DEBUG -swift-version 5 -I /Users/admin/builder/spi-builder-workspace/.derivedData/Build/Products/Debug-watchos -Isystem /Applications/Xcode-27.0.0-Release.Candidate.app/Contents/Developer/Platforms/WatchOS.platform/Developer/usr/lib -F /Users/admin/builder/spi-builder-workspace/.derivedData/Build/Products/Debug-watchos/PackageFrameworks -F /Users/admin/builder/spi-builder-workspace/.derivedData/Build/Products/Debug-watchos -F /Applications/Xcode-27.0.0-Release.Candidate.app/Contents/Developer/Platforms/WatchOS.platform/Developer/Library/Frameworks -F /Applications/Xcode-27.0.0-Release.Candidate.app/Contents/Developer/Platforms/WatchOS.platform/Developer/SDKs/WatchOS27.0.sdk/Developer/Library/Frameworks -c -j10 -enable-batch-mode -incremental -Xcc -ivfsstatcache -Xcc /Users/admin/builder/spi-builder-workspace/.derivedData/SDKStatCaches.noindex/watchos27.0-24R360-e829b21a6f8c9b70876ba0858053c04477534ef55a1706bf4c1112bbb242f0a2.sdkstatcache -output-file-map /Users/admin/builder/spi-builder-workspace/.derivedData/Build/Intermediates.noindex/RxSwift.build/Debug-watchos/RxCocoa-t.build/Objects-normal/arm64_32/RxCocoa-OutputFileMap.json -save-temps -no-color-diagnostics -explicit-module-build -module-cache-path /Users/admin/builder/spi-builder-workspace/.derivedData/Build/Intermediates.noindex/SwiftExplicitPrecompiledModules -clang-scanner-module-cache-path /Users/admin/builder/spi-builder-workspace/.derivedData/ModuleCache.noindex -sdk-module-cache-path /Users/admin/builder/spi-builder-workspace/.derivedData/SDKExplicitPrecompiledModules -emit-dependencies -emit-module -emit-module-path /Users/admin/builder/spi-builder-workspace/.derivedData/Build/Intermediates.noindex/RxSwift.build/Debug-watchos/RxCocoa-t.build/Objects-normal/arm64_32/RxCocoa.swiftmodule -serialize-diagnostics -dependency-scan-serialize-diagnostics-path /Users/admin/builder/spi-builder-workspace/.derivedData/Build/Intermediates.noindex/RxSwift.build/Debug-watchos/RxCocoa-t.build/Objects-normal/arm64_32/RxCocoa-dependency-scan.dia -validate-clang-modules-once -clang-build-session-file /Users/admin/builder/spi-builder-workspace/.derivedData/ModuleCache.noindex/Session.modulevalidation -Xcc -fmodules-prune-interval\=86400 -Xcc -fmodules-prune-after\=345600 -package-name rxswift -emit-const-values -const-gather-protocols-list /Users/admin/builder/spi-builder-workspace/.derivedData/Build/Intermediates.noindex/RxSwift.build/Debug-watchos/RxCocoa-t.build/Objects-normal/arm64_32/RxCocoa_const_extract_protocols.json -Xcc -I/Users/admin/builder/spi-builder-workspace/.dependencies/checkouts/RxSwift/Sources/RxCocoaRuntime/include -Xcc -I/Users/admin/builder/spi-builder-workspace/.derivedData/Build/Products/Debug-watchos/include -Xcc -I/Users/admin/builder/spi-builder-workspace/.derivedData/Build/Intermediates.noindex/RxSwift.build/Debug-watchos/RxCocoa-t.build/DerivedSources-normal/arm64_32 -Xcc -I/Users/admin/builder/spi-builder-workspace/.derivedData/Build/Intermediates.noindex/RxSwift.build/Debug-watchos/RxCocoa-t.build/DerivedSources/arm64_32 -Xcc -I/Users/admin/builder/spi-builder-workspace/.derivedData/Build/Intermediates.noindex/RxSwift.build/Debug-watchos/RxCocoa-t.build/DerivedSources -Xcc -DSWIFT_PACKAGE -Xcc -DDEBUG\=1 -emit-objc-header -emit-objc-header-path /Users/admin/builder/spi-builder-workspace/.derivedData/Build/Intermediates.noindex/RxSwift.build/Debug-watchos/RxCocoa-t.build/Objects-normal/arm64_32/RxCocoa-Swift.h -working-directory /Users/admin/builder/spi-builder-workspace/.swiftpm/xcode -experimental-emit-module-separately -disable-cmo
Ld /Users/admin/builder/spi-builder-workspace/.derivedData/Build/Intermediates.noindex/RxSwift.build/Debug-watchos/RxCocoa-t.build/Objects-normal/arm64_32/Binary/RxCocoa.o normal arm64_32 (in target 'RxCocoa' from project 'RxSwift')
cd /Users/admin/builder/spi-builder-workspace/.dependencies/checkouts/RxSwift
/Applications/Xcode-27.0.0-Release.Candidate.app/Contents/Developer/Toolchains/XcodeDefault.xctoolchain/usr/bin/clang -Xlinker -reproducible -target arm64_32-apple-watchos9.0 -r -isysroot /Applications/Xcode-27.0.0-Release.Candidate.app/Contents/Developer/Platforms/WatchOS.platform/Developer/SDKs/WatchOS27.0.sdk -O0 -w -Xlinker -no_warn_duplicate_libraries -F/Users/admin/builder/spi-builder-workspace/.derivedData/Build/Intermediates.noindex/EagerLinkingTBDs/Debug-watchos -F/Users/admin/builder/spi-builder-workspace/.derivedData/Build/Products/Debug-watchos/PackageFrameworks -F/Users/admin/builder/spi-builder-workspace/.derivedData/Build/Products/Debug-watchos -iframework /Applications/Xcode-27.0.0-Release.Candidate.app/Contents/Developer/Platforms/WatchOS.platform/Developer/Library/Frameworks -iframework /Applications/Xcode-27.0.0-Release.Candidate.app/Contents/Developer/Platforms/WatchOS.platform/Developer/SDKs/WatchOS27.0.sdk/Developer/Library/Frameworks -filelist /Users/admin/builder/spi-builder-workspace/.derivedData/Build/Intermediates.noindex/RxSwift.build/Debug-watchos/RxCocoa-t.build/Objects-normal/arm64_32/RxCocoa.LinkFileList -nostdlib -Xlinker -object_path_lto -Xlinker /Users/admin/builder/spi-builder-workspace/.derivedData/Build/Intermediates.noindex/RxSwift.build/Debug-watchos/RxCocoa-t.build/Objects-normal/arm64_32/RxCocoa_lto.o -Xlinker -no_deduplicate -Xlinker -dependency_info -Xlinker /Users/admin/builder/spi-builder-workspace/.derivedData/Build/Intermediates.noindex/RxSwift.build/Debug-watchos/RxCocoa-t.build/Objects-normal/arm64_32/RxCocoa_dependency_info.dat -fobjc-link-runtime -L/Applications/Xcode-27.0.0-Release.Candidate.app/Contents/Developer/Toolchains/XcodeDefault.xctoolchain/usr/lib/swift/watchos -L/usr/lib/swift -Xlinker -add_ast_path -Xlinker /Users/admin/builder/spi-builder-workspace/.derivedData/Build/Intermediates.noindex/RxSwift.build/Debug-watchos/RxCocoa-t.build/Objects-normal/arm64_32/RxCocoa.swiftmodule -o /Users/admin/builder/spi-builder-workspace/.derivedData/Build/Intermediates.noindex/RxSwift.build/Debug-watchos/RxCocoa-t.build/Objects-normal/arm64_32/Binary/RxCocoa.o
SwiftDriverJobDiscovery normal arm64 Compiling RxCollectionViewSectionedReloadDataSource.swift, RxPickerViewAdapter.swift (in target 'RxDataSources' from project 'RxDataSources')
SwiftDriver DataDrivenRxDatasources normal arm64_32 com.apple.xcode.tools.swift.compiler (in target 'DataDrivenRxDatasources' from project 'DataDrivenRxDatasources')
cd /Users/admin/builder/spi-builder-workspace/.swiftpm/xcode
builtin-SwiftDriver -- /Applications/Xcode-27.0.0-Release.Candidate.app/Contents/Developer/Toolchains/XcodeDefault.xctoolchain/usr/bin/swiftc -parse-as-library -module-name DataDrivenRxDatasources -Onone @/Users/admin/builder/spi-builder-workspace/.derivedData/Build/Intermediates.noindex/DataDrivenRxDatasources.build/Debug-watchos/DataDrivenRxDatasources-t.build/Objects-normal/arm64_32/DataDrivenRxDatasources.SwiftFileList -DSWIFT_PACKAGE -DDEBUG -DSWIFT_MODULE_RESOURCE_BUNDLE_AVAILABLE -Xcc -fmodule-map-file\=/Users/admin/builder/spi-builder-workspace/.derivedData/Build/Intermediates.noindex/GeneratedModuleMaps-watchos/RxCocoaRuntime.modulemap -DXcode -plugin-path /Applications/Xcode-27.0.0-Release.Candidate.app/Contents/Developer/Toolchains/XcodeDefault.xctoolchain/usr/lib/swift/host/plugins/testing -enable-experimental-feature DebugDescriptionMacro -sdk /Applications/Xcode-27.0.0-Release.Candidate.app/Contents/Developer/Platforms/WatchOS.platform/Developer/SDKs/WatchOS27.0.sdk -target arm64_32-apple-watchos9.0 -g -module-cache-path /Users/admin/builder/spi-builder-workspace/.derivedData/ModuleCache.noindex -Xfrontend -serialize-debugging-options -enable-testing -index-store-path /Users/admin/builder/spi-builder-workspace/.derivedData/Index.noindex/DataStore -Xcc -D_LIBCPP_HARDENING_MODE\=_LIBCPP_HARDENING_MODE_DEBUG -swift-version 5 -I /Users/admin/builder/spi-builder-workspace/.derivedData/Build/Products/Debug-watchos -Isystem /Applications/Xcode-27.0.0-Release.Candidate.app/Contents/Developer/Platforms/WatchOS.platform/Developer/usr/lib -F /Users/admin/builder/spi-builder-workspace/.derivedData/Build/Products/Debug-watchos/PackageFrameworks -F /Users/admin/builder/spi-builder-workspace/.derivedData/Build/Products/Debug-watchos -F /Applications/Xcode-27.0.0-Release.Candidate.app/Contents/Developer/Platforms/WatchOS.platform/Developer/Library/Frameworks -F /Applications/Xcode-27.0.0-Release.Candidate.app/Contents/Developer/Platforms/WatchOS.platform/Developer/SDKs/WatchOS27.0.sdk/Developer/Library/Frameworks -c -j10 -enable-batch-mode -incremental -Xcc -ivfsstatcache -Xcc /Users/admin/builder/spi-builder-workspace/.derivedData/SDKStatCaches.noindex/watchos27.0-24R360-e829b21a6f8c9b70876ba0858053c04477534ef55a1706bf4c1112bbb242f0a2.sdkstatcache -output-file-map /Users/admin/builder/spi-builder-workspace/.derivedData/Build/Intermediates.noindex/DataDrivenRxDatasources.build/Debug-watchos/DataDrivenRxDatasources-t.build/Objects-normal/arm64_32/DataDrivenRxDatasources-OutputFileMap.json -save-temps -no-color-diagnostics -explicit-module-build -module-cache-path /Users/admin/builder/spi-builder-workspace/.derivedData/Build/Intermediates.noindex/SwiftExplicitPrecompiledModules -clang-scanner-module-cache-path /Users/admin/builder/spi-builder-workspace/.derivedData/ModuleCache.noindex -sdk-module-cache-path /Users/admin/builder/spi-builder-workspace/.derivedData/SDKExplicitPrecompiledModules -emit-dependencies -emit-module -emit-module-path /Users/admin/builder/spi-builder-workspace/.derivedData/Build/Intermediates.noindex/DataDrivenRxDatasources.build/Debug-watchos/DataDrivenRxDatasources-t.build/Objects-normal/arm64_32/DataDrivenRxDatasources.swiftmodule -serialize-diagnostics -dependency-scan-serialize-diagnostics-path /Users/admin/builder/spi-builder-workspace/.derivedData/Build/Intermediates.noindex/DataDrivenRxDatasources.build/Debug-watchos/DataDrivenRxDatasources-t.build/Objects-normal/arm64_32/DataDrivenRxDatasources-dependency-scan.dia -validate-clang-modules-once -clang-build-session-file /Users/admin/builder/spi-builder-workspace/.derivedData/ModuleCache.noindex/Session.modulevalidation -Xcc -fmodules-prune-interval\=86400 -Xcc -fmodules-prune-after\=345600 -package-name spi_builder_workspace -emit-const-values -const-gather-protocols-list /Users/admin/builder/spi-builder-workspace/.derivedData/Build/Intermediates.noindex/DataDrivenRxDatasources.build/Debug-watchos/DataDrivenRxDatasources-t.build/Objects-normal/arm64_32/DataDrivenRxDatasources_const_extract_protocols.json -Xcc -I/Users/admin/builder/spi-builder-workspace/.dependencies/checkouts/RxSwift/Sources/RxCocoaRuntime/include -Xcc -I/Users/admin/builder/spi-builder-workspace/.derivedData/Build/Products/Debug-watchos/include -Xcc -I/Users/admin/builder/spi-builder-workspace/.derivedData/Build/Intermediates.noindex/DataDrivenRxDatasources.build/Debug-watchos/DataDrivenRxDatasources-t.build/DerivedSources-normal/arm64_32 -Xcc -I/Users/admin/builder/spi-builder-workspace/.derivedData/Build/Intermediates.noindex/DataDrivenRxDatasources.build/Debug-watchos/DataDrivenRxDatasources-t.build/DerivedSources/arm64_32 -Xcc -I/Users/admin/builder/spi-builder-workspace/.derivedData/Build/Intermediates.noindex/DataDrivenRxDatasources.build/Debug-watchos/DataDrivenRxDatasources-t.build/DerivedSources -Xcc -DSWIFT_PACKAGE -Xcc -DDEBUG\=1 -emit-objc-header -emit-objc-header-path /Users/admin/builder/spi-builder-workspace/.derivedData/Build/Intermediates.noindex/DataDrivenRxDatasources.build/Debug-watchos/DataDrivenRxDatasources-t.build/Objects-normal/arm64_32/DataDrivenRxDatasources-Swift.h -working-directory /Users/admin/builder/spi-builder-workspace/.swiftpm/xcode -experimental-emit-module-separately -disable-cmo
SwiftDriver DataDrivenRxDatasources normal arm64 com.apple.xcode.tools.swift.compiler (in target 'DataDrivenRxDatasources' from project 'DataDrivenRxDatasources')
cd /Users/admin/builder/spi-builder-workspace/.swiftpm/xcode
builtin-SwiftDriver -- /Applications/Xcode-27.0.0-Release.Candidate.app/Contents/Developer/Toolchains/XcodeDefault.xctoolchain/usr/bin/swiftc -parse-as-library -module-name DataDrivenRxDatasources -Onone @/Users/admin/builder/spi-builder-workspace/.derivedData/Build/Intermediates.noindex/DataDrivenRxDatasources.build/Debug-watchos/DataDrivenRxDatasources-t.build/Objects-normal/arm64/DataDrivenRxDatasources.SwiftFileList -DSWIFT_PACKAGE -DDEBUG -DSWIFT_MODULE_RESOURCE_BUNDLE_AVAILABLE -Xcc -fmodule-map-file\=/Users/admin/builder/spi-builder-workspace/.derivedData/Build/Intermediates.noindex/GeneratedModuleMaps-watchos/RxCocoaRuntime.modulemap -DXcode -plugin-path /Applications/Xcode-27.0.0-Release.Candidate.app/Contents/Developer/Toolchains/XcodeDefault.xctoolchain/usr/lib/swift/host/plugins/testing -enable-experimental-feature DebugDescriptionMacro -sdk /Applications/Xcode-27.0.0-Release.Candidate.app/Contents/Developer/Platforms/WatchOS.platform/Developer/SDKs/WatchOS27.0.sdk -target arm64-apple-watchos9.0 -g -module-cache-path /Users/admin/builder/spi-builder-workspace/.derivedData/ModuleCache.noindex -Xfrontend -serialize-debugging-options -enable-testing -index-store-path /Users/admin/builder/spi-builder-workspace/.derivedData/Index.noindex/DataStore -Xcc -D_LIBCPP_HARDENING_MODE\=_LIBCPP_HARDENING_MODE_DEBUG -swift-version 5 -I /Users/admin/builder/spi-builder-workspace/.derivedData/Build/Products/Debug-watchos -Isystem /Applications/Xcode-27.0.0-Release.Candidate.app/Contents/Developer/Platforms/WatchOS.platform/Developer/usr/lib -F /Users/admin/builder/spi-builder-workspace/.derivedData/Build/Products/Debug-watchos/PackageFrameworks -F /Users/admin/builder/spi-builder-workspace/.derivedData/Build/Products/Debug-watchos -F /Applications/Xcode-27.0.0-Release.Candidate.app/Contents/Developer/Platforms/WatchOS.platform/Developer/Library/Frameworks -F /Applications/Xcode-27.0.0-Release.Candidate.app/Contents/Developer/Platforms/WatchOS.platform/Developer/SDKs/WatchOS27.0.sdk/Developer/Library/Frameworks -c -j10 -enable-batch-mode -incremental -Xcc -ivfsstatcache -Xcc /Users/admin/builder/spi-builder-workspace/.derivedData/SDKStatCaches.noindex/watchos27.0-24R360-e829b21a6f8c9b70876ba0858053c04477534ef55a1706bf4c1112bbb242f0a2.sdkstatcache -output-file-map /Users/admin/builder/spi-builder-workspace/.derivedData/Build/Intermediates.noindex/DataDrivenRxDatasources.build/Debug-watchos/DataDrivenRxDatasources-t.build/Objects-normal/arm64/DataDrivenRxDatasources-OutputFileMap.json -save-temps -no-color-diagnostics -explicit-module-build -module-cache-path /Users/admin/builder/spi-builder-workspace/.derivedData/Build/Intermediates.noindex/SwiftExplicitPrecompiledModules -clang-scanner-module-cache-path /Users/admin/builder/spi-builder-workspace/.derivedData/ModuleCache.noindex -sdk-module-cache-path /Users/admin/builder/spi-builder-workspace/.derivedData/SDKExplicitPrecompiledModules -emit-dependencies -emit-module -emit-module-path /Users/admin/builder/spi-builder-workspace/.derivedData/Build/Intermediates.noindex/DataDrivenRxDatasources.build/Debug-watchos/DataDrivenRxDatasources-t.build/Objects-normal/arm64/DataDrivenRxDatasources.swiftmodule -serialize-diagnostics -dependency-scan-serialize-diagnostics-path /Users/admin/builder/spi-builder-workspace/.derivedData/Build/Intermediates.noindex/DataDrivenRxDatasources.build/Debug-watchos/DataDrivenRxDatasources-t.build/Objects-normal/arm64/DataDrivenRxDatasources-dependency-scan.dia -validate-clang-modules-once -clang-build-session-file /Users/admin/builder/spi-builder-workspace/.derivedData/ModuleCache.noindex/Session.modulevalidation -Xcc -fmodules-prune-interval\=86400 -Xcc -fmodules-prune-after\=345600 -package-name spi_builder_workspace -emit-const-values -const-gather-protocols-list /Users/admin/builder/spi-builder-workspace/.derivedData/Build/Intermediates.noindex/DataDrivenRxDatasources.build/Debug-watchos/DataDrivenRxDatasources-t.build/Objects-normal/arm64/DataDrivenRxDatasources_const_extract_protocols.json -Xcc -I/Users/admin/builder/spi-builder-workspace/.dependencies/checkouts/RxSwift/Sources/RxCocoaRuntime/include -Xcc -I/Users/admin/builder/spi-builder-workspace/.derivedData/Build/Products/Debug-watchos/include -Xcc -I/Users/admin/builder/spi-builder-workspace/.derivedData/Build/Intermediates.noindex/DataDrivenRxDatasources.build/Debug-watchos/DataDrivenRxDatasources-t.build/DerivedSources-normal/arm64 -Xcc -I/Users/admin/builder/spi-builder-workspace/.derivedData/Build/Intermediates.noindex/DataDrivenRxDatasources.build/Debug-watchos/DataDrivenRxDatasources-t.build/DerivedSources/arm64 -Xcc -I/Users/admin/builder/spi-builder-workspace/.derivedData/Build/Intermediates.noindex/DataDrivenRxDatasources.build/Debug-watchos/DataDrivenRxDatasources-t.build/DerivedSources -Xcc -DSWIFT_PACKAGE -Xcc -DDEBUG\=1 -emit-objc-header -emit-objc-header-path /Users/admin/builder/spi-builder-workspace/.derivedData/Build/Intermediates.noindex/DataDrivenRxDatasources.build/Debug-watchos/DataDrivenRxDatasources-t.build/Objects-normal/arm64/DataDrivenRxDatasources-Swift.h -working-directory /Users/admin/builder/spi-builder-workspace/.swiftpm/xcode -experimental-emit-module-separately -disable-cmo
SwiftDriverJobDiscovery normal arm64_32 Compiling RxCollectionViewSectionedReloadDataSource.swift, RxPickerViewAdapter.swift (in target 'RxDataSources' from project 'RxDataSources')
SwiftDriverJobDiscovery normal arm64_32 Compiling UI+SectionedViewType.swift (in target 'RxDataSources' from project 'RxDataSources')
SwiftDriverJobDiscovery normal arm64 Compiling UI+SectionedViewType.swift (in target 'RxDataSources' from project 'RxDataSources')
SwiftDriverJobDiscovery normal arm64 Compiling AnimationConfiguration.swift, Array+Extensions.swift (in target 'RxDataSources' from project 'RxDataSources')
SwiftDriverJobDiscovery normal arm64_32 Compiling String+IdentifiableType.swift (in target 'RxDataSources' from project 'RxDataSources')
SwiftDriverJobDiscovery normal arm64_32 Compiling ViewTransition.swift (in target 'RxDataSources' from project 'RxDataSources')
SwiftDriver\ Compilation RxDataSources normal arm64_32 com.apple.xcode.tools.swift.compiler (in target 'RxDataSources' from project 'RxDataSources')
cd /Users/admin/builder/spi-builder-workspace/.swiftpm/xcode
builtin-Swift-Compilation -- /Applications/Xcode-27.0.0-Release.Candidate.app/Contents/Developer/Toolchains/XcodeDefault.xctoolchain/usr/bin/swiftc -parse-as-library -module-name RxDataSources -Onone @/Users/admin/builder/spi-builder-workspace/.derivedData/Build/Intermediates.noindex/RxDataSources.build/Debug-watchos/RxDataSources-t.build/Objects-normal/arm64_32/RxDataSources.SwiftFileList -DSWIFT_PACKAGE -DDEBUG -DSWIFT_MODULE_RESOURCE_BUNDLE_UNAVAILABLE -Xcc -fmodule-map-file\=/Users/admin/builder/spi-builder-workspace/.derivedData/Build/Intermediates.noindex/GeneratedModuleMaps-watchos/RxCocoaRuntime.modulemap -DXcode -plugin-path /Applications/Xcode-27.0.0-Release.Candidate.app/Contents/Developer/Toolchains/XcodeDefault.xctoolchain/usr/lib/swift/host/plugins/testing -enable-experimental-feature DebugDescriptionMacro -sdk /Applications/Xcode-27.0.0-Release.Candidate.app/Contents/Developer/Platforms/WatchOS.platform/Developer/SDKs/WatchOS27.0.sdk -target arm64_32-apple-watchos9.0 -g -module-cache-path /Users/admin/builder/spi-builder-workspace/.derivedData/ModuleCache.noindex -Xfrontend -serialize-debugging-options -enable-testing -suppress-warnings -index-store-path /Users/admin/builder/spi-builder-workspace/.derivedData/Index.noindex/DataStore -Xcc -D_LIBCPP_HARDENING_MODE\=_LIBCPP_HARDENING_MODE_DEBUG -swift-version 5 -I /Users/admin/builder/spi-builder-workspace/.derivedData/Build/Products/Debug-watchos -Isystem /Applications/Xcode-27.0.0-Release.Candidate.app/Contents/Developer/Platforms/WatchOS.platform/Developer/usr/lib -F /Users/admin/builder/spi-builder-workspace/.derivedData/Build/Products/Debug-watchos/PackageFrameworks -F /Users/admin/builder/spi-builder-workspace/.derivedData/Build/Products/Debug-watchos -F /Applications/Xcode-27.0.0-Release.Candidate.app/Contents/Developer/Platforms/WatchOS.platform/Developer/Library/Frameworks -F /Applications/Xcode-27.0.0-Release.Candidate.app/Contents/Developer/Platforms/WatchOS.platform/Developer/SDKs/WatchOS27.0.sdk/Developer/Library/Frameworks -c -j10 -enable-batch-mode -incremental -Xcc -ivfsstatcache -Xcc /Users/admin/builder/spi-builder-workspace/.derivedData/SDKStatCaches.noindex/watchos27.0-24R360-e829b21a6f8c9b70876ba0858053c04477534ef55a1706bf4c1112bbb242f0a2.sdkstatcache -output-file-map /Users/admin/builder/spi-builder-workspace/.derivedData/Build/Intermediates.noindex/RxDataSources.build/Debug-watchos/RxDataSources-t.build/Objects-normal/arm64_32/RxDataSources-OutputFileMap.json -save-temps -no-color-diagnostics -explicit-module-build -module-cache-path /Users/admin/builder/spi-builder-workspace/.derivedData/Build/Intermediates.noindex/SwiftExplicitPrecompiledModules -clang-scanner-module-cache-path /Users/admin/builder/spi-builder-workspace/.derivedData/ModuleCache.noindex -sdk-module-cache-path /Users/admin/builder/spi-builder-workspace/.derivedData/SDKExplicitPrecompiledModules -emit-dependencies -emit-module -emit-module-path /Users/admin/builder/spi-builder-workspace/.derivedData/Build/Intermediates.noindex/RxDataSources.build/Debug-watchos/RxDataSources-t.build/Objects-normal/arm64_32/RxDataSources.swiftmodule -serialize-diagnostics -dependency-scan-serialize-diagnostics-path /Users/admin/builder/spi-builder-workspace/.derivedData/Build/Intermediates.noindex/RxDataSources.build/Debug-watchos/RxDataSources-t.build/Objects-normal/arm64_32/RxDataSources-dependency-scan.dia -validate-clang-modules-once -clang-build-session-file /Users/admin/builder/spi-builder-workspace/.derivedData/ModuleCache.noindex/Session.modulevalidation -Xcc -fmodules-prune-interval\=86400 -Xcc -fmodules-prune-after\=345600 -emit-const-values -const-gather-protocols-list /Users/admin/builder/spi-builder-workspace/.derivedData/Build/Intermediates.noindex/RxDataSources.build/Debug-watchos/RxDataSources-t.build/Objects-normal/arm64_32/RxDataSources_const_extract_protocols.json -Xcc -I/Users/admin/builder/spi-builder-workspace/.dependencies/checkouts/RxSwift/Sources/RxCocoaRuntime/include -Xcc -I/Users/admin/builder/spi-builder-workspace/.derivedData/Build/Products/Debug-watchos/include -Xcc -I/Users/admin/builder/spi-builder-workspace/.derivedData/Build/Intermediates.noindex/RxDataSources.build/Debug-watchos/RxDataSources-t.build/DerivedSources-normal/arm64_32 -Xcc -I/Users/admin/builder/spi-builder-workspace/.derivedData/Build/Intermediates.noindex/RxDataSources.build/Debug-watchos/RxDataSources-t.build/DerivedSources/arm64_32 -Xcc -I/Users/admin/builder/spi-builder-workspace/.derivedData/Build/Intermediates.noindex/RxDataSources.build/Debug-watchos/RxDataSources-t.build/DerivedSources -Xcc -DSWIFT_PACKAGE -Xcc -DDEBUG\=1 -emit-objc-header -emit-objc-header-path /Users/admin/builder/spi-builder-workspace/.derivedData/Build/Intermediates.noindex/RxDataSources.build/Debug-watchos/RxDataSources-t.build/Objects-normal/arm64_32/RxDataSources-Swift.h -working-directory /Users/admin/builder/spi-builder-workspace/.swiftpm/xcode -experimental-emit-module-separately -disable-cmo
SwiftDriverJobDiscovery normal arm64 Compiling CollectionViewSectionedDataSource.swift, DataSources.swift (in target 'RxDataSources' from project 'RxDataSources')
SwiftDriver\ Compilation RxDataSources normal arm64 com.apple.xcode.tools.swift.compiler (in target 'RxDataSources' from project 'RxDataSources')
cd /Users/admin/builder/spi-builder-workspace/.swiftpm/xcode
builtin-Swift-Compilation -- /Applications/Xcode-27.0.0-Release.Candidate.app/Contents/Developer/Toolchains/XcodeDefault.xctoolchain/usr/bin/swiftc -parse-as-library -module-name RxDataSources -Onone @/Users/admin/builder/spi-builder-workspace/.derivedData/Build/Intermediates.noindex/RxDataSources.build/Debug-watchos/RxDataSources-t.build/Objects-normal/arm64/RxDataSources.SwiftFileList -DSWIFT_PACKAGE -DDEBUG -DSWIFT_MODULE_RESOURCE_BUNDLE_UNAVAILABLE -Xcc -fmodule-map-file\=/Users/admin/builder/spi-builder-workspace/.derivedData/Build/Intermediates.noindex/GeneratedModuleMaps-watchos/RxCocoaRuntime.modulemap -DXcode -plugin-path /Applications/Xcode-27.0.0-Release.Candidate.app/Contents/Developer/Toolchains/XcodeDefault.xctoolchain/usr/lib/swift/host/plugins/testing -enable-experimental-feature DebugDescriptionMacro -sdk /Applications/Xcode-27.0.0-Release.Candidate.app/Contents/Developer/Platforms/WatchOS.platform/Developer/SDKs/WatchOS27.0.sdk -target arm64-apple-watchos9.0 -g -module-cache-path /Users/admin/builder/spi-builder-workspace/.derivedData/ModuleCache.noindex -Xfrontend -serialize-debugging-options -enable-testing -suppress-warnings -index-store-path /Users/admin/builder/spi-builder-workspace/.derivedData/Index.noindex/DataStore -Xcc -D_LIBCPP_HARDENING_MODE\=_LIBCPP_HARDENING_MODE_DEBUG -swift-version 5 -I /Users/admin/builder/spi-builder-workspace/.derivedData/Build/Products/Debug-watchos -Isystem /Applications/Xcode-27.0.0-Release.Candidate.app/Contents/Developer/Platforms/WatchOS.platform/Developer/usr/lib -F /Users/admin/builder/spi-builder-workspace/.derivedData/Build/Products/Debug-watchos/PackageFrameworks -F /Users/admin/builder/spi-builder-workspace/.derivedData/Build/Products/Debug-watchos -F /Applications/Xcode-27.0.0-Release.Candidate.app/Contents/Developer/Platforms/WatchOS.platform/Developer/Library/Frameworks -F /Applications/Xcode-27.0.0-Release.Candidate.app/Contents/Developer/Platforms/WatchOS.platform/Developer/SDKs/WatchOS27.0.sdk/Developer/Library/Frameworks -c -j10 -enable-batch-mode -incremental -Xcc -ivfsstatcache -Xcc /Users/admin/builder/spi-builder-workspace/.derivedData/SDKStatCaches.noindex/watchos27.0-24R360-e829b21a6f8c9b70876ba0858053c04477534ef55a1706bf4c1112bbb242f0a2.sdkstatcache -output-file-map /Users/admin/builder/spi-builder-workspace/.derivedData/Build/Intermediates.noindex/RxDataSources.build/Debug-watchos/RxDataSources-t.build/Objects-normal/arm64/RxDataSources-OutputFileMap.json -save-temps -no-color-diagnostics -explicit-module-build -module-cache-path /Users/admin/builder/spi-builder-workspace/.derivedData/Build/Intermediates.noindex/SwiftExplicitPrecompiledModules -clang-scanner-module-cache-path /Users/admin/builder/spi-builder-workspace/.derivedData/ModuleCache.noindex -sdk-module-cache-path /Users/admin/builder/spi-builder-workspace/.derivedData/SDKExplicitPrecompiledModules -emit-dependencies -emit-module -emit-module-path /Users/admin/builder/spi-builder-workspace/.derivedData/Build/Intermediates.noindex/RxDataSources.build/Debug-watchos/RxDataSources-t.build/Objects-normal/arm64/RxDataSources.swiftmodule -serialize-diagnostics -dependency-scan-serialize-diagnostics-path /Users/admin/builder/spi-builder-workspace/.derivedData/Build/Intermediates.noindex/RxDataSources.build/Debug-watchos/RxDataSources-t.build/Objects-normal/arm64/RxDataSources-dependency-scan.dia -validate-clang-modules-once -clang-build-session-file /Users/admin/builder/spi-builder-workspace/.derivedData/ModuleCache.noindex/Session.modulevalidation -Xcc -fmodules-prune-interval\=86400 -Xcc -fmodules-prune-after\=345600 -emit-const-values -const-gather-protocols-list /Users/admin/builder/spi-builder-workspace/.derivedData/Build/Intermediates.noindex/RxDataSources.build/Debug-watchos/RxDataSources-t.build/Objects-normal/arm64/RxDataSources_const_extract_protocols.json -Xcc -I/Users/admin/builder/spi-builder-workspace/.dependencies/checkouts/RxSwift/Sources/RxCocoaRuntime/include -Xcc -I/Users/admin/builder/spi-builder-workspace/.derivedData/Build/Products/Debug-watchos/include -Xcc -I/Users/admin/builder/spi-builder-workspace/.derivedData/Build/Intermediates.noindex/RxDataSources.build/Debug-watchos/RxDataSources-t.build/DerivedSources-normal/arm64 -Xcc -I/Users/admin/builder/spi-builder-workspace/.derivedData/Build/Intermediates.noindex/RxDataSources.build/Debug-watchos/RxDataSources-t.build/DerivedSources/arm64 -Xcc -I/Users/admin/builder/spi-builder-workspace/.derivedData/Build/Intermediates.noindex/RxDataSources.build/Debug-watchos/RxDataSources-t.build/DerivedSources -Xcc -DSWIFT_PACKAGE -Xcc -DDEBUG\=1 -emit-objc-header -emit-objc-header-path /Users/admin/builder/spi-builder-workspace/.derivedData/Build/Intermediates.noindex/RxDataSources.build/Debug-watchos/RxDataSources-t.build/Objects-normal/arm64/RxDataSources-Swift.h -working-directory /Users/admin/builder/spi-builder-workspace/.swiftpm/xcode -experimental-emit-module-separately -disable-cmo
SwiftDriverJobDiscovery normal arm64 Compiling RxTextViewDelegateProxy.swift, RxWKNavigationDelegateProxy.swift, SchedulerType+SharedSequence.swift, SectionedViewDataSourceType.swift, SharedSequence+Concurrency.swift, SharedSequence+Operators+arity.swift, SharedSequence+Operators.swift, SharedSequence.swift, Signal+Subscription.swift (in target 'RxCocoa' from project 'RxSwift')
SwiftDriver\ Compilation RxCocoa normal arm64 com.apple.xcode.tools.swift.compiler (in target 'RxCocoa' from project 'RxSwift')
cd /Users/admin/builder/spi-builder-workspace/.swiftpm/xcode
builtin-Swift-Compilation -- /Applications/Xcode-27.0.0-Release.Candidate.app/Contents/Developer/Toolchains/XcodeDefault.xctoolchain/usr/bin/swiftc -parse-as-library -module-name RxCocoa -Onone @/Users/admin/builder/spi-builder-workspace/.derivedData/Build/Intermediates.noindex/RxSwift.build/Debug-watchos/RxCocoa-t.build/Objects-normal/arm64/RxCocoa.SwiftFileList -DSWIFT_PACKAGE -DDEBUG -DSWIFT_MODULE_RESOURCE_BUNDLE_AVAILABLE -Xcc -fmodule-map-file\=/Users/admin/builder/spi-builder-workspace/.derivedData/Build/Intermediates.noindex/GeneratedModuleMaps-watchos/RxCocoaRuntime.modulemap -DXcode -plugin-path /Applications/Xcode-27.0.0-Release.Candidate.app/Contents/Developer/Toolchains/XcodeDefault.xctoolchain/usr/lib/swift/host/plugins/testing -enable-experimental-feature DebugDescriptionMacro -sdk /Applications/Xcode-27.0.0-Release.Candidate.app/Contents/Developer/Platforms/WatchOS.platform/Developer/SDKs/WatchOS27.0.sdk -target arm64-apple-watchos9.0 -g -module-cache-path /Users/admin/builder/spi-builder-workspace/.derivedData/ModuleCache.noindex -Xfrontend -serialize-debugging-options -enable-testing -suppress-warnings -index-store-path /Users/admin/builder/spi-builder-workspace/.derivedData/Index.noindex/DataStore -Xcc -D_LIBCPP_HARDENING_MODE\=_LIBCPP_HARDENING_MODE_DEBUG -swift-version 5 -I /Users/admin/builder/spi-builder-workspace/.derivedData/Build/Products/Debug-watchos -Isystem /Applications/Xcode-27.0.0-Release.Candidate.app/Contents/Developer/Platforms/WatchOS.platform/Developer/usr/lib -F /Users/admin/builder/spi-builder-workspace/.derivedData/Build/Products/Debug-watchos/PackageFrameworks -F /Users/admin/builder/spi-builder-workspace/.derivedData/Build/Products/Debug-watchos -F /Applications/Xcode-27.0.0-Release.Candidate.app/Contents/Developer/Platforms/WatchOS.platform/Developer/Library/Frameworks -F /Applications/Xcode-27.0.0-Release.Candidate.app/Contents/Developer/Platforms/WatchOS.platform/Developer/SDKs/WatchOS27.0.sdk/Developer/Library/Frameworks -c -j10 -enable-batch-mode -incremental -Xcc -ivfsstatcache -Xcc /Users/admin/builder/spi-builder-workspace/.derivedData/SDKStatCaches.noindex/watchos27.0-24R360-e829b21a6f8c9b70876ba0858053c04477534ef55a1706bf4c1112bbb242f0a2.sdkstatcache -output-file-map /Users/admin/builder/spi-builder-workspace/.derivedData/Build/Intermediates.noindex/RxSwift.build/Debug-watchos/RxCocoa-t.build/Objects-normal/arm64/RxCocoa-OutputFileMap.json -save-temps -no-color-diagnostics -explicit-module-build -module-cache-path /Users/admin/builder/spi-builder-workspace/.derivedData/Build/Intermediates.noindex/SwiftExplicitPrecompiledModules -clang-scanner-module-cache-path /Users/admin/builder/spi-builder-workspace/.derivedData/ModuleCache.noindex -sdk-module-cache-path /Users/admin/builder/spi-builder-workspace/.derivedData/SDKExplicitPrecompiledModules -emit-dependencies -emit-module -emit-module-path /Users/admin/builder/spi-builder-workspace/.derivedData/Build/Intermediates.noindex/RxSwift.build/Debug-watchos/RxCocoa-t.build/Objects-normal/arm64/RxCocoa.swiftmodule -serialize-diagnostics -dependency-scan-serialize-diagnostics-path /Users/admin/builder/spi-builder-workspace/.derivedData/Build/Intermediates.noindex/RxSwift.build/Debug-watchos/RxCocoa-t.build/Objects-normal/arm64/RxCocoa-dependency-scan.dia -validate-clang-modules-once -clang-build-session-file /Users/admin/builder/spi-builder-workspace/.derivedData/ModuleCache.noindex/Session.modulevalidation -Xcc -fmodules-prune-interval\=86400 -Xcc -fmodules-prune-after\=345600 -package-name rxswift -emit-const-values -const-gather-protocols-list /Users/admin/builder/spi-builder-workspace/.derivedData/Build/Intermediates.noindex/RxSwift.build/Debug-watchos/RxCocoa-t.build/Objects-normal/arm64/RxCocoa_const_extract_protocols.json -Xcc -I/Users/admin/builder/spi-builder-workspace/.dependencies/checkouts/RxSwift/Sources/RxCocoaRuntime/include -Xcc -I/Users/admin/builder/spi-builder-workspace/.derivedData/Build/Products/Debug-watchos/include -Xcc -I/Users/admin/builder/spi-builder-workspace/.derivedData/Build/Intermediates.noindex/RxSwift.build/Debug-watchos/RxCocoa-t.build/DerivedSources-normal/arm64 -Xcc -I/Users/admin/builder/spi-builder-workspace/.derivedData/Build/Intermediates.noindex/RxSwift.build/Debug-watchos/RxCocoa-t.build/DerivedSources/arm64 -Xcc -I/Users/admin/builder/spi-builder-workspace/.derivedData/Build/Intermediates.noindex/RxSwift.build/Debug-watchos/RxCocoa-t.build/DerivedSources -Xcc -DSWIFT_PACKAGE -Xcc -DDEBUG\=1 -emit-objc-header -emit-objc-header-path /Users/admin/builder/spi-builder-workspace/.derivedData/Build/Intermediates.noindex/RxSwift.build/Debug-watchos/RxCocoa-t.build/Objects-normal/arm64/RxCocoa-Swift.h -working-directory /Users/admin/builder/spi-builder-workspace/.swiftpm/xcode -experimental-emit-module-separately -disable-cmo
Ld /Users/admin/builder/spi-builder-workspace/.derivedData/Build/Intermediates.noindex/RxSwift.build/Debug-watchos/RxCocoa-t.build/Objects-normal/arm64/Binary/RxCocoa.o normal arm64 (in target 'RxCocoa' from project 'RxSwift')
cd /Users/admin/builder/spi-builder-workspace/.dependencies/checkouts/RxSwift
/Applications/Xcode-27.0.0-Release.Candidate.app/Contents/Developer/Toolchains/XcodeDefault.xctoolchain/usr/bin/clang -Xlinker -reproducible -target arm64-apple-watchos9.0 -r -isysroot /Applications/Xcode-27.0.0-Release.Candidate.app/Contents/Developer/Platforms/WatchOS.platform/Developer/SDKs/WatchOS27.0.sdk -O0 -w -Xlinker -no_warn_duplicate_libraries -F/Users/admin/builder/spi-builder-workspace/.derivedData/Build/Intermediates.noindex/EagerLinkingTBDs/Debug-watchos -F/Users/admin/builder/spi-builder-workspace/.derivedData/Build/Products/Debug-watchos/PackageFrameworks -F/Users/admin/builder/spi-builder-workspace/.derivedData/Build/Products/Debug-watchos -iframework /Applications/Xcode-27.0.0-Release.Candidate.app/Contents/Developer/Platforms/WatchOS.platform/Developer/Library/Frameworks -iframework /Applications/Xcode-27.0.0-Release.Candidate.app/Contents/Developer/Platforms/WatchOS.platform/Developer/SDKs/WatchOS27.0.sdk/Developer/Library/Frameworks -filelist /Users/admin/builder/spi-builder-workspace/.derivedData/Build/Intermediates.noindex/RxSwift.build/Debug-watchos/RxCocoa-t.build/Objects-normal/arm64/RxCocoa.LinkFileList -nostdlib -Xlinker -object_path_lto -Xlinker /Users/admin/builder/spi-builder-workspace/.derivedData/Build/Intermediates.noindex/RxSwift.build/Debug-watchos/RxCocoa-t.build/Objects-normal/arm64/RxCocoa_lto.o -Xlinker -no_deduplicate -Xlinker -dependency_info -Xlinker /Users/admin/builder/spi-builder-workspace/.derivedData/Build/Intermediates.noindex/RxSwift.build/Debug-watchos/RxCocoa-t.build/Objects-normal/arm64/RxCocoa_dependency_info.dat -fobjc-link-runtime -L/Applications/Xcode-27.0.0-Release.Candidate.app/Contents/Developer/Toolchains/XcodeDefault.xctoolchain/usr/lib/swift/watchos -L/usr/lib/swift -Xlinker -add_ast_path -Xlinker /Users/admin/builder/spi-builder-workspace/.derivedData/Build/Intermediates.noindex/RxSwift.build/Debug-watchos/RxCocoa-t.build/Objects-normal/arm64/RxCocoa.swiftmodule -o /Users/admin/builder/spi-builder-workspace/.derivedData/Build/Intermediates.noindex/RxSwift.build/Debug-watchos/RxCocoa-t.build/Objects-normal/arm64/Binary/RxCocoa.o
CreateUniversalBinary /Users/admin/builder/spi-builder-workspace/.derivedData/Build/Products/Debug-watchos/RxCocoa.o normal arm64\ arm64_32 (in target 'RxCocoa' from project 'RxSwift')
cd /Users/admin/builder/spi-builder-workspace/.dependencies/checkouts/RxSwift
/Applications/Xcode-27.0.0-Release.Candidate.app/Contents/Developer/Toolchains/XcodeDefault.xctoolchain/usr/bin/lipo -create /Users/admin/builder/spi-builder-workspace/.derivedData/Build/Intermediates.noindex/RxSwift.build/Debug-watchos/RxCocoa-t.build/Objects-normal/arm64/Binary/RxCocoa.o /Users/admin/builder/spi-builder-workspace/.derivedData/Build/Intermediates.noindex/RxSwift.build/Debug-watchos/RxCocoa-t.build/Objects-normal/arm64_32/Binary/RxCocoa.o -output /Users/admin/builder/spi-builder-workspace/.derivedData/Build/Products/Debug-watchos/RxCocoa.o
ExtractAppIntentsMetadata (in target 'RxCocoa' from project 'RxSwift')
cd /Users/admin/builder/spi-builder-workspace/.dependencies/checkouts/RxSwift
/Applications/Xcode-27.0.0-Release.Candidate.app/Contents/Developer/Toolchains/XcodeDefault.xctoolchain/usr/bin/appintentsmetadataprocessor --toolchain-dir /var/run/com.apple.security.cryptexd/mnt/com.apple.MobileAsset.MetalToolchain-v27.1.266.1.hbb8nD/Metal.xctoolchain --module-name RxCocoa --sdk-root /Applications/Xcode-27.0.0-Release.Candidate.app/Contents/Developer/Platforms/WatchOS.platform/Developer/SDKs/WatchOS27.0.sdk --xcode-version 27A266a --platform-family watchOS --deployment-target 9.0 --bundle-identifier rxswift.RxCocoa --output /Users/admin/builder/spi-builder-workspace/.derivedData/Build/Products/Debug-watchos/RxCocoa.appintents --target-triple arm64-apple-watchos9.0 --target-triple arm64_32-apple-watchos9.0 --binary-file /Users/admin/builder/spi-builder-workspace/.derivedData/Build/Products/Debug-watchos/RxCocoa.o --dependency-file /Users/admin/builder/spi-builder-workspace/.derivedData/Build/Intermediates.noindex/RxSwift.build/Debug-watchos/RxCocoa-t.build/Objects-normal/arm64/RxCocoa_dependency_info.dat --dependency-file /Users/admin/builder/spi-builder-workspace/.derivedData/Build/Intermediates.noindex/RxSwift.build/Debug-watchos/RxCocoa-t.build/Objects-normal/arm64_32/RxCocoa_dependency_info.dat --stringsdata-file /Users/admin/builder/spi-builder-workspace/.derivedData/Build/Intermediates.noindex/RxSwift.build/Debug-watchos/RxCocoa-t.build/Objects-normal/arm64/ExtractedAppShortcutsMetadata.stringsdata --stringsdata-file /Users/admin/builder/spi-builder-workspace/.derivedData/Build/Intermediates.noindex/RxSwift.build/Debug-watchos/RxCocoa-t.build/Objects-normal/arm64_32/ExtractedAppShortcutsMetadata.stringsdata --source-file-list /Users/admin/builder/spi-builder-workspace/.derivedData/Build/Intermediates.noindex/RxSwift.build/Debug-watchos/RxCocoa-t.build/Objects-normal/arm64/RxCocoa.SwiftFileList --source-file-list /Users/admin/builder/spi-builder-workspace/.derivedData/Build/Intermediates.noindex/RxSwift.build/Debug-watchos/RxCocoa-t.build/Objects-normal/arm64_32/RxCocoa.SwiftFileList --metadata-file-list /Users/admin/builder/spi-builder-workspace/.derivedData/Build/Intermediates.noindex/RxSwift.build/Debug-watchos/RxCocoa-t.build/RxCocoa.DependencyMetadataFileList --static-metadata-file-list /Users/admin/builder/spi-builder-workspace/.derivedData/Build/Intermediates.noindex/RxSwift.build/Debug-watchos/RxCocoa-t.build/RxCocoa.DependencyStaticMetadataFileList --swift-const-vals-list /Users/admin/builder/spi-builder-workspace/.derivedData/Build/Intermediates.noindex/RxSwift.build/Debug-watchos/RxCocoa-t.build/Objects-normal/arm64/RxCocoa.SwiftConstValuesFileList --swift-const-vals-list /Users/admin/builder/spi-builder-workspace/.derivedData/Build/Intermediates.noindex/RxSwift.build/Debug-watchos/RxCocoa-t.build/Objects-normal/arm64_32/RxCocoa.SwiftConstValuesFileList --force --compile-time-extraction --deployment-aware-processing --no-app-shortcuts-localization
2026-09-21 11:17:11.166 appintentsmetadataprocessor[1056:6425] Starting appintentsmetadataprocessor export
2026-09-21 11:17:11.233 appintentsmetadataprocessor[1056:6425] Extracted no relevant App Intents symbols, skipping writing output
Ld /Users/admin/builder/spi-builder-workspace/.derivedData/Build/Intermediates.noindex/RxDataSources.build/Debug-watchos/RxDataSources-t.build/Objects-normal/arm64/Binary/RxDataSources.o normal arm64 (in target 'RxDataSources' from project 'RxDataSources')
cd /Users/admin/builder/spi-builder-workspace/.dependencies/checkouts/RxDataSources
/Applications/Xcode-27.0.0-Release.Candidate.app/Contents/Developer/Toolchains/XcodeDefault.xctoolchain/usr/bin/clang -Xlinker -reproducible -target arm64-apple-watchos9.0 -r -isysroot /Applications/Xcode-27.0.0-Release.Candidate.app/Contents/Developer/Platforms/WatchOS.platform/Developer/SDKs/WatchOS27.0.sdk -O0 -w -Xlinker -no_warn_duplicate_libraries -F/Users/admin/builder/spi-builder-workspace/.derivedData/Build/Intermediates.noindex/EagerLinkingTBDs/Debug-watchos -F/Users/admin/builder/spi-builder-workspace/.derivedData/Build/Products/Debug-watchos/PackageFrameworks -F/Users/admin/builder/spi-builder-workspace/.derivedData/Build/Products/Debug-watchos -iframework /Applications/Xcode-27.0.0-Release.Candidate.app/Contents/Developer/Platforms/WatchOS.platform/Developer/Library/Frameworks -iframework /Applications/Xcode-27.0.0-Release.Candidate.app/Contents/Developer/Platforms/WatchOS.platform/Developer/SDKs/WatchOS27.0.sdk/Developer/Library/Frameworks -filelist /Users/admin/builder/spi-builder-workspace/.derivedData/Build/Intermediates.noindex/RxDataSources.build/Debug-watchos/RxDataSources-t.build/Objects-normal/arm64/RxDataSources.LinkFileList -nostdlib -Xlinker -object_path_lto -Xlinker /Users/admin/builder/spi-builder-workspace/.derivedData/Build/Intermediates.noindex/RxDataSources.build/Debug-watchos/RxDataSources-t.build/Objects-normal/arm64/RxDataSources_lto.o -Xlinker -no_deduplicate -Xlinker -dependency_info -Xlinker /Users/admin/builder/spi-builder-workspace/.derivedData/Build/Intermediates.noindex/RxDataSources.build/Debug-watchos/RxDataSources-t.build/Objects-normal/arm64/RxDataSources_dependency_info.dat -fobjc-link-runtime -L/Applications/Xcode-27.0.0-Release.Candidate.app/Contents/Developer/Toolchains/XcodeDefault.xctoolchain/usr/lib/swift/watchos -L/usr/lib/swift -Xlinker -add_ast_path -Xlinker /Users/admin/builder/spi-builder-workspace/.derivedData/Build/Intermediates.noindex/RxDataSources.build/Debug-watchos/RxDataSources-t.build/Objects-normal/arm64/RxDataSources.swiftmodule -o /Users/admin/builder/spi-builder-workspace/.derivedData/Build/Intermediates.noindex/RxDataSources.build/Debug-watchos/RxDataSources-t.build/Objects-normal/arm64/Binary/RxDataSources.o
Ld /Users/admin/builder/spi-builder-workspace/.derivedData/Build/Intermediates.noindex/RxDataSources.build/Debug-watchos/RxDataSources-t.build/Objects-normal/arm64_32/Binary/RxDataSources.o normal arm64_32 (in target 'RxDataSources' from project 'RxDataSources')
cd /Users/admin/builder/spi-builder-workspace/.dependencies/checkouts/RxDataSources
/Applications/Xcode-27.0.0-Release.Candidate.app/Contents/Developer/Toolchains/XcodeDefault.xctoolchain/usr/bin/clang -Xlinker -reproducible -target arm64_32-apple-watchos9.0 -r -isysroot /Applications/Xcode-27.0.0-Release.Candidate.app/Contents/Developer/Platforms/WatchOS.platform/Developer/SDKs/WatchOS27.0.sdk -O0 -w -Xlinker -no_warn_duplicate_libraries -F/Users/admin/builder/spi-builder-workspace/.derivedData/Build/Intermediates.noindex/EagerLinkingTBDs/Debug-watchos -F/Users/admin/builder/spi-builder-workspace/.derivedData/Build/Products/Debug-watchos/PackageFrameworks -F/Users/admin/builder/spi-builder-workspace/.derivedData/Build/Products/Debug-watchos -iframework /Applications/Xcode-27.0.0-Release.Candidate.app/Contents/Developer/Platforms/WatchOS.platform/Developer/Library/Frameworks -iframework /Applications/Xcode-27.0.0-Release.Candidate.app/Contents/Developer/Platforms/WatchOS.platform/Developer/SDKs/WatchOS27.0.sdk/Developer/Library/Frameworks -filelist /Users/admin/builder/spi-builder-workspace/.derivedData/Build/Intermediates.noindex/RxDataSources.build/Debug-watchos/RxDataSources-t.build/Objects-normal/arm64_32/RxDataSources.LinkFileList -nostdlib -Xlinker -object_path_lto -Xlinker /Users/admin/builder/spi-builder-workspace/.derivedData/Build/Intermediates.noindex/RxDataSources.build/Debug-watchos/RxDataSources-t.build/Objects-normal/arm64_32/RxDataSources_lto.o -Xlinker -no_deduplicate -Xlinker -dependency_info -Xlinker /Users/admin/builder/spi-builder-workspace/.derivedData/Build/Intermediates.noindex/RxDataSources.build/Debug-watchos/RxDataSources-t.build/Objects-normal/arm64_32/RxDataSources_dependency_info.dat -fobjc-link-runtime -L/Applications/Xcode-27.0.0-Release.Candidate.app/Contents/Developer/Toolchains/XcodeDefault.xctoolchain/usr/lib/swift/watchos -L/usr/lib/swift -Xlinker -add_ast_path -Xlinker /Users/admin/builder/spi-builder-workspace/.derivedData/Build/Intermediates.noindex/RxDataSources.build/Debug-watchos/RxDataSources-t.build/Objects-normal/arm64_32/RxDataSources.swiftmodule -o /Users/admin/builder/spi-builder-workspace/.derivedData/Build/Intermediates.noindex/RxDataSources.build/Debug-watchos/RxDataSources-t.build/Objects-normal/arm64_32/Binary/RxDataSources.o
CreateUniversalBinary /Users/admin/builder/spi-builder-workspace/.derivedData/Build/Products/Debug-watchos/RxDataSources.o normal arm64\ arm64_32 (in target 'RxDataSources' from project 'RxDataSources')
cd /Users/admin/builder/spi-builder-workspace/.dependencies/checkouts/RxDataSources
/Applications/Xcode-27.0.0-Release.Candidate.app/Contents/Developer/Toolchains/XcodeDefault.xctoolchain/usr/bin/lipo -create /Users/admin/builder/spi-builder-workspace/.derivedData/Build/Intermediates.noindex/RxDataSources.build/Debug-watchos/RxDataSources-t.build/Objects-normal/arm64/Binary/RxDataSources.o /Users/admin/builder/spi-builder-workspace/.derivedData/Build/Intermediates.noindex/RxDataSources.build/Debug-watchos/RxDataSources-t.build/Objects-normal/arm64_32/Binary/RxDataSources.o -output /Users/admin/builder/spi-builder-workspace/.derivedData/Build/Products/Debug-watchos/RxDataSources.o
ExtractAppIntentsMetadata (in target 'RxDataSources' from project 'RxDataSources')
cd /Users/admin/builder/spi-builder-workspace/.dependencies/checkouts/RxDataSources
/Applications/Xcode-27.0.0-Release.Candidate.app/Contents/Developer/Toolchains/XcodeDefault.xctoolchain/usr/bin/appintentsmetadataprocessor --toolchain-dir /var/run/com.apple.security.cryptexd/mnt/com.apple.MobileAsset.MetalToolchain-v27.1.266.1.hbb8nD/Metal.xctoolchain --module-name RxDataSources --sdk-root /Applications/Xcode-27.0.0-Release.Candidate.app/Contents/Developer/Platforms/WatchOS.platform/Developer/SDKs/WatchOS27.0.sdk --xcode-version 27A266a --platform-family watchOS --deployment-target 9.0 --bundle-identifier rxdatasources.RxDataSources --output /Users/admin/builder/spi-builder-workspace/.derivedData/Build/Products/Debug-watchos/RxDataSources.appintents --target-triple arm64-apple-watchos9.0 --target-triple arm64_32-apple-watchos9.0 --binary-file /Users/admin/builder/spi-builder-workspace/.derivedData/Build/Products/Debug-watchos/RxDataSources.o --dependency-file /Users/admin/builder/spi-builder-workspace/.derivedData/Build/Intermediates.noindex/RxDataSources.build/Debug-watchos/RxDataSources-t.build/Objects-normal/arm64/RxDataSources_dependency_info.dat --dependency-file /Users/admin/builder/spi-builder-workspace/.derivedData/Build/Intermediates.noindex/RxDataSources.build/Debug-watchos/RxDataSources-t.build/Objects-normal/arm64_32/RxDataSources_dependency_info.dat --stringsdata-file /Users/admin/builder/spi-builder-workspace/.derivedData/Build/Intermediates.noindex/RxDataSources.build/Debug-watchos/RxDataSources-t.build/Objects-normal/arm64/ExtractedAppShortcutsMetadata.stringsdata --stringsdata-file /Users/admin/builder/spi-builder-workspace/.derivedData/Build/Intermediates.noindex/RxDataSources.build/Debug-watchos/RxDataSources-t.build/Objects-normal/arm64_32/ExtractedAppShortcutsMetadata.stringsdata --source-file-list /Users/admin/builder/spi-builder-workspace/.derivedData/Build/Intermediates.noindex/RxDataSources.build/Debug-watchos/RxDataSources-t.build/Objects-normal/arm64/RxDataSources.SwiftFileList --source-file-list /Users/admin/builder/spi-builder-workspace/.derivedData/Build/Intermediates.noindex/RxDataSources.build/Debug-watchos/RxDataSources-t.build/Objects-normal/arm64_32/RxDataSources.SwiftFileList --metadata-file-list /Users/admin/builder/spi-builder-workspace/.derivedData/Build/Intermediates.noindex/RxDataSources.build/Debug-watchos/RxDataSources-t.build/RxDataSources.DependencyMetadataFileList --static-metadata-file-list /Users/admin/builder/spi-builder-workspace/.derivedData/Build/Intermediates.noindex/RxDataSources.build/Debug-watchos/RxDataSources-t.build/RxDataSources.DependencyStaticMetadataFileList --swift-const-vals-list /Users/admin/builder/spi-builder-workspace/.derivedData/Build/Intermediates.noindex/RxDataSources.build/Debug-watchos/RxDataSources-t.build/Objects-normal/arm64/RxDataSources.SwiftConstValuesFileList --swift-const-vals-list /Users/admin/builder/spi-builder-workspace/.derivedData/Build/Intermediates.noindex/RxDataSources.build/Debug-watchos/RxDataSources-t.build/Objects-normal/arm64_32/RxDataSources.SwiftConstValuesFileList --force --compile-time-extraction --deployment-aware-processing --no-app-shortcuts-localization
2026-09-21 11:17:11.285 appintentsmetadataprocessor[1062:6480] Starting appintentsmetadataprocessor export
2026-09-21 11:17:11.348 appintentsmetadataprocessor[1062:6480] Extracted no relevant App Intents symbols, skipping writing output
SwiftExplicitDependencyGeneratePcm arm64_32 /Users/admin/builder/spi-builder-workspace/.derivedData/SDKExplicitPrecompiledModules/UIUtilities-9YFVNIMRC5HRVOIARNWHP1E3H.pcm
SwiftExplicitDependencyGeneratePcm arm64_32 /Users/admin/builder/spi-builder-workspace/.derivedData/SDKExplicitPrecompiledModules/UserNotifications-6TBN8TEAKO014N1T2QD926XED.pcm
SwiftExplicitDependencyGeneratePcm arm64_32 /Users/admin/builder/spi-builder-workspace/.derivedData/SDKExplicitPrecompiledModules/CoreVideo-2P8HI0403J99LBDPKNFJ5D4DL.pcm
SwiftExplicitDependencyGeneratePcm arm64_32 /Users/admin/builder/spi-builder-workspace/.derivedData/SDKExplicitPrecompiledModules/Symbols-1H97WMG76HU94F5VGJR19PXFY.pcm
SwiftExplicitDependencyGeneratePcm arm64_32 /Users/admin/builder/spi-builder-workspace/.derivedData/SDKExplicitPrecompiledModules/_Builtin_intrinsics-196IIAKDQVU42DLOZP9OQCV76.pcm
SwiftExplicitDependencyGeneratePcm arm64_32 /Users/admin/builder/spi-builder-workspace/.derivedData/SDKExplicitPrecompiledModules/Accessibility-F385OMZ5GYBUY5O4QAJB4NRII.pcm
SwiftExplicitDependencyGeneratePcm arm64 /Users/admin/builder/spi-builder-workspace/.derivedData/SDKExplicitPrecompiledModules/CoreVideo-8MRR5MNWUOAW2DBPGUQ8FKK4.pcm
SwiftExplicitDependencyGeneratePcm arm64_32 /Users/admin/builder/spi-builder-workspace/.derivedData/SDKExplicitPrecompiledModules/MachO-56838ZJ0NC1EBAJ0O6O8QMPDX.pcm
SwiftExplicitDependencyGeneratePcm arm64 /Users/admin/builder/spi-builder-workspace/.derivedData/SDKExplicitPrecompiledModules/UniformTypeIdentifiers-8L08Q8DQJV8C4AW84YVGFGTRN.pcm
SwiftExplicitDependencyGeneratePcm arm64 /Users/admin/builder/spi-builder-workspace/.derivedData/SDKExplicitPrecompiledModules/CoreTransferable-9PPG3SLJ55T4LITIFYX2M0NOZ.pcm
SwiftExplicitDependencyGeneratePcm arm64 /Users/admin/builder/spi-builder-workspace/.derivedData/SDKExplicitPrecompiledModules/_LocationEssentials-5ZZDGDXB6HLQUC72SJW7YJ7MK.pcm
SwiftExplicitDependencyGeneratePcm arm64 /Users/admin/builder/spi-builder-workspace/.derivedData/SDKExplicitPrecompiledModules/UIUtilities-IR7RNW23VAUKYI9MLCS9NL9A.pcm
SwiftExplicitDependencyGeneratePcm arm64_32 /Users/admin/builder/spi-builder-workspace/.derivedData/SDKExplicitPrecompiledModules/DataDetection-U9BF7WHFVA6BZGFXXXP272PS.pcm
SwiftExplicitDependencyGeneratePcm arm64 /Users/admin/builder/spi-builder-workspace/.derivedData/SDKExplicitPrecompiledModules/CoreText-970YJN6NIYGK1316L35Z0O8QT.pcm
SwiftExplicitDependencyGeneratePcm arm64_32 /Users/admin/builder/spi-builder-workspace/.derivedData/SDKExplicitPrecompiledModules/CoreText-C9X2REPZN2V5BSU4G80FCETDR.pcm
SwiftExplicitDependencyGeneratePcm arm64 /Users/admin/builder/spi-builder-workspace/.derivedData/SDKExplicitPrecompiledModules/Accessibility-27QMG6ZQ1NKYTNBYFPM1XKNFC.pcm
SwiftExplicitDependencyGeneratePcm arm64_32 /Users/admin/builder/spi-builder-workspace/.derivedData/SDKExplicitPrecompiledModules/_Builtin_stdatomic-1TY035TURL76BF2U98PZPPZRX.pcm
SwiftExplicitDependencyGeneratePcm arm64 /Users/admin/builder/spi-builder-workspace/.derivedData/SDKExplicitPrecompiledModules/QuartzCore-94KFMWNOU7ZLUZNB4T5DLZC9D.pcm
SwiftExplicitDependencyGeneratePcm arm64_32 /Users/admin/builder/spi-builder-workspace/.derivedData/SDKExplicitPrecompiledModules/_Builtin_tgmath-23PGCKURCQILXMK0MYZRYDCOU.pcm
SwiftExplicitDependencyGeneratePcm arm64 /Users/admin/builder/spi-builder-workspace/.derivedData/SDKExplicitPrecompiledModules/Symbols-3EFABTJ9L5PQDJ7RQCYQWEJMM.pcm
SwiftExplicitDependencyGeneratePcm arm64 /Users/admin/builder/spi-builder-workspace/.derivedData/SDKExplicitPrecompiledModules/CoreLocation-ACKJ9K7ABI14F97Y46Y6SRR17.pcm
SwiftExplicitDependencyGeneratePcm arm64 /Users/admin/builder/spi-builder-workspace/.derivedData/SDKExplicitPrecompiledModules/_Builtin_tgmath-8NQ96OZ0YHXEC24JI95P01UF8.pcm
SwiftExplicitDependencyGeneratePcm arm64 /Users/admin/builder/spi-builder-workspace/.derivedData/SDKExplicitPrecompiledModules/DataDetection-7BNVI1SZW5ISQL5SX4WL2X7I5.pcm
SwiftExplicitDependencyGeneratePcm arm64_32 /Users/admin/builder/spi-builder-workspace/.derivedData/SDKExplicitPrecompiledModules/DeveloperToolsSupport-DZU5G1OCMNWU0AQRULIFHUJ1Z.pcm
SwiftExplicitDependencyGeneratePcm arm64_32 /Users/admin/builder/spi-builder-workspace/.derivedData/SDKExplicitPrecompiledModules/os-E5IGB442IA6SBB25TTCOLK2OC.pcm
SwiftExplicitDependencyGeneratePcm arm64_32 /Users/admin/builder/spi-builder-workspace/.derivedData/SDKExplicitPrecompiledModules/QuartzCore-6375NPYACK5NYVHPMC1QQ8MC2.pcm
SwiftExplicitDependencyGeneratePcm arm64 /Users/admin/builder/spi-builder-workspace/.derivedData/SDKExplicitPrecompiledModules/UserNotifications-ARAH8MEQ0C2L0FBO39HITJMAO.pcm
SwiftExplicitDependencyGeneratePcm arm64_32 /Users/admin/builder/spi-builder-workspace/.derivedData/SDKExplicitPrecompiledModules/UniformTypeIdentifiers-CJZ3NTHPSBH4XWX5EVOG56UZS.pcm
SwiftExplicitDependencyGeneratePcm arm64 /Users/admin/builder/spi-builder-workspace/.derivedData/SDKExplicitPrecompiledModules/SwiftUICore-C1DST1IX2Z0PTH5SJJZ1IULRB.pcm
SwiftExplicitDependencyGeneratePcm arm64 /Users/admin/builder/spi-builder-workspace/.derivedData/SDKExplicitPrecompiledModules/MachO-2U90NNSAQILBNBPS1SA4F8TYP.pcm
SwiftExplicitDependencyGeneratePcm arm64_32 /Users/admin/builder/spi-builder-workspace/.derivedData/SDKExplicitPrecompiledModules/_LocationEssentials-AQ1OL9QKC3LQLY5CNSRM1HB53.pcm
SwiftExplicitDependencyGeneratePcm arm64 /Users/admin/builder/spi-builder-workspace/.derivedData/SDKExplicitPrecompiledModules/DeveloperToolsSupport-E7CNISCB36UE8XQ9IOHK9XDX1.pcm
SwiftExplicitDependencyGeneratePcm arm64 /Users/admin/builder/spi-builder-workspace/.derivedData/SDKExplicitPrecompiledModules/_Builtin_stdatomic-7JEFA3KBJJJN6TKJWY3OG1VG5.pcm
SwiftExplicitDependencyGeneratePcm arm64 /Users/admin/builder/spi-builder-workspace/.derivedData/SDKExplicitPrecompiledModules/CoreMotion-6RD5K48QT1F4L9CATNFD2O7YB.pcm
SwiftExplicitDependencyGeneratePcm arm64_32 /Users/admin/builder/spi-builder-workspace/.derivedData/SDKExplicitPrecompiledModules/simd-21UNWYOBUZI1LVSQ99S1XBLMO.pcm
SwiftExplicitDependencyGeneratePcm arm64_32 /Users/admin/builder/spi-builder-workspace/.derivedData/SDKExplicitPrecompiledModules/OSLog-D9AVFY0KWO7RVBIQ73CBIJVCN.pcm
SwiftExplicitDependencyGeneratePcm arm64_32 /Users/admin/builder/spi-builder-workspace/.derivedData/SDKExplicitPrecompiledModules/CoreTransferable-5D4IR6X37682FPHJ5CBPTKQV6.pcm
SwiftExplicitDependencyGeneratePcm arm64 /Users/admin/builder/spi-builder-workspace/.derivedData/SDKExplicitPrecompiledModules/_Builtin_intrinsics-75960HIPCIYA06IUW8FIIPQT.pcm
SwiftExplicitDependencyGeneratePcm arm64_32 /Users/admin/builder/spi-builder-workspace/.derivedData/SDKExplicitPrecompiledModules/CoreLocation-8XU5YMYM4P11RQMYCQAG65ITK.pcm
SwiftExplicitDependencyGeneratePcm arm64 /Users/admin/builder/spi-builder-workspace/.derivedData/SDKExplicitPrecompiledModules/os-5DIL6Z9LFIGLMZAHM7X2T5435.pcm
SwiftExplicitDependencyGeneratePcm arm64_32 /Users/admin/builder/spi-builder-workspace/.derivedData/SDKExplicitPrecompiledModules/SwiftUICore-3Q7WLRD8MR9R3NGIPUBQCP6F6.pcm
SwiftExplicitDependencyGeneratePcm arm64 /Users/admin/builder/spi-builder-workspace/.derivedData/SDKExplicitPrecompiledModules/UIKit-27R3P1YMV4C6JLDT661G3MRIA.pcm
SwiftExplicitDependencyGeneratePcm arm64_32 /Users/admin/builder/spi-builder-workspace/.derivedData/SDKExplicitPrecompiledModules/CoreMotion-1XGTVTE5PP32UHME8AC63TL6.pcm
SwiftExplicitDependencyGeneratePcm arm64 /Users/admin/builder/spi-builder-workspace/.derivedData/SDKExplicitPrecompiledModules/OSLog-B7VGO357Y3GJG35TST7DKDSI3.pcm
SwiftExplicitDependencyGeneratePcm arm64_32 /Users/admin/builder/spi-builder-workspace/.derivedData/SDKExplicitPrecompiledModules/UIKit-6PPV7YPZ89CZPHYAP072QH8B6.pcm
SwiftExplicitDependencyGeneratePcm arm64 /Users/admin/builder/spi-builder-workspace/.derivedData/SDKExplicitPrecompiledModules/simd-EH08NODU6574T74ZKU61VP9BW.pcm
SwiftExplicitDependencyGeneratePcm arm64_32 /Users/admin/builder/spi-builder-workspace/.derivedData/SDKExplicitPrecompiledModules/Spatial-CWVWNML3T0NXVHZDKVLD3X1YZ.pcm
SwiftExplicitDependencyGeneratePcm arm64 /Users/admin/builder/spi-builder-workspace/.derivedData/SDKExplicitPrecompiledModules/Spatial-44FJGYXFAT2AQAW9Z6T7YS02U.pcm
SwiftCompile normal arm64_32 Compiling\ SwipeAction.swift,\ TableSectionModel.swift /Users/admin/builder/spi-builder-workspace/Sources/DataDrivenRxDatasources/TableView/SwipeAction.swift /Users/admin/builder/spi-builder-workspace/Sources/DataDrivenRxDatasources/TableView/TableSectionModel.swift (in target 'DataDrivenRxDatasources' from project 'DataDrivenRxDatasources')
SwiftCompile normal arm64_32 /Users/admin/builder/spi-builder-workspace/Sources/DataDrivenRxDatasources/TableView/SwipeAction.swift (in target 'DataDrivenRxDatasources' from project 'DataDrivenRxDatasources')
cd /Users/admin/builder/spi-builder-workspace/.swiftpm/xcode
builtin-SwiftPerFileCompile SwipeAction.swift
SwiftCompile normal arm64_32 /Users/admin/builder/spi-builder-workspace/Sources/DataDrivenRxDatasources/TableView/TableSectionModel.swift (in target 'DataDrivenRxDatasources' from project 'DataDrivenRxDatasources')
cd /Users/admin/builder/spi-builder-workspace/.swiftpm/xcode
builtin-SwiftPerFileCompile TableSectionModel.swift
SwiftCompile normal arm64_32 Compiling\ HeaderFooterType.swift,\ IdentifiableCellViewModel.swift /Users/admin/builder/spi-builder-workspace/Sources/DataDrivenRxDatasources/TableView/HeaderFooterType.swift /Users/admin/builder/spi-builder-workspace/Sources/DataDrivenRxDatasources/TableView/IdentifiableCellViewModel.swift (in target 'DataDrivenRxDatasources' from project 'DataDrivenRxDatasources')
/Users/admin/builder/spi-builder-workspace/Sources/DataDrivenRxDatasources/TableView/HeaderFooterType.swift:15:18: error: 'UITableViewHeaderFooterView' is unavailable in watchOS
13 | public enum HeaderFooterType {
14 | // directly form class
15 | case classType(UITableViewHeaderFooterView.Type)
| `- error: 'UITableViewHeaderFooterView' is unavailable in watchOS
16 | // from xib file
17 | case nibType(name: String, bundle: Bundle? = nil)
/Applications/Xcode-27.0.0-Release.Candidate.app/Contents/Developer/Platforms/WatchOS.platform/Developer/SDKs/WatchOS27.0.sdk/System/Library/Frameworks/UIKit.framework/Headers/UITableViewHeaderFooterView.h:25:12: note: 'UITableViewHeaderFooterView' has been explicitly marked unavailable here
23 |
24 | UIKIT_EXTERN API_AVAILABLE(ios(6.0)) API_UNAVAILABLE(watchos) NS_SWIFT_UI_ACTOR
25 | @interface UITableViewHeaderFooterView : UIView
| `- note: 'UITableViewHeaderFooterView' has been explicitly marked unavailable here
26 |
27 | - (instancetype)initWithReuseIdentifier:(nullable NSString *)reuseIdentifier NS_DESIGNATED_INITIALIZER;
SwiftCompile normal arm64_32 /Users/admin/builder/spi-builder-workspace/Sources/DataDrivenRxDatasources/TableView/HeaderFooterType.swift (in target 'DataDrivenRxDatasources' from project 'DataDrivenRxDatasources')
cd /Users/admin/builder/spi-builder-workspace/.swiftpm/xcode
builtin-SwiftPerFileCompile HeaderFooterType.swift
SwiftCompile normal arm64_32 /Users/admin/builder/spi-builder-workspace/Sources/DataDrivenRxDatasources/TableView/IdentifiableCellViewModel.swift (in target 'DataDrivenRxDatasources' from project 'DataDrivenRxDatasources')
cd /Users/admin/builder/spi-builder-workspace/.swiftpm/xcode
builtin-SwiftPerFileCompile IdentifiableCellViewModel.swift
SwiftCompile normal arm64_32 Compiling\ DecoratableTableView.swift,\ DiffableTableSectionModel.swift /Users/admin/builder/spi-builder-workspace/Sources/DataDrivenRxDatasources/TableView/DecoratableTableView.swift /Users/admin/builder/spi-builder-workspace/Sources/DataDrivenRxDatasources/TableView/DiffableTableSectionModel.swift (in target 'DataDrivenRxDatasources' from project 'DataDrivenRxDatasources')
SwiftCompile normal arm64_32 /Users/admin/builder/spi-builder-workspace/Sources/DataDrivenRxDatasources/TableView/DecoratableTableView.swift (in target 'DataDrivenRxDatasources' from project 'DataDrivenRxDatasources')
cd /Users/admin/builder/spi-builder-workspace/.swiftpm/xcode
builtin-SwiftPerFileCompile DecoratableTableView.swift
SwiftCompile normal arm64_32 /Users/admin/builder/spi-builder-workspace/Sources/DataDrivenRxDatasources/TableView/DiffableTableSectionModel.swift (in target 'DataDrivenRxDatasources' from project 'DataDrivenRxDatasources')
cd /Users/admin/builder/spi-builder-workspace/.swiftpm/xcode
builtin-SwiftPerFileCompile DiffableTableSectionModel.swift
SwiftCompile normal arm64_32 Compiling\ ContextMenuAction.swift,\ SectionModelExtensions.swift /Users/admin/builder/spi-builder-workspace/Sources/DataDrivenRxDatasources/ContextMenuAction.swift /Users/admin/builder/spi-builder-workspace/Sources/DataDrivenRxDatasources/SectionModelExtensions.swift (in target 'DataDrivenRxDatasources' from project 'DataDrivenRxDatasources')
SwiftCompile normal arm64_32 /Users/admin/builder/spi-builder-workspace/Sources/DataDrivenRxDatasources/ContextMenuAction.swift (in target 'DataDrivenRxDatasources' from project 'DataDrivenRxDatasources')
cd /Users/admin/builder/spi-builder-workspace/.swiftpm/xcode
builtin-SwiftPerFileCompile ContextMenuAction.swift
SwiftCompile normal arm64_32 /Users/admin/builder/spi-builder-workspace/Sources/DataDrivenRxDatasources/SectionModelExtensions.swift (in target 'DataDrivenRxDatasources' from project 'DataDrivenRxDatasources')
cd /Users/admin/builder/spi-builder-workspace/.swiftpm/xcode
builtin-SwiftPerFileCompile SectionModelExtensions.swift
SwiftEmitModule normal arm64_32 Emitting\ module\ for\ DataDrivenRxDatasources (in target 'DataDrivenRxDatasources' from project 'DataDrivenRxDatasources')
SwiftCompile normal arm64_32 (in target 'DataDrivenRxDatasources' from project 'DataDrivenRxDatasources')
cd /Users/admin/builder/spi-builder-workspace/.swiftpm/xcode
SwiftCompile normal arm64_32 Compiling\ IdentifiableCollectionCellViewModel.swift,\ RxCollectionView.swift /Users/admin/builder/spi-builder-workspace/Sources/DataDrivenRxDatasources/CollectionView/IdentifiableCollectionCellViewModel.swift /Users/admin/builder/spi-builder-workspace/Sources/DataDrivenRxDatasources/CollectionView/RxCollectionView.swift (in target 'DataDrivenRxDatasources' from project 'DataDrivenRxDatasources')
SwiftCompile normal arm64_32 /Users/admin/builder/spi-builder-workspace/Sources/DataDrivenRxDatasources/CollectionView/IdentifiableCollectionCellViewModel.swift (in target 'DataDrivenRxDatasources' from project 'DataDrivenRxDatasources')
cd /Users/admin/builder/spi-builder-workspace/.swiftpm/xcode
builtin-SwiftPerFileCompile IdentifiableCollectionCellViewModel.swift
SwiftCompile normal arm64_32 /Users/admin/builder/spi-builder-workspace/Sources/DataDrivenRxDatasources/CollectionView/RxCollectionView.swift (in target 'DataDrivenRxDatasources' from project 'DataDrivenRxDatasources')
cd /Users/admin/builder/spi-builder-workspace/.swiftpm/xcode
builtin-SwiftPerFileCompile RxCollectionView.swift
SwiftCompile normal arm64_32 Compiling\ AnimatableTableSectionModel.swift,\ CellViewModel.swift /Users/admin/builder/spi-builder-workspace/Sources/DataDrivenRxDatasources/TableView/AnimatableTableSectionModel.swift /Users/admin/builder/spi-builder-workspace/Sources/DataDrivenRxDatasources/TableView/CellViewModel.swift (in target 'DataDrivenRxDatasources' from project 'DataDrivenRxDatasources')
SwiftCompile normal arm64_32 /Users/admin/builder/spi-builder-workspace/Sources/DataDrivenRxDatasources/TableView/AnimatableTableSectionModel.swift (in target 'DataDrivenRxDatasources' from project 'DataDrivenRxDatasources')
cd /Users/admin/builder/spi-builder-workspace/.swiftpm/xcode
builtin-SwiftPerFileCompile AnimatableTableSectionModel.swift
SwiftCompile normal arm64_32 /Users/admin/builder/spi-builder-workspace/Sources/DataDrivenRxDatasources/TableView/CellViewModel.swift (in target 'DataDrivenRxDatasources' from project 'DataDrivenRxDatasources')
cd /Users/admin/builder/spi-builder-workspace/.swiftpm/xcode
builtin-SwiftPerFileCompile CellViewModel.swift
SwiftCompile normal arm64_32 Compiling\ RxTableView.swift,\ RxTableViewDiffableDataSource.swift /Users/admin/builder/spi-builder-workspace/Sources/DataDrivenRxDatasources/TableView/RxTableView.swift /Users/admin/builder/spi-builder-workspace/Sources/DataDrivenRxDatasources/TableView/RxTableViewDiffableDataSource.swift (in target 'DataDrivenRxDatasources' from project 'DataDrivenRxDatasources')
/Users/admin/builder/spi-builder-workspace/Sources/DataDrivenRxDatasources/TableView/RxTableView.swift:27:99: error: cannot find type 'AnimationConfiguration' in scope
25 |
26 | // MARK: - Animatable
27 | public func bind<S>(sections: Driver<[AnimatableTableSectionModel<S>]>, animationConfiguration: AnimationConfiguration = AnimationConfiguration()) -> Disposable {
| `- error: cannot find type 'AnimationConfiguration' in scope
28 | let dataSource: RxTableViewSectionedAnimatedDataSource<AnimatableTableSectionModel<S>> = _animatableDataSource(animationConfiguration: animationConfiguration)
29 | return CompositeDisposable(disposables: [
SwiftCompile normal arm64_32 /Users/admin/builder/spi-builder-workspace/Sources/DataDrivenRxDatasources/TableView/RxTableView.swift (in target 'DataDrivenRxDatasources' from project 'DataDrivenRxDatasources')
cd /Users/admin/builder/spi-builder-workspace/.swiftpm/xcode
builtin-SwiftPerFileCompile RxTableView.swift
SwiftCompile normal arm64_32 /Users/admin/builder/spi-builder-workspace/Sources/DataDrivenRxDatasources/TableView/RxTableViewDiffableDataSource.swift (in target 'DataDrivenRxDatasources' from project 'DataDrivenRxDatasources')
cd /Users/admin/builder/spi-builder-workspace/.swiftpm/xcode
builtin-SwiftPerFileCompile RxTableViewDiffableDataSource.swift
SwiftCompile normal arm64_32 Compiling\ ExtendedSectionedViewDataSourceType.swift,\ HeaderFooterSectionType.swift /Users/admin/builder/spi-builder-workspace/Sources/DataDrivenRxDatasources/TableView/ExtendedSectionedViewDataSourceType.swift /Users/admin/builder/spi-builder-workspace/Sources/DataDrivenRxDatasources/TableView/HeaderFooterSectionType.swift (in target 'DataDrivenRxDatasources' from project 'DataDrivenRxDatasources')
/Users/admin/builder/spi-builder-workspace/Sources/DataDrivenRxDatasources/TableView/ExtendedSectionedViewDataSourceType.swift:16:11: error: cannot find type 'TableViewSectionedDataSource' in scope
14 | }
15 |
16 | extension TableViewSectionedDataSource: ExtendedSectionedViewDataSourceType where Section: ModelType {
| `- error: cannot find type 'TableViewSectionedDataSource' in scope
17 | func sectionModel(at index: Int) -> Section.Model? {
18 | return sectionModels[index].model
/Users/admin/builder/spi-builder-workspace/Sources/DataDrivenRxDatasources/TableView/ExtendedSectionedViewDataSourceType.swift:16:77: error: 'where' clause cannot be applied to a non-generic top-level declaration
14 | }
15 |
16 | extension TableViewSectionedDataSource: ExtendedSectionedViewDataSourceType where Section: ModelType {
| `- error: 'where' clause cannot be applied to a non-generic top-level declaration
17 | func sectionModel(at index: Int) -> Section.Model? {
18 | return sectionModels[index].model
/Users/admin/builder/spi-builder-workspace/Sources/DataDrivenRxDatasources/TableView/ExtendedSectionedViewDataSourceType.swift:17:39: error: cannot find type 'Section' in scope
15 |
16 | extension TableViewSectionedDataSource: ExtendedSectionedViewDataSourceType where Section: ModelType {
17 | func sectionModel(at index: Int) -> Section.Model? {
| `- error: cannot find type 'Section' in scope
18 | return sectionModels[index].model
19 | }
Failed frontend command:
/Applications/Xcode-27.0.0-Release.Candidate.app/Contents/Developer/Toolchains/XcodeDefault.xctoolchain/usr/bin/swift-frontend -frontend -c /Users/admin/builder/spi-builder-workspace/.derivedData/Build/Intermediates.noindex/DataDrivenRxDatasources.build/Debug-watchos/DataDrivenRxDatasources-t.build/DerivedSources/resource_bundle_accessor.swift /Users/admin/builder/spi-builder-workspace/Sources/DataDrivenRxDatasources/CollectionView/AnimatableCollectionSectionModel.swift /Users/admin/builder/spi-builder-workspace/Sources/DataDrivenRxDatasources/CollectionView/CollectionCellViewModel.swift /Users/admin/builder/spi-builder-workspace/Sources/DataDrivenRxDatasources/CollectionView/CollectionSectionModel.swift /Users/admin/builder/spi-builder-workspace/Sources/DataDrivenRxDatasources/CollectionView/CollectionViewFlowLayout.swift /Users/admin/builder/spi-builder-workspace/Sources/DataDrivenRxDatasources/CollectionView/IdentifiableCollectionCellViewModel.swift /Users/admin/builder/spi-builder-workspace/Sources/DataDrivenRxDatasources/CollectionView/RxCollectionView.swift /Users/admin/builder/spi-builder-workspace/Sources/DataDrivenRxDatasources/ContextMenuAction.swift /Users/admin/builder/spi-builder-workspace/Sources/DataDrivenRxDatasources/SectionModelExtensions.swift /Users/admin/builder/spi-builder-workspace/Sources/DataDrivenRxDatasources/TableView/AnimatableTableSectionModel.swift /Users/admin/builder/spi-builder-workspace/Sources/DataDrivenRxDatasources/TableView/CellViewModel.swift /Users/admin/builder/spi-builder-workspace/Sources/DataDrivenRxDatasources/TableView/DecoratableTableView.swift /Users/admin/builder/spi-builder-workspace/Sources/DataDrivenRxDatasources/TableView/DiffableTableSectionModel.swift -primary-file /Users/admin/builder/spi-builder-workspace/Sources/DataDrivenRxDatasources/TableView/ExtendedSectionedViewDataSourceType.swift -primary-file /Users/admin/builder/spi-builder-workspace/Sources/DataDrivenRxDatasources/TableView/HeaderFooterSectionType.swift /Users/admin/builder/spi-builder-workspace/Sources/DataDrivenRxDatasources/TableView/HeaderFooterType.swift /Users/admin/builder/spi-builder-workspace/Sources/DataDrivenRxDatasources/TableView/IdentifiableCellViewModel.swift /Users/admin/builder/spi-builder-workspace/Sources/DataDrivenRxDatasources/TableView/RxTableView.swift /Users/admin/builder/spi-builder-workspace/Sources/DataDrivenRxDatasources/TableView/RxTableViewDiffableDataSource.swift /Users/admin/builder/spi-builder-workspace/Sources/DataDrivenRxDatasources/TableView/SwipeAction.swift /Users/admin/builder/spi-builder-workspace/Sources/DataDrivenRxDatasources/TableView/TableSectionModel.swift -emit-dependencies-path /Users/admin/builder/spi-builder-workspace/.derivedData/Build/Intermediates.noindex/DataDrivenRxDatasources.build/Debug-watchos/DataDrivenRxDatasources-t.build/Objects-normal/arm64_32/ExtendedSectionedViewDataSourceType.d -emit-const-values-path /Users/admin/builder/spi-builder-workspace/.derivedData/Build/Intermediates.noindex/DataDrivenRxDatasources.build/Debug-watchos/DataDrivenRxDatasources-t.build/Objects-normal/arm64_32/ExtendedSectionedViewDataSourceType.swiftconstvalues -emit-reference-dependencies-path /Users/admin/builder/spi-builder-workspace/.derivedData/Build/Intermediates.noindex/DataDrivenRxDatasources.build/Debug-watchos/DataDrivenRxDatasources-t.build/Objects-normal/arm64_32/ExtendedSectionedViewDataSourceType.swiftdeps -serialize-diagnostics-path /Users/admin/builder/spi-builder-workspace/.derivedData/Build/Intermediates.noindex/DataDrivenRxDatasources.build/Debug-watchos/DataDrivenRxDatasources-t.build/Objects-normal/arm64_32/ExtendedSectionedViewDataSourceType.dia -emit-dependencies-path /Users/admin/builder/spi-builder-workspace/.derivedData/Build/Intermediates.noindex/DataDrivenRxDatasources.build/Debug-watchos/DataDrivenRxDatasources-t.build/Objects-normal/arm64_32/HeaderFooterSectionType.d -emit-const-values-path /Users/admin/builder/spi-builder-workspace/.derivedData/Build/Intermediates.noindex/DataDrivenRxDatasources.build/Debug-watchos/DataDrivenRxDatasources-t.build/Objects-normal/arm64_32/HeaderFooterSectionType.swiftconstvalues -emit-reference-dependencies-path /Users/admin/builder/spi-builder-workspace/.derivedData/Build/Intermediates.noindex/DataDrivenRxDatasources.build/Debug-watchos/DataDrivenRxDatasources-t.build/Objects-normal/arm64_32/HeaderFooterSectionType.swiftdeps -serialize-diagnostics-path /Users/admin/builder/spi-builder-workspace/.derivedData/Build/Intermediates.noindex/DataDrivenRxDatasources.build/Debug-watchos/DataDrivenRxDatasources-t.build/Objects-normal/arm64_32/HeaderFooterSectionType.dia -target arm64_32-apple-watchos9.0 -disable-cross-import-overlay-search -load-resolved-plugin /Applications/Xcode-27.0.0-Release.Candidate.app/Contents/Developer/Platforms/WatchOS.platform/Developer/usr/lib/swift/host/plugins/libFoundationMacros.dylib\#/Applications/Xcode-27.0.0-Release.Candidate.app/Contents/Developer/Platforms/WatchOS.platform/Developer/usr/bin/swift-plugin-server\#FoundationMacros -load-resolved-plugin /Applications/Xcode-27.0.0-Release.Candidate.app/Contents/Developer/Platforms/WatchOS.platform/Developer/usr/lib/swift/host/plugins/libObservationMacros.dylib\#/Applications/Xcode-27.0.0-Release.Candidate.app/Contents/Developer/Platforms/WatchOS.platform/Developer/usr/bin/swift-plugin-server\#ObservationMacros -load-resolved-plugin /Applications/Xcode-27.0.0-Release.Candidate.app/Contents/Developer/Platforms/WatchOS.platform/Developer/usr/lib/swift/host/plugins/libSwiftMacros.dylib\#/Applications/Xcode-27.0.0-Release.Candidate.app/Contents/Developer/Platforms/WatchOS.platform/Developer/usr/bin/swift-plugin-server\#SwiftMacros -load-resolved-plugin /Applications/Xcode-27.0.0-Release.Candidate.app/Contents/Developer/Platforms/WatchOS.platform/Developer/usr/lib/swift/host/plugins/libSwiftUIMacros.dylib\#/Applications/Xcode-27.0.0-Release.Candidate.app/Contents/Developer/Platforms/WatchOS.platform/Developer/usr/bin/swift-plugin-server\#SwiftUIMacros -disable-implicit-swift-modules -Xcc -fno-implicit-modules -Xcc -fno-implicit-module-maps -explicit-swift-module-map-file /Users/admin/builder/spi-builder-workspace/.derivedData/Build/Intermediates.noindex/DataDrivenRxDatasources.build/Debug-watchos/DataDrivenRxDatasources-t.build/Objects-normal/arm64_32/DataDrivenRxDatasources-dependencies-1.json -enable-objc-interop -sdk /Applications/Xcode-27.0.0-Release.Candidate.app/Contents/Developer/Platforms/WatchOS.platform/Developer/SDKs/WatchOS27.0.sdk -I /Users/admin/builder/spi-builder-workspace/.derivedData/Build/Products/Debug-watchos -Isystem /Applications/Xcode-27.0.0-Release.Candidate.app/Contents/Developer/Platforms/WatchOS.platform/Developer/usr/lib -F /Users/admin/builder/spi-builder-workspace/.derivedData/Build/Products/Debug-watchos/PackageFrameworks -F /Users/admin/builder/spi-builder-workspace/.derivedData/Build/Products/Debug-watchos -F /Applications/Xcode-27.0.0-Release.Candidate.app/Contents/Developer/Platforms/WatchOS.platform/Developer/Library/Frameworks -F /Applications/Xcode-27.0.0-Release.Candidate.app/Contents/Developer/Platforms/WatchOS.platform/Developer/SDKs/WatchOS27.0.sdk/Developer/Library/Frameworks -module-cache-path /Users/admin/builder/spi-builder-workspace/.derivedData/Build/Intermediates.noindex/SwiftExplicitPrecompiledModules -no-color-diagnostics -Xcc -fno-color-diagnostics -enable-testing -g -debug-info-format\=dwarf -dwarf-version\=4 -swift-version 5 -Onone -D SWIFT_PACKAGE -D DEBUG -D SWIFT_MODULE_RESOURCE_BUNDLE_AVAILABLE -D Xcode -serialize-debugging-options -enable-experimental-feature DebugDescriptionMacro -empty-abi-descriptor -validate-clang-modules-once -clang-build-session-file /Users/admin/builder/spi-builder-workspace/.derivedData/ModuleCache.noindex/Session.modulevalidation -Xcc -working-directory -Xcc /Users/admin/builder/spi-builder-workspace/.swiftpm/xcode -enable-anonymous-context-mangled-names -file-compilation-dir /Users/admin/builder/spi-builder-workspace/.swiftpm/xcode -Xcc -fmodule-map-file\=/Users/admin/builder/spi-builder-workspace/.derivedData/Build/Intermediates.noindex/GeneratedModuleMaps-watchos/RxCocoaRuntime.modulemap -Xcc -D_LIBCPP_HARDENING_MODE\=_LIBCPP_HARDENING_MODE_DEBUG -Xcc -ivfsstatcache -Xcc /Users/admin/builder/spi-builder-workspace/.derivedData/SDKStatCaches.noindex/watchos27.0-24R360-e829b21a6f8c9b70876ba0858053c04477534ef55a1706bf4c1112bbb242f0a2.sdkstatcache -Xcc -fmodules-prune-interval\=86400 -Xcc -fmodules-prune-after\=345600 -Xcc -I/Users/admin/builder/spi-builder-workspace/.dependencies/checkouts/RxSwift/Sources/RxCocoaRuntime/include -Xcc -I/Users/admin/builder/spi-builder-workspace/.derivedData/Build/Products/Debug-watchos/include -Xcc -I/Users/admin/builder/spi-builder-workspace/.derivedData/Build/Intermediates.noindex/DataDrivenRxDatasources.build/Debug-watchos/DataDrivenRxDatasources-t.build/DerivedSources-normal/arm64_32 -Xcc -I/Users/admin/builder/spi-builder-workspace/.derivedData/Build/Intermediates.noindex/DataDrivenRxDatasources.build/Debug-watchos/DataDrivenRxDatasources-t.build/DerivedSources/arm64_32 -Xcc -I/Users/admin/builder/spi-builder-workspace/.derivedData/Build/Intermediates.noindex/DataDrivenRxDatasources.build/Debug-watchos/DataDrivenRxDatasources-t.build/DerivedSources -Xcc -DSWIFT_PACKAGE -Xcc -DDEBUG\=1 -no-auto-bridging-header-chaining -module-name DataDrivenRxDatasources -package-name spi_builder_workspace -const-gather-protocols-file /Users/admin/builder/spi-builder-workspace/.derivedData/Build/Intermediates.noindex/DataDrivenRxDatasources.build/Debug-watchos/DataDrivenRxDatasources-t.build/Objects-normal/arm64_32/DataDrivenRxDatasources_const_extract_protocols.json -disable-clang-spi -clang-target arm64_32-apple-watchos27.0 -target-sdk-version 27.0 -target-sdk-name watchos27.0 -in-process-plugin-server-path /Applications/Xcode-27.0.0-Release.Candidate.app/Contents/Developer/Toolchains/XcodeDefault.xctoolchain/usr/lib/swift/host/libSwiftInProcPluginServer.dylib -parse-as-library -o /Users/admin/builder/spi-builder-workspace/.derivedData/Build/Intermediates.noindex/DataDrivenRxDatasources.build/Debug-watchos/DataDrivenRxDatasources-t.build/Objects-normal/arm64_32/ExtendedSectionedViewDataSourceType.o -o /Users/admin/builder/spi-builder-workspace/.derivedData/Build/Intermediates.noindex/DataDrivenRxDatasources.build/Debug-watchos/DataDrivenRxDatasources-t.build/Objects-normal/arm64_32/HeaderFooterSectionType.o -debug-module-path /Users/admin/builder/spi-builder-workspace/.derivedData/Build/Intermediates.noindex/DataDrivenRxDatasources.build/Debug-watchos/DataDrivenRxDatasources-t.build/Objects-normal/arm64_32/DataDrivenRxDatasources.swiftmodule -index-unit-output-path /DataDrivenRxDatasources.build/Debug-watchos/DataDrivenRxDatasources-t.build/Objects-normal/arm64_32/ExtendedSectionedViewDataSourceType.o -index-unit-output-path /DataDrivenRxDatasources.build/Debug-watchos/DataDrivenRxDatasources-t.build/Objects-normal/arm64_32/HeaderFooterSectionType.o -index-store-path /Users/admin/builder/spi-builder-workspace/.derivedData/Index.noindex/DataStore -index-system-modules
SwiftCompile normal arm64_32 /Users/admin/builder/spi-builder-workspace/Sources/DataDrivenRxDatasources/TableView/ExtendedSectionedViewDataSourceType.swift (in target 'DataDrivenRxDatasources' from project 'DataDrivenRxDatasources')
cd /Users/admin/builder/spi-builder-workspace/.swiftpm/xcode
builtin-SwiftPerFileCompile ExtendedSectionedViewDataSourceType.swift
SwiftCompile normal arm64_32 /Users/admin/builder/spi-builder-workspace/Sources/DataDrivenRxDatasources/TableView/HeaderFooterSectionType.swift (in target 'DataDrivenRxDatasources' from project 'DataDrivenRxDatasources')
cd /Users/admin/builder/spi-builder-workspace/.swiftpm/xcode
builtin-SwiftPerFileCompile HeaderFooterSectionType.swift
SwiftCompile normal arm64_32 Compiling\ CollectionSectionModel.swift,\ CollectionViewFlowLayout.swift /Users/admin/builder/spi-builder-workspace/Sources/DataDrivenRxDatasources/CollectionView/CollectionSectionModel.swift /Users/admin/builder/spi-builder-workspace/Sources/DataDrivenRxDatasources/CollectionView/CollectionViewFlowLayout.swift (in target 'DataDrivenRxDatasources' from project 'DataDrivenRxDatasources')
SwiftCompile normal arm64_32 /Users/admin/builder/spi-builder-workspace/Sources/DataDrivenRxDatasources/CollectionView/CollectionSectionModel.swift (in target 'DataDrivenRxDatasources' from project 'DataDrivenRxDatasources')
cd /Users/admin/builder/spi-builder-workspace/.swiftpm/xcode
builtin-SwiftPerFileCompile CollectionSectionModel.swift
SwiftCompile normal arm64_32 /Users/admin/builder/spi-builder-workspace/Sources/DataDrivenRxDatasources/CollectionView/CollectionViewFlowLayout.swift (in target 'DataDrivenRxDatasources' from project 'DataDrivenRxDatasources')
cd /Users/admin/builder/spi-builder-workspace/.swiftpm/xcode
builtin-SwiftPerFileCompile CollectionViewFlowLayout.swift
SwiftEmitModule normal arm64 Emitting\ module\ for\ DataDrivenRxDatasources (in target 'DataDrivenRxDatasources' from project 'DataDrivenRxDatasources')
SwiftCompile normal arm64 (in target 'DataDrivenRxDatasources' from project 'DataDrivenRxDatasources')
cd /Users/admin/builder/spi-builder-workspace/.swiftpm/xcode
PruneExplicitPrecompiledModules /Users/admin/builder/spi-builder-workspace/.derivedData/SDKExplicitPrecompiledModules
PruneExplicitPrecompiledModules /Users/admin/builder/spi-builder-workspace/.derivedData/Build/Intermediates.noindex/ExplicitPrecompiledModules
PruneExplicitPrecompiledModules /Users/admin/builder/spi-builder-workspace/.derivedData/Build/Intermediates.noindex/SwiftExplicitPrecompiledModules
2026-09-21 11:16:57.965 xcodebuild[769:4546] [MT] IDERunDestination: Supported platforms for the buildables in the current scheme is empty.
2026-09-21 11:16:58.073 xcodebuild[769:4546] [MT] IDERunDestination: Supported platforms for the buildables in the current scheme is empty.
** BUILD FAILED **
The following build commands failed:
SwiftCompile normal arm64_32 Compiling\ ExtendedSectionedViewDataSourceType.swift,\ HeaderFooterSectionType.swift /Users/admin/builder/spi-builder-workspace/Sources/DataDrivenRxDatasources/TableView/ExtendedSectionedViewDataSourceType.swift /Users/admin/builder/spi-builder-workspace/Sources/DataDrivenRxDatasources/TableView/HeaderFooterSectionType.swift (in target 'DataDrivenRxDatasources' from project 'DataDrivenRxDatasources')
SwiftCompile normal arm64_32 /Users/admin/builder/spi-builder-workspace/Sources/DataDrivenRxDatasources/TableView/ExtendedSectionedViewDataSourceType.swift (in target 'DataDrivenRxDatasources' from project 'DataDrivenRxDatasources')
Building workspace DataDrivenRxDatasources with scheme DataDrivenRxDatasources
(3 failures)
Command line invocation:
/Applications/Xcode-27.0.0-Release.Candidate.app/Contents/Developer/usr/bin/xcodebuild -IDEClonedSourcePackagesDirPathOverride=/Users/admin/builder/spi-builder-workspace/.dependencies -resolvePackageDependencies
Resolve Package Graph
Resolved source packages:
RxSwift: https://github.com/ReactiveX/RxSwift.git @ 6.10.2
RxDataSources: https://github.com/RxSwiftCommunity/RxDataSources.git @ 5.0.2
DataDrivenRxDatasources: /Users/admin/builder/spi-builder-workspace
resolved source packages: RxSwift, RxDataSources, DataDrivenRxDatasources
2026-09-21 11:17:13.654 xcodebuild[1121:6636] [MT] IDERunDestination: Supported platforms for the buildables in the current scheme is empty.
2026-09-21 11:17:13.758 xcodebuild[1121:6636] [MT] IDERunDestination: Supported platforms for the buildables in the current scheme is empty.
{
"dependencies" : [
{
"identity" : "rxswift",
"requirement" : {
"range" : [
{
"lower_bound" : "6.0.0",
"upper_bound" : "7.0.0"
}
]
},
"type" : "sourceControl",
"url" : "https://github.com/ReactiveX/RxSwift.git"
},
{
"identity" : "rxdatasources",
"requirement" : {
"range" : [
{
"lower_bound" : "5.0.0",
"upper_bound" : "6.0.0"
}
]
},
"type" : "sourceControl",
"url" : "https://github.com/RxSwiftCommunity/RxDataSources.git"
}
],
"manifest_display_name" : "DataDrivenRxDatasources",
"name" : "DataDrivenRxDatasources",
"path" : "/Users/admin/builder/spi-builder-workspace",
"platforms" : [
{
"name" : "ios",
"version" : "12.0"
}
],
"products" : [
{
"name" : "DataDrivenRxDatasources",
"targets" : [
"DataDrivenRxDatasources"
],
"type" : {
"library" : [
"automatic"
]
}
}
],
"targets" : [
{
"c99name" : "DataDrivenRxDatasourcesTests",
"module_type" : "SwiftTarget",
"name" : "DataDrivenRxDatasourcesTests",
"path" : "Tests/DataDrivenRxDatasourcesTests",
"sources" : [
"CollectionView/RxCollectionViewTests.swift",
"CollectionView/SampleCollectionCell.swift",
"CollectionView/SampleCollectionCellViewModel.swift",
"TableView/RxTableViewTests.swift",
"TableView/SampleCell.swift",
"TableView/SampleCellViewModel.swift",
"XCTestManifests.swift"
],
"target_dependencies" : [
"DataDrivenRxDatasources"
],
"type" : "test"
},
{
"c99name" : "DataDrivenRxDatasources",
"module_type" : "SwiftTarget",
"name" : "DataDrivenRxDatasources",
"path" : "Sources/DataDrivenRxDatasources",
"product_dependencies" : [
"RxSwift",
"RxDataSources"
],
"product_memberships" : [
"DataDrivenRxDatasources"
],
"resources" : [
{
"path" : "/Users/admin/builder/spi-builder-workspace/Sources/DataDrivenRxDatasources/PrivacyInfo.xcprivacy",
"rule" : {
"copy" : {
}
}
}
],
"sources" : [
"CollectionView/AnimatableCollectionSectionModel.swift",
"CollectionView/CollectionCellViewModel.swift",
"CollectionView/CollectionSectionModel.swift",
"CollectionView/CollectionViewFlowLayout.swift",
"CollectionView/IdentifiableCollectionCellViewModel.swift",
"CollectionView/RxCollectionView.swift",
"ContextMenuAction.swift",
"SectionModelExtensions.swift",
"TableView/AnimatableTableSectionModel.swift",
"TableView/CellViewModel.swift",
"TableView/DecoratableTableView.swift",
"TableView/DiffableTableSectionModel.swift",
"TableView/ExtendedSectionedViewDataSourceType.swift",
"TableView/HeaderFooterSectionType.swift",
"TableView/HeaderFooterType.swift",
"TableView/IdentifiableCellViewModel.swift",
"TableView/RxTableView.swift",
"TableView/RxTableViewDiffableDataSource.swift",
"TableView/SwipeAction.swift",
"TableView/TableSectionModel.swift"
],
"type" : "library"
}
],
"tools_version" : "5.9"
}
{
"workspace" : {
"name" : "DataDrivenRxDatasources",
"schemes" : [
"DataDrivenRxDatasources"
]
}
}
2026-09-21 11:17:15.084 xcodebuild[1129:6708] [MT] IDERunDestination: Supported platforms for the buildables in the current scheme is empty.
2026-09-21 11:17:15.185 xcodebuild[1129:6708] [MT] IDERunDestination: Supported platforms for the buildables in the current scheme is empty.
Running build ...
env DEVELOPER_DIR=/Applications/Xcode-27.0.0-Release.Candidate.app xcrun xcodebuild -IDEClonedSourcePackagesDirPathOverride=$PWD/.dependencies -skipMacroValidation -skipPackagePluginValidation -derivedDataPath $PWD/.derivedData build -scheme DataDrivenRxDatasources -destination generic/platform=watchOS
Command line invocation:
/Applications/Xcode-27.0.0-Release.Candidate.app/Contents/Developer/usr/bin/xcodebuild -IDEClonedSourcePackagesDirPathOverride=/Users/admin/builder/spi-builder-workspace/.dependencies -skipMacroValidation -skipPackagePluginValidation -derivedDataPath /Users/admin/builder/spi-builder-workspace/.derivedData build -scheme DataDrivenRxDatasources -destination generic/platform=watchOS
Resolve Package Graph
Resolved source packages:
RxSwift: https://github.com/ReactiveX/RxSwift.git @ 6.10.2
DataDrivenRxDatasources: /Users/admin/builder/spi-builder-workspace
RxDataSources: https://github.com/RxSwiftCommunity/RxDataSources.git @ 5.0.2
ComputePackagePrebuildTargetDependencyGraph
Prepare packages
CreateBuildRequest
SendProjectDescription
CreateBuildOperation
ComputeTargetDependencyGraph
note: Building targets in dependency order
note: Target dependency graph (16 targets)
Target 'DataDrivenRxDatasources-product' in project 'DataDrivenRxDatasources'
➜ Explicit dependency on target 'DataDrivenRxDatasources' in project 'DataDrivenRxDatasources'
➜ Explicit dependency on target 'DataDrivenRxDatasources_DataDrivenRxDatasources' in project 'DataDrivenRxDatasources'
➜ Explicit dependency on target 'RxSwift-product' in project 'RxSwift'
➜ Explicit dependency on target 'RxDataSources-product' in project 'RxDataSources'
Target 'DataDrivenRxDatasources' in project 'DataDrivenRxDatasources'
➜ Explicit dependency on target 'DataDrivenRxDatasources_DataDrivenRxDatasources' in project 'DataDrivenRxDatasources'
➜ Explicit dependency on target 'RxSwift-product' in project 'RxSwift'
➜ Explicit dependency on target 'RxDataSources-product' in project 'RxDataSources'
Target 'RxDataSources-product' in project 'RxDataSources'
➜ Explicit dependency on target 'RxDataSources' in project 'RxDataSources'
➜ Explicit dependency on target 'Differentiator' in project 'RxDataSources'
➜ Explicit dependency on target 'RxSwift-product' in project 'RxSwift'
➜ Explicit dependency on target 'RxCocoa-product' in project 'RxSwift'
Target 'RxDataSources' in project 'RxDataSources'
➜ Explicit dependency on target 'Differentiator' in project 'RxDataSources'
➜ Explicit dependency on target 'RxSwift-product' in project 'RxSwift'
➜ Explicit dependency on target 'RxCocoa-product' in project 'RxSwift'
Target 'RxCocoa-product' in project 'RxSwift'
➜ Explicit dependency on target 'RxCocoa' in project 'RxSwift'
➜ Explicit dependency on target 'RxSwift_RxCocoa' in project 'RxSwift'
➜ Explicit dependency on target 'RxSwift' in project 'RxSwift'
➜ Explicit dependency on target 'RxRelay' in project 'RxSwift'
➜ Explicit dependency on target 'RxCocoaRuntime' in project 'RxSwift'
Target 'RxCocoa' in project 'RxSwift'
➜ Explicit dependency on target 'RxSwift_RxCocoa' in project 'RxSwift'
➜ Explicit dependency on target 'RxSwift' in project 'RxSwift'
➜ Explicit dependency on target 'RxRelay' in project 'RxSwift'
➜ Explicit dependency on target 'RxCocoaRuntime' in project 'RxSwift'
Target 'RxCocoaRuntime' in project 'RxSwift'
➜ Explicit dependency on target 'RxSwift_RxCocoaRuntime' in project 'RxSwift'
➜ Explicit dependency on target 'RxSwift' in project 'RxSwift'
Target 'RxSwift_RxCocoaRuntime' in project 'RxSwift' (no dependencies)
Target 'RxRelay' in project 'RxSwift'
➜ Explicit dependency on target 'RxSwift_RxRelay' in project 'RxSwift'
➜ Explicit dependency on target 'RxSwift' in project 'RxSwift'
Target 'RxSwift_RxRelay' in project 'RxSwift' (no dependencies)
Target 'RxSwift_RxCocoa' in project 'RxSwift' (no dependencies)
Target 'Differentiator' in project 'RxDataSources' (no dependencies)
Target 'RxSwift-product' in project 'RxSwift'
➜ Explicit dependency on target 'RxSwift' in project 'RxSwift'
➜ Explicit dependency on target 'RxSwift_RxSwift' in project 'RxSwift'
Target 'RxSwift' in project 'RxSwift'
➜ Explicit dependency on target 'RxSwift_RxSwift' in project 'RxSwift'
Target 'RxSwift_RxSwift' in project 'RxSwift' (no dependencies)
Target 'DataDrivenRxDatasources_DataDrivenRxDatasources' in project 'DataDrivenRxDatasources' (no dependencies)
GatherProvisioningInputs
CreateBuildDescription
ClangStatCache /Applications/Xcode-27.0.0-Release.Candidate.app/Contents/Developer/Toolchains/XcodeDefault.xctoolchain/usr/bin/clang-stat-cache /Applications/Xcode-27.0.0-Release.Candidate.app/Contents/Developer/Platforms/WatchOS.platform/Developer/SDKs/WatchOS27.0.sdk /Users/admin/builder/spi-builder-workspace/.derivedData/SDKStatCaches.noindex/watchos27.0-24R360-e829b21a6f8c9b70876ba0858053c04477534ef55a1706bf4c1112bbb242f0a2.sdkstatcache
cd /Users/admin/builder/spi-builder-workspace/.swiftpm/xcode
/Applications/Xcode-27.0.0-Release.Candidate.app/Contents/Developer/Toolchains/XcodeDefault.xctoolchain/usr/bin/clang-stat-cache /Applications/Xcode-27.0.0-Release.Candidate.app/Contents/Developer/Platforms/WatchOS.platform/Developer/SDKs/WatchOS27.0.sdk -o /Users/admin/builder/spi-builder-workspace/.derivedData/SDKStatCaches.noindex/watchos27.0-24R360-e829b21a6f8c9b70876ba0858053c04477534ef55a1706bf4c1112bbb242f0a2.sdkstatcache
SwiftDriver DataDrivenRxDatasources normal arm64_32 com.apple.xcode.tools.swift.compiler (in target 'DataDrivenRxDatasources' from project 'DataDrivenRxDatasources')
cd /Users/admin/builder/spi-builder-workspace/.swiftpm/xcode
builtin-SwiftDriver -- /Applications/Xcode-27.0.0-Release.Candidate.app/Contents/Developer/Toolchains/XcodeDefault.xctoolchain/usr/bin/swiftc -parse-as-library -module-name DataDrivenRxDatasources -Onone @/Users/admin/builder/spi-builder-workspace/.derivedData/Build/Intermediates.noindex/DataDrivenRxDatasources.build/Debug-watchos/DataDrivenRxDatasources-t.build/Objects-normal/arm64_32/DataDrivenRxDatasources.SwiftFileList -DSWIFT_PACKAGE -DDEBUG -DSWIFT_MODULE_RESOURCE_BUNDLE_AVAILABLE -Xcc -fmodule-map-file\=/Users/admin/builder/spi-builder-workspace/.derivedData/Build/Intermediates.noindex/GeneratedModuleMaps-watchos/RxCocoaRuntime.modulemap -DXcode -plugin-path /Applications/Xcode-27.0.0-Release.Candidate.app/Contents/Developer/Toolchains/XcodeDefault.xctoolchain/usr/lib/swift/host/plugins/testing -enable-experimental-feature DebugDescriptionMacro -sdk /Applications/Xcode-27.0.0-Release.Candidate.app/Contents/Developer/Platforms/WatchOS.platform/Developer/SDKs/WatchOS27.0.sdk -target arm64_32-apple-watchos9.0 -g -module-cache-path /Users/admin/builder/spi-builder-workspace/.derivedData/ModuleCache.noindex -Xfrontend -serialize-debugging-options -enable-testing -index-store-path /Users/admin/builder/spi-builder-workspace/.derivedData/Index.noindex/DataStore -Xcc -D_LIBCPP_HARDENING_MODE\=_LIBCPP_HARDENING_MODE_DEBUG -swift-version 5 -I /Users/admin/builder/spi-builder-workspace/.derivedData/Build/Products/Debug-watchos -Isystem /Applications/Xcode-27.0.0-Release.Candidate.app/Contents/Developer/Platforms/WatchOS.platform/Developer/usr/lib -F /Users/admin/builder/spi-builder-workspace/.derivedData/Build/Products/Debug-watchos/PackageFrameworks -F /Users/admin/builder/spi-builder-workspace/.derivedData/Build/Products/Debug-watchos -F /Applications/Xcode-27.0.0-Release.Candidate.app/Contents/Developer/Platforms/WatchOS.platform/Developer/Library/Frameworks -F /Applications/Xcode-27.0.0-Release.Candidate.app/Contents/Developer/Platforms/WatchOS.platform/Developer/SDKs/WatchOS27.0.sdk/Developer/Library/Frameworks -c -j10 -enable-batch-mode -incremental -Xcc -ivfsstatcache -Xcc /Users/admin/builder/spi-builder-workspace/.derivedData/SDKStatCaches.noindex/watchos27.0-24R360-e829b21a6f8c9b70876ba0858053c04477534ef55a1706bf4c1112bbb242f0a2.sdkstatcache -output-file-map /Users/admin/builder/spi-builder-workspace/.derivedData/Build/Intermediates.noindex/DataDrivenRxDatasources.build/Debug-watchos/DataDrivenRxDatasources-t.build/Objects-normal/arm64_32/DataDrivenRxDatasources-OutputFileMap.json -save-temps -no-color-diagnostics -explicit-module-build -module-cache-path /Users/admin/builder/spi-builder-workspace/.derivedData/Build/Intermediates.noindex/SwiftExplicitPrecompiledModules -clang-scanner-module-cache-path /Users/admin/builder/spi-builder-workspace/.derivedData/ModuleCache.noindex -sdk-module-cache-path /Users/admin/builder/spi-builder-workspace/.derivedData/SDKExplicitPrecompiledModules -emit-dependencies -emit-module -emit-module-path /Users/admin/builder/spi-builder-workspace/.derivedData/Build/Intermediates.noindex/DataDrivenRxDatasources.build/Debug-watchos/DataDrivenRxDatasources-t.build/Objects-normal/arm64_32/DataDrivenRxDatasources.swiftmodule -serialize-diagnostics -dependency-scan-serialize-diagnostics-path /Users/admin/builder/spi-builder-workspace/.derivedData/Build/Intermediates.noindex/DataDrivenRxDatasources.build/Debug-watchos/DataDrivenRxDatasources-t.build/Objects-normal/arm64_32/DataDrivenRxDatasources-dependency-scan.dia -validate-clang-modules-once -clang-build-session-file /Users/admin/builder/spi-builder-workspace/.derivedData/ModuleCache.noindex/Session.modulevalidation -Xcc -fmodules-prune-interval\=86400 -Xcc -fmodules-prune-after\=345600 -package-name spi_builder_workspace -emit-const-values -const-gather-protocols-list /Users/admin/builder/spi-builder-workspace/.derivedData/Build/Intermediates.noindex/DataDrivenRxDatasources.build/Debug-watchos/DataDrivenRxDatasources-t.build/Objects-normal/arm64_32/DataDrivenRxDatasources_const_extract_protocols.json -Xcc -I/Users/admin/builder/spi-builder-workspace/.dependencies/checkouts/RxSwift/Sources/RxCocoaRuntime/include -Xcc -I/Users/admin/builder/spi-builder-workspace/.derivedData/Build/Products/Debug-watchos/include -Xcc -I/Users/admin/builder/spi-builder-workspace/.derivedData/Build/Intermediates.noindex/DataDrivenRxDatasources.build/Debug-watchos/DataDrivenRxDatasources-t.build/DerivedSources-normal/arm64_32 -Xcc -I/Users/admin/builder/spi-builder-workspace/.derivedData/Build/Intermediates.noindex/DataDrivenRxDatasources.build/Debug-watchos/DataDrivenRxDatasources-t.build/DerivedSources/arm64_32 -Xcc -I/Users/admin/builder/spi-builder-workspace/.derivedData/Build/Intermediates.noindex/DataDrivenRxDatasources.build/Debug-watchos/DataDrivenRxDatasources-t.build/DerivedSources -Xcc -DSWIFT_PACKAGE -Xcc -DDEBUG\=1 -emit-objc-header -emit-objc-header-path /Users/admin/builder/spi-builder-workspace/.derivedData/Build/Intermediates.noindex/DataDrivenRxDatasources.build/Debug-watchos/DataDrivenRxDatasources-t.build/Objects-normal/arm64_32/DataDrivenRxDatasources-Swift.h -working-directory /Users/admin/builder/spi-builder-workspace/.swiftpm/xcode -experimental-emit-module-separately -disable-cmo
SwiftDriver DataDrivenRxDatasources normal arm64 com.apple.xcode.tools.swift.compiler (in target 'DataDrivenRxDatasources' from project 'DataDrivenRxDatasources')
cd /Users/admin/builder/spi-builder-workspace/.swiftpm/xcode
builtin-SwiftDriver -- /Applications/Xcode-27.0.0-Release.Candidate.app/Contents/Developer/Toolchains/XcodeDefault.xctoolchain/usr/bin/swiftc -parse-as-library -module-name DataDrivenRxDatasources -Onone @/Users/admin/builder/spi-builder-workspace/.derivedData/Build/Intermediates.noindex/DataDrivenRxDatasources.build/Debug-watchos/DataDrivenRxDatasources-t.build/Objects-normal/arm64/DataDrivenRxDatasources.SwiftFileList -DSWIFT_PACKAGE -DDEBUG -DSWIFT_MODULE_RESOURCE_BUNDLE_AVAILABLE -Xcc -fmodule-map-file\=/Users/admin/builder/spi-builder-workspace/.derivedData/Build/Intermediates.noindex/GeneratedModuleMaps-watchos/RxCocoaRuntime.modulemap -DXcode -plugin-path /Applications/Xcode-27.0.0-Release.Candidate.app/Contents/Developer/Toolchains/XcodeDefault.xctoolchain/usr/lib/swift/host/plugins/testing -enable-experimental-feature DebugDescriptionMacro -sdk /Applications/Xcode-27.0.0-Release.Candidate.app/Contents/Developer/Platforms/WatchOS.platform/Developer/SDKs/WatchOS27.0.sdk -target arm64-apple-watchos9.0 -g -module-cache-path /Users/admin/builder/spi-builder-workspace/.derivedData/ModuleCache.noindex -Xfrontend -serialize-debugging-options -enable-testing -index-store-path /Users/admin/builder/spi-builder-workspace/.derivedData/Index.noindex/DataStore -Xcc -D_LIBCPP_HARDENING_MODE\=_LIBCPP_HARDENING_MODE_DEBUG -swift-version 5 -I /Users/admin/builder/spi-builder-workspace/.derivedData/Build/Products/Debug-watchos -Isystem /Applications/Xcode-27.0.0-Release.Candidate.app/Contents/Developer/Platforms/WatchOS.platform/Developer/usr/lib -F /Users/admin/builder/spi-builder-workspace/.derivedData/Build/Products/Debug-watchos/PackageFrameworks -F /Users/admin/builder/spi-builder-workspace/.derivedData/Build/Products/Debug-watchos -F /Applications/Xcode-27.0.0-Release.Candidate.app/Contents/Developer/Platforms/WatchOS.platform/Developer/Library/Frameworks -F /Applications/Xcode-27.0.0-Release.Candidate.app/Contents/Developer/Platforms/WatchOS.platform/Developer/SDKs/WatchOS27.0.sdk/Developer/Library/Frameworks -c -j10 -enable-batch-mode -incremental -Xcc -ivfsstatcache -Xcc /Users/admin/builder/spi-builder-workspace/.derivedData/SDKStatCaches.noindex/watchos27.0-24R360-e829b21a6f8c9b70876ba0858053c04477534ef55a1706bf4c1112bbb242f0a2.sdkstatcache -output-file-map /Users/admin/builder/spi-builder-workspace/.derivedData/Build/Intermediates.noindex/DataDrivenRxDatasources.build/Debug-watchos/DataDrivenRxDatasources-t.build/Objects-normal/arm64/DataDrivenRxDatasources-OutputFileMap.json -save-temps -no-color-diagnostics -explicit-module-build -module-cache-path /Users/admin/builder/spi-builder-workspace/.derivedData/Build/Intermediates.noindex/SwiftExplicitPrecompiledModules -clang-scanner-module-cache-path /Users/admin/builder/spi-builder-workspace/.derivedData/ModuleCache.noindex -sdk-module-cache-path /Users/admin/builder/spi-builder-workspace/.derivedData/SDKExplicitPrecompiledModules -emit-dependencies -emit-module -emit-module-path /Users/admin/builder/spi-builder-workspace/.derivedData/Build/Intermediates.noindex/DataDrivenRxDatasources.build/Debug-watchos/DataDrivenRxDatasources-t.build/Objects-normal/arm64/DataDrivenRxDatasources.swiftmodule -serialize-diagnostics -dependency-scan-serialize-diagnostics-path /Users/admin/builder/spi-builder-workspace/.derivedData/Build/Intermediates.noindex/DataDrivenRxDatasources.build/Debug-watchos/DataDrivenRxDatasources-t.build/Objects-normal/arm64/DataDrivenRxDatasources-dependency-scan.dia -validate-clang-modules-once -clang-build-session-file /Users/admin/builder/spi-builder-workspace/.derivedData/ModuleCache.noindex/Session.modulevalidation -Xcc -fmodules-prune-interval\=86400 -Xcc -fmodules-prune-after\=345600 -package-name spi_builder_workspace -emit-const-values -const-gather-protocols-list /Users/admin/builder/spi-builder-workspace/.derivedData/Build/Intermediates.noindex/DataDrivenRxDatasources.build/Debug-watchos/DataDrivenRxDatasources-t.build/Objects-normal/arm64/DataDrivenRxDatasources_const_extract_protocols.json -Xcc -I/Users/admin/builder/spi-builder-workspace/.dependencies/checkouts/RxSwift/Sources/RxCocoaRuntime/include -Xcc -I/Users/admin/builder/spi-builder-workspace/.derivedData/Build/Products/Debug-watchos/include -Xcc -I/Users/admin/builder/spi-builder-workspace/.derivedData/Build/Intermediates.noindex/DataDrivenRxDatasources.build/Debug-watchos/DataDrivenRxDatasources-t.build/DerivedSources-normal/arm64 -Xcc -I/Users/admin/builder/spi-builder-workspace/.derivedData/Build/Intermediates.noindex/DataDrivenRxDatasources.build/Debug-watchos/DataDrivenRxDatasources-t.build/DerivedSources/arm64 -Xcc -I/Users/admin/builder/spi-builder-workspace/.derivedData/Build/Intermediates.noindex/DataDrivenRxDatasources.build/Debug-watchos/DataDrivenRxDatasources-t.build/DerivedSources -Xcc -DSWIFT_PACKAGE -Xcc -DDEBUG\=1 -emit-objc-header -emit-objc-header-path /Users/admin/builder/spi-builder-workspace/.derivedData/Build/Intermediates.noindex/DataDrivenRxDatasources.build/Debug-watchos/DataDrivenRxDatasources-t.build/Objects-normal/arm64/DataDrivenRxDatasources-Swift.h -working-directory /Users/admin/builder/spi-builder-workspace/.swiftpm/xcode -experimental-emit-module-separately -disable-cmo
SwiftEmitModule normal arm64_32 Emitting\ module\ for\ DataDrivenRxDatasources (in target 'DataDrivenRxDatasources' from project 'DataDrivenRxDatasources')
SwiftCompile normal arm64_32 (in target 'DataDrivenRxDatasources' from project 'DataDrivenRxDatasources')
cd /Users/admin/builder/spi-builder-workspace/.swiftpm/xcode
SwiftCompile normal arm64 Compiling\ DecoratableTableView.swift,\ DiffableTableSectionModel.swift /Users/admin/builder/spi-builder-workspace/Sources/DataDrivenRxDatasources/TableView/DecoratableTableView.swift /Users/admin/builder/spi-builder-workspace/Sources/DataDrivenRxDatasources/TableView/DiffableTableSectionModel.swift (in target 'DataDrivenRxDatasources' from project 'DataDrivenRxDatasources')
SwiftCompile normal arm64 /Users/admin/builder/spi-builder-workspace/Sources/DataDrivenRxDatasources/TableView/DecoratableTableView.swift (in target 'DataDrivenRxDatasources' from project 'DataDrivenRxDatasources')
cd /Users/admin/builder/spi-builder-workspace/.swiftpm/xcode
builtin-SwiftPerFileCompile DecoratableTableView.swift
SwiftCompile normal arm64 /Users/admin/builder/spi-builder-workspace/Sources/DataDrivenRxDatasources/TableView/DiffableTableSectionModel.swift (in target 'DataDrivenRxDatasources' from project 'DataDrivenRxDatasources')
cd /Users/admin/builder/spi-builder-workspace/.swiftpm/xcode
builtin-SwiftPerFileCompile DiffableTableSectionModel.swift
SwiftCompile normal arm64 Compiling\ CollectionSectionModel.swift,\ CollectionViewFlowLayout.swift /Users/admin/builder/spi-builder-workspace/Sources/DataDrivenRxDatasources/CollectionView/CollectionSectionModel.swift /Users/admin/builder/spi-builder-workspace/Sources/DataDrivenRxDatasources/CollectionView/CollectionViewFlowLayout.swift (in target 'DataDrivenRxDatasources' from project 'DataDrivenRxDatasources')
SwiftCompile normal arm64 /Users/admin/builder/spi-builder-workspace/Sources/DataDrivenRxDatasources/CollectionView/CollectionSectionModel.swift (in target 'DataDrivenRxDatasources' from project 'DataDrivenRxDatasources')
cd /Users/admin/builder/spi-builder-workspace/.swiftpm/xcode
builtin-SwiftPerFileCompile CollectionSectionModel.swift
SwiftCompile normal arm64 /Users/admin/builder/spi-builder-workspace/Sources/DataDrivenRxDatasources/CollectionView/CollectionViewFlowLayout.swift (in target 'DataDrivenRxDatasources' from project 'DataDrivenRxDatasources')
cd /Users/admin/builder/spi-builder-workspace/.swiftpm/xcode
builtin-SwiftPerFileCompile CollectionViewFlowLayout.swift
SwiftCompile normal arm64 Compiling\ ContextMenuAction.swift,\ SectionModelExtensions.swift /Users/admin/builder/spi-builder-workspace/Sources/DataDrivenRxDatasources/ContextMenuAction.swift /Users/admin/builder/spi-builder-workspace/Sources/DataDrivenRxDatasources/SectionModelExtensions.swift (in target 'DataDrivenRxDatasources' from project 'DataDrivenRxDatasources')
SwiftCompile normal arm64 /Users/admin/builder/spi-builder-workspace/Sources/DataDrivenRxDatasources/ContextMenuAction.swift (in target 'DataDrivenRxDatasources' from project 'DataDrivenRxDatasources')
cd /Users/admin/builder/spi-builder-workspace/.swiftpm/xcode
builtin-SwiftPerFileCompile ContextMenuAction.swift
SwiftCompile normal arm64 /Users/admin/builder/spi-builder-workspace/Sources/DataDrivenRxDatasources/SectionModelExtensions.swift (in target 'DataDrivenRxDatasources' from project 'DataDrivenRxDatasources')
cd /Users/admin/builder/spi-builder-workspace/.swiftpm/xcode
builtin-SwiftPerFileCompile SectionModelExtensions.swift
SwiftEmitModule normal arm64 Emitting\ module\ for\ DataDrivenRxDatasources (in target 'DataDrivenRxDatasources' from project 'DataDrivenRxDatasources')
SwiftCompile normal arm64 (in target 'DataDrivenRxDatasources' from project 'DataDrivenRxDatasources')
cd /Users/admin/builder/spi-builder-workspace/.swiftpm/xcode
SwiftCompile normal arm64 Compiling\ HeaderFooterType.swift,\ IdentifiableCellViewModel.swift /Users/admin/builder/spi-builder-workspace/Sources/DataDrivenRxDatasources/TableView/HeaderFooterType.swift /Users/admin/builder/spi-builder-workspace/Sources/DataDrivenRxDatasources/TableView/IdentifiableCellViewModel.swift (in target 'DataDrivenRxDatasources' from project 'DataDrivenRxDatasources')
/Users/admin/builder/spi-builder-workspace/Sources/DataDrivenRxDatasources/TableView/HeaderFooterType.swift:15:18: error: 'UITableViewHeaderFooterView' is unavailable in watchOS
13 | public enum HeaderFooterType {
14 | // directly form class
15 | case classType(UITableViewHeaderFooterView.Type)
| `- error: 'UITableViewHeaderFooterView' is unavailable in watchOS
16 | // from xib file
17 | case nibType(name: String, bundle: Bundle? = nil)
/Applications/Xcode-27.0.0-Release.Candidate.app/Contents/Developer/Platforms/WatchOS.platform/Developer/SDKs/WatchOS27.0.sdk/System/Library/Frameworks/UIKit.framework/Headers/UITableViewHeaderFooterView.h:25:12: note: 'UITableViewHeaderFooterView' has been explicitly marked unavailable here
23 |
24 | UIKIT_EXTERN API_AVAILABLE(ios(6.0)) API_UNAVAILABLE(watchos) NS_SWIFT_UI_ACTOR
25 | @interface UITableViewHeaderFooterView : UIView
| `- note: 'UITableViewHeaderFooterView' has been explicitly marked unavailable here
26 |
27 | - (instancetype)initWithReuseIdentifier:(nullable NSString *)reuseIdentifier NS_DESIGNATED_INITIALIZER;
SwiftCompile normal arm64 /Users/admin/builder/spi-builder-workspace/Sources/DataDrivenRxDatasources/TableView/HeaderFooterType.swift (in target 'DataDrivenRxDatasources' from project 'DataDrivenRxDatasources')
cd /Users/admin/builder/spi-builder-workspace/.swiftpm/xcode
builtin-SwiftPerFileCompile HeaderFooterType.swift
SwiftCompile normal arm64 /Users/admin/builder/spi-builder-workspace/Sources/DataDrivenRxDatasources/TableView/IdentifiableCellViewModel.swift (in target 'DataDrivenRxDatasources' from project 'DataDrivenRxDatasources')
cd /Users/admin/builder/spi-builder-workspace/.swiftpm/xcode
builtin-SwiftPerFileCompile IdentifiableCellViewModel.swift
SwiftCompile normal arm64_32 Compiling\ ExtendedSectionedViewDataSourceType.swift,\ HeaderFooterSectionType.swift /Users/admin/builder/spi-builder-workspace/Sources/DataDrivenRxDatasources/TableView/ExtendedSectionedViewDataSourceType.swift /Users/admin/builder/spi-builder-workspace/Sources/DataDrivenRxDatasources/TableView/HeaderFooterSectionType.swift (in target 'DataDrivenRxDatasources' from project 'DataDrivenRxDatasources')
/Users/admin/builder/spi-builder-workspace/Sources/DataDrivenRxDatasources/TableView/ExtendedSectionedViewDataSourceType.swift:16:11: error: cannot find type 'TableViewSectionedDataSource' in scope
14 | }
15 |
16 | extension TableViewSectionedDataSource: ExtendedSectionedViewDataSourceType where Section: ModelType {
| `- error: cannot find type 'TableViewSectionedDataSource' in scope
17 | func sectionModel(at index: Int) -> Section.Model? {
18 | return sectionModels[index].model
/Users/admin/builder/spi-builder-workspace/Sources/DataDrivenRxDatasources/TableView/ExtendedSectionedViewDataSourceType.swift:16:77: error: 'where' clause cannot be applied to a non-generic top-level declaration
14 | }
15 |
16 | extension TableViewSectionedDataSource: ExtendedSectionedViewDataSourceType where Section: ModelType {
| `- error: 'where' clause cannot be applied to a non-generic top-level declaration
17 | func sectionModel(at index: Int) -> Section.Model? {
18 | return sectionModels[index].model
/Users/admin/builder/spi-builder-workspace/Sources/DataDrivenRxDatasources/TableView/ExtendedSectionedViewDataSourceType.swift:17:39: error: cannot find type 'Section' in scope
15 |
16 | extension TableViewSectionedDataSource: ExtendedSectionedViewDataSourceType where Section: ModelType {
17 | func sectionModel(at index: Int) -> Section.Model? {
| `- error: cannot find type 'Section' in scope
18 | return sectionModels[index].model
19 | }
Failed frontend command:
/Applications/Xcode-27.0.0-Release.Candidate.app/Contents/Developer/Toolchains/XcodeDefault.xctoolchain/usr/bin/swift-frontend -frontend -c /Users/admin/builder/spi-builder-workspace/.derivedData/Build/Intermediates.noindex/DataDrivenRxDatasources.build/Debug-watchos/DataDrivenRxDatasources-t.build/DerivedSources/resource_bundle_accessor.swift /Users/admin/builder/spi-builder-workspace/Sources/DataDrivenRxDatasources/CollectionView/AnimatableCollectionSectionModel.swift /Users/admin/builder/spi-builder-workspace/Sources/DataDrivenRxDatasources/CollectionView/CollectionCellViewModel.swift /Users/admin/builder/spi-builder-workspace/Sources/DataDrivenRxDatasources/CollectionView/CollectionSectionModel.swift /Users/admin/builder/spi-builder-workspace/Sources/DataDrivenRxDatasources/CollectionView/CollectionViewFlowLayout.swift /Users/admin/builder/spi-builder-workspace/Sources/DataDrivenRxDatasources/CollectionView/IdentifiableCollectionCellViewModel.swift /Users/admin/builder/spi-builder-workspace/Sources/DataDrivenRxDatasources/CollectionView/RxCollectionView.swift /Users/admin/builder/spi-builder-workspace/Sources/DataDrivenRxDatasources/ContextMenuAction.swift /Users/admin/builder/spi-builder-workspace/Sources/DataDrivenRxDatasources/SectionModelExtensions.swift /Users/admin/builder/spi-builder-workspace/Sources/DataDrivenRxDatasources/TableView/AnimatableTableSectionModel.swift /Users/admin/builder/spi-builder-workspace/Sources/DataDrivenRxDatasources/TableView/CellViewModel.swift /Users/admin/builder/spi-builder-workspace/Sources/DataDrivenRxDatasources/TableView/DecoratableTableView.swift /Users/admin/builder/spi-builder-workspace/Sources/DataDrivenRxDatasources/TableView/DiffableTableSectionModel.swift -primary-file /Users/admin/builder/spi-builder-workspace/Sources/DataDrivenRxDatasources/TableView/ExtendedSectionedViewDataSourceType.swift -primary-file /Users/admin/builder/spi-builder-workspace/Sources/DataDrivenRxDatasources/TableView/HeaderFooterSectionType.swift /Users/admin/builder/spi-builder-workspace/Sources/DataDrivenRxDatasources/TableView/HeaderFooterType.swift /Users/admin/builder/spi-builder-workspace/Sources/DataDrivenRxDatasources/TableView/IdentifiableCellViewModel.swift /Users/admin/builder/spi-builder-workspace/Sources/DataDrivenRxDatasources/TableView/RxTableView.swift /Users/admin/builder/spi-builder-workspace/Sources/DataDrivenRxDatasources/TableView/RxTableViewDiffableDataSource.swift /Users/admin/builder/spi-builder-workspace/Sources/DataDrivenRxDatasources/TableView/SwipeAction.swift /Users/admin/builder/spi-builder-workspace/Sources/DataDrivenRxDatasources/TableView/TableSectionModel.swift -emit-dependencies-path /Users/admin/builder/spi-builder-workspace/.derivedData/Build/Intermediates.noindex/DataDrivenRxDatasources.build/Debug-watchos/DataDrivenRxDatasources-t.build/Objects-normal/arm64_32/ExtendedSectionedViewDataSourceType.d -emit-const-values-path /Users/admin/builder/spi-builder-workspace/.derivedData/Build/Intermediates.noindex/DataDrivenRxDatasources.build/Debug-watchos/DataDrivenRxDatasources-t.build/Objects-normal/arm64_32/ExtendedSectionedViewDataSourceType.swiftconstvalues -emit-reference-dependencies-path /Users/admin/builder/spi-builder-workspace/.derivedData/Build/Intermediates.noindex/DataDrivenRxDatasources.build/Debug-watchos/DataDrivenRxDatasources-t.build/Objects-normal/arm64_32/ExtendedSectionedViewDataSourceType.swiftdeps -serialize-diagnostics-path /Users/admin/builder/spi-builder-workspace/.derivedData/Build/Intermediates.noindex/DataDrivenRxDatasources.build/Debug-watchos/DataDrivenRxDatasources-t.build/Objects-normal/arm64_32/ExtendedSectionedViewDataSourceType.dia -emit-dependencies-path /Users/admin/builder/spi-builder-workspace/.derivedData/Build/Intermediates.noindex/DataDrivenRxDatasources.build/Debug-watchos/DataDrivenRxDatasources-t.build/Objects-normal/arm64_32/HeaderFooterSectionType.d -emit-const-values-path /Users/admin/builder/spi-builder-workspace/.derivedData/Build/Intermediates.noindex/DataDrivenRxDatasources.build/Debug-watchos/DataDrivenRxDatasources-t.build/Objects-normal/arm64_32/HeaderFooterSectionType.swiftconstvalues -emit-reference-dependencies-path /Users/admin/builder/spi-builder-workspace/.derivedData/Build/Intermediates.noindex/DataDrivenRxDatasources.build/Debug-watchos/DataDrivenRxDatasources-t.build/Objects-normal/arm64_32/HeaderFooterSectionType.swiftdeps -serialize-diagnostics-path /Users/admin/builder/spi-builder-workspace/.derivedData/Build/Intermediates.noindex/DataDrivenRxDatasources.build/Debug-watchos/DataDrivenRxDatasources-t.build/Objects-normal/arm64_32/HeaderFooterSectionType.dia -target arm64_32-apple-watchos9.0 -disable-cross-import-overlay-search -load-resolved-plugin /Applications/Xcode-27.0.0-Release.Candidate.app/Contents/Developer/Platforms/WatchOS.platform/Developer/usr/lib/swift/host/plugins/libFoundationMacros.dylib\#/Applications/Xcode-27.0.0-Release.Candidate.app/Contents/Developer/Platforms/WatchOS.platform/Developer/usr/bin/swift-plugin-server\#FoundationMacros -load-resolved-plugin /Applications/Xcode-27.0.0-Release.Candidate.app/Contents/Developer/Platforms/WatchOS.platform/Developer/usr/lib/swift/host/plugins/libObservationMacros.dylib\#/Applications/Xcode-27.0.0-Release.Candidate.app/Contents/Developer/Platforms/WatchOS.platform/Developer/usr/bin/swift-plugin-server\#ObservationMacros -load-resolved-plugin /Applications/Xcode-27.0.0-Release.Candidate.app/Contents/Developer/Platforms/WatchOS.platform/Developer/usr/lib/swift/host/plugins/libSwiftMacros.dylib\#/Applications/Xcode-27.0.0-Release.Candidate.app/Contents/Developer/Platforms/WatchOS.platform/Developer/usr/bin/swift-plugin-server\#SwiftMacros -load-resolved-plugin /Applications/Xcode-27.0.0-Release.Candidate.app/Contents/Developer/Platforms/WatchOS.platform/Developer/usr/lib/swift/host/plugins/libSwiftUIMacros.dylib\#/Applications/Xcode-27.0.0-Release.Candidate.app/Contents/Developer/Platforms/WatchOS.platform/Developer/usr/bin/swift-plugin-server\#SwiftUIMacros -disable-implicit-swift-modules -Xcc -fno-implicit-modules -Xcc -fno-implicit-module-maps -explicit-swift-module-map-file /Users/admin/builder/spi-builder-workspace/.derivedData/Build/Intermediates.noindex/DataDrivenRxDatasources.build/Debug-watchos/DataDrivenRxDatasources-t.build/Objects-normal/arm64_32/DataDrivenRxDatasources-dependencies-2.json -enable-objc-interop -sdk /Applications/Xcode-27.0.0-Release.Candidate.app/Contents/Developer/Platforms/WatchOS.platform/Developer/SDKs/WatchOS27.0.sdk -I /Users/admin/builder/spi-builder-workspace/.derivedData/Build/Products/Debug-watchos -Isystem /Applications/Xcode-27.0.0-Release.Candidate.app/Contents/Developer/Platforms/WatchOS.platform/Developer/usr/lib -F /Users/admin/builder/spi-builder-workspace/.derivedData/Build/Products/Debug-watchos/PackageFrameworks -F /Users/admin/builder/spi-builder-workspace/.derivedData/Build/Products/Debug-watchos -F /Applications/Xcode-27.0.0-Release.Candidate.app/Contents/Developer/Platforms/WatchOS.platform/Developer/Library/Frameworks -F /Applications/Xcode-27.0.0-Release.Candidate.app/Contents/Developer/Platforms/WatchOS.platform/Developer/SDKs/WatchOS27.0.sdk/Developer/Library/Frameworks -module-cache-path /Users/admin/builder/spi-builder-workspace/.derivedData/Build/Intermediates.noindex/SwiftExplicitPrecompiledModules -no-color-diagnostics -Xcc -fno-color-diagnostics -enable-testing -g -debug-info-format\=dwarf -dwarf-version\=4 -swift-version 5 -Onone -D SWIFT_PACKAGE -D DEBUG -D SWIFT_MODULE_RESOURCE_BUNDLE_AVAILABLE -D Xcode -serialize-debugging-options -enable-experimental-feature DebugDescriptionMacro -empty-abi-descriptor -validate-clang-modules-once -clang-build-session-file /Users/admin/builder/spi-builder-workspace/.derivedData/ModuleCache.noindex/Session.modulevalidation -Xcc -working-directory -Xcc /Users/admin/builder/spi-builder-workspace/.swiftpm/xcode -enable-anonymous-context-mangled-names -file-compilation-dir /Users/admin/builder/spi-builder-workspace/.swiftpm/xcode -Xcc -fmodule-map-file\=/Users/admin/builder/spi-builder-workspace/.derivedData/Build/Intermediates.noindex/GeneratedModuleMaps-watchos/RxCocoaRuntime.modulemap -Xcc -D_LIBCPP_HARDENING_MODE\=_LIBCPP_HARDENING_MODE_DEBUG -Xcc -ivfsstatcache -Xcc /Users/admin/builder/spi-builder-workspace/.derivedData/SDKStatCaches.noindex/watchos27.0-24R360-e829b21a6f8c9b70876ba0858053c04477534ef55a1706bf4c1112bbb242f0a2.sdkstatcache -Xcc -fmodules-prune-interval\=86400 -Xcc -fmodules-prune-after\=345600 -Xcc -I/Users/admin/builder/spi-builder-workspace/.dependencies/checkouts/RxSwift/Sources/RxCocoaRuntime/include -Xcc -I/Users/admin/builder/spi-builder-workspace/.derivedData/Build/Products/Debug-watchos/include -Xcc -I/Users/admin/builder/spi-builder-workspace/.derivedData/Build/Intermediates.noindex/DataDrivenRxDatasources.build/Debug-watchos/DataDrivenRxDatasources-t.build/DerivedSources-normal/arm64_32 -Xcc -I/Users/admin/builder/spi-builder-workspace/.derivedData/Build/Intermediates.noindex/DataDrivenRxDatasources.build/Debug-watchos/DataDrivenRxDatasources-t.build/DerivedSources/arm64_32 -Xcc -I/Users/admin/builder/spi-builder-workspace/.derivedData/Build/Intermediates.noindex/DataDrivenRxDatasources.build/Debug-watchos/DataDrivenRxDatasources-t.build/DerivedSources -Xcc -DSWIFT_PACKAGE -Xcc -DDEBUG\=1 -no-auto-bridging-header-chaining -module-name DataDrivenRxDatasources -package-name spi_builder_workspace -const-gather-protocols-file /Users/admin/builder/spi-builder-workspace/.derivedData/Build/Intermediates.noindex/DataDrivenRxDatasources.build/Debug-watchos/DataDrivenRxDatasources-t.build/Objects-normal/arm64_32/DataDrivenRxDatasources_const_extract_protocols.json -disable-clang-spi -clang-target arm64_32-apple-watchos27.0 -target-sdk-version 27.0 -target-sdk-name watchos27.0 -in-process-plugin-server-path /Applications/Xcode-27.0.0-Release.Candidate.app/Contents/Developer/Toolchains/XcodeDefault.xctoolchain/usr/lib/swift/host/libSwiftInProcPluginServer.dylib -parse-as-library -o /Users/admin/builder/spi-builder-workspace/.derivedData/Build/Intermediates.noindex/DataDrivenRxDatasources.build/Debug-watchos/DataDrivenRxDatasources-t.build/Objects-normal/arm64_32/ExtendedSectionedViewDataSourceType.o -o /Users/admin/builder/spi-builder-workspace/.derivedData/Build/Intermediates.noindex/DataDrivenRxDatasources.build/Debug-watchos/DataDrivenRxDatasources-t.build/Objects-normal/arm64_32/HeaderFooterSectionType.o -debug-module-path /Users/admin/builder/spi-builder-workspace/.derivedData/Build/Intermediates.noindex/DataDrivenRxDatasources.build/Debug-watchos/DataDrivenRxDatasources-t.build/Objects-normal/arm64_32/DataDrivenRxDatasources.swiftmodule -index-unit-output-path /DataDrivenRxDatasources.build/Debug-watchos/DataDrivenRxDatasources-t.build/Objects-normal/arm64_32/ExtendedSectionedViewDataSourceType.o -index-unit-output-path /DataDrivenRxDatasources.build/Debug-watchos/DataDrivenRxDatasources-t.build/Objects-normal/arm64_32/HeaderFooterSectionType.o -index-store-path /Users/admin/builder/spi-builder-workspace/.derivedData/Index.noindex/DataStore -index-system-modules
SwiftCompile normal arm64_32 /Users/admin/builder/spi-builder-workspace/Sources/DataDrivenRxDatasources/TableView/ExtendedSectionedViewDataSourceType.swift (in target 'DataDrivenRxDatasources' from project 'DataDrivenRxDatasources')
cd /Users/admin/builder/spi-builder-workspace/.swiftpm/xcode
builtin-SwiftPerFileCompile ExtendedSectionedViewDataSourceType.swift
SwiftCompile normal arm64_32 /Users/admin/builder/spi-builder-workspace/Sources/DataDrivenRxDatasources/TableView/HeaderFooterSectionType.swift (in target 'DataDrivenRxDatasources' from project 'DataDrivenRxDatasources')
cd /Users/admin/builder/spi-builder-workspace/.swiftpm/xcode
builtin-SwiftPerFileCompile HeaderFooterSectionType.swift
SwiftCompile normal arm64_32 Compiling\ AnimatableTableSectionModel.swift,\ CellViewModel.swift /Users/admin/builder/spi-builder-workspace/Sources/DataDrivenRxDatasources/TableView/AnimatableTableSectionModel.swift /Users/admin/builder/spi-builder-workspace/Sources/DataDrivenRxDatasources/TableView/CellViewModel.swift (in target 'DataDrivenRxDatasources' from project 'DataDrivenRxDatasources')
SwiftCompile normal arm64_32 /Users/admin/builder/spi-builder-workspace/Sources/DataDrivenRxDatasources/TableView/AnimatableTableSectionModel.swift (in target 'DataDrivenRxDatasources' from project 'DataDrivenRxDatasources')
cd /Users/admin/builder/spi-builder-workspace/.swiftpm/xcode
builtin-SwiftPerFileCompile AnimatableTableSectionModel.swift
SwiftCompile normal arm64_32 /Users/admin/builder/spi-builder-workspace/Sources/DataDrivenRxDatasources/TableView/CellViewModel.swift (in target 'DataDrivenRxDatasources' from project 'DataDrivenRxDatasources')
cd /Users/admin/builder/spi-builder-workspace/.swiftpm/xcode
builtin-SwiftPerFileCompile CellViewModel.swift
SwiftCompile normal arm64_32 Compiling\ IdentifiableCollectionCellViewModel.swift,\ RxCollectionView.swift /Users/admin/builder/spi-builder-workspace/Sources/DataDrivenRxDatasources/CollectionView/IdentifiableCollectionCellViewModel.swift /Users/admin/builder/spi-builder-workspace/Sources/DataDrivenRxDatasources/CollectionView/RxCollectionView.swift (in target 'DataDrivenRxDatasources' from project 'DataDrivenRxDatasources')
SwiftCompile normal arm64_32 /Users/admin/builder/spi-builder-workspace/Sources/DataDrivenRxDatasources/CollectionView/IdentifiableCollectionCellViewModel.swift (in target 'DataDrivenRxDatasources' from project 'DataDrivenRxDatasources')
cd /Users/admin/builder/spi-builder-workspace/.swiftpm/xcode
builtin-SwiftPerFileCompile IdentifiableCollectionCellViewModel.swift
SwiftCompile normal arm64_32 /Users/admin/builder/spi-builder-workspace/Sources/DataDrivenRxDatasources/CollectionView/RxCollectionView.swift (in target 'DataDrivenRxDatasources' from project 'DataDrivenRxDatasources')
cd /Users/admin/builder/spi-builder-workspace/.swiftpm/xcode
builtin-SwiftPerFileCompile RxCollectionView.swift
SwiftCompile normal arm64 Compiling\ ExtendedSectionedViewDataSourceType.swift,\ HeaderFooterSectionType.swift /Users/admin/builder/spi-builder-workspace/Sources/DataDrivenRxDatasources/TableView/ExtendedSectionedViewDataSourceType.swift /Users/admin/builder/spi-builder-workspace/Sources/DataDrivenRxDatasources/TableView/HeaderFooterSectionType.swift (in target 'DataDrivenRxDatasources' from project 'DataDrivenRxDatasources')
/Users/admin/builder/spi-builder-workspace/Sources/DataDrivenRxDatasources/TableView/ExtendedSectionedViewDataSourceType.swift:16:11: error: cannot find type 'TableViewSectionedDataSource' in scope
14 | }
15 |
16 | extension TableViewSectionedDataSource: ExtendedSectionedViewDataSourceType where Section: ModelType {
| `- error: cannot find type 'TableViewSectionedDataSource' in scope
17 | func sectionModel(at index: Int) -> Section.Model? {
18 | return sectionModels[index].model
/Users/admin/builder/spi-builder-workspace/Sources/DataDrivenRxDatasources/TableView/ExtendedSectionedViewDataSourceType.swift:16:77: error: 'where' clause cannot be applied to a non-generic top-level declaration
14 | }
15 |
16 | extension TableViewSectionedDataSource: ExtendedSectionedViewDataSourceType where Section: ModelType {
| `- error: 'where' clause cannot be applied to a non-generic top-level declaration
17 | func sectionModel(at index: Int) -> Section.Model? {
18 | return sectionModels[index].model
/Users/admin/builder/spi-builder-workspace/Sources/DataDrivenRxDatasources/TableView/ExtendedSectionedViewDataSourceType.swift:17:39: error: cannot find type 'Section' in scope
15 |
16 | extension TableViewSectionedDataSource: ExtendedSectionedViewDataSourceType where Section: ModelType {
17 | func sectionModel(at index: Int) -> Section.Model? {
| `- error: cannot find type 'Section' in scope
18 | return sectionModels[index].model
19 | }
Failed frontend command:
/Applications/Xcode-27.0.0-Release.Candidate.app/Contents/Developer/Toolchains/XcodeDefault.xctoolchain/usr/bin/swift-frontend -frontend -c /Users/admin/builder/spi-builder-workspace/.derivedData/Build/Intermediates.noindex/DataDrivenRxDatasources.build/Debug-watchos/DataDrivenRxDatasources-t.build/DerivedSources/resource_bundle_accessor.swift /Users/admin/builder/spi-builder-workspace/Sources/DataDrivenRxDatasources/CollectionView/AnimatableCollectionSectionModel.swift /Users/admin/builder/spi-builder-workspace/Sources/DataDrivenRxDatasources/CollectionView/CollectionCellViewModel.swift /Users/admin/builder/spi-builder-workspace/Sources/DataDrivenRxDatasources/CollectionView/CollectionSectionModel.swift /Users/admin/builder/spi-builder-workspace/Sources/DataDrivenRxDatasources/CollectionView/CollectionViewFlowLayout.swift /Users/admin/builder/spi-builder-workspace/Sources/DataDrivenRxDatasources/CollectionView/IdentifiableCollectionCellViewModel.swift /Users/admin/builder/spi-builder-workspace/Sources/DataDrivenRxDatasources/CollectionView/RxCollectionView.swift /Users/admin/builder/spi-builder-workspace/Sources/DataDrivenRxDatasources/ContextMenuAction.swift /Users/admin/builder/spi-builder-workspace/Sources/DataDrivenRxDatasources/SectionModelExtensions.swift /Users/admin/builder/spi-builder-workspace/Sources/DataDrivenRxDatasources/TableView/AnimatableTableSectionModel.swift /Users/admin/builder/spi-builder-workspace/Sources/DataDrivenRxDatasources/TableView/CellViewModel.swift /Users/admin/builder/spi-builder-workspace/Sources/DataDrivenRxDatasources/TableView/DecoratableTableView.swift /Users/admin/builder/spi-builder-workspace/Sources/DataDrivenRxDatasources/TableView/DiffableTableSectionModel.swift -primary-file /Users/admin/builder/spi-builder-workspace/Sources/DataDrivenRxDatasources/TableView/ExtendedSectionedViewDataSourceType.swift -primary-file /Users/admin/builder/spi-builder-workspace/Sources/DataDrivenRxDatasources/TableView/HeaderFooterSectionType.swift /Users/admin/builder/spi-builder-workspace/Sources/DataDrivenRxDatasources/TableView/HeaderFooterType.swift /Users/admin/builder/spi-builder-workspace/Sources/DataDrivenRxDatasources/TableView/IdentifiableCellViewModel.swift /Users/admin/builder/spi-builder-workspace/Sources/DataDrivenRxDatasources/TableView/RxTableView.swift /Users/admin/builder/spi-builder-workspace/Sources/DataDrivenRxDatasources/TableView/RxTableViewDiffableDataSource.swift /Users/admin/builder/spi-builder-workspace/Sources/DataDrivenRxDatasources/TableView/SwipeAction.swift /Users/admin/builder/spi-builder-workspace/Sources/DataDrivenRxDatasources/TableView/TableSectionModel.swift -emit-dependencies-path /Users/admin/builder/spi-builder-workspace/.derivedData/Build/Intermediates.noindex/DataDrivenRxDatasources.build/Debug-watchos/DataDrivenRxDatasources-t.build/Objects-normal/arm64/ExtendedSectionedViewDataSourceType.d -emit-const-values-path /Users/admin/builder/spi-builder-workspace/.derivedData/Build/Intermediates.noindex/DataDrivenRxDatasources.build/Debug-watchos/DataDrivenRxDatasources-t.build/Objects-normal/arm64/ExtendedSectionedViewDataSourceType.swiftconstvalues -emit-reference-dependencies-path /Users/admin/builder/spi-builder-workspace/.derivedData/Build/Intermediates.noindex/DataDrivenRxDatasources.build/Debug-watchos/DataDrivenRxDatasources-t.build/Objects-normal/arm64/ExtendedSectionedViewDataSourceType.swiftdeps -serialize-diagnostics-path /Users/admin/builder/spi-builder-workspace/.derivedData/Build/Intermediates.noindex/DataDrivenRxDatasources.build/Debug-watchos/DataDrivenRxDatasources-t.build/Objects-normal/arm64/ExtendedSectionedViewDataSourceType.dia -emit-dependencies-path /Users/admin/builder/spi-builder-workspace/.derivedData/Build/Intermediates.noindex/DataDrivenRxDatasources.build/Debug-watchos/DataDrivenRxDatasources-t.build/Objects-normal/arm64/HeaderFooterSectionType.d -emit-const-values-path /Users/admin/builder/spi-builder-workspace/.derivedData/Build/Intermediates.noindex/DataDrivenRxDatasources.build/Debug-watchos/DataDrivenRxDatasources-t.build/Objects-normal/arm64/HeaderFooterSectionType.swiftconstvalues -emit-reference-dependencies-path /Users/admin/builder/spi-builder-workspace/.derivedData/Build/Intermediates.noindex/DataDrivenRxDatasources.build/Debug-watchos/DataDrivenRxDatasources-t.build/Objects-normal/arm64/HeaderFooterSectionType.swiftdeps -serialize-diagnostics-path /Users/admin/builder/spi-builder-workspace/.derivedData/Build/Intermediates.noindex/DataDrivenRxDatasources.build/Debug-watchos/DataDrivenRxDatasources-t.build/Objects-normal/arm64/HeaderFooterSectionType.dia -target arm64-apple-watchos9.0 -disable-cross-import-overlay-search -load-resolved-plugin /Applications/Xcode-27.0.0-Release.Candidate.app/Contents/Developer/Platforms/WatchOS.platform/Developer/usr/lib/swift/host/plugins/libFoundationMacros.dylib\#/Applications/Xcode-27.0.0-Release.Candidate.app/Contents/Developer/Platforms/WatchOS.platform/Developer/usr/bin/swift-plugin-server\#FoundationMacros -load-resolved-plugin /Applications/Xcode-27.0.0-Release.Candidate.app/Contents/Developer/Platforms/WatchOS.platform/Developer/usr/lib/swift/host/plugins/libObservationMacros.dylib\#/Applications/Xcode-27.0.0-Release.Candidate.app/Contents/Developer/Platforms/WatchOS.platform/Developer/usr/bin/swift-plugin-server\#ObservationMacros -load-resolved-plugin /Applications/Xcode-27.0.0-Release.Candidate.app/Contents/Developer/Platforms/WatchOS.platform/Developer/usr/lib/swift/host/plugins/libSwiftMacros.dylib\#/Applications/Xcode-27.0.0-Release.Candidate.app/Contents/Developer/Platforms/WatchOS.platform/Developer/usr/bin/swift-plugin-server\#SwiftMacros -load-resolved-plugin /Applications/Xcode-27.0.0-Release.Candidate.app/Contents/Developer/Platforms/WatchOS.platform/Developer/usr/lib/swift/host/plugins/libSwiftUIMacros.dylib\#/Applications/Xcode-27.0.0-Release.Candidate.app/Contents/Developer/Platforms/WatchOS.platform/Developer/usr/bin/swift-plugin-server\#SwiftUIMacros -disable-implicit-swift-modules -Xcc -fno-implicit-modules -Xcc -fno-implicit-module-maps -explicit-swift-module-map-file /Users/admin/builder/spi-builder-workspace/.derivedData/Build/Intermediates.noindex/DataDrivenRxDatasources.build/Debug-watchos/DataDrivenRxDatasources-t.build/Objects-normal/arm64/DataDrivenRxDatasources-dependencies-1.json -Xllvm -aarch64-use-tbi -enable-objc-interop -stack-check -sdk /Applications/Xcode-27.0.0-Release.Candidate.app/Contents/Developer/Platforms/WatchOS.platform/Developer/SDKs/WatchOS27.0.sdk -I /Users/admin/builder/spi-builder-workspace/.derivedData/Build/Products/Debug-watchos -Isystem /Applications/Xcode-27.0.0-Release.Candidate.app/Contents/Developer/Platforms/WatchOS.platform/Developer/usr/lib -F /Users/admin/builder/spi-builder-workspace/.derivedData/Build/Products/Debug-watchos/PackageFrameworks -F /Users/admin/builder/spi-builder-workspace/.derivedData/Build/Products/Debug-watchos -F /Applications/Xcode-27.0.0-Release.Candidate.app/Contents/Developer/Platforms/WatchOS.platform/Developer/Library/Frameworks -F /Applications/Xcode-27.0.0-Release.Candidate.app/Contents/Developer/Platforms/WatchOS.platform/Developer/SDKs/WatchOS27.0.sdk/Developer/Library/Frameworks -module-cache-path /Users/admin/builder/spi-builder-workspace/.derivedData/Build/Intermediates.noindex/SwiftExplicitPrecompiledModules -no-color-diagnostics -Xcc -fno-color-diagnostics -enable-testing -g -debug-info-format\=dwarf -dwarf-version\=4 -swift-version 5 -Onone -D SWIFT_PACKAGE -D DEBUG -D SWIFT_MODULE_RESOURCE_BUNDLE_AVAILABLE -D Xcode -serialize-debugging-options -enable-experimental-feature DebugDescriptionMacro -empty-abi-descriptor -validate-clang-modules-once -clang-build-session-file /Users/admin/builder/spi-builder-workspace/.derivedData/ModuleCache.noindex/Session.modulevalidation -Xcc -working-directory -Xcc /Users/admin/builder/spi-builder-workspace/.swiftpm/xcode -enable-anonymous-context-mangled-names -file-compilation-dir /Users/admin/builder/spi-builder-workspace/.swiftpm/xcode -Xcc -fmodule-map-file\=/Users/admin/builder/spi-builder-workspace/.derivedData/Build/Intermediates.noindex/GeneratedModuleMaps-watchos/RxCocoaRuntime.modulemap -Xcc -D_LIBCPP_HARDENING_MODE\=_LIBCPP_HARDENING_MODE_DEBUG -Xcc -ivfsstatcache -Xcc /Users/admin/builder/spi-builder-workspace/.derivedData/SDKStatCaches.noindex/watchos27.0-24R360-e829b21a6f8c9b70876ba0858053c04477534ef55a1706bf4c1112bbb242f0a2.sdkstatcache -Xcc -fmodules-prune-interval\=86400 -Xcc -fmodules-prune-after\=345600 -Xcc -I/Users/admin/builder/spi-builder-workspace/.dependencies/checkouts/RxSwift/Sources/RxCocoaRuntime/include -Xcc -I/Users/admin/builder/spi-builder-workspace/.derivedData/Build/Products/Debug-watchos/include -Xcc -I/Users/admin/builder/spi-builder-workspace/.derivedData/Build/Intermediates.noindex/DataDrivenRxDatasources.build/Debug-watchos/DataDrivenRxDatasources-t.build/DerivedSources-normal/arm64 -Xcc -I/Users/admin/builder/spi-builder-workspace/.derivedData/Build/Intermediates.noindex/DataDrivenRxDatasources.build/Debug-watchos/DataDrivenRxDatasources-t.build/DerivedSources/arm64 -Xcc -I/Users/admin/builder/spi-builder-workspace/.derivedData/Build/Intermediates.noindex/DataDrivenRxDatasources.build/Debug-watchos/DataDrivenRxDatasources-t.build/DerivedSources -Xcc -DSWIFT_PACKAGE -Xcc -DDEBUG\=1 -no-auto-bridging-header-chaining -module-name DataDrivenRxDatasources -package-name spi_builder_workspace -const-gather-protocols-file /Users/admin/builder/spi-builder-workspace/.derivedData/Build/Intermediates.noindex/DataDrivenRxDatasources.build/Debug-watchos/DataDrivenRxDatasources-t.build/Objects-normal/arm64/DataDrivenRxDatasources_const_extract_protocols.json -disable-clang-spi -clang-target arm64-apple-watchos27.0 -target-sdk-version 27.0 -target-sdk-name watchos27.0 -in-process-plugin-server-path /Applications/Xcode-27.0.0-Release.Candidate.app/Contents/Developer/Toolchains/XcodeDefault.xctoolchain/usr/lib/swift/host/libSwiftInProcPluginServer.dylib -parse-as-library -o /Users/admin/builder/spi-builder-workspace/.derivedData/Build/Intermediates.noindex/DataDrivenRxDatasources.build/Debug-watchos/DataDrivenRxDatasources-t.build/Objects-normal/arm64/ExtendedSectionedViewDataSourceType.o -o /Users/admin/builder/spi-builder-workspace/.derivedData/Build/Intermediates.noindex/DataDrivenRxDatasources.build/Debug-watchos/DataDrivenRxDatasources-t.build/Objects-normal/arm64/HeaderFooterSectionType.o -debug-module-path /Users/admin/builder/spi-builder-workspace/.derivedData/Build/Intermediates.noindex/DataDrivenRxDatasources.build/Debug-watchos/DataDrivenRxDatasources-t.build/Objects-normal/arm64/DataDrivenRxDatasources.swiftmodule -index-unit-output-path /DataDrivenRxDatasources.build/Debug-watchos/DataDrivenRxDatasources-t.build/Objects-normal/arm64/ExtendedSectionedViewDataSourceType.o -index-unit-output-path /DataDrivenRxDatasources.build/Debug-watchos/DataDrivenRxDatasources-t.build/Objects-normal/arm64/HeaderFooterSectionType.o -index-store-path /Users/admin/builder/spi-builder-workspace/.derivedData/Index.noindex/DataStore -index-system-modules
SwiftCompile normal arm64 /Users/admin/builder/spi-builder-workspace/Sources/DataDrivenRxDatasources/TableView/ExtendedSectionedViewDataSourceType.swift (in target 'DataDrivenRxDatasources' from project 'DataDrivenRxDatasources')
cd /Users/admin/builder/spi-builder-workspace/.swiftpm/xcode
builtin-SwiftPerFileCompile ExtendedSectionedViewDataSourceType.swift
SwiftCompile normal arm64 /Users/admin/builder/spi-builder-workspace/Sources/DataDrivenRxDatasources/TableView/HeaderFooterSectionType.swift (in target 'DataDrivenRxDatasources' from project 'DataDrivenRxDatasources')
cd /Users/admin/builder/spi-builder-workspace/.swiftpm/xcode
builtin-SwiftPerFileCompile HeaderFooterSectionType.swift
SwiftCompile normal arm64_32 Compiling\ SwipeAction.swift,\ TableSectionModel.swift /Users/admin/builder/spi-builder-workspace/Sources/DataDrivenRxDatasources/TableView/SwipeAction.swift /Users/admin/builder/spi-builder-workspace/Sources/DataDrivenRxDatasources/TableView/TableSectionModel.swift (in target 'DataDrivenRxDatasources' from project 'DataDrivenRxDatasources')
SwiftCompile normal arm64_32 /Users/admin/builder/spi-builder-workspace/Sources/DataDrivenRxDatasources/TableView/SwipeAction.swift (in target 'DataDrivenRxDatasources' from project 'DataDrivenRxDatasources')
cd /Users/admin/builder/spi-builder-workspace/.swiftpm/xcode
builtin-SwiftPerFileCompile SwipeAction.swift
SwiftCompile normal arm64_32 /Users/admin/builder/spi-builder-workspace/Sources/DataDrivenRxDatasources/TableView/TableSectionModel.swift (in target 'DataDrivenRxDatasources' from project 'DataDrivenRxDatasources')
cd /Users/admin/builder/spi-builder-workspace/.swiftpm/xcode
builtin-SwiftPerFileCompile TableSectionModel.swift
PruneExplicitPrecompiledModules /Users/admin/builder/spi-builder-workspace/.derivedData/SDKExplicitPrecompiledModules
PruneExplicitPrecompiledModules /Users/admin/builder/spi-builder-workspace/.derivedData/Build/Intermediates.noindex/ExplicitPrecompiledModules
PruneExplicitPrecompiledModules /Users/admin/builder/spi-builder-workspace/.derivedData/Build/Intermediates.noindex/SwiftExplicitPrecompiledModules
2026-09-21 11:17:16.232 xcodebuild[1130:6735] [MT] IDERunDestination: Supported platforms for the buildables in the current scheme is empty.
2026-09-21 11:17:16.336 xcodebuild[1130:6735] [MT] IDERunDestination: Supported platforms for the buildables in the current scheme is empty.
** BUILD FAILED **
The following build commands failed:
SwiftCompile normal arm64_32 Compiling\ ExtendedSectionedViewDataSourceType.swift,\ HeaderFooterSectionType.swift /Users/admin/builder/spi-builder-workspace/Sources/DataDrivenRxDatasources/TableView/ExtendedSectionedViewDataSourceType.swift /Users/admin/builder/spi-builder-workspace/Sources/DataDrivenRxDatasources/TableView/HeaderFooterSectionType.swift (in target 'DataDrivenRxDatasources' from project 'DataDrivenRxDatasources')
SwiftCompile normal arm64_32 /Users/admin/builder/spi-builder-workspace/Sources/DataDrivenRxDatasources/TableView/ExtendedSectionedViewDataSourceType.swift (in target 'DataDrivenRxDatasources' from project 'DataDrivenRxDatasources')
SwiftCompile normal arm64 Compiling\ ExtendedSectionedViewDataSourceType.swift,\ HeaderFooterSectionType.swift /Users/admin/builder/spi-builder-workspace/Sources/DataDrivenRxDatasources/TableView/ExtendedSectionedViewDataSourceType.swift /Users/admin/builder/spi-builder-workspace/Sources/DataDrivenRxDatasources/TableView/HeaderFooterSectionType.swift (in target 'DataDrivenRxDatasources' from project 'DataDrivenRxDatasources')
SwiftCompile normal arm64 /Users/admin/builder/spi-builder-workspace/Sources/DataDrivenRxDatasources/TableView/ExtendedSectionedViewDataSourceType.swift (in target 'DataDrivenRxDatasources' from project 'DataDrivenRxDatasources')
Building workspace DataDrivenRxDatasources with scheme DataDrivenRxDatasources
(5 failures)
BUILD FAILURE 6.4 watchOS