The Swift Package Index logo.Swift Package Index

Build Information

Failed to build JSONDecodeKit, reference master (fc93e1), with Swift 6.4 for watchOS using Xcode 27.0 on 16 Sep 2026 03:57:54 UTC.

Build Command

env DEVELOPER_DIR=/Applications/Xcode-27.0.0-Release.Candidate.app xcrun xcodebuild -IDEClonedSourcePackagesDirPathOverride=$PWD/.dependencies -skipMacroValidation -skipPackagePluginValidation -derivedDataPath $PWD/.derivedData build -scheme JSONDecodeKit -destination generic/platform=watchOS

Build Log

========================================
RunAll
========================================
Builder version: 5.1.0
Interrupt handler set up.
========================================
Checkout
========================================
Clone URL: https://github.com/yume190/JSONDecodeKit.git
Reference: master
Initialized empty Git repository in /Users/admin/builder/spi-builder-workspace/.git/
From https://github.com/yume190/JSONDecodeKit
 * branch            master     -> FETCH_HEAD
 * [new branch]      master     -> origin/master
HEAD is now at fc93e14 pod fix
Cloned https://github.com/yume190/JSONDecodeKit.git
Revision (git rev-parse @):
fc93e14b1b1e3a3113efd5eaff74537ea9f4b221
SUCCESS checkout https://github.com/yume190/JSONDecodeKit.git at master
========================================
Build
========================================
Selected platform:         watchOS
Swift version:             6.4
Building package at path:  $PWD
https://github.com/yume190/JSONDecodeKit.git
Command line invocation:
    /Applications/Xcode-27.0.0-Release.Candidate.app/Contents/Developer/usr/bin/xcodebuild -IDEClonedSourcePackagesDirPathOverride=/Users/admin/builder/spi-builder-workspace/.dependencies -resolvePackageDependencies
resolved source packages:
{
  "dependencies" : [
  ],
  "manifest_display_name" : "JSONDecodeKit",
  "name" : "JSONDecodeKit",
  "path" : "/Users/admin/builder/spi-builder-workspace",
  "platforms" : [
  ],
  "products" : [
    {
      "name" : "JSONDecodeKit",
      "targets" : [
        "JSONDecodeKit"
      ],
      "type" : {
        "library" : [
          "static"
        ]
      }
    }
  ],
  "targets" : [
    {
      "c99name" : "JSONDecodeKit",
      "module_type" : "SwiftTarget",
      "name" : "JSONDecodeKit",
      "path" : "Sources/JSONDecodeKit",
      "product_memberships" : [
        "JSONDecodeKit"
      ],
      "sources" : [
        "JSON/JSON+Array.swift",
        "JSON/JSON+Dictionary+ValueArray.swift",
        "JSON/JSON+Dictionary.swift",
        "JSON/JSON+JSONDecodable.swift",
        "JSON/JSON+PrimitiveType.swift",
        "JSON/JSON+RawRepresentable.swift",
        "JSON/JSON+Subscript.swift",
        "JSON/JSON.swift",
        "JSONDecodable.swift",
        "JSONDecodeError.swift",
        "JSONEncodable.swift",
        "JSONSerializable.swift",
        "Operators.swift",
        "PrimitiveType.swift",
        "RawRepresentableExtension.swift"
      ],
      "type" : "library"
    }
  ],
  "tools_version" : "5.0"
}
{
  "project" : {
    "configurations" : [
      "Debug",
      "Release"
    ],
    "name" : "JSONDecodeKit",
    "schemes" : [
      "JSONDecodeKit"
    ],
    "targets" : [
      "JSONDecodeKit",
      "JSONDecodeKitTests"
    ]
  }
}
Running build ...
env DEVELOPER_DIR=/Applications/Xcode-27.0.0-Release.Candidate.app xcrun xcodebuild -IDEClonedSourcePackagesDirPathOverride=$PWD/.dependencies -skipMacroValidation -skipPackagePluginValidation -derivedDataPath $PWD/.derivedData build -scheme JSONDecodeKit -destination generic/platform=watchOS
Command line invocation:
    /Applications/Xcode-27.0.0-Release.Candidate.app/Contents/Developer/usr/bin/xcodebuild -IDEClonedSourcePackagesDirPathOverride=/Users/admin/builder/spi-builder-workspace/.dependencies -skipMacroValidation -skipPackagePluginValidation -derivedDataPath /Users/admin/builder/spi-builder-workspace/.derivedData build -scheme JSONDecodeKit -destination generic/platform=watchOS
ComputePackagePrebuildTargetDependencyGraph
Prepare packages
CreateBuildRequest
SendProjectDescription
CreateBuildOperation
ComputeTargetDependencyGraph
note: Building targets in dependency order
note: Target dependency graph (1 target)
    Target 'JSONDecodeKit' in project 'JSONDecodeKit' (no dependencies)
GatherProvisioningInputs
CreateBuildDescription
ExecuteExternalTool /Applications/Xcode-27.0.0-Release.Candidate.app/Contents/Developer/Toolchains/XcodeDefault.xctoolchain/usr/bin/clang -v -E -dM -isysroot /Applications/Xcode-27.0.0-Release.Candidate.app/Contents/Developer/Platforms/WatchOS.platform/Developer/SDKs/WatchOS27.0.sdk -x c -c /dev/null
ExecuteExternalTool /Applications/Xcode-27.0.0-Release.Candidate.app/Contents/Developer/Toolchains/XcodeDefault.xctoolchain/usr/bin/clang -v -E -dM -arch arm64 -isysroot /Applications/Xcode-27.0.0-Release.Candidate.app/Contents/Developer/Platforms/WatchOS.platform/Developer/SDKs/WatchOS27.0.sdk -x c -c /dev/null
ExecuteExternalTool /Applications/Xcode-27.0.0-Release.Candidate.app/Contents/Developer/Toolchains/XcodeDefault.xctoolchain/usr/bin/swiftc --version
ExecuteExternalTool /Applications/Xcode-27.0.0-Release.Candidate.app/Contents/Developer/Toolchains/XcodeDefault.xctoolchain/usr/bin/ld -version_details
Build description signature: 307fa23280bbf5c8e83793f3032f5336
Build description path: /Users/admin/builder/spi-builder-workspace/.derivedData/Build/Intermediates.noindex/XCBuildData/307fa23280bbf5c8e83793f3032f5336.xcbuilddata
/Users/admin/builder/spi-builder-workspace/JSONDecodeKit.xcodeproj: error: The watchOS deployment target 'WATCHOS_DEPLOYMENT_TARGET' is set to 2.0, but the range of supported deployment target versions is 9.0 to 27.0.x. (in target 'JSONDecodeKit' from project 'JSONDecodeKit')
warning: Run script build phase 'Lint' will be run during every build because it does not specify any outputs. To address this issue, either add output dependencies to the script phase, or configure it to run in every build by unchecking "Based on dependency analysis" in the script phase. (in target 'JSONDecodeKit' from project 'JSONDecodeKit')
** BUILD FAILED **
The following build commands failed:
	Building project JSONDecodeKit with scheme JSONDecodeKit
(1 failure)
Command line invocation:
    /Applications/Xcode-27.0.0-Release.Candidate.app/Contents/Developer/usr/bin/xcodebuild -IDEClonedSourcePackagesDirPathOverride=/Users/admin/builder/spi-builder-workspace/.dependencies -resolvePackageDependencies
resolved source packages:
{
  "dependencies" : [
  ],
  "manifest_display_name" : "JSONDecodeKit",
  "name" : "JSONDecodeKit",
  "path" : "/Users/admin/builder/spi-builder-workspace",
  "platforms" : [
  ],
  "products" : [
    {
      "name" : "JSONDecodeKit",
      "targets" : [
        "JSONDecodeKit"
      ],
      "type" : {
        "library" : [
          "static"
        ]
      }
    }
  ],
  "targets" : [
    {
      "c99name" : "JSONDecodeKit",
      "module_type" : "SwiftTarget",
      "name" : "JSONDecodeKit",
      "path" : "Sources/JSONDecodeKit",
      "product_memberships" : [
        "JSONDecodeKit"
      ],
      "sources" : [
        "JSON/JSON+Array.swift",
        "JSON/JSON+Dictionary+ValueArray.swift",
        "JSON/JSON+Dictionary.swift",
        "JSON/JSON+JSONDecodable.swift",
        "JSON/JSON+PrimitiveType.swift",
        "JSON/JSON+RawRepresentable.swift",
        "JSON/JSON+Subscript.swift",
        "JSON/JSON.swift",
        "JSONDecodable.swift",
        "JSONDecodeError.swift",
        "JSONEncodable.swift",
        "JSONSerializable.swift",
        "Operators.swift",
        "PrimitiveType.swift",
        "RawRepresentableExtension.swift"
      ],
      "type" : "library"
    }
  ],
  "tools_version" : "5.0"
}
{
  "project" : {
    "configurations" : [
      "Debug",
      "Release"
    ],
    "name" : "JSONDecodeKit",
    "schemes" : [
      "JSONDecodeKit"
    ],
    "targets" : [
      "JSONDecodeKit",
      "JSONDecodeKitTests"
    ]
  }
}
Running build ...
env DEVELOPER_DIR=/Applications/Xcode-27.0.0-Release.Candidate.app xcrun xcodebuild -IDEClonedSourcePackagesDirPathOverride=$PWD/.dependencies -skipMacroValidation -skipPackagePluginValidation -derivedDataPath $PWD/.derivedData build -scheme JSONDecodeKit -destination generic/platform=watchOS
Command line invocation:
    /Applications/Xcode-27.0.0-Release.Candidate.app/Contents/Developer/usr/bin/xcodebuild -IDEClonedSourcePackagesDirPathOverride=/Users/admin/builder/spi-builder-workspace/.dependencies -skipMacroValidation -skipPackagePluginValidation -derivedDataPath /Users/admin/builder/spi-builder-workspace/.derivedData build -scheme JSONDecodeKit -destination generic/platform=watchOS
ComputePackagePrebuildTargetDependencyGraph
Prepare packages
CreateBuildRequest
SendProjectDescription
CreateBuildOperation
ComputeTargetDependencyGraph
note: Building targets in dependency order
note: Target dependency graph (1 target)
    Target 'JSONDecodeKit' in project 'JSONDecodeKit' (no dependencies)
GatherProvisioningInputs
CreateBuildDescription
/Users/admin/builder/spi-builder-workspace/JSONDecodeKit.xcodeproj: error: The watchOS deployment target 'WATCHOS_DEPLOYMENT_TARGET' is set to 2.0, but the range of supported deployment target versions is 9.0 to 27.0.x. (in target 'JSONDecodeKit' from project 'JSONDecodeKit')
warning: Run script build phase 'Lint' will be run during every build because it does not specify any outputs. To address this issue, either add output dependencies to the script phase, or configure it to run in every build by unchecking "Based on dependency analysis" in the script phase. (in target 'JSONDecodeKit' from project 'JSONDecodeKit')
** BUILD FAILED **
The following build commands failed:
	Building project JSONDecodeKit with scheme JSONDecodeKit
(1 failure)
BUILD FAILURE 6.4 watchOS