Build Information
Failed to build FloatingLabelTextFieldSwiftUI, reference master (2f69aa), with Swift 6.4 for watchOS using Xcode 27.0 on 18 Sep 2026 21:37:22 UTC.
Build Command
env DEVELOPER_DIR=/Applications/Xcode-27.0.0-Release.Candidate.app xcrun xcodebuild -IDEClonedSourcePackagesDirPathOverride=$PWD/.dependencies -skipMacroValidation -skipPackagePluginValidation -derivedDataPath $PWD/.derivedData build -scheme FloatingLabelTextFieldSwiftUI -destination generic/platform=watchOSBuild Log
GatherProvisioningInputs
CreateBuildDescription
ExecuteExternalTool /Applications/Xcode-27.0.0-Release.Candidate.app/Contents/Developer/Toolchains/XcodeDefault.xctoolchain/usr/bin/clang -v -E -dM -isysroot /Applications/Xcode-27.0.0-Release.Candidate.app/Contents/Developer/Platforms/WatchOS.platform/Developer/SDKs/WatchOS27.0.sdk -x c -c /dev/null
ExecuteExternalTool /Applications/Xcode-27.0.0-Release.Candidate.app/Contents/Developer/Toolchains/XcodeDefault.xctoolchain/usr/bin/swiftc --version
ExecuteExternalTool /Applications/Xcode-27.0.0-Release.Candidate.app/Contents/Developer/Toolchains/XcodeDefault.xctoolchain/usr/bin/ld -version_details
Build description signature: 4cb9a73ca2998002a6a5e661d96f510e
Build description path: /Users/admin/builder/spi-builder-workspace/.derivedData/Build/Intermediates.noindex/XCBuildData/4cb9a73ca2998002a6a5e661d96f510e.xcbuilddata
CreateBuildDirectory /Users/admin/builder/spi-builder-workspace/.derivedData/SDKExplicitPrecompiledModules
cd /Users/admin/builder/spi-builder-workspace/.swiftpm/xcode
builtin-create-build-directory /Users/admin/builder/spi-builder-workspace/.derivedData/SDKExplicitPrecompiledModules
CreateBuildDirectory /Users/admin/builder/spi-builder-workspace/.derivedData/ModuleCache.noindex
cd /Users/admin/builder/spi-builder-workspace/.swiftpm/xcode
builtin-create-build-directory /Users/admin/builder/spi-builder-workspace/.derivedData/ModuleCache.noindex
CreateBuildDirectory /Users/admin/builder/spi-builder-workspace/.derivedData/CompilationCache.noindex
cd /Users/admin/builder/spi-builder-workspace/.swiftpm/xcode
builtin-create-build-directory /Users/admin/builder/spi-builder-workspace/.derivedData/CompilationCache.noindex
CreateBuildDirectory /Users/admin/builder/spi-builder-workspace/.derivedData/Build/Products
cd /Users/admin/builder/spi-builder-workspace/.swiftpm/xcode
builtin-create-build-directory /Users/admin/builder/spi-builder-workspace/.derivedData/Build/Products
CreateBuildDirectory /Users/admin/builder/spi-builder-workspace/.derivedData/Build/Intermediates.noindex
cd /Users/admin/builder/spi-builder-workspace/.swiftpm/xcode
builtin-create-build-directory /Users/admin/builder/spi-builder-workspace/.derivedData/Build/Intermediates.noindex
ClangStatCache /Applications/Xcode-27.0.0-Release.Candidate.app/Contents/Developer/Toolchains/XcodeDefault.xctoolchain/usr/bin/clang-stat-cache /Applications/Xcode-27.0.0-Release.Candidate.app/Contents/Developer/Platforms/WatchOS.platform/Developer/SDKs/WatchOS27.0.sdk /Users/admin/builder/spi-builder-workspace/.derivedData/SDKStatCaches.noindex/watchos27.0-24R360-e829b21a6f8c9b70876ba0858053c04477534ef55a1706bf4c1112bbb242f0a2.sdkstatcache
cd /Users/admin/builder/spi-builder-workspace/.swiftpm/xcode
/Applications/Xcode-27.0.0-Release.Candidate.app/Contents/Developer/Toolchains/XcodeDefault.xctoolchain/usr/bin/clang-stat-cache /Applications/Xcode-27.0.0-Release.Candidate.app/Contents/Developer/Platforms/WatchOS.platform/Developer/SDKs/WatchOS27.0.sdk -o /Users/admin/builder/spi-builder-workspace/.derivedData/SDKStatCaches.noindex/watchos27.0-24R360-e829b21a6f8c9b70876ba0858053c04477534ef55a1706bf4c1112bbb242f0a2.sdkstatcache
CreateBuildDirectory /Users/admin/builder/spi-builder-workspace/.derivedData/Build/Intermediates.noindex/SwiftExplicitPrecompiledModules
cd /Users/admin/builder/spi-builder-workspace/.swiftpm/xcode
builtin-create-build-directory /Users/admin/builder/spi-builder-workspace/.derivedData/Build/Intermediates.noindex/SwiftExplicitPrecompiledModules
CreateBuildDirectory /Users/admin/builder/spi-builder-workspace/.derivedData/Build/Intermediates.noindex/PrecompiledHeaders
cd /Users/admin/builder/spi-builder-workspace/.swiftpm/xcode
builtin-create-build-directory /Users/admin/builder/spi-builder-workspace/.derivedData/Build/Intermediates.noindex/PrecompiledHeaders
CreateBuildDirectory /Users/admin/builder/spi-builder-workspace/.derivedData/Build/Intermediates.noindex/ExplicitPrecompiledModules
cd /Users/admin/builder/spi-builder-workspace/.swiftpm/xcode
builtin-create-build-directory /Users/admin/builder/spi-builder-workspace/.derivedData/Build/Intermediates.noindex/ExplicitPrecompiledModules
CreateBuildDirectory /Users/admin/builder/spi-builder-workspace/.derivedData/Build/Products/Debug-watchos
cd /Users/admin/builder/spi-builder-workspace/.swiftpm/xcode
builtin-create-build-directory /Users/admin/builder/spi-builder-workspace/.derivedData/Build/Products/Debug-watchos
CreateBuildDirectory /Users/admin/builder/spi-builder-workspace/.derivedData/Build/Intermediates.noindex/EagerLinkingTBDs/Debug-watchos
cd /Users/admin/builder/spi-builder-workspace/.swiftpm/xcode
builtin-create-build-directory /Users/admin/builder/spi-builder-workspace/.derivedData/Build/Intermediates.noindex/EagerLinkingTBDs/Debug-watchos
CreateBuildDirectory /Users/admin/builder/spi-builder-workspace/.derivedData/Build/Products/Debug-watchos/PackageFrameworks
cd /Users/admin/builder/spi-builder-workspace/.swiftpm/xcode
builtin-create-build-directory /Users/admin/builder/spi-builder-workspace/.derivedData/Build/Products/Debug-watchos/PackageFrameworks
WriteAuxiliaryFile /Users/admin/builder/spi-builder-workspace/.derivedData/Build/Intermediates.noindex/FloatingLabelTextFieldSwiftUI.build/Debug-watchos/FloatingLabelTextFieldSwiftUI-t.build/FloatingLabelTextFieldSwiftUI.modulemap (in target 'FloatingLabelTextFieldSwiftUI' from project 'FloatingLabelTextFieldSwiftUI')
cd /Users/admin/builder/spi-builder-workspace
write-file /Users/admin/builder/spi-builder-workspace/.derivedData/Build/Intermediates.noindex/FloatingLabelTextFieldSwiftUI.build/Debug-watchos/FloatingLabelTextFieldSwiftUI-t.build/FloatingLabelTextFieldSwiftUI.modulemap
WriteAuxiliaryFile /Users/admin/builder/spi-builder-workspace/.derivedData/Build/Intermediates.noindex/FloatingLabelTextFieldSwiftUI.build/Debug-watchos/FloatingLabelTextFieldSwiftUI-t.build/Objects-normal/arm64/FloatingLabelTextFieldSwiftUI.SwiftFileList (in target 'FloatingLabelTextFieldSwiftUI' from project 'FloatingLabelTextFieldSwiftUI')
cd /Users/admin/builder/spi-builder-workspace
write-file /Users/admin/builder/spi-builder-workspace/.derivedData/Build/Intermediates.noindex/FloatingLabelTextFieldSwiftUI.build/Debug-watchos/FloatingLabelTextFieldSwiftUI-t.build/Objects-normal/arm64/FloatingLabelTextFieldSwiftUI.SwiftFileList
WriteAuxiliaryFile /Users/admin/builder/spi-builder-workspace/.derivedData/Build/Intermediates.noindex/FloatingLabelTextFieldSwiftUI.build/Debug-watchos/FloatingLabelTextFieldSwiftUI-t.build/Objects-normal/arm64_32/FloatingLabelTextFieldSwiftUI.LinkFileList (in target 'FloatingLabelTextFieldSwiftUI' from project 'FloatingLabelTextFieldSwiftUI')
cd /Users/admin/builder/spi-builder-workspace
write-file /Users/admin/builder/spi-builder-workspace/.derivedData/Build/Intermediates.noindex/FloatingLabelTextFieldSwiftUI.build/Debug-watchos/FloatingLabelTextFieldSwiftUI-t.build/Objects-normal/arm64_32/FloatingLabelTextFieldSwiftUI.LinkFileList
WriteAuxiliaryFile /Users/admin/builder/spi-builder-workspace/.derivedData/Build/Intermediates.noindex/FloatingLabelTextFieldSwiftUI.build/Debug-watchos/FloatingLabelTextFieldSwiftUI-t.build/Objects-normal/arm64_32/FloatingLabelTextFieldSwiftUI.SwiftConstValuesFileList (in target 'FloatingLabelTextFieldSwiftUI' from project 'FloatingLabelTextFieldSwiftUI')
cd /Users/admin/builder/spi-builder-workspace
write-file /Users/admin/builder/spi-builder-workspace/.derivedData/Build/Intermediates.noindex/FloatingLabelTextFieldSwiftUI.build/Debug-watchos/FloatingLabelTextFieldSwiftUI-t.build/Objects-normal/arm64_32/FloatingLabelTextFieldSwiftUI.SwiftConstValuesFileList
WriteAuxiliaryFile /Users/admin/builder/spi-builder-workspace/.derivedData/Build/Intermediates.noindex/FloatingLabelTextFieldSwiftUI.build/Debug-watchos/FloatingLabelTextFieldSwiftUI-t.build/Objects-normal/arm64_32/FloatingLabelTextFieldSwiftUI-OutputFileMap.json (in target 'FloatingLabelTextFieldSwiftUI' from project 'FloatingLabelTextFieldSwiftUI')
cd /Users/admin/builder/spi-builder-workspace
write-file /Users/admin/builder/spi-builder-workspace/.derivedData/Build/Intermediates.noindex/FloatingLabelTextFieldSwiftUI.build/Debug-watchos/FloatingLabelTextFieldSwiftUI-t.build/Objects-normal/arm64_32/FloatingLabelTextFieldSwiftUI-OutputFileMap.json
WriteAuxiliaryFile /Users/admin/builder/spi-builder-workspace/.derivedData/Build/Intermediates.noindex/FloatingLabelTextFieldSwiftUI.build/Debug-watchos/FloatingLabelTextFieldSwiftUI-t.build/Objects-normal/arm64/FloatingLabelTextFieldSwiftUI_const_extract_protocols.json (in target 'FloatingLabelTextFieldSwiftUI' from project 'FloatingLabelTextFieldSwiftUI')
cd /Users/admin/builder/spi-builder-workspace
write-file /Users/admin/builder/spi-builder-workspace/.derivedData/Build/Intermediates.noindex/FloatingLabelTextFieldSwiftUI.build/Debug-watchos/FloatingLabelTextFieldSwiftUI-t.build/Objects-normal/arm64/FloatingLabelTextFieldSwiftUI_const_extract_protocols.json
WriteAuxiliaryFile /Users/admin/builder/spi-builder-workspace/.derivedData/Build/Intermediates.noindex/FloatingLabelTextFieldSwiftUI.build/Debug-watchos/FloatingLabelTextFieldSwiftUI-t.build/Objects-normal/arm64/FloatingLabelTextFieldSwiftUI.SwiftConstValuesFileList (in target 'FloatingLabelTextFieldSwiftUI' from project 'FloatingLabelTextFieldSwiftUI')
cd /Users/admin/builder/spi-builder-workspace
write-file /Users/admin/builder/spi-builder-workspace/.derivedData/Build/Intermediates.noindex/FloatingLabelTextFieldSwiftUI.build/Debug-watchos/FloatingLabelTextFieldSwiftUI-t.build/Objects-normal/arm64/FloatingLabelTextFieldSwiftUI.SwiftConstValuesFileList
WriteAuxiliaryFile /Users/admin/builder/spi-builder-workspace/.derivedData/Build/Intermediates.noindex/FloatingLabelTextFieldSwiftUI.build/Debug-watchos/FloatingLabelTextFieldSwiftUI-t.build/Objects-normal/arm64_32/FloatingLabelTextFieldSwiftUI_const_extract_protocols.json (in target 'FloatingLabelTextFieldSwiftUI' from project 'FloatingLabelTextFieldSwiftUI')
cd /Users/admin/builder/spi-builder-workspace
write-file /Users/admin/builder/spi-builder-workspace/.derivedData/Build/Intermediates.noindex/FloatingLabelTextFieldSwiftUI.build/Debug-watchos/FloatingLabelTextFieldSwiftUI-t.build/Objects-normal/arm64_32/FloatingLabelTextFieldSwiftUI_const_extract_protocols.json
WriteAuxiliaryFile /Users/admin/builder/spi-builder-workspace/.derivedData/Build/Intermediates.noindex/FloatingLabelTextFieldSwiftUI.build/Debug-watchos/FloatingLabelTextFieldSwiftUI-t.build/Objects-normal/arm64_32/FloatingLabelTextFieldSwiftUI.SwiftFileList (in target 'FloatingLabelTextFieldSwiftUI' from project 'FloatingLabelTextFieldSwiftUI')
cd /Users/admin/builder/spi-builder-workspace
write-file /Users/admin/builder/spi-builder-workspace/.derivedData/Build/Intermediates.noindex/FloatingLabelTextFieldSwiftUI.build/Debug-watchos/FloatingLabelTextFieldSwiftUI-t.build/Objects-normal/arm64_32/FloatingLabelTextFieldSwiftUI.SwiftFileList
WriteAuxiliaryFile /Users/admin/builder/spi-builder-workspace/.derivedData/Build/Intermediates.noindex/FloatingLabelTextFieldSwiftUI.build/Debug-watchos/FloatingLabelTextFieldSwiftUI-t.build/Objects-normal/arm64/FloatingLabelTextFieldSwiftUI.LinkFileList (in target 'FloatingLabelTextFieldSwiftUI' from project 'FloatingLabelTextFieldSwiftUI')
cd /Users/admin/builder/spi-builder-workspace
write-file /Users/admin/builder/spi-builder-workspace/.derivedData/Build/Intermediates.noindex/FloatingLabelTextFieldSwiftUI.build/Debug-watchos/FloatingLabelTextFieldSwiftUI-t.build/Objects-normal/arm64/FloatingLabelTextFieldSwiftUI.LinkFileList
WriteAuxiliaryFile /Users/admin/builder/spi-builder-workspace/.derivedData/Build/Intermediates.noindex/FloatingLabelTextFieldSwiftUI.build/Debug-watchos/FloatingLabelTextFieldSwiftUI-t.build/Objects-normal/arm64/FloatingLabelTextFieldSwiftUI-OutputFileMap.json (in target 'FloatingLabelTextFieldSwiftUI' from project 'FloatingLabelTextFieldSwiftUI')
cd /Users/admin/builder/spi-builder-workspace
write-file /Users/admin/builder/spi-builder-workspace/.derivedData/Build/Intermediates.noindex/FloatingLabelTextFieldSwiftUI.build/Debug-watchos/FloatingLabelTextFieldSwiftUI-t.build/Objects-normal/arm64/FloatingLabelTextFieldSwiftUI-OutputFileMap.json
WriteAuxiliaryFile /Users/admin/builder/spi-builder-workspace/.derivedData/Build/Intermediates.noindex/FloatingLabelTextFieldSwiftUI.build/Debug-watchos/FloatingLabelTextFieldSwiftUI-t.build/FloatingLabelTextFieldSwiftUI.DependencyStaticMetadataFileList (in target 'FloatingLabelTextFieldSwiftUI' from project 'FloatingLabelTextFieldSwiftUI')
cd /Users/admin/builder/spi-builder-workspace
write-file /Users/admin/builder/spi-builder-workspace/.derivedData/Build/Intermediates.noindex/FloatingLabelTextFieldSwiftUI.build/Debug-watchos/FloatingLabelTextFieldSwiftUI-t.build/FloatingLabelTextFieldSwiftUI.DependencyStaticMetadataFileList
WriteAuxiliaryFile /Users/admin/builder/spi-builder-workspace/.derivedData/Build/Intermediates.noindex/FloatingLabelTextFieldSwiftUI.build/Debug-watchos/FloatingLabelTextFieldSwiftUI-t.build/FloatingLabelTextFieldSwiftUI.DependencyMetadataFileList (in target 'FloatingLabelTextFieldSwiftUI' from project 'FloatingLabelTextFieldSwiftUI')
cd /Users/admin/builder/spi-builder-workspace
write-file /Users/admin/builder/spi-builder-workspace/.derivedData/Build/Intermediates.noindex/FloatingLabelTextFieldSwiftUI.build/Debug-watchos/FloatingLabelTextFieldSwiftUI-t.build/FloatingLabelTextFieldSwiftUI.DependencyMetadataFileList
Copy /Users/admin/builder/spi-builder-workspace/.derivedData/Build/Intermediates.noindex/GeneratedModuleMaps-watchos/FloatingLabelTextFieldSwiftUI.modulemap /Users/admin/builder/spi-builder-workspace/.derivedData/Build/Intermediates.noindex/FloatingLabelTextFieldSwiftUI.build/Debug-watchos/FloatingLabelTextFieldSwiftUI-t.build/FloatingLabelTextFieldSwiftUI.modulemap (in target 'FloatingLabelTextFieldSwiftUI' from project 'FloatingLabelTextFieldSwiftUI')
cd /Users/admin/builder/spi-builder-workspace
builtin-copy -exclude .DS_Store -exclude CVS -exclude .svn -exclude .git -exclude .hg -resolve-src-symlinks /Users/admin/builder/spi-builder-workspace/.derivedData/Build/Intermediates.noindex/FloatingLabelTextFieldSwiftUI.build/Debug-watchos/FloatingLabelTextFieldSwiftUI-t.build/FloatingLabelTextFieldSwiftUI.modulemap /Users/admin/builder/spi-builder-workspace/.derivedData/Build/Intermediates.noindex/GeneratedModuleMaps-watchos
SwiftDriver FloatingLabelTextFieldSwiftUI normal arm64 com.apple.xcode.tools.swift.compiler (in target 'FloatingLabelTextFieldSwiftUI' from project 'FloatingLabelTextFieldSwiftUI')
cd /Users/admin/builder/spi-builder-workspace/.swiftpm/xcode
builtin-SwiftDriver -- /Applications/Xcode-27.0.0-Release.Candidate.app/Contents/Developer/Toolchains/XcodeDefault.xctoolchain/usr/bin/swiftc -parse-as-library -module-name FloatingLabelTextFieldSwiftUI -Onone @/Users/admin/builder/spi-builder-workspace/.derivedData/Build/Intermediates.noindex/FloatingLabelTextFieldSwiftUI.build/Debug-watchos/FloatingLabelTextFieldSwiftUI-t.build/Objects-normal/arm64/FloatingLabelTextFieldSwiftUI.SwiftFileList -DSWIFT_PACKAGE -DDEBUG -DSWIFT_MODULE_RESOURCE_BUNDLE_UNAVAILABLE -DXcode -plugin-path /Applications/Xcode-27.0.0-Release.Candidate.app/Contents/Developer/Toolchains/XcodeDefault.xctoolchain/usr/lib/swift/host/plugins/testing -enable-experimental-feature DebugDescriptionMacro -sdk /Applications/Xcode-27.0.0-Release.Candidate.app/Contents/Developer/Platforms/WatchOS.platform/Developer/SDKs/WatchOS27.0.sdk -target arm64-apple-watchos9.0 -g -module-cache-path /Users/admin/builder/spi-builder-workspace/.derivedData/ModuleCache.noindex -Xfrontend -serialize-debugging-options -profile-coverage-mapping -profile-generate -enable-testing -index-store-path /Users/admin/builder/spi-builder-workspace/.derivedData/Index.noindex/DataStore -Xcc -D_LIBCPP_HARDENING_MODE\=_LIBCPP_HARDENING_MODE_DEBUG -swift-version 5 -I /Users/admin/builder/spi-builder-workspace/.derivedData/Build/Products/Debug-watchos -Isystem /Applications/Xcode-27.0.0-Release.Candidate.app/Contents/Developer/Platforms/WatchOS.platform/Developer/usr/lib -F /Users/admin/builder/spi-builder-workspace/.derivedData/Build/Products/Debug-watchos -F /Applications/Xcode-27.0.0-Release.Candidate.app/Contents/Developer/Platforms/WatchOS.platform/Developer/Library/Frameworks -F /Applications/Xcode-27.0.0-Release.Candidate.app/Contents/Developer/Platforms/WatchOS.platform/Developer/SDKs/WatchOS27.0.sdk/Developer/Library/Frameworks -c -j10 -enable-batch-mode -incremental -Xcc -ivfsstatcache -Xcc /Users/admin/builder/spi-builder-workspace/.derivedData/SDKStatCaches.noindex/watchos27.0-24R360-e829b21a6f8c9b70876ba0858053c04477534ef55a1706bf4c1112bbb242f0a2.sdkstatcache -output-file-map /Users/admin/builder/spi-builder-workspace/.derivedData/Build/Intermediates.noindex/FloatingLabelTextFieldSwiftUI.build/Debug-watchos/FloatingLabelTextFieldSwiftUI-t.build/Objects-normal/arm64/FloatingLabelTextFieldSwiftUI-OutputFileMap.json -save-temps -no-color-diagnostics -explicit-module-build -module-cache-path /Users/admin/builder/spi-builder-workspace/.derivedData/Build/Intermediates.noindex/SwiftExplicitPrecompiledModules -clang-scanner-module-cache-path /Users/admin/builder/spi-builder-workspace/.derivedData/ModuleCache.noindex -sdk-module-cache-path /Users/admin/builder/spi-builder-workspace/.derivedData/SDKExplicitPrecompiledModules -emit-dependencies -emit-module -emit-module-path /Users/admin/builder/spi-builder-workspace/.derivedData/Build/Intermediates.noindex/FloatingLabelTextFieldSwiftUI.build/Debug-watchos/FloatingLabelTextFieldSwiftUI-t.build/Objects-normal/arm64/FloatingLabelTextFieldSwiftUI.swiftmodule -serialize-diagnostics -dependency-scan-serialize-diagnostics-path /Users/admin/builder/spi-builder-workspace/.derivedData/Build/Intermediates.noindex/FloatingLabelTextFieldSwiftUI.build/Debug-watchos/FloatingLabelTextFieldSwiftUI-t.build/Objects-normal/arm64/FloatingLabelTextFieldSwiftUI-dependency-scan.dia -validate-clang-modules-once -clang-build-session-file /Users/admin/builder/spi-builder-workspace/.derivedData/ModuleCache.noindex/Session.modulevalidation -Xcc -fmodules-prune-interval\=86400 -Xcc -fmodules-prune-after\=345600 -emit-const-values -const-gather-protocols-list /Users/admin/builder/spi-builder-workspace/.derivedData/Build/Intermediates.noindex/FloatingLabelTextFieldSwiftUI.build/Debug-watchos/FloatingLabelTextFieldSwiftUI-t.build/Objects-normal/arm64/FloatingLabelTextFieldSwiftUI_const_extract_protocols.json -Xcc -I/Users/admin/builder/spi-builder-workspace/.derivedData/Build/Products/Debug-watchos/include -Xcc -I/Users/admin/builder/spi-builder-workspace/.derivedData/Build/Intermediates.noindex/FloatingLabelTextFieldSwiftUI.build/Debug-watchos/FloatingLabelTextFieldSwiftUI-t.build/DerivedSources-normal/arm64 -Xcc -I/Users/admin/builder/spi-builder-workspace/.derivedData/Build/Intermediates.noindex/FloatingLabelTextFieldSwiftUI.build/Debug-watchos/FloatingLabelTextFieldSwiftUI-t.build/DerivedSources/arm64 -Xcc -I/Users/admin/builder/spi-builder-workspace/.derivedData/Build/Intermediates.noindex/FloatingLabelTextFieldSwiftUI.build/Debug-watchos/FloatingLabelTextFieldSwiftUI-t.build/DerivedSources -Xcc -DSWIFT_PACKAGE -Xcc -DDEBUG\=1 -emit-objc-header -emit-objc-header-path /Users/admin/builder/spi-builder-workspace/.derivedData/Build/Intermediates.noindex/FloatingLabelTextFieldSwiftUI.build/Debug-watchos/FloatingLabelTextFieldSwiftUI-t.build/Objects-normal/arm64/FloatingLabelTextFieldSwiftUI-Swift.h -working-directory /Users/admin/builder/spi-builder-workspace/.swiftpm/xcode -experimental-emit-module-separately -disable-cmo
SwiftDriver FloatingLabelTextFieldSwiftUI normal arm64_32 com.apple.xcode.tools.swift.compiler (in target 'FloatingLabelTextFieldSwiftUI' from project 'FloatingLabelTextFieldSwiftUI')
cd /Users/admin/builder/spi-builder-workspace/.swiftpm/xcode
builtin-SwiftDriver -- /Applications/Xcode-27.0.0-Release.Candidate.app/Contents/Developer/Toolchains/XcodeDefault.xctoolchain/usr/bin/swiftc -parse-as-library -module-name FloatingLabelTextFieldSwiftUI -Onone @/Users/admin/builder/spi-builder-workspace/.derivedData/Build/Intermediates.noindex/FloatingLabelTextFieldSwiftUI.build/Debug-watchos/FloatingLabelTextFieldSwiftUI-t.build/Objects-normal/arm64_32/FloatingLabelTextFieldSwiftUI.SwiftFileList -DSWIFT_PACKAGE -DDEBUG -DSWIFT_MODULE_RESOURCE_BUNDLE_UNAVAILABLE -DXcode -plugin-path /Applications/Xcode-27.0.0-Release.Candidate.app/Contents/Developer/Toolchains/XcodeDefault.xctoolchain/usr/lib/swift/host/plugins/testing -enable-experimental-feature DebugDescriptionMacro -sdk /Applications/Xcode-27.0.0-Release.Candidate.app/Contents/Developer/Platforms/WatchOS.platform/Developer/SDKs/WatchOS27.0.sdk -target arm64_32-apple-watchos9.0 -g -module-cache-path /Users/admin/builder/spi-builder-workspace/.derivedData/ModuleCache.noindex -Xfrontend -serialize-debugging-options -profile-coverage-mapping -profile-generate -enable-testing -index-store-path /Users/admin/builder/spi-builder-workspace/.derivedData/Index.noindex/DataStore -Xcc -D_LIBCPP_HARDENING_MODE\=_LIBCPP_HARDENING_MODE_DEBUG -swift-version 5 -I /Users/admin/builder/spi-builder-workspace/.derivedData/Build/Products/Debug-watchos -Isystem /Applications/Xcode-27.0.0-Release.Candidate.app/Contents/Developer/Platforms/WatchOS.platform/Developer/usr/lib -F /Users/admin/builder/spi-builder-workspace/.derivedData/Build/Products/Debug-watchos -F /Applications/Xcode-27.0.0-Release.Candidate.app/Contents/Developer/Platforms/WatchOS.platform/Developer/Library/Frameworks -F /Applications/Xcode-27.0.0-Release.Candidate.app/Contents/Developer/Platforms/WatchOS.platform/Developer/SDKs/WatchOS27.0.sdk/Developer/Library/Frameworks -c -j10 -enable-batch-mode -incremental -Xcc -ivfsstatcache -Xcc /Users/admin/builder/spi-builder-workspace/.derivedData/SDKStatCaches.noindex/watchos27.0-24R360-e829b21a6f8c9b70876ba0858053c04477534ef55a1706bf4c1112bbb242f0a2.sdkstatcache -output-file-map /Users/admin/builder/spi-builder-workspace/.derivedData/Build/Intermediates.noindex/FloatingLabelTextFieldSwiftUI.build/Debug-watchos/FloatingLabelTextFieldSwiftUI-t.build/Objects-normal/arm64_32/FloatingLabelTextFieldSwiftUI-OutputFileMap.json -save-temps -no-color-diagnostics -explicit-module-build -module-cache-path /Users/admin/builder/spi-builder-workspace/.derivedData/Build/Intermediates.noindex/SwiftExplicitPrecompiledModules -clang-scanner-module-cache-path /Users/admin/builder/spi-builder-workspace/.derivedData/ModuleCache.noindex -sdk-module-cache-path /Users/admin/builder/spi-builder-workspace/.derivedData/SDKExplicitPrecompiledModules -emit-dependencies -emit-module -emit-module-path /Users/admin/builder/spi-builder-workspace/.derivedData/Build/Intermediates.noindex/FloatingLabelTextFieldSwiftUI.build/Debug-watchos/FloatingLabelTextFieldSwiftUI-t.build/Objects-normal/arm64_32/FloatingLabelTextFieldSwiftUI.swiftmodule -serialize-diagnostics -dependency-scan-serialize-diagnostics-path /Users/admin/builder/spi-builder-workspace/.derivedData/Build/Intermediates.noindex/FloatingLabelTextFieldSwiftUI.build/Debug-watchos/FloatingLabelTextFieldSwiftUI-t.build/Objects-normal/arm64_32/FloatingLabelTextFieldSwiftUI-dependency-scan.dia -validate-clang-modules-once -clang-build-session-file /Users/admin/builder/spi-builder-workspace/.derivedData/ModuleCache.noindex/Session.modulevalidation -Xcc -fmodules-prune-interval\=86400 -Xcc -fmodules-prune-after\=345600 -emit-const-values -const-gather-protocols-list /Users/admin/builder/spi-builder-workspace/.derivedData/Build/Intermediates.noindex/FloatingLabelTextFieldSwiftUI.build/Debug-watchos/FloatingLabelTextFieldSwiftUI-t.build/Objects-normal/arm64_32/FloatingLabelTextFieldSwiftUI_const_extract_protocols.json -Xcc -I/Users/admin/builder/spi-builder-workspace/.derivedData/Build/Products/Debug-watchos/include -Xcc -I/Users/admin/builder/spi-builder-workspace/.derivedData/Build/Intermediates.noindex/FloatingLabelTextFieldSwiftUI.build/Debug-watchos/FloatingLabelTextFieldSwiftUI-t.build/DerivedSources-normal/arm64_32 -Xcc -I/Users/admin/builder/spi-builder-workspace/.derivedData/Build/Intermediates.noindex/FloatingLabelTextFieldSwiftUI.build/Debug-watchos/FloatingLabelTextFieldSwiftUI-t.build/DerivedSources/arm64_32 -Xcc -I/Users/admin/builder/spi-builder-workspace/.derivedData/Build/Intermediates.noindex/FloatingLabelTextFieldSwiftUI.build/Debug-watchos/FloatingLabelTextFieldSwiftUI-t.build/DerivedSources -Xcc -DSWIFT_PACKAGE -Xcc -DDEBUG\=1 -emit-objc-header -emit-objc-header-path /Users/admin/builder/spi-builder-workspace/.derivedData/Build/Intermediates.noindex/FloatingLabelTextFieldSwiftUI.build/Debug-watchos/FloatingLabelTextFieldSwiftUI-t.build/Objects-normal/arm64_32/FloatingLabelTextFieldSwiftUI-Swift.h -working-directory /Users/admin/builder/spi-builder-workspace/.swiftpm/xcode -experimental-emit-module-separately -disable-cmo
SwiftExplicitDependencyGeneratePcm arm64 /Users/admin/builder/spi-builder-workspace/.derivedData/SDKExplicitPrecompiledModules/_Builtin_float-C0CW5Q4HGBQYKE77TC42IAFB5.pcm
SwiftExplicitDependencyGeneratePcm arm64 /Users/admin/builder/spi-builder-workspace/.derivedData/SDKExplicitPrecompiledModules/DeveloperToolsSupport-E7CNISCB36UE8XQ9IOHK9XDX1.pcm
SwiftExplicitDependencyGeneratePcm arm64 /Users/admin/builder/spi-builder-workspace/.derivedData/SDKExplicitPrecompiledModules/ptrcheck-AIF0NDOYZ8ORBNHQAQR5NNB8M.pcm
SwiftExplicitDependencyGeneratePcm arm64 /Users/admin/builder/spi-builder-workspace/.derivedData/SDKExplicitPrecompiledModules/SwiftShims-4MXFZPV6FEB0XBYXCGPWAMQGL.pcm
SwiftExplicitDependencyGeneratePcm arm64 /Users/admin/builder/spi-builder-workspace/.derivedData/SDKExplicitPrecompiledModules/_Builtin_stddef-1FU30Y8SWFB7OUUHMJQH5J6FM.pcm
SwiftExplicitDependencyGeneratePcm arm64 /Users/admin/builder/spi-builder-workspace/.derivedData/SDKExplicitPrecompiledModules/_Builtin_stdbool-83J96QSOFE9VX04AAS6310UAE.pcm
SwiftExplicitDependencyGeneratePcm arm64 /Users/admin/builder/spi-builder-workspace/.derivedData/SDKExplicitPrecompiledModules/_Builtin_stdarg-A7UU8LE6MP85SM26YO7PBZNUQ.pcm
SwiftExplicitDependencyGeneratePcm arm64 /Users/admin/builder/spi-builder-workspace/.derivedData/SDKExplicitPrecompiledModules/_SwiftConcurrencyShims-659N52XSKR5F0QSB880BH2FJR.pcm
SwiftExplicitDependencyGeneratePcm arm64 /Users/admin/builder/spi-builder-workspace/.derivedData/SDKExplicitPrecompiledModules/ptrauth-3TZ9WJCGLYD25HQPWH4968ONX.pcm
SwiftExplicitDependencyGeneratePcm arm64 /Users/admin/builder/spi-builder-workspace/.derivedData/SDKExplicitPrecompiledModules/_AvailabilityInternal-BUNV3UXM65NT37THI4W1AM0SF.pcm
SwiftExplicitDependencyGeneratePcm arm64_32 /Users/admin/builder/spi-builder-workspace/.derivedData/SDKExplicitPrecompiledModules/ptrcheck-7ELIH9BTIGVKX3UBITM9N72WD.pcm
SwiftExplicitDependencyGeneratePcm arm64_32 /Users/admin/builder/spi-builder-workspace/.derivedData/SDKExplicitPrecompiledModules/_Builtin_stdarg-D305JG44A2WPI6CJY37X3QJE8.pcm
SwiftExplicitDependencyGeneratePcm arm64_32 /Users/admin/builder/spi-builder-workspace/.derivedData/SDKExplicitPrecompiledModules/DeveloperToolsSupport-DZU5G1OCMNWU0AQRULIFHUJ1Z.pcm
SwiftExplicitDependencyGeneratePcm arm64_32 /Users/admin/builder/spi-builder-workspace/.derivedData/SDKExplicitPrecompiledModules/_Builtin_float-6KO8O3PEWRCA4WC6PPLOYO6WJ.pcm
SwiftExplicitDependencyGeneratePcm arm64_32 /Users/admin/builder/spi-builder-workspace/.derivedData/SDKExplicitPrecompiledModules/_Builtin_stdbool-A967K8W8YUYEC9SN52KJ7OO88.pcm
SwiftExplicitDependencyGeneratePcm arm64_32 /Users/admin/builder/spi-builder-workspace/.derivedData/SDKExplicitPrecompiledModules/_Builtin_stddef-H44EFHQX6XSS5MZ7QP6YJZ76.pcm
SwiftExplicitDependencyGeneratePcm arm64_32 /Users/admin/builder/spi-builder-workspace/.derivedData/SDKExplicitPrecompiledModules/ptrauth-BFXF358ME5AK535N5A9Z766WU.pcm
SwiftExplicitDependencyGeneratePcm arm64_32 /Users/admin/builder/spi-builder-workspace/.derivedData/SDKExplicitPrecompiledModules/SwiftShims-9CQQGWTSNTN9EB5NSHDWUJICH.pcm
SwiftExplicitDependencyGeneratePcm arm64_32 /Users/admin/builder/spi-builder-workspace/.derivedData/SDKExplicitPrecompiledModules/_AvailabilityInternal-244WAN3Z1QBT7PIA64EZEFY1R.pcm
SwiftExplicitDependencyGeneratePcm arm64_32 /Users/admin/builder/spi-builder-workspace/.derivedData/SDKExplicitPrecompiledModules/_SwiftConcurrencyShims-6RTBPQ03V7BM9SPRK8SUE055H.pcm
SwiftExplicitDependencyGeneratePcm arm64 /Users/admin/builder/spi-builder-workspace/.derivedData/SDKExplicitPrecompiledModules/_DarwinFoundation1-7SPX3MD0HMP55E4OLNCPNDQ53.pcm
SwiftExplicitDependencyGeneratePcm arm64_32 /Users/admin/builder/spi-builder-workspace/.derivedData/SDKExplicitPrecompiledModules/_DarwinFoundation1-2GWF9RFMPLQW4PDHS3NARVI3G.pcm
SwiftExplicitDependencyGeneratePcm arm64 /Users/admin/builder/spi-builder-workspace/.derivedData/SDKExplicitPrecompiledModules/_Builtin_limits-9GWPA2B0H20DYUNYHYCWKABJG.pcm
SwiftExplicitDependencyGeneratePcm arm64 /Users/admin/builder/spi-builder-workspace/.derivedData/SDKExplicitPrecompiledModules/_DarwinFoundation2-D0XAPJU49S5E9XMKYOFGSTB1Q.pcm
SwiftExplicitDependencyGeneratePcm arm64_32 /Users/admin/builder/spi-builder-workspace/.derivedData/SDKExplicitPrecompiledModules/_Builtin_limits-3VKBU2AFTD65PAJZ5CJ3LHFM2.pcm
SwiftExplicitDependencyGeneratePcm arm64_32 /Users/admin/builder/spi-builder-workspace/.derivedData/SDKExplicitPrecompiledModules/_DarwinFoundation2-9MY8GOSYRO0M9MKNXF6D3MBNK.pcm
SwiftExplicitDependencyGeneratePcm arm64 /Users/admin/builder/spi-builder-workspace/.derivedData/SDKExplicitPrecompiledModules/string_h-E6PRXK75PHIPCZFWOFCQ3QBMK.pcm
SwiftExplicitDependencyGeneratePcm arm64 /Users/admin/builder/spi-builder-workspace/.derivedData/SDKExplicitPrecompiledModules/_Builtin_stdint-8XMILLJZEGRN2XG7XZUXZ5RLX.pcm
SwiftExplicitDependencyGeneratePcm arm64 /Users/admin/builder/spi-builder-workspace/.derivedData/SDKExplicitPrecompiledModules/sys_types-2KXQLI78OUCDP779AE68GZJ2.pcm
SwiftExplicitDependencyGeneratePcm arm64 /Users/admin/builder/spi-builder-workspace/.derivedData/SDKExplicitPrecompiledModules/_Builtin_tgmath-8NQ96OZ0YHXEC24JI95P01UF8.pcm
SwiftExplicitDependencyGeneratePcm arm64_32 /Users/admin/builder/spi-builder-workspace/.derivedData/SDKExplicitPrecompiledModules/string_h-BFVLUQUSBZWYMLCU9QI7VZALW.pcm
SwiftExplicitDependencyGeneratePcm arm64_32 /Users/admin/builder/spi-builder-workspace/.derivedData/SDKExplicitPrecompiledModules/_Builtin_tgmath-23PGCKURCQILXMK0MYZRYDCOU.pcm
SwiftExplicitDependencyGeneratePcm arm64_32 /Users/admin/builder/spi-builder-workspace/.derivedData/SDKExplicitPrecompiledModules/sys_types-8TLLMW08ZJWDGIIPKOYFGHHZW.pcm
SwiftExplicitDependencyGeneratePcm arm64_32 /Users/admin/builder/spi-builder-workspace/.derivedData/SDKExplicitPrecompiledModules/_Builtin_stdint-1HMXWI3V0V4TXHRWZOMZGZ80Y.pcm
SwiftExplicitDependencyGeneratePcm arm64 /Users/admin/builder/spi-builder-workspace/.derivedData/SDKExplicitPrecompiledModules/_DarwinFoundation3-B97LRG0E9GON2NUE65TVG81HU.pcm
SwiftExplicitDependencyGeneratePcm arm64 /Users/admin/builder/spi-builder-workspace/.derivedData/SDKExplicitPrecompiledModules/_Builtin_intrinsics-75960HIPCIYA06IUW8FIIPQT.pcm
SwiftExplicitDependencyGeneratePcm arm64 /Users/admin/builder/spi-builder-workspace/.derivedData/SDKExplicitPrecompiledModules/_Builtin_stdatomic-7JEFA3KBJJJN6TKJWY3OG1VG5.pcm
SwiftExplicitDependencyGeneratePcm arm64_32 /Users/admin/builder/spi-builder-workspace/.derivedData/SDKExplicitPrecompiledModules/_DarwinFoundation3-3DUTYQDQSD9HUAAVY947NMWOI.pcm
SwiftExplicitDependencyGeneratePcm arm64_32 /Users/admin/builder/spi-builder-workspace/.derivedData/SDKExplicitPrecompiledModules/_Builtin_stdatomic-1TY035TURL76BF2U98PZPPZRX.pcm
SwiftExplicitDependencyGeneratePcm arm64_32 /Users/admin/builder/spi-builder-workspace/.derivedData/SDKExplicitPrecompiledModules/_Builtin_intrinsics-196IIAKDQVU42DLOZP9OQCV76.pcm
SwiftExplicitDependencyGeneratePcm arm64 /Users/admin/builder/spi-builder-workspace/.derivedData/SDKExplicitPrecompiledModules/_Builtin_inttypes-3UQSCM7WNM9EK4HZML8TY5J3D.pcm
SwiftExplicitDependencyGeneratePcm arm64_32 /Users/admin/builder/spi-builder-workspace/.derivedData/SDKExplicitPrecompiledModules/_Builtin_inttypes-D2KPCR4PEX9AQA33NGLUT5SBR.pcm
SwiftExplicitDependencyGeneratePcm arm64 /Users/admin/builder/spi-builder-workspace/.derivedData/SDKExplicitPrecompiledModules/Darwin-3984OXKFNSPE77NT743WK8SEX.pcm
SwiftExplicitDependencyGeneratePcm arm64_32 /Users/admin/builder/spi-builder-workspace/.derivedData/SDKExplicitPrecompiledModules/Darwin-3FVT1SKLN2ZQ5RVOABMTQBB34.pcm
SwiftExplicitDependencyGeneratePcm arm64 /Users/admin/builder/spi-builder-workspace/.derivedData/SDKExplicitPrecompiledModules/simd-EH08NODU6574T74ZKU61VP9BW.pcm
SwiftExplicitDependencyGeneratePcm arm64_32 /Users/admin/builder/spi-builder-workspace/.derivedData/SDKExplicitPrecompiledModules/simd-21UNWYOBUZI1LVSQ99S1XBLMO.pcm
SwiftExplicitDependencyGeneratePcm arm64 /Users/admin/builder/spi-builder-workspace/.derivedData/SDKExplicitPrecompiledModules/ObjectiveC-72IVD3VS2RS8Q28D9PIMY0KQP.pcm
SwiftExplicitDependencyGeneratePcm arm64 /Users/admin/builder/spi-builder-workspace/.derivedData/SDKExplicitPrecompiledModules/MachO-2U90NNSAQILBNBPS1SA4F8TYP.pcm
SwiftExplicitDependencyGeneratePcm arm64_32 /Users/admin/builder/spi-builder-workspace/.derivedData/SDKExplicitPrecompiledModules/MachO-56838ZJ0NC1EBAJ0O6O8QMPDX.pcm
SwiftExplicitDependencyGeneratePcm arm64_32 /Users/admin/builder/spi-builder-workspace/.derivedData/SDKExplicitPrecompiledModules/ObjectiveC-6IJNELR2E80E7LUKESVCP2KET.pcm
SwiftExplicitDependencyGeneratePcm arm64 /Users/admin/builder/spi-builder-workspace/.derivedData/SDKExplicitPrecompiledModules/os_object-3SDKD7F87FTZ26OON37DRYT6O.pcm
SwiftExplicitDependencyGeneratePcm arm64_32 /Users/admin/builder/spi-builder-workspace/.derivedData/SDKExplicitPrecompiledModules/os_object-5YWTC6L4756IWSTPGXS5NM0D0.pcm
SwiftExplicitDependencyGeneratePcm arm64 /Users/admin/builder/spi-builder-workspace/.derivedData/SDKExplicitPrecompiledModules/os_workgroup-89GG5G7YC2D0ZTK6AZXXQ20DH.pcm
SwiftExplicitDependencyGeneratePcm arm64_32 /Users/admin/builder/spi-builder-workspace/.derivedData/SDKExplicitPrecompiledModules/os_workgroup-5JHTPDMNBUNHLJI8LPHKQK1JK.pcm
SwiftExplicitDependencyGeneratePcm arm64 /Users/admin/builder/spi-builder-workspace/.derivedData/SDKExplicitPrecompiledModules/Spatial-44FJGYXFAT2AQAW9Z6T7YS02U.pcm
SwiftExplicitDependencyGeneratePcm arm64 /Users/admin/builder/spi-builder-workspace/.derivedData/SDKExplicitPrecompiledModules/Dispatch-1NLJOVAK60XP0DUB05XA59EIM.pcm
SwiftExplicitDependencyGeneratePcm arm64_32 /Users/admin/builder/spi-builder-workspace/.derivedData/SDKExplicitPrecompiledModules/Spatial-CWVWNML3T0NXVHZDKVLD3X1YZ.pcm
SwiftExplicitDependencyGeneratePcm arm64_32 /Users/admin/builder/spi-builder-workspace/.derivedData/SDKExplicitPrecompiledModules/Dispatch-2P62F1T4XV63S4P99TUDTOK2Q.pcm
SwiftExplicitDependencyGeneratePcm arm64_32 /Users/admin/builder/spi-builder-workspace/.derivedData/SDKExplicitPrecompiledModules/XPC-81Y45QFY96XYYFCW2GT6FY8S4.pcm
SwiftExplicitDependencyGeneratePcm arm64 /Users/admin/builder/spi-builder-workspace/.derivedData/SDKExplicitPrecompiledModules/CoreFoundation-8T2L24YC5NU7WO6WQJWRY7W08.pcm
SwiftExplicitDependencyGeneratePcm arm64 /Users/admin/builder/spi-builder-workspace/.derivedData/SDKExplicitPrecompiledModules/XPC-40DR0X1DHKGCV4J1IOLFS8MOU.pcm
SwiftExplicitDependencyGeneratePcm arm64_32 /Users/admin/builder/spi-builder-workspace/.derivedData/SDKExplicitPrecompiledModules/CoreFoundation-8E6Y4BA3EXYKUGJ24GT9LGV3N.pcm
SwiftExplicitDependencyGeneratePcm arm64 /Users/admin/builder/spi-builder-workspace/.derivedData/SDKExplicitPrecompiledModules/os-5DIL6Z9LFIGLMZAHM7X2T5435.pcm
SwiftExplicitDependencyGeneratePcm arm64_32 /Users/admin/builder/spi-builder-workspace/.derivedData/SDKExplicitPrecompiledModules/os-E5IGB442IA6SBB25TTCOLK2OC.pcm
SwiftExplicitDependencyGeneratePcm arm64 /Users/admin/builder/spi-builder-workspace/.derivedData/SDKExplicitPrecompiledModules/CoreAudioTypes-A9MF7N5LT63G21HNFVM6BT14B.pcm
SwiftExplicitDependencyGeneratePcm arm64 /Users/admin/builder/spi-builder-workspace/.derivedData/SDKExplicitPrecompiledModules/Security-6RZ6YBRU8WCUHRFFRVUK5WKMM.pcm
SwiftExplicitDependencyGeneratePcm arm64 /Users/admin/builder/spi-builder-workspace/.derivedData/SDKExplicitPrecompiledModules/CoreGraphics-DWNZ73GEH98SBJXZ7DEXB420K.pcm
SwiftExplicitDependencyGeneratePcm arm64_32 /Users/admin/builder/spi-builder-workspace/.derivedData/SDKExplicitPrecompiledModules/CoreAudioTypes-9GVB1DHA32M46R4A9NWSI3I2K.pcm
SwiftExplicitDependencyGeneratePcm arm64_32 /Users/admin/builder/spi-builder-workspace/.derivedData/SDKExplicitPrecompiledModules/Security-D7TOWF88VWF67TB9HAFP5UWB1.pcm
SwiftExplicitDependencyGeneratePcm arm64_32 /Users/admin/builder/spi-builder-workspace/.derivedData/SDKExplicitPrecompiledModules/CoreGraphics-9FDXYX6BKBUT6TJ2VF819E7T5.pcm
SwiftExplicitDependencyGeneratePcm arm64 /Users/admin/builder/spi-builder-workspace/.derivedData/SDKExplicitPrecompiledModules/CoreAudio-1B79RJJTP71GE6UY9WLESAN3C.pcm
SwiftExplicitDependencyGeneratePcm arm64_32 /Users/admin/builder/spi-builder-workspace/.derivedData/SDKExplicitPrecompiledModules/CoreAudio-5W6MX6OUPWBMUR8VD5LHT1PZF.pcm
SwiftExplicitDependencyGeneratePcm arm64_32 /Users/admin/builder/spi-builder-workspace/.derivedData/SDKExplicitPrecompiledModules/Foundation-BJ2VQGI3OGR34500MEQ1VKHPH.pcm
SwiftExplicitDependencyGeneratePcm arm64 /Users/admin/builder/spi-builder-workspace/.derivedData/SDKExplicitPrecompiledModules/Foundation-DLBKUSGXN8QHAT8W0OARR9S8A.pcm
SwiftExplicitDependencyGeneratePcm arm64_32 /Users/admin/builder/spi-builder-workspace/.derivedData/SDKExplicitPrecompiledModules/CoreText-C9X2REPZN2V5BSU4G80FCETDR.pcm
SwiftExplicitDependencyGeneratePcm arm64_32 /Users/admin/builder/spi-builder-workspace/.derivedData/SDKExplicitPrecompiledModules/CoreVideo-2P8HI0403J99LBDPKNFJ5D4DL.pcm
SwiftExplicitDependencyGeneratePcm arm64 /Users/admin/builder/spi-builder-workspace/.derivedData/SDKExplicitPrecompiledModules/CoreText-970YJN6NIYGK1316L35Z0O8QT.pcm
SwiftExplicitDependencyGeneratePcm arm64 /Users/admin/builder/spi-builder-workspace/.derivedData/SDKExplicitPrecompiledModules/CoreVideo-8MRR5MNWUOAW2DBPGUQ8FKK4.pcm
SwiftExplicitDependencyGeneratePcm arm64_32 /Users/admin/builder/spi-builder-workspace/.derivedData/SDKExplicitPrecompiledModules/CoreMedia-AO387T8CHWTTZODD1DGT0UAFA.pcm
SwiftExplicitDependencyGeneratePcm arm64 /Users/admin/builder/spi-builder-workspace/.derivedData/SDKExplicitPrecompiledModules/CoreMedia-1AJVCUZNAO74KIKMFVFUUHWDI.pcm
SwiftExplicitDependencyGeneratePcm arm64_32 /Users/admin/builder/spi-builder-workspace/.derivedData/SDKExplicitPrecompiledModules/OSLog-D9AVFY0KWO7RVBIQ73CBIJVCN.pcm
SwiftExplicitDependencyGeneratePcm arm64_32 /Users/admin/builder/spi-builder-workspace/.derivedData/SDKExplicitPrecompiledModules/CoreData-7AU1AFQWUH88EAPDKVMLJPKVD.pcm
SwiftExplicitDependencyGeneratePcm arm64_32 /Users/admin/builder/spi-builder-workspace/.derivedData/SDKExplicitPrecompiledModules/UserNotifications-6TBN8TEAKO014N1T2QD926XED.pcm
SwiftExplicitDependencyGeneratePcm arm64_32 /Users/admin/builder/spi-builder-workspace/.derivedData/SDKExplicitPrecompiledModules/UniformTypeIdentifiers-CJZ3NTHPSBH4XWX5EVOG56UZS.pcm
SwiftExplicitDependencyGeneratePcm arm64_32 /Users/admin/builder/spi-builder-workspace/.derivedData/SDKExplicitPrecompiledModules/DataDetection-U9BF7WHFVA6BZGFXXXP272PS.pcm
SwiftExplicitDependencyGeneratePcm arm64_32 /Users/admin/builder/spi-builder-workspace/.derivedData/SDKExplicitPrecompiledModules/QuartzCore-6375NPYACK5NYVHPMC1QQ8MC2.pcm
SwiftExplicitDependencyGeneratePcm arm64_32 /Users/admin/builder/spi-builder-workspace/.derivedData/SDKExplicitPrecompiledModules/SceneKit-DKNLHKM5FJBQ79LSNMSSMBUBR.pcm
SwiftExplicitDependencyGeneratePcm arm64_32 /Users/admin/builder/spi-builder-workspace/.derivedData/SDKExplicitPrecompiledModules/UIUtilities-9YFVNIMRC5HRVOIARNWHP1E3H.pcm
SwiftExplicitDependencyGeneratePcm arm64_32 /Users/admin/builder/spi-builder-workspace/.derivedData/SDKExplicitPrecompiledModules/Accessibility-F385OMZ5GYBUY5O4QAJB4NRII.pcm
SwiftExplicitDependencyGeneratePcm arm64_32 /Users/admin/builder/spi-builder-workspace/.derivedData/SDKExplicitPrecompiledModules/_LocationEssentials-AQ1OL9QKC3LQLY5CNSRM1HB53.pcm
SwiftExplicitDependencyGeneratePcm arm64_32 /Users/admin/builder/spi-builder-workspace/.derivedData/SDKExplicitPrecompiledModules/Symbols-1H97WMG76HU94F5VGJR19PXFY.pcm
SwiftExplicitDependencyGeneratePcm arm64 /Users/admin/builder/spi-builder-workspace/.derivedData/SDKExplicitPrecompiledModules/Symbols-3EFABTJ9L5PQDJ7RQCYQWEJMM.pcm
SwiftExplicitDependencyGeneratePcm arm64 /Users/admin/builder/spi-builder-workspace/.derivedData/SDKExplicitPrecompiledModules/_LocationEssentials-5ZZDGDXB6HLQUC72SJW7YJ7MK.pcm
SwiftExplicitDependencyGeneratePcm arm64_32 /Users/admin/builder/spi-builder-workspace/.derivedData/SDKExplicitPrecompiledModules/CoreTransferable-5D4IR6X37682FPHJ5CBPTKQV6.pcm
SwiftExplicitDependencyGeneratePcm arm64_32 /Users/admin/builder/spi-builder-workspace/.derivedData/SDKExplicitPrecompiledModules/CoreLocation-8XU5YMYM4P11RQMYCQAG65ITK.pcm
SwiftExplicitDependencyGeneratePcm arm64 /Users/admin/builder/spi-builder-workspace/.derivedData/SDKExplicitPrecompiledModules/QuartzCore-94KFMWNOU7ZLUZNB4T5DLZC9D.pcm
SwiftExplicitDependencyGeneratePcm arm64 /Users/admin/builder/spi-builder-workspace/.derivedData/SDKExplicitPrecompiledModules/UIUtilities-IR7RNW23VAUKYI9MLCS9NL9A.pcm
SwiftExplicitDependencyGeneratePcm arm64 /Users/admin/builder/spi-builder-workspace/.derivedData/SDKExplicitPrecompiledModules/CoreTransferable-9PPG3SLJ55T4LITIFYX2M0NOZ.pcm
SwiftExplicitDependencyGeneratePcm arm64 /Users/admin/builder/spi-builder-workspace/.derivedData/SDKExplicitPrecompiledModules/DataDetection-7BNVI1SZW5ISQL5SX4WL2X7I5.pcm
SwiftExplicitDependencyGeneratePcm arm64 /Users/admin/builder/spi-builder-workspace/.derivedData/SDKExplicitPrecompiledModules/CoreData-9JFJC4UET8BAO5IPV2JU6W9V8.pcm
SwiftExplicitDependencyGeneratePcm arm64 /Users/admin/builder/spi-builder-workspace/.derivedData/SDKExplicitPrecompiledModules/OSLog-B7VGO357Y3GJG35TST7DKDSI3.pcm
SwiftExplicitDependencyGeneratePcm arm64 /Users/admin/builder/spi-builder-workspace/.derivedData/SDKExplicitPrecompiledModules/UniformTypeIdentifiers-8L08Q8DQJV8C4AW84YVGFGTRN.pcm
SwiftExplicitDependencyGeneratePcm arm64_32 /Users/admin/builder/spi-builder-workspace/.derivedData/SDKExplicitPrecompiledModules/SwiftUICore-3Q7WLRD8MR9R3NGIPUBQCP6F6.pcm
SwiftExplicitDependencyGeneratePcm arm64 /Users/admin/builder/spi-builder-workspace/.derivedData/SDKExplicitPrecompiledModules/UserNotifications-ARAH8MEQ0C2L0FBO39HITJMAO.pcm
SwiftExplicitDependencyGeneratePcm arm64 /Users/admin/builder/spi-builder-workspace/.derivedData/SDKExplicitPrecompiledModules/CoreLocation-ACKJ9K7ABI14F97Y46Y6SRR17.pcm
SwiftExplicitDependencyGeneratePcm arm64 /Users/admin/builder/spi-builder-workspace/.derivedData/SDKExplicitPrecompiledModules/SceneKit-5HZKIL7XETTTD8TOHYPN8JKRJ.pcm
SwiftExplicitDependencyGeneratePcm arm64 /Users/admin/builder/spi-builder-workspace/.derivedData/SDKExplicitPrecompiledModules/Accessibility-27QMG6ZQ1NKYTNBYFPM1XKNFC.pcm
SwiftExplicitDependencyGeneratePcm arm64_32 /Users/admin/builder/spi-builder-workspace/.derivedData/SDKExplicitPrecompiledModules/CoreMotion-1XGTVTE5PP32UHME8AC63TL6.pcm
SwiftExplicitDependencyGeneratePcm arm64 /Users/admin/builder/spi-builder-workspace/.derivedData/SDKExplicitPrecompiledModules/SwiftUICore-C1DST1IX2Z0PTH5SJJZ1IULRB.pcm
SwiftExplicitDependencyGeneratePcm arm64 /Users/admin/builder/spi-builder-workspace/.derivedData/SDKExplicitPrecompiledModules/CoreMotion-6RD5K48QT1F4L9CATNFD2O7YB.pcm
SwiftExplicitDependencyGeneratePcm arm64_32 /Users/admin/builder/spi-builder-workspace/.derivedData/SDKExplicitPrecompiledModules/UIKit-6PPV7YPZ89CZPHYAP072QH8B6.pcm
SwiftExplicitDependencyGeneratePcm arm64 /Users/admin/builder/spi-builder-workspace/.derivedData/SDKExplicitPrecompiledModules/UIKit-27R3P1YMV4C6JLDT661G3MRIA.pcm
SwiftExplicitDependencyGeneratePcm arm64_32 /Users/admin/builder/spi-builder-workspace/.derivedData/SDKExplicitPrecompiledModules/HomeKit-DUDZOMSN3UK8GNTNBNMPIWJRN.pcm
SwiftExplicitDependencyGeneratePcm arm64_32 /Users/admin/builder/spi-builder-workspace/.derivedData/SDKExplicitPrecompiledModules/MapKit-CWGB4YMP1VX1NYQN5FULFD5DR.pcm
SwiftExplicitDependencyGeneratePcm arm64 /Users/admin/builder/spi-builder-workspace/.derivedData/SDKExplicitPrecompiledModules/MapKit-EJJWC7IL56MPLQMI93GJRE5OG.pcm
SwiftExplicitDependencyGeneratePcm arm64 /Users/admin/builder/spi-builder-workspace/.derivedData/SDKExplicitPrecompiledModules/HomeKit-DTS1N4AWILAL1URZ5IOXV5221.pcm
SwiftExplicitDependencyGeneratePcm arm64_32 /Users/admin/builder/spi-builder-workspace/.derivedData/SDKExplicitPrecompiledModules/WatchKit-FHF6WTKLC2APGK3LA2XJ6516.pcm
SwiftExplicitDependencyGeneratePcm arm64 /Users/admin/builder/spi-builder-workspace/.derivedData/SDKExplicitPrecompiledModules/WatchKit-3VT3K8YON6FJ6OWSUFJMFMP8J.pcm
SwiftExplicitDependencyGeneratePcm arm64_32 /Users/admin/builder/spi-builder-workspace/.derivedData/SDKExplicitPrecompiledModules/SwiftUI-9AYG9OCT5VOJK7V4MX1WYR86T.pcm
SwiftExplicitDependencyGeneratePcm arm64 /Users/admin/builder/spi-builder-workspace/.derivedData/SDKExplicitPrecompiledModules/SwiftUI-APXDH8ULYLM6FD17YRA73TULO.pcm
SwiftCompile normal arm64_32 Compiling\ FloatingLabelTextField.swift /Users/admin/builder/spi-builder-workspace/Sources/FloatingLabelTextFieldSwiftUI/FloatingLabelTextField.swift (in target 'FloatingLabelTextFieldSwiftUI' from project 'FloatingLabelTextFieldSwiftUI')
SwiftCompile normal arm64_32 /Users/admin/builder/spi-builder-workspace/Sources/FloatingLabelTextFieldSwiftUI/FloatingLabelTextField.swift (in target 'FloatingLabelTextFieldSwiftUI' from project 'FloatingLabelTextFieldSwiftUI')
cd /Users/admin/builder/spi-builder-workspace/.swiftpm/xcode
builtin-SwiftPerFileCompile FloatingLabelTextField.swift
SwiftCompile normal arm64_32 Compiling\ UIResponder+Extesnion.swift /Users/admin/builder/spi-builder-workspace/Sources/FloatingLabelTextFieldSwiftUI/Extensions/UIResponder+Extesnion.swift (in target 'FloatingLabelTextFieldSwiftUI' from project 'FloatingLabelTextFieldSwiftUI')
/Users/admin/builder/spi-builder-workspace/Sources/FloatingLabelTextFieldSwiftUI/Extensions/UIResponder+Extesnion.swift:13:39: error: 'UIResponder' is unavailable in watchOS
11 | // From https://stackoverflow.com/a/14135456/6870041
12 | extension UIResponder {
13 | static var currentFirstResponder: UIResponder? {
| `- error: 'UIResponder' is unavailable in watchOS
14 | _currentFirstResponder = nil
15 | UIApplication.shared.sendAction(#selector(UIResponder.findFirstResponder(_:)), to: nil, from: nil, for: nil)
/Applications/Xcode-27.0.0-Release.Candidate.app/Contents/Developer/Platforms/WatchOS.platform/Developer/SDKs/WatchOS27.0.sdk/System/Library/Frameworks/UIKit.framework/Headers/UIResponder.h:82:12: note: 'UIResponder' has been explicitly marked unavailable here
80 |
81 | UIKIT_EXTERN API_AVAILABLE(ios(2.0)) API_UNAVAILABLE(watchos) NS_SWIFT_UI_ACTOR
82 | @interface UIResponder : NSObject <UIResponderStandardEditActions>
| `- note: 'UIResponder' has been explicitly marked unavailable here
83 |
84 | @property(nonatomic, readonly, nullable) UIResponder *nextResponder;
/Users/admin/builder/spi-builder-workspace/Sources/FloatingLabelTextFieldSwiftUI/Extensions/UIResponder+Extesnion.swift:19:53: error: 'UIResponder' is unavailable in watchOS
17 | }
18 |
19 | private static weak var _currentFirstResponder: UIResponder?
| `- error: 'UIResponder' is unavailable in watchOS
20 |
21 | @objc private func findFirstResponder(_ sender: Any) {
/Applications/Xcode-27.0.0-Release.Candidate.app/Contents/Developer/Platforms/WatchOS.platform/Developer/SDKs/WatchOS27.0.sdk/System/Library/Frameworks/UIKit.framework/Headers/UIResponder.h:82:12: note: 'UIResponder' has been explicitly marked unavailable here
80 |
81 | UIKIT_EXTERN API_AVAILABLE(ios(2.0)) API_UNAVAILABLE(watchos) NS_SWIFT_UI_ACTOR
82 | @interface UIResponder : NSObject <UIResponderStandardEditActions>
| `- note: 'UIResponder' has been explicitly marked unavailable here
83 |
84 | @property(nonatomic, readonly, nullable) UIResponder *nextResponder;
/Users/admin/builder/spi-builder-workspace/Sources/FloatingLabelTextFieldSwiftUI/Extensions/UIResponder+Extesnion.swift:25:21: error: 'UIView' is unavailable in watchOS
23 | }
24 |
25 | var globalView: UIView? {
| `- error: 'UIView' is unavailable in watchOS
26 | return self as? UIView
27 | }
/Applications/Xcode-27.0.0-Release.Candidate.app/Contents/Developer/Platforms/WatchOS.platform/Developer/SDKs/WatchOS27.0.sdk/System/Library/Frameworks/UIKit.framework/Headers/UIView.h:152:12: note: 'UIView' has been explicitly marked unavailable here
150 |
151 | UIKIT_EXTERN API_AVAILABLE(ios(2.0)) API_UNAVAILABLE(watchos) NS_SWIFT_UI_ACTOR
152 | @interface UIView : UIResponder <NSCoding, UIAppearance, UIAppearanceContainer, UIDynamicItem, UITraitEnvironment, UICoordinateSpace, UIFocusItem, UIFocusItemContainer, CALayerDelegate>
| `- note: 'UIView' has been explicitly marked unavailable here
153 |
154 | @property(class, nonatomic, readonly) Class layerClass; // default is [CALayer class]. Used when creating the underlying layer for the view.
/Users/admin/builder/spi-builder-workspace/Sources/FloatingLabelTextFieldSwiftUI/Extensions/UIResponder+Extesnion.swift:12:11: error: 'UIResponder' is unavailable in watchOS
10 |
11 | // From https://stackoverflow.com/a/14135456/6870041
12 | extension UIResponder {
| `- error: 'UIResponder' is unavailable in watchOS
13 | static var currentFirstResponder: UIResponder? {
14 | _currentFirstResponder = nil
/Applications/Xcode-27.0.0-Release.Candidate.app/Contents/Developer/Platforms/WatchOS.platform/Developer/SDKs/WatchOS27.0.sdk/System/Library/Frameworks/UIKit.framework/Headers/UIResponder.h:82:12: note: 'UIResponder' has been explicitly marked unavailable here
80 |
81 | UIKIT_EXTERN API_AVAILABLE(ios(2.0)) API_UNAVAILABLE(watchos) NS_SWIFT_UI_ACTOR
82 | @interface UIResponder : NSObject <UIResponderStandardEditActions>
| `- note: 'UIResponder' has been explicitly marked unavailable here
83 |
84 | @property(nonatomic, readonly, nullable) UIResponder *nextResponder;
/Users/admin/builder/spi-builder-workspace/Sources/FloatingLabelTextFieldSwiftUI/Extensions/UIResponder+Extesnion.swift:15:9: error: 'UIApplication' is unavailable in watchOS
13 | static var currentFirstResponder: UIResponder? {
14 | _currentFirstResponder = nil
15 | UIApplication.shared.sendAction(#selector(UIResponder.findFirstResponder(_:)), to: nil, from: nil, for: nil)
| `- error: 'UIApplication' is unavailable in watchOS
16 | return _currentFirstResponder
17 | }
/Applications/Xcode-27.0.0-Release.Candidate.app/Contents/Developer/Platforms/WatchOS.platform/Developer/SDKs/WatchOS27.0.sdk/System/Library/Frameworks/UIKit.framework/Headers/UIApplication.h:85:12: note: 'UIApplication' has been explicitly marked unavailable here
83 |
84 | UIKIT_EXTERN API_AVAILABLE(ios(2.0)) API_UNAVAILABLE(watchos) NS_SWIFT_UI_ACTOR
85 | @interface UIApplication : UIResponder
| `- note: 'UIApplication' has been explicitly marked unavailable here
86 |
87 | @property(class, nonatomic, readonly) UIApplication *sharedApplication NS_EXTENSION_UNAVAILABLE_IOS("Use view controller based solutions where appropriate instead.");
/Users/admin/builder/spi-builder-workspace/Sources/FloatingLabelTextFieldSwiftUI/Extensions/UIResponder+Extesnion.swift:15:51: error: 'UIResponder' is unavailable in watchOS
13 | static var currentFirstResponder: UIResponder? {
14 | _currentFirstResponder = nil
15 | UIApplication.shared.sendAction(#selector(UIResponder.findFirstResponder(_:)), to: nil, from: nil, for: nil)
| `- error: 'UIResponder' is unavailable in watchOS
16 | return _currentFirstResponder
17 | }
/Applications/Xcode-27.0.0-Release.Candidate.app/Contents/Developer/Platforms/WatchOS.platform/Developer/SDKs/WatchOS27.0.sdk/System/Library/Frameworks/UIKit.framework/Headers/UIResponder.h:82:12: note: 'UIResponder' has been explicitly marked unavailable here
80 |
81 | UIKIT_EXTERN API_AVAILABLE(ios(2.0)) API_UNAVAILABLE(watchos) NS_SWIFT_UI_ACTOR
82 | @interface UIResponder : NSObject <UIResponderStandardEditActions>
| `- note: 'UIResponder' has been explicitly marked unavailable here
83 |
84 | @property(nonatomic, readonly, nullable) UIResponder *nextResponder;
/Users/admin/builder/spi-builder-workspace/Sources/FloatingLabelTextFieldSwiftUI/Extensions/UIResponder+Extesnion.swift:22:9: error: 'UIResponder' is unavailable in watchOS
20 |
21 | @objc private func findFirstResponder(_ sender: Any) {
22 | UIResponder._currentFirstResponder = self
| `- error: 'UIResponder' is unavailable in watchOS
23 | }
24 |
/Applications/Xcode-27.0.0-Release.Candidate.app/Contents/Developer/Platforms/WatchOS.platform/Developer/SDKs/WatchOS27.0.sdk/System/Library/Frameworks/UIKit.framework/Headers/UIResponder.h:82:12: note: 'UIResponder' has been explicitly marked unavailable here
80 |
81 | UIKIT_EXTERN API_AVAILABLE(ios(2.0)) API_UNAVAILABLE(watchos) NS_SWIFT_UI_ACTOR
82 | @interface UIResponder : NSObject <UIResponderStandardEditActions>
| `- note: 'UIResponder' has been explicitly marked unavailable here
83 |
84 | @property(nonatomic, readonly, nullable) UIResponder *nextResponder;
SwiftCompile normal arm64_32 /Users/admin/builder/spi-builder-workspace/Sources/FloatingLabelTextFieldSwiftUI/Extensions/UIResponder+Extesnion.swift (in target 'FloatingLabelTextFieldSwiftUI' from project 'FloatingLabelTextFieldSwiftUI')
cd /Users/admin/builder/spi-builder-workspace/.swiftpm/xcode
builtin-SwiftPerFileCompile UIResponder+Extesnion.swift
SwiftCompile normal arm64_32 Compiling\ Validator.swift /Users/admin/builder/spi-builder-workspace/Sources/FloatingLabelTextFieldSwiftUI/TextFieldValidator/Validator.swift (in target 'FloatingLabelTextFieldSwiftUI' from project 'FloatingLabelTextFieldSwiftUI')
SwiftCompile normal arm64_32 /Users/admin/builder/spi-builder-workspace/Sources/FloatingLabelTextFieldSwiftUI/TextFieldValidator/Validator.swift (in target 'FloatingLabelTextFieldSwiftUI' from project 'FloatingLabelTextFieldSwiftUI')
cd /Users/admin/builder/spi-builder-workspace/.swiftpm/xcode
builtin-SwiftPerFileCompile Validator.swift
SwiftCompile normal arm64_32 Compiling\ UITextField+Extension.swift /Users/admin/builder/spi-builder-workspace/Sources/FloatingLabelTextFieldSwiftUI/Extensions/UITextField+Extension.swift (in target 'FloatingLabelTextFieldSwiftUI' from project 'FloatingLabelTextFieldSwiftUI')
/Users/admin/builder/spi-builder-workspace/Sources/FloatingLabelTextFieldSwiftUI/Extensions/UITextField+Extension.swift:56:11: error: 'UITextField' is unavailable in watchOS
54 | public var arrTextFieldEditActions: [TextFieldEditActions] = []
55 |
56 | extension UITextField {
| `- error: 'UITextField' is unavailable in watchOS
57 | open override func target(forAction action: Selector, withSender sender: Any?) -> Any? {
58 |
/Applications/Xcode-27.0.0-Release.Candidate.app/Contents/Developer/Platforms/WatchOS.platform/Developer/SDKs/WatchOS27.0.sdk/System/Library/Frameworks/UIKit.framework/Headers/UITextField.h:53:12: note: 'UITextField' has been explicitly marked unavailable here
51 |
52 | UIKIT_EXTERN API_AVAILABLE(ios(2.0)) API_UNAVAILABLE(watchos) NS_SWIFT_UI_ACTOR
53 | @interface UITextField : UIControl <UITextInput, NSCoding, UIContentSizeCategoryAdjusting, UILetterformAwareAdjusting>
| `- note: 'UITextField' has been explicitly marked unavailable here
54 |
55 | @property(nullable, nonatomic,copy) NSString *text; // default is nil
/Users/admin/builder/spi-builder-workspace/Sources/FloatingLabelTextFieldSwiftUI/Extensions/UITextField+Extension.swift:22:30: error: 'UIResponderStandardEditActions' is unavailable in watchOS
20 | switch self {
21 | case .all:
22 | return #selector(UIResponderStandardEditActions.`self`)
| `- error: 'UIResponderStandardEditActions' is unavailable in watchOS
23 | case .copy:
24 | return #selector(UIResponderStandardEditActions.copy)
/Applications/Xcode-27.0.0-Release.Candidate.app/Contents/Developer/Platforms/WatchOS.platform/Developer/SDKs/WatchOS27.0.sdk/System/Library/Frameworks/UIKit.framework/Headers/UIResponder.h:32:11: note: 'UIResponderStandardEditActions' has been explicitly marked unavailable here
30 |
31 | API_UNAVAILABLE(watchos) NS_SWIFT_UI_ACTOR
32 | @protocol UIResponderStandardEditActions <NSObject>
| `- note: 'UIResponderStandardEditActions' has been explicitly marked unavailable here
33 | @optional
34 | - (void)cut:(nullable id)sender API_AVAILABLE(ios(3.0)) API_UNAVAILABLE(watchos);
/Users/admin/builder/spi-builder-workspace/Sources/FloatingLabelTextFieldSwiftUI/Extensions/UITextField+Extension.swift:24:30: error: 'UIResponderStandardEditActions' is unavailable in watchOS
22 | return #selector(UIResponderStandardEditActions.`self`)
23 | case .copy:
24 | return #selector(UIResponderStandardEditActions.copy)
| `- error: 'UIResponderStandardEditActions' is unavailable in watchOS
25 | case .paste:
26 | return #selector(UIResponderStandardEditActions.paste)
/Applications/Xcode-27.0.0-Release.Candidate.app/Contents/Developer/Platforms/WatchOS.platform/Developer/SDKs/WatchOS27.0.sdk/System/Library/Frameworks/UIKit.framework/Headers/UIResponder.h:32:11: note: 'UIResponderStandardEditActions' has been explicitly marked unavailable here
30 |
31 | API_UNAVAILABLE(watchos) NS_SWIFT_UI_ACTOR
32 | @protocol UIResponderStandardEditActions <NSObject>
| `- note: 'UIResponderStandardEditActions' has been explicitly marked unavailable here
33 | @optional
34 | - (void)cut:(nullable id)sender API_AVAILABLE(ios(3.0)) API_UNAVAILABLE(watchos);
/Users/admin/builder/spi-builder-workspace/Sources/FloatingLabelTextFieldSwiftUI/Extensions/UITextField+Extension.swift:24:61: error: 'copy' is unavailable in watchOS
22 | return #selector(UIResponderStandardEditActions.`self`)
23 | case .copy:
24 | return #selector(UIResponderStandardEditActions.copy)
| `- error: 'copy' is unavailable in watchOS
25 | case .paste:
26 | return #selector(UIResponderStandardEditActions.paste)
/Applications/Xcode-27.0.0-Release.Candidate.app/Contents/Developer/Platforms/WatchOS.platform/Developer/SDKs/WatchOS27.0.sdk/System/Library/Frameworks/UIKit.framework/Headers/UIResponder.h:35:1: note: 'copy' has been explicitly marked unavailable here
33 | @optional
34 | - (void)cut:(nullable id)sender API_AVAILABLE(ios(3.0)) API_UNAVAILABLE(watchos);
35 | - (void)copy:(nullable id)sender API_AVAILABLE(ios(3.0)) API_UNAVAILABLE(watchos);
| `- note: 'copy' has been explicitly marked unavailable here
36 | - (void)paste:(nullable id)sender API_AVAILABLE(ios(3.0)) API_UNAVAILABLE(watchos);
37 | - (void)pasteAndMatchStyle:(nullable id)sender API_AVAILABLE(ios(15.0)) API_UNAVAILABLE(watchos);
/Users/admin/builder/spi-builder-workspace/Sources/FloatingLabelTextFieldSwiftUI/Extensions/UITextField+Extension.swift:26:30: error: 'UIResponderStandardEditActions' is unavailable in watchOS
24 | return #selector(UIResponderStandardEditActions.copy)
25 | case .paste:
26 | return #selector(UIResponderStandardEditActions.paste)
| `- error: 'UIResponderStandardEditActions' is unavailable in watchOS
27 | case .select:
28 | return #selector(UIResponderStandardEditActions.select)
/Applications/Xcode-27.0.0-Release.Candidate.app/Contents/Developer/Platforms/WatchOS.platform/Developer/SDKs/WatchOS27.0.sdk/System/Library/Frameworks/UIKit.framework/Headers/UIResponder.h:32:11: note: 'UIResponderStandardEditActions' has been explicitly marked unavailable here
30 |
31 | API_UNAVAILABLE(watchos) NS_SWIFT_UI_ACTOR
32 | @protocol UIResponderStandardEditActions <NSObject>
| `- note: 'UIResponderStandardEditActions' has been explicitly marked unavailable here
33 | @optional
34 | - (void)cut:(nullable id)sender API_AVAILABLE(ios(3.0)) API_UNAVAILABLE(watchos);
/Users/admin/builder/spi-builder-workspace/Sources/FloatingLabelTextFieldSwiftUI/Extensions/UITextField+Extension.swift:26:61: error: 'paste' is unavailable in watchOS
24 | return #selector(UIResponderStandardEditActions.copy)
25 | case .paste:
26 | return #selector(UIResponderStandardEditActions.paste)
| `- error: 'paste' is unavailable in watchOS
27 | case .select:
28 | return #selector(UIResponderStandardEditActions.select)
/Applications/Xcode-27.0.0-Release.Candidate.app/Contents/Developer/Platforms/WatchOS.platform/Developer/SDKs/WatchOS27.0.sdk/System/Library/Frameworks/UIKit.framework/Headers/UIResponder.h:36:1: note: 'paste' has been explicitly marked unavailable here
34 | - (void)cut:(nullable id)sender API_AVAILABLE(ios(3.0)) API_UNAVAILABLE(watchos);
35 | - (void)copy:(nullable id)sender API_AVAILABLE(ios(3.0)) API_UNAVAILABLE(watchos);
36 | - (void)paste:(nullable id)sender API_AVAILABLE(ios(3.0)) API_UNAVAILABLE(watchos);
| `- note: 'paste' has been explicitly marked unavailable here
37 | - (void)pasteAndMatchStyle:(nullable id)sender API_AVAILABLE(ios(15.0)) API_UNAVAILABLE(watchos);
38 | - (void)pasteAndGo:(nullable id)sender API_AVAILABLE(ios(15.0)) API_UNAVAILABLE(watchos);
/Users/admin/builder/spi-builder-workspace/Sources/FloatingLabelTextFieldSwiftUI/Extensions/UITextField+Extension.swift:28:30: error: 'UIResponderStandardEditActions' is unavailable in watchOS
26 | return #selector(UIResponderStandardEditActions.paste)
27 | case .select:
28 | return #selector(UIResponderStandardEditActions.select)
| `- error: 'UIResponderStandardEditActions' is unavailable in watchOS
29 | case .selectAll:
30 | return #selector(UIResponderStandardEditActions.selectAll)
/Applications/Xcode-27.0.0-Release.Candidate.app/Contents/Developer/Platforms/WatchOS.platform/Developer/SDKs/WatchOS27.0.sdk/System/Library/Frameworks/UIKit.framework/Headers/UIResponder.h:32:11: note: 'UIResponderStandardEditActions' has been explicitly marked unavailable here
30 |
31 | API_UNAVAILABLE(watchos) NS_SWIFT_UI_ACTOR
32 | @protocol UIResponderStandardEditActions <NSObject>
| `- note: 'UIResponderStandardEditActions' has been explicitly marked unavailable here
33 | @optional
34 | - (void)cut:(nullable id)sender API_AVAILABLE(ios(3.0)) API_UNAVAILABLE(watchos);
/Users/admin/builder/spi-builder-workspace/Sources/FloatingLabelTextFieldSwiftUI/Extensions/UITextField+Extension.swift:28:61: error: 'select' is unavailable in watchOS
26 | return #selector(UIResponderStandardEditActions.paste)
27 | case .select:
28 | return #selector(UIResponderStandardEditActions.select)
| `- error: 'select' is unavailable in watchOS
29 | case .selectAll:
30 | return #selector(UIResponderStandardEditActions.selectAll)
/Applications/Xcode-27.0.0-Release.Candidate.app/Contents/Developer/Platforms/WatchOS.platform/Developer/SDKs/WatchOS27.0.sdk/System/Library/Frameworks/UIKit.framework/Headers/UIResponder.h:41:1: note: 'select' has been explicitly marked unavailable here
39 | - (void)pasteAndSearch:(nullable id)sender API_AVAILABLE(ios(15.0)) API_UNAVAILABLE(watchos);
40 | - (void)newFromPasteboard:(nullable id)sender API_AVAILABLE(ios(26.0)) API_UNAVAILABLE(watchos);
41 | - (void)select:(nullable id)sender API_AVAILABLE(ios(3.0)) API_UNAVAILABLE(watchos);
| `- note: 'select' has been explicitly marked unavailable here
42 | - (void)selectAll:(nullable id)sender API_AVAILABLE(ios(3.0)) API_UNAVAILABLE(watchos);
43 | - (void)delete:(nullable id)sender API_AVAILABLE(ios(3.2)) API_UNAVAILABLE(watchos);
/Users/admin/builder/spi-builder-workspace/Sources/FloatingLabelTextFieldSwiftUI/Extensions/UITextField+Extension.swift:30:30: error: 'UIResponderStandardEditActions' is unavailable in watchOS
28 | return #selector(UIResponderStandardEditActions.select)
29 | case .selectAll:
30 | return #selector(UIResponderStandardEditActions.selectAll)
| `- error: 'UIResponderStandardEditActions' is unavailable in watchOS
31 | case .delete:
32 | return #selector(UIResponderStandardEditActions.delete)
/Applications/Xcode-27.0.0-Release.Candidate.app/Contents/Developer/Platforms/WatchOS.platform/Developer/SDKs/WatchOS27.0.sdk/System/Library/Frameworks/UIKit.framework/Headers/UIResponder.h:32:11: note: 'UIResponderStandardEditActions' has been explicitly marked unavailable here
30 |
31 | API_UNAVAILABLE(watchos) NS_SWIFT_UI_ACTOR
32 | @protocol UIResponderStandardEditActions <NSObject>
| `- note: 'UIResponderStandardEditActions' has been explicitly marked unavailable here
33 | @optional
34 | - (void)cut:(nullable id)sender API_AVAILABLE(ios(3.0)) API_UNAVAILABLE(watchos);
/Users/admin/builder/spi-builder-workspace/Sources/FloatingLabelTextFieldSwiftUI/Extensions/UITextField+Extension.swift:30:61: error: 'selectAll' is unavailable in watchOS
28 | return #selector(UIResponderStandardEditActions.select)
29 | case .selectAll:
30 | return #selector(UIResponderStandardEditActions.selectAll)
| `- error: 'selectAll' is unavailable in watchOS
31 | case .delete:
32 | return #selector(UIResponderStandardEditActions.delete)
/Applications/Xcode-27.0.0-Release.Candidate.app/Contents/Developer/Platforms/WatchOS.platform/Developer/SDKs/WatchOS27.0.sdk/System/Library/Frameworks/UIKit.framework/Headers/UIResponder.h:42:1: note: 'selectAll' has been explicitly marked unavailable here
40 | - (void)newFromPasteboard:(nullable id)sender API_AVAILABLE(ios(26.0)) API_UNAVAILABLE(watchos);
41 | - (void)select:(nullable id)sender API_AVAILABLE(ios(3.0)) API_UNAVAILABLE(watchos);
42 | - (void)selectAll:(nullable id)sender API_AVAILABLE(ios(3.0)) API_UNAVAILABLE(watchos);
| `- note: 'selectAll' has been explicitly marked unavailable here
43 | - (void)delete:(nullable id)sender API_AVAILABLE(ios(3.2)) API_UNAVAILABLE(watchos);
44 | - (void)makeTextWritingDirectionLeftToRight:(nullable id)sender API_AVAILABLE(ios(5.0)) API_UNAVAILABLE(watchos);
/Users/admin/builder/spi-builder-workspace/Sources/FloatingLabelTextFieldSwiftUI/Extensions/UITextField+Extension.swift:32:30: error: 'UIResponderStandardEditActions' is unavailable in watchOS
30 | return #selector(UIResponderStandardEditActions.selectAll)
31 | case .delete:
32 | return #selector(UIResponderStandardEditActions.delete)
| `- error: 'UIResponderStandardEditActions' is unavailable in watchOS
33 | case .cut:
34 | return #selector(UIResponderStandardEditActions.cut)
/Applications/Xcode-27.0.0-Release.Candidate.app/Contents/Developer/Platforms/WatchOS.platform/Developer/SDKs/WatchOS27.0.sdk/System/Library/Frameworks/UIKit.framework/Headers/UIResponder.h:32:11: note: 'UIResponderStandardEditActions' has been explicitly marked unavailable here
30 |
31 | API_UNAVAILABLE(watchos) NS_SWIFT_UI_ACTOR
32 | @protocol UIResponderStandardEditActions <NSObject>
| `- note: 'UIResponderStandardEditActions' has been explicitly marked unavailable here
33 | @optional
34 | - (void)cut:(nullable id)sender API_AVAILABLE(ios(3.0)) API_UNAVAILABLE(watchos);
/Users/admin/builder/spi-builder-workspace/Sources/FloatingLabelTextFieldSwiftUI/Extensions/UITextField+Extension.swift:32:61: error: 'delete' is unavailable in watchOS
30 | return #selector(UIResponderStandardEditActions.selectAll)
31 | case .delete:
32 | return #selector(UIResponderStandardEditActions.delete)
| `- error: 'delete' is unavailable in watchOS
33 | case .cut:
34 | return #selector(UIResponderStandardEditActions.cut)
/Applications/Xcode-27.0.0-Release.Candidate.app/Contents/Developer/Platforms/WatchOS.platform/Developer/SDKs/WatchOS27.0.sdk/System/Library/Frameworks/UIKit.framework/Headers/UIResponder.h:43:1: note: 'delete' has been explicitly marked unavailable here
41 | - (void)select:(nullable id)sender API_AVAILABLE(ios(3.0)) API_UNAVAILABLE(watchos);
42 | - (void)selectAll:(nullable id)sender API_AVAILABLE(ios(3.0)) API_UNAVAILABLE(watchos);
43 | - (void)delete:(nullable id)sender API_AVAILABLE(ios(3.2)) API_UNAVAILABLE(watchos);
| `- note: 'delete' has been explicitly marked unavailable here
44 | - (void)makeTextWritingDirectionLeftToRight:(nullable id)sender API_AVAILABLE(ios(5.0)) API_UNAVAILABLE(watchos);
45 | - (void)makeTextWritingDirectionRightToLeft:(nullable id)sender API_AVAILABLE(ios(5.0)) API_UNAVAILABLE(watchos);
/Users/admin/builder/spi-builder-workspace/Sources/FloatingLabelTextFieldSwiftUI/Extensions/UITextField+Extension.swift:34:30: error: 'UIResponderStandardEditActions' is unavailable in watchOS
32 | return #selector(UIResponderStandardEditActions.delete)
33 | case .cut:
34 | return #selector(UIResponderStandardEditActions.cut)
| `- error: 'UIResponderStandardEditActions' is unavailable in watchOS
35 | case .decreaseSize:
36 | return #selector(UIResponderStandardEditActions.decreaseSize)
/Applications/Xcode-27.0.0-Release.Candidate.app/Contents/Developer/Platforms/WatchOS.platform/Developer/SDKs/WatchOS27.0.sdk/System/Library/Frameworks/UIKit.framework/Headers/UIResponder.h:32:11: note: 'UIResponderStandardEditActions' has been explicitly marked unavailable here
30 |
31 | API_UNAVAILABLE(watchos) NS_SWIFT_UI_ACTOR
32 | @protocol UIResponderStandardEditActions <NSObject>
| `- note: 'UIResponderStandardEditActions' has been explicitly marked unavailable here
33 | @optional
34 | - (void)cut:(nullable id)sender API_AVAILABLE(ios(3.0)) API_UNAVAILABLE(watchos);
/Users/admin/builder/spi-builder-workspace/Sources/FloatingLabelTextFieldSwiftUI/Extensions/UITextField+Extension.swift:34:61: error: 'cut' is unavailable in watchOS
32 | return #selector(UIResponderStandardEditActions.delete)
33 | case .cut:
34 | return #selector(UIResponderStandardEditActions.cut)
| `- error: 'cut' is unavailable in watchOS
35 | case .decreaseSize:
36 | return #selector(UIResponderStandardEditActions.decreaseSize)
/Applications/Xcode-27.0.0-Release.Candidate.app/Contents/Developer/Platforms/WatchOS.platform/Developer/SDKs/WatchOS27.0.sdk/System/Library/Frameworks/UIKit.framework/Headers/UIResponder.h:34:1: note: 'cut' has been explicitly marked unavailable here
32 | @protocol UIResponderStandardEditActions <NSObject>
33 | @optional
34 | - (void)cut:(nullable id)sender API_AVAILABLE(ios(3.0)) API_UNAVAILABLE(watchos);
| `- note: 'cut' has been explicitly marked unavailable here
35 | - (void)copy:(nullable id)sender API_AVAILABLE(ios(3.0)) API_UNAVAILABLE(watchos);
36 | - (void)paste:(nullable id)sender API_AVAILABLE(ios(3.0)) API_UNAVAILABLE(watchos);
/Users/admin/builder/spi-builder-workspace/Sources/FloatingLabelTextFieldSwiftUI/Extensions/UITextField+Extension.swift:36:30: error: 'UIResponderStandardEditActions' is unavailable in watchOS
34 | return #selector(UIResponderStandardEditActions.cut)
35 | case .decreaseSize:
36 | return #selector(UIResponderStandardEditActions.decreaseSize)
| `- error: 'UIResponderStandardEditActions' is unavailable in watchOS
37 | case .increaseSize:
38 | return #selector(UIResponderStandardEditActions.increaseSize)
/Applications/Xcode-27.0.0-Release.Candidate.app/Contents/Developer/Platforms/WatchOS.platform/Developer/SDKs/WatchOS27.0.sdk/System/Library/Frameworks/UIKit.framework/Headers/UIResponder.h:32:11: note: 'UIResponderStandardEditActions' has been explicitly marked unavailable here
30 |
31 | API_UNAVAILABLE(watchos) NS_SWIFT_UI_ACTOR
32 | @protocol UIResponderStandardEditActions <NSObject>
| `- note: 'UIResponderStandardEditActions' has been explicitly marked unavailable here
33 | @optional
34 | - (void)cut:(nullable id)sender API_AVAILABLE(ios(3.0)) API_UNAVAILABLE(watchos);
/Users/admin/builder/spi-builder-workspace/Sources/FloatingLabelTextFieldSwiftUI/Extensions/UITextField+Extension.swift:36:61: error: 'decreaseSize' is unavailable in watchOS
34 | return #selector(UIResponderStandardEditActions.cut)
35 | case .decreaseSize:
36 | return #selector(UIResponderStandardEditActions.decreaseSize)
| `- error: 'decreaseSize' is unavailable in watchOS
37 | case .increaseSize:
38 | return #selector(UIResponderStandardEditActions.increaseSize)
/Applications/Xcode-27.0.0-Release.Candidate.app/Contents/Developer/Platforms/WatchOS.platform/Developer/SDKs/WatchOS27.0.sdk/System/Library/Frameworks/UIKit.framework/Headers/UIResponder.h:51:1: note: 'decreaseSize' has been explicitly marked unavailable here
49 |
50 | - (void)increaseSize:(nullable id)sender API_AVAILABLE(ios(7.0)) API_UNAVAILABLE(watchos);
51 | - (void)decreaseSize:(nullable id)sender API_AVAILABLE(ios(7.0)) API_UNAVAILABLE(watchos);
| `- note: 'decreaseSize' has been explicitly marked unavailable here
52 |
53 | - (void)alignLeft:(nullable id)sender API_AVAILABLE(ios(26.0)) API_UNAVAILABLE(watchos);
/Users/admin/builder/spi-builder-workspace/Sources/FloatingLabelTextFieldSwiftUI/Extensions/UITextField+Extension.swift:38:30: error: 'UIResponderStandardEditActions' is unavailable in watchOS
36 | return #selector(UIResponderStandardEditActions.decreaseSize)
37 | case .increaseSize:
38 | return #selector(UIResponderStandardEditActions.increaseSize)
| `- error: 'UIResponderStandardEditActions' is unavailable in watchOS
39 | case .toggleItalics:
40 | return #selector(UIResponderStandardEditActions.toggleItalics)
/Applications/Xcode-27.0.0-Release.Candidate.app/Contents/Developer/Platforms/WatchOS.platform/Developer/SDKs/WatchOS27.0.sdk/System/Library/Frameworks/UIKit.framework/Headers/UIResponder.h:32:11: note: 'UIResponderStandardEditActions' has been explicitly marked unavailable here
30 |
31 | API_UNAVAILABLE(watchos) NS_SWIFT_UI_ACTOR
32 | @protocol UIResponderStandardEditActions <NSObject>
| `- note: 'UIResponderStandardEditActions' has been explicitly marked unavailable here
33 | @optional
34 | - (void)cut:(nullable id)sender API_AVAILABLE(ios(3.0)) API_UNAVAILABLE(watchos);
/Users/admin/builder/spi-builder-workspace/Sources/FloatingLabelTextFieldSwiftUI/Extensions/UITextField+Extension.swift:38:61: error: 'increaseSize' is unavailable in watchOS
36 | return #selector(UIResponderStandardEditActions.decreaseSize)
37 | case .increaseSize:
38 | return #selector(UIResponderStandardEditActions.increaseSize)
| `- error: 'increaseSize' is unavailable in watchOS
39 | case .toggleItalics:
40 | return #selector(UIResponderStandardEditActions.toggleItalics)
/Applications/Xcode-27.0.0-Release.Candidate.app/Contents/Developer/Platforms/WatchOS.platform/Developer/SDKs/WatchOS27.0.sdk/System/Library/Frameworks/UIKit.framework/Headers/UIResponder.h:50:1: note: 'increaseSize' has been explicitly marked unavailable here
48 | - (void)toggleUnderline:(nullable id)sender API_AVAILABLE(ios(6.0)) API_UNAVAILABLE(watchos);
49 |
50 | - (void)increaseSize:(nullable id)sender API_AVAILABLE(ios(7.0)) API_UNAVAILABLE(watchos);
| `- note: 'increaseSize' has been explicitly marked unavailable here
51 | - (void)decreaseSize:(nullable id)sender API_AVAILABLE(ios(7.0)) API_UNAVAILABLE(watchos);
52 |
/Users/admin/builder/spi-builder-workspace/Sources/FloatingLabelTextFieldSwiftUI/Extensions/UITextField+Extension.swift:40:30: error: 'UIResponderStandardEditActions' is unavailable in watchOS
38 | return #selector(UIResponderStandardEditActions.increaseSize)
39 | case .toggleItalics:
40 | return #selector(UIResponderStandardEditActions.toggleItalics)
| `- error: 'UIResponderStandardEditActions' is unavailable in watchOS
41 | case .toggleBoldface:
42 | return #selector(UIResponderStandardEditActions.toggleBoldface)
/Applications/Xcode-27.0.0-Release.Candidate.app/Contents/Developer/Platforms/WatchOS.platform/Developer/SDKs/WatchOS27.0.sdk/System/Library/Frameworks/UIKit.framework/Headers/UIResponder.h:32:11: note: 'UIResponderStandardEditActions' has been explicitly marked unavailable here
30 |
31 | API_UNAVAILABLE(watchos) NS_SWIFT_UI_ACTOR
32 | @protocol UIResponderStandardEditActions <NSObject>
| `- note: 'UIResponderStandardEditActions' has been explicitly marked unavailable here
33 | @optional
34 | - (void)cut:(nullable id)sender API_AVAILABLE(ios(3.0)) API_UNAVAILABLE(watchos);
/Users/admin/builder/spi-builder-workspace/Sources/FloatingLabelTextFieldSwiftUI/Extensions/UITextField+Extension.swift:40:61: error: 'toggleItalics' is unavailable in watchOS
38 | return #selector(UIResponderStandardEditActions.increaseSize)
39 | case .toggleItalics:
40 | return #selector(UIResponderStandardEditActions.toggleItalics)
| `- error: 'toggleItalics' is unavailable in watchOS
41 | case .toggleBoldface:
42 | return #selector(UIResponderStandardEditActions.toggleBoldface)
/Applications/Xcode-27.0.0-Release.Candidate.app/Contents/Developer/Platforms/WatchOS.platform/Developer/SDKs/WatchOS27.0.sdk/System/Library/Frameworks/UIKit.framework/Headers/UIResponder.h:47:1: note: 'toggleItalics' has been explicitly marked unavailable here
45 | - (void)makeTextWritingDirectionRightToLeft:(nullable id)sender API_AVAILABLE(ios(5.0)) API_UNAVAILABLE(watchos);
46 | - (void)toggleBoldface:(nullable id)sender API_AVAILABLE(ios(6.0)) API_UNAVAILABLE(watchos);
47 | - (void)toggleItalics:(nullable id)sender API_AVAILABLE(ios(6.0)) API_UNAVAILABLE(watchos);
| `- note: 'toggleItalics' has been explicitly marked unavailable here
48 | - (void)toggleUnderline:(nullable id)sender API_AVAILABLE(ios(6.0)) API_UNAVAILABLE(watchos);
49 |
/Users/admin/builder/spi-builder-workspace/Sources/FloatingLabelTextFieldSwiftUI/Extensions/UITextField+Extension.swift:42:30: error: 'UIResponderStandardEditActions' is unavailable in watchOS
40 | return #selector(UIResponderStandardEditActions.toggleItalics)
41 | case .toggleBoldface:
42 | return #selector(UIResponderStandardEditActions.toggleBoldface)
| `- error: 'UIResponderStandardEditActions' is unavailable in watchOS
43 | case .toggleUnderline:
44 | return #selector(UIResponderStandardEditActions.toggleUnderline)
/Applications/Xcode-27.0.0-Release.Candidate.app/Contents/Developer/Platforms/WatchOS.platform/Developer/SDKs/WatchOS27.0.sdk/System/Library/Frameworks/UIKit.framework/Headers/UIResponder.h:32:11: note: 'UIResponderStandardEditActions' has been explicitly marked unavailable here
30 |
31 | API_UNAVAILABLE(watchos) NS_SWIFT_UI_ACTOR
32 | @protocol UIResponderStandardEditActions <NSObject>
| `- note: 'UIResponderStandardEditActions' has been explicitly marked unavailable here
33 | @optional
34 | - (void)cut:(nullable id)sender API_AVAILABLE(ios(3.0)) API_UNAVAILABLE(watchos);
/Users/admin/builder/spi-builder-workspace/Sources/FloatingLabelTextFieldSwiftUI/Extensions/UITextField+Extension.swift:42:61: error: 'toggleBoldface' is unavailable in watchOS
40 | return #selector(UIResponderStandardEditActions.toggleItalics)
41 | case .toggleBoldface:
42 | return #selector(UIResponderStandardEditActions.toggleBoldface)
| `- error: 'toggleBoldface' is unavailable in watchOS
43 | case .toggleUnderline:
44 | return #selector(UIResponderStandardEditActions.toggleUnderline)
/Applications/Xcode-27.0.0-Release.Candidate.app/Contents/Developer/Platforms/WatchOS.platform/Developer/SDKs/WatchOS27.0.sdk/System/Library/Frameworks/UIKit.framework/Headers/UIResponder.h:46:1: note: 'toggleBoldface' has been explicitly marked unavailable here
44 | - (void)makeTextWritingDirectionLeftToRight:(nullable id)sender API_AVAILABLE(ios(5.0)) API_UNAVAILABLE(watchos);
45 | - (void)makeTextWritingDirectionRightToLeft:(nullable id)sender API_AVAILABLE(ios(5.0)) API_UNAVAILABLE(watchos);
46 | - (void)toggleBoldface:(nullable id)sender API_AVAILABLE(ios(6.0)) API_UNAVAILABLE(watchos);
| `- note: 'toggleBoldface' has been explicitly marked unavailable here
47 | - (void)toggleItalics:(nullable id)sender API_AVAILABLE(ios(6.0)) API_UNAVAILABLE(watchos);
48 | - (void)toggleUnderline:(nullable id)sender API_AVAILABLE(ios(6.0)) API_UNAVAILABLE(watchos);
/Users/admin/builder/spi-builder-workspace/Sources/FloatingLabelTextFieldSwiftUI/Extensions/UITextField+Extension.swift:44:30: error: 'UIResponderStandardEditActions' is unavailable in watchOS
42 | return #selector(UIResponderStandardEditActions.toggleBoldface)
43 | case .toggleUnderline:
44 | return #selector(UIResponderStandardEditActions.toggleUnderline)
| `- error: 'UIResponderStandardEditActions' is unavailable in watchOS
45 | case .makeTextWritingDirectionLeftToRight:
46 | return #selector(UIResponderStandardEditActions.makeTextWritingDirectionLeftToRight)
/Applications/Xcode-27.0.0-Release.Candidate.app/Contents/Developer/Platforms/WatchOS.platform/Developer/SDKs/WatchOS27.0.sdk/System/Library/Frameworks/UIKit.framework/Headers/UIResponder.h:32:11: note: 'UIResponderStandardEditActions' has been explicitly marked unavailable here
30 |
31 | API_UNAVAILABLE(watchos) NS_SWIFT_UI_ACTOR
32 | @protocol UIResponderStandardEditActions <NSObject>
| `- note: 'UIResponderStandardEditActions' has been explicitly marked unavailable here
33 | @optional
34 | - (void)cut:(nullable id)sender API_AVAILABLE(ios(3.0)) API_UNAVAILABLE(watchos);
/Users/admin/builder/spi-builder-workspace/Sources/FloatingLabelTextFieldSwiftUI/Extensions/UITextField+Extension.swift:44:61: error: 'toggleUnderline' is unavailable in watchOS
42 | return #selector(UIResponderStandardEditActions.toggleBoldface)
43 | case .toggleUnderline:
44 | return #selector(UIResponderStandardEditActions.toggleUnderline)
| `- error: 'toggleUnderline' is unavailable in watchOS
45 | case .makeTextWritingDirectionLeftToRight:
46 | return #selector(UIResponderStandardEditActions.makeTextWritingDirectionLeftToRight)
/Applications/Xcode-27.0.0-Release.Candidate.app/Contents/Developer/Platforms/WatchOS.platform/Developer/SDKs/WatchOS27.0.sdk/System/Library/Frameworks/UIKit.framework/Headers/UIResponder.h:48:1: note: 'toggleUnderline' has been explicitly marked unavailable here
46 | - (void)toggleBoldface:(nullable id)sender API_AVAILABLE(ios(6.0)) API_UNAVAILABLE(watchos);
47 | - (void)toggleItalics:(nullable id)sender API_AVAILABLE(ios(6.0)) API_UNAVAILABLE(watchos);
48 | - (void)toggleUnderline:(nullable id)sender API_AVAILABLE(ios(6.0)) API_UNAVAILABLE(watchos);
| `- note: 'toggleUnderline' has been explicitly marked unavailable here
49 |
50 | - (void)increaseSize:(nullable id)sender API_AVAILABLE(ios(7.0)) API_UNAVAILABLE(watchos);
/Users/admin/builder/spi-builder-workspace/Sources/FloatingLabelTextFieldSwiftUI/Extensions/UITextField+Extension.swift:46:30: error: 'UIResponderStandardEditActions' is unavailable in watchOS
44 | return #selector(UIResponderStandardEditActions.toggleUnderline)
45 | case .makeTextWritingDirectionLeftToRight:
46 | return #selector(UIResponderStandardEditActions.makeTextWritingDirectionLeftToRight)
| `- error: 'UIResponderStandardEditActions' is unavailable in watchOS
47 | case .makeTextWritingDirectionRightToLeft:
48 | return #selector(UIResponderStandardEditActions.makeTextWritingDirectionRightToLeft)
/Applications/Xcode-27.0.0-Release.Candidate.app/Contents/Developer/Platforms/WatchOS.platform/Developer/SDKs/WatchOS27.0.sdk/System/Library/Frameworks/UIKit.framework/Headers/UIResponder.h:32:11: note: 'UIResponderStandardEditActions' has been explicitly marked unavailable here
30 |
31 | API_UNAVAILABLE(watchos) NS_SWIFT_UI_ACTOR
32 | @protocol UIResponderStandardEditActions <NSObject>
| `- note: 'UIResponderStandardEditActions' has been explicitly marked unavailable here
33 | @optional
34 | - (void)cut:(nullable id)sender API_AVAILABLE(ios(3.0)) API_UNAVAILABLE(watchos);
/Users/admin/builder/spi-builder-workspace/Sources/FloatingLabelTextFieldSwiftUI/Extensions/UITextField+Extension.swift:46:61: error: 'makeTextWritingDirectionLeftToRight' is unavailable in watchOS
44 | return #selector(UIResponderStandardEditActions.toggleUnderline)
45 | case .makeTextWritingDirectionLeftToRight:
46 | return #selector(UIResponderStandardEditActions.makeTextWritingDirectionLeftToRight)
| `- error: 'makeTextWritingDirectionLeftToRight' is unavailable in watchOS
47 | case .makeTextWritingDirectionRightToLeft:
48 | return #selector(UIResponderStandardEditActions.makeTextWritingDirectionRightToLeft)
/Applications/Xcode-27.0.0-Release.Candidate.app/Contents/Developer/Platforms/WatchOS.platform/Developer/SDKs/WatchOS27.0.sdk/System/Library/Frameworks/UIKit.framework/Headers/UIResponder.h:44:1: note: 'makeTextWritingDirectionLeftToRight' has been explicitly marked unavailable here
42 | - (void)selectAll:(nullable id)sender API_AVAILABLE(ios(3.0)) API_UNAVAILABLE(watchos);
43 | - (void)delete:(nullable id)sender API_AVAILABLE(ios(3.2)) API_UNAVAILABLE(watchos);
44 | - (void)makeTextWritingDirectionLeftToRight:(nullable id)sender API_AVAILABLE(ios(5.0)) API_UNAVAILABLE(watchos);
| `- note: 'makeTextWritingDirectionLeftToRight' has been explicitly marked unavailable here
45 | - (void)makeTextWritingDirectionRightToLeft:(nullable id)sender API_AVAILABLE(ios(5.0)) API_UNAVAILABLE(watchos);
46 | - (void)toggleBoldface:(nullable id)sender API_AVAILABLE(ios(6.0)) API_UNAVAILABLE(watchos);
/Users/admin/builder/spi-builder-workspace/Sources/FloatingLabelTextFieldSwiftUI/Extensions/UITextField+Extension.swift:48:30: error: 'UIResponderStandardEditActions' is unavailable in watchOS
46 | return #selector(UIResponderStandardEditActions.makeTextWritingDirectionLeftToRight)
47 | case .makeTextWritingDirectionRightToLeft:
48 | return #selector(UIResponderStandardEditActions.makeTextWritingDirectionRightToLeft)
| `- error: 'UIResponderStandardEditActions' is unavailable in watchOS
49 | }
50 | }
/Applications/Xcode-27.0.0-Release.Candidate.app/Contents/Developer/Platforms/WatchOS.platform/Developer/SDKs/WatchOS27.0.sdk/System/Library/Frameworks/UIKit.framework/Headers/UIResponder.h:32:11: note: 'UIResponderStandardEditActions' has been explicitly marked unavailable here
30 |
31 | API_UNAVAILABLE(watchos) NS_SWIFT_UI_ACTOR
32 | @protocol UIResponderStandardEditActions <NSObject>
| `- note: 'UIResponderStandardEditActions' has been explicitly marked unavailable here
33 | @optional
34 | - (void)cut:(nullable id)sender API_AVAILABLE(ios(3.0)) API_UNAVAILABLE(watchos);
SwiftCompile normal arm64_32 /Users/admin/builder/spi-builder-workspace/Sources/FloatingLabelTextFieldSwiftUI/Extensions/UITextField+Extension.swift (in target 'FloatingLabelTextFieldSwiftUI' from project 'FloatingLabelTextFieldSwiftUI')
cd /Users/admin/builder/spi-builder-workspace/.swiftpm/xcode
builtin-SwiftPerFileCompile UITextField+Extension.swift
SwiftEmitModule normal arm64_32 Emitting\ module\ for\ FloatingLabelTextFieldSwiftUI (in target 'FloatingLabelTextFieldSwiftUI' from project 'FloatingLabelTextFieldSwiftUI')
/Users/admin/builder/spi-builder-workspace/Sources/FloatingLabelTextFieldSwiftUI/Extensions/UIControl+Extension.swift:12:39: error: 'UIControl' is unavailable in watchOS
10 |
11 | extension UIControl {
12 | func addAction(for controlEvents: UIControl.Event, action: @escaping () -> ()) {
| `- error: 'UIControl' is unavailable in watchOS
13 | let sleeve = ClosureSleeve(attachTo: self, closure: action)
14 | addTarget(sleeve, action: #selector(ClosureSleeve.invoke), for: controlEvents)
/Applications/Xcode-27.0.0-Release.Candidate.app/Contents/Developer/Platforms/WatchOS.platform/Developer/SDKs/WatchOS27.0.sdk/System/Library/Frameworks/UIKit.framework/Headers/UIControl.h:76:12: note: 'UIControl' has been explicitly marked unavailable here
74 |
75 | UIKIT_EXTERN API_AVAILABLE(ios(2.0)) API_UNAVAILABLE(watchos) NS_SWIFT_UI_ACTOR
76 | @interface UIControl : UIView
| `- note: 'UIControl' has been explicitly marked unavailable here
77 |
78 | - (instancetype)initWithFrame:(CGRect)frame NS_DESIGNATED_INITIALIZER;
/Users/admin/builder/spi-builder-workspace/Sources/FloatingLabelTextFieldSwiftUI/Extensions/UIControl+Extension.swift:11:11: error: 'UIControl' is unavailable in watchOS
9 | import SwiftUI
10 |
11 | extension UIControl {
| `- error: 'UIControl' is unavailable in watchOS
12 | func addAction(for controlEvents: UIControl.Event, action: @escaping () -> ()) {
13 | let sleeve = ClosureSleeve(attachTo: self, closure: action)
/Applications/Xcode-27.0.0-Release.Candidate.app/Contents/Developer/Platforms/WatchOS.platform/Developer/SDKs/WatchOS27.0.sdk/System/Library/Frameworks/UIKit.framework/Headers/UIControl.h:76:12: note: 'UIControl' has been explicitly marked unavailable here
74 |
75 | UIKIT_EXTERN API_AVAILABLE(ios(2.0)) API_UNAVAILABLE(watchos) NS_SWIFT_UI_ACTOR
76 | @interface UIControl : UIView
| `- note: 'UIControl' has been explicitly marked unavailable here
77 |
78 | - (instancetype)initWithFrame:(CGRect)frame NS_DESIGNATED_INITIALIZER;
/Users/admin/builder/spi-builder-workspace/Sources/FloatingLabelTextFieldSwiftUI/Extensions/UIResponder+Extesnion.swift:13:39: error: 'UIResponder' is unavailable in watchOS
11 | // From https://stackoverflow.com/a/14135456/6870041
12 | extension UIResponder {
13 | static var currentFirstResponder: UIResponder? {
| `- error: 'UIResponder' is unavailable in watchOS
14 | _currentFirstResponder = nil
15 | UIApplication.shared.sendAction(#selector(UIResponder.findFirstResponder(_:)), to: nil, from: nil, for: nil)
/Applications/Xcode-27.0.0-Release.Candidate.app/Contents/Developer/Platforms/WatchOS.platform/Developer/SDKs/WatchOS27.0.sdk/System/Library/Frameworks/UIKit.framework/Headers/UIResponder.h:82:12: note: 'UIResponder' has been explicitly marked unavailable here
80 |
81 | UIKIT_EXTERN API_AVAILABLE(ios(2.0)) API_UNAVAILABLE(watchos) NS_SWIFT_UI_ACTOR
82 | @interface UIResponder : NSObject <UIResponderStandardEditActions>
| `- note: 'UIResponder' has been explicitly marked unavailable here
83 |
84 | @property(nonatomic, readonly, nullable) UIResponder *nextResponder;
/Users/admin/builder/spi-builder-workspace/Sources/FloatingLabelTextFieldSwiftUI/Extensions/UIResponder+Extesnion.swift:19:53: error: 'UIResponder' is unavailable in watchOS
17 | }
18 |
19 | private static weak var _currentFirstResponder: UIResponder?
| `- error: 'UIResponder' is unavailable in watchOS
20 |
21 | @objc private func findFirstResponder(_ sender: Any) {
/Applications/Xcode-27.0.0-Release.Candidate.app/Contents/Developer/Platforms/WatchOS.platform/Developer/SDKs/WatchOS27.0.sdk/System/Library/Frameworks/UIKit.framework/Headers/UIResponder.h:82:12: note: 'UIResponder' has been explicitly marked unavailable here
80 |
81 | UIKIT_EXTERN API_AVAILABLE(ios(2.0)) API_UNAVAILABLE(watchos) NS_SWIFT_UI_ACTOR
82 | @interface UIResponder : NSObject <UIResponderStandardEditActions>
| `- note: 'UIResponder' has been explicitly marked unavailable here
83 |
84 | @property(nonatomic, readonly, nullable) UIResponder *nextResponder;
/Users/admin/builder/spi-builder-workspace/Sources/FloatingLabelTextFieldSwiftUI/Extensions/UIResponder+Extesnion.swift:25:21: error: 'UIView' is unavailable in watchOS
23 | }
24 |
25 | var globalView: UIView? {
| `- error: 'UIView' is unavailable in watchOS
26 | return self as? UIView
27 | }
/Applications/Xcode-27.0.0-Release.Candidate.app/Contents/Developer/Platforms/WatchOS.platform/Developer/SDKs/WatchOS27.0.sdk/System/Library/Frameworks/UIKit.framework/Headers/UIView.h:152:12: note: 'UIView' has been explicitly marked unavailable here
150 |
151 | UIKIT_EXTERN API_AVAILABLE(ios(2.0)) API_UNAVAILABLE(watchos) NS_SWIFT_UI_ACTOR
152 | @interface UIView : UIResponder <NSCoding, UIAppearance, UIAppearanceContainer, UIDynamicItem, UITraitEnvironment, UICoordinateSpace, UIFocusItem, UIFocusItemContainer, CALayerDelegate>
| `- note: 'UIView' has been explicitly marked unavailable here
153 |
154 | @property(class, nonatomic, readonly) Class layerClass; // default is [CALayer class]. Used when creating the underlying layer for the view.
/Users/admin/builder/spi-builder-workspace/Sources/FloatingLabelTextFieldSwiftUI/Extensions/UIResponder+Extesnion.swift:12:11: error: 'UIResponder' is unavailable in watchOS
10 |
11 | // From https://stackoverflow.com/a/14135456/6870041
12 | extension UIResponder {
| `- error: 'UIResponder' is unavailable in watchOS
13 | static var currentFirstResponder: UIResponder? {
14 | _currentFirstResponder = nil
/Applications/Xcode-27.0.0-Release.Candidate.app/Contents/Developer/Platforms/WatchOS.platform/Developer/SDKs/WatchOS27.0.sdk/System/Library/Frameworks/UIKit.framework/Headers/UIResponder.h:82:12: note: 'UIResponder' has been explicitly marked unavailable here
80 |
81 | UIKIT_EXTERN API_AVAILABLE(ios(2.0)) API_UNAVAILABLE(watchos) NS_SWIFT_UI_ACTOR
82 | @interface UIResponder : NSObject <UIResponderStandardEditActions>
| `- note: 'UIResponder' has been explicitly marked unavailable here
83 |
84 | @property(nonatomic, readonly, nullable) UIResponder *nextResponder;
/Users/admin/builder/spi-builder-workspace/Sources/FloatingLabelTextFieldSwiftUI/Extensions/UITextField+Extension.swift:56:11: error: 'UITextField' is unavailable in watchOS
54 | public var arrTextFieldEditActions: [TextFieldEditActions] = []
55 |
56 | extension UITextField {
| `- error: 'UITextField' is unavailable in watchOS
57 | open override func target(forAction action: Selector, withSender sender: Any?) -> Any? {
58 |
/Applications/Xcode-27.0.0-Release.Candidate.app/Contents/Developer/Platforms/WatchOS.platform/Developer/SDKs/WatchOS27.0.sdk/System/Library/Frameworks/UIKit.framework/Headers/UITextField.h:53:12: note: 'UITextField' has been explicitly marked unavailable here
51 |
52 | UIKIT_EXTERN API_AVAILABLE(ios(2.0)) API_UNAVAILABLE(watchos) NS_SWIFT_UI_ACTOR
53 | @interface UITextField : UIControl <UITextInput, NSCoding, UIContentSizeCategoryAdjusting, UILetterformAwareAdjusting>
| `- note: 'UITextField' has been explicitly marked unavailable here
54 |
55 | @property(nullable, nonatomic,copy) NSString *text; // default is nil
Failed frontend command:
/Applications/Xcode-27.0.0-Release.Candidate.app/Contents/Developer/Toolchains/XcodeDefault.xctoolchain/usr/bin/swift-frontend -frontend -emit-module -experimental-skip-non-inlinable-function-bodies-without-types /Users/admin/builder/spi-builder-workspace/Sources/FloatingLabelTextFieldSwiftUI/Extensions/String+Extension.swift /Users/admin/builder/spi-builder-workspace/Sources/FloatingLabelTextFieldSwiftUI/Extensions/TextAlignment+Extension.swift /Users/admin/builder/spi-builder-workspace/Sources/FloatingLabelTextFieldSwiftUI/Extensions/UIControl+Extension.swift /Users/admin/builder/spi-builder-workspace/Sources/FloatingLabelTextFieldSwiftUI/Extensions/UIResponder+Extesnion.swift /Users/admin/builder/spi-builder-workspace/Sources/FloatingLabelTextFieldSwiftUI/Extensions/UITextField+Extension.swift /Users/admin/builder/spi-builder-workspace/Sources/FloatingLabelTextFieldSwiftUI/Extensions/View+Extension.swift /Users/admin/builder/spi-builder-workspace/Sources/FloatingLabelTextFieldSwiftUI/FloatingLabelTextField.swift /Users/admin/builder/spi-builder-workspace/Sources/FloatingLabelTextFieldSwiftUI/ObservableObject/ObservableObject.swift /Users/admin/builder/spi-builder-workspace/Sources/FloatingLabelTextFieldSwiftUI/TextFieldValidator/Validator.swift -target arm64_32-apple-watchos9.0 -disable-cross-import-overlay-search -load-resolved-plugin /Applications/Xcode-27.0.0-Release.Candidate.app/Contents/Developer/Platforms/WatchOS.platform/Developer/usr/lib/swift/host/plugins/libFoundationMacros.dylib\#/Applications/Xcode-27.0.0-Release.Candidate.app/Contents/Developer/Platforms/WatchOS.platform/Developer/usr/bin/swift-plugin-server\#FoundationMacros -load-resolved-plugin /Applications/Xcode-27.0.0-Release.Candidate.app/Contents/Developer/Platforms/WatchOS.platform/Developer/usr/lib/swift/host/plugins/libObservationMacros.dylib\#/Applications/Xcode-27.0.0-Release.Candidate.app/Contents/Developer/Platforms/WatchOS.platform/Developer/usr/bin/swift-plugin-server\#ObservationMacros -load-resolved-plugin /Applications/Xcode-27.0.0-Release.Candidate.app/Contents/Developer/Platforms/WatchOS.platform/Developer/usr/lib/swift/host/plugins/libPreviewsMacros.dylib\#/Applications/Xcode-27.0.0-Release.Candidate.app/Contents/Developer/Platforms/WatchOS.platform/Developer/usr/bin/swift-plugin-server\#PreviewsMacros -load-resolved-plugin /Applications/Xcode-27.0.0-Release.Candidate.app/Contents/Developer/Platforms/WatchOS.platform/Developer/usr/lib/swift/host/plugins/libSwiftMacros.dylib\#/Applications/Xcode-27.0.0-Release.Candidate.app/Contents/Developer/Platforms/WatchOS.platform/Developer/usr/bin/swift-plugin-server\#SwiftMacros -load-resolved-plugin /Applications/Xcode-27.0.0-Release.Candidate.app/Contents/Developer/Platforms/WatchOS.platform/Developer/usr/lib/swift/host/plugins/libSwiftUIMacros.dylib\#/Applications/Xcode-27.0.0-Release.Candidate.app/Contents/Developer/Platforms/WatchOS.platform/Developer/usr/bin/swift-plugin-server\#SwiftUIMacros -disable-implicit-swift-modules -Xcc -fno-implicit-modules -Xcc -fno-implicit-module-maps -explicit-swift-module-map-file /Users/admin/builder/spi-builder-workspace/.derivedData/Build/Intermediates.noindex/FloatingLabelTextFieldSwiftUI.build/Debug-watchos/FloatingLabelTextFieldSwiftUI-t.build/Objects-normal/arm64_32/FloatingLabelTextFieldSwiftUI-dependencies-1.json -enable-objc-interop -sdk /Applications/Xcode-27.0.0-Release.Candidate.app/Contents/Developer/Platforms/WatchOS.platform/Developer/SDKs/WatchOS27.0.sdk -I /Users/admin/builder/spi-builder-workspace/.derivedData/Build/Products/Debug-watchos -Isystem /Applications/Xcode-27.0.0-Release.Candidate.app/Contents/Developer/Platforms/WatchOS.platform/Developer/usr/lib -F /Users/admin/builder/spi-builder-workspace/.derivedData/Build/Products/Debug-watchos -F /Applications/Xcode-27.0.0-Release.Candidate.app/Contents/Developer/Platforms/WatchOS.platform/Developer/Library/Frameworks -F /Applications/Xcode-27.0.0-Release.Candidate.app/Contents/Developer/Platforms/WatchOS.platform/Developer/SDKs/WatchOS27.0.sdk/Developer/Library/Frameworks -module-cache-path /Users/admin/builder/spi-builder-workspace/.derivedData/Build/Intermediates.noindex/SwiftExplicitPrecompiledModules -no-color-diagnostics -Xcc -fno-color-diagnostics -enable-testing -g -debug-info-format\=dwarf -dwarf-version\=4 -profile-generate -profile-coverage-mapping -swift-version 5 -Onone -D SWIFT_PACKAGE -D DEBUG -D SWIFT_MODULE_RESOURCE_BUNDLE_UNAVAILABLE -D Xcode -serialize-debugging-options -enable-experimental-feature DebugDescriptionMacro -empty-abi-descriptor -validate-clang-modules-once -clang-build-session-file /Users/admin/builder/spi-builder-workspace/.derivedData/ModuleCache.noindex/Session.modulevalidation -Xcc -working-directory -Xcc /Users/admin/builder/spi-builder-workspace/.swiftpm/xcode -enable-anonymous-context-mangled-names -file-compilation-dir /Users/admin/builder/spi-builder-workspace/.swiftpm/xcode -Xcc -D_LIBCPP_HARDENING_MODE\=_LIBCPP_HARDENING_MODE_DEBUG -Xcc -ivfsstatcache -Xcc /Users/admin/builder/spi-builder-workspace/.derivedData/SDKStatCaches.noindex/watchos27.0-24R360-e829b21a6f8c9b70876ba0858053c04477534ef55a1706bf4c1112bbb242f0a2.sdkstatcache -Xcc -fmodules-prune-interval\=86400 -Xcc -fmodules-prune-after\=345600 -Xcc -I/Users/admin/builder/spi-builder-workspace/.derivedData/Build/Products/Debug-watchos/include -Xcc -I/Users/admin/builder/spi-builder-workspace/.derivedData/Build/Intermediates.noindex/FloatingLabelTextFieldSwiftUI.build/Debug-watchos/FloatingLabelTextFieldSwiftUI-t.build/DerivedSources-normal/arm64_32 -Xcc -I/Users/admin/builder/spi-builder-workspace/.derivedData/Build/Intermediates.noindex/FloatingLabelTextFieldSwiftUI.build/Debug-watchos/FloatingLabelTextFieldSwiftUI-t.build/DerivedSources/arm64_32 -Xcc -I/Users/admin/builder/spi-builder-workspace/.derivedData/Build/Intermediates.noindex/FloatingLabelTextFieldSwiftUI.build/Debug-watchos/FloatingLabelTextFieldSwiftUI-t.build/DerivedSources -Xcc -DSWIFT_PACKAGE -Xcc -DDEBUG\=1 -no-auto-bridging-header-chaining -module-name FloatingLabelTextFieldSwiftUI -const-gather-protocols-file /Users/admin/builder/spi-builder-workspace/.derivedData/Build/Intermediates.noindex/FloatingLabelTextFieldSwiftUI.build/Debug-watchos/FloatingLabelTextFieldSwiftUI-t.build/Objects-normal/arm64_32/FloatingLabelTextFieldSwiftUI_const_extract_protocols.json -disable-clang-spi -clang-target arm64_32-apple-watchos27.0 -target-sdk-version 27.0 -target-sdk-name watchos27.0 -in-process-plugin-server-path /Applications/Xcode-27.0.0-Release.Candidate.app/Contents/Developer/Toolchains/XcodeDefault.xctoolchain/usr/lib/swift/host/libSwiftInProcPluginServer.dylib -emit-module-doc-path /Users/admin/builder/spi-builder-workspace/.derivedData/Build/Intermediates.noindex/FloatingLabelTextFieldSwiftUI.build/Debug-watchos/FloatingLabelTextFieldSwiftUI-t.build/Objects-normal/arm64_32/FloatingLabelTextFieldSwiftUI.swiftdoc -emit-module-source-info-path /Users/admin/builder/spi-builder-workspace/.derivedData/Build/Intermediates.noindex/FloatingLabelTextFieldSwiftUI.build/Debug-watchos/FloatingLabelTextFieldSwiftUI-t.build/Objects-normal/arm64_32/FloatingLabelTextFieldSwiftUI.swiftsourceinfo -emit-objc-header-path /Users/admin/builder/spi-builder-workspace/.derivedData/Build/Intermediates.noindex/FloatingLabelTextFieldSwiftUI.build/Debug-watchos/FloatingLabelTextFieldSwiftUI-t.build/Objects-normal/arm64_32/FloatingLabelTextFieldSwiftUI-Swift.h -serialize-diagnostics-path /Users/admin/builder/spi-builder-workspace/.derivedData/Build/Intermediates.noindex/FloatingLabelTextFieldSwiftUI.build/Debug-watchos/FloatingLabelTextFieldSwiftUI-t.build/Objects-normal/arm64_32/FloatingLabelTextFieldSwiftUI-primary-emit-module.dia -emit-dependencies-path /Users/admin/builder/spi-builder-workspace/.derivedData/Build/Intermediates.noindex/FloatingLabelTextFieldSwiftUI.build/Debug-watchos/FloatingLabelTextFieldSwiftUI-t.build/Objects-normal/arm64_32/FloatingLabelTextFieldSwiftUI-primary-emit-module.d -parse-as-library -o /Users/admin/builder/spi-builder-workspace/.derivedData/Build/Intermediates.noindex/FloatingLabelTextFieldSwiftUI.build/Debug-watchos/FloatingLabelTextFieldSwiftUI-t.build/Objects-normal/arm64_32/FloatingLabelTextFieldSwiftUI.swiftmodule -emit-abi-descriptor-path /Users/admin/builder/spi-builder-workspace/.derivedData/Build/Intermediates.noindex/FloatingLabelTextFieldSwiftUI.build/Debug-watchos/FloatingLabelTextFieldSwiftUI-t.build/Objects-normal/arm64_32/FloatingLabelTextFieldSwiftUI.abi.json
SwiftCompile normal arm64_32 (in target 'FloatingLabelTextFieldSwiftUI' from project 'FloatingLabelTextFieldSwiftUI')
cd /Users/admin/builder/spi-builder-workspace/.swiftpm/xcode
SwiftCompile normal arm64_32 Compiling\ String+Extension.swift /Users/admin/builder/spi-builder-workspace/Sources/FloatingLabelTextFieldSwiftUI/Extensions/String+Extension.swift (in target 'FloatingLabelTextFieldSwiftUI' from project 'FloatingLabelTextFieldSwiftUI')
SwiftCompile normal arm64_32 /Users/admin/builder/spi-builder-workspace/Sources/FloatingLabelTextFieldSwiftUI/Extensions/String+Extension.swift (in target 'FloatingLabelTextFieldSwiftUI' from project 'FloatingLabelTextFieldSwiftUI')
cd /Users/admin/builder/spi-builder-workspace/.swiftpm/xcode
builtin-SwiftPerFileCompile String+Extension.swift
SwiftCompile normal arm64_32 Compiling\ ObservableObject.swift /Users/admin/builder/spi-builder-workspace/Sources/FloatingLabelTextFieldSwiftUI/ObservableObject/ObservableObject.swift (in target 'FloatingLabelTextFieldSwiftUI' from project 'FloatingLabelTextFieldSwiftUI')
SwiftCompile normal arm64_32 /Users/admin/builder/spi-builder-workspace/Sources/FloatingLabelTextFieldSwiftUI/ObservableObject/ObservableObject.swift (in target 'FloatingLabelTextFieldSwiftUI' from project 'FloatingLabelTextFieldSwiftUI')
cd /Users/admin/builder/spi-builder-workspace/.swiftpm/xcode
builtin-SwiftPerFileCompile ObservableObject.swift
SwiftCompile normal arm64_32 Compiling\ UIControl+Extension.swift /Users/admin/builder/spi-builder-workspace/Sources/FloatingLabelTextFieldSwiftUI/Extensions/UIControl+Extension.swift (in target 'FloatingLabelTextFieldSwiftUI' from project 'FloatingLabelTextFieldSwiftUI')
/Users/admin/builder/spi-builder-workspace/Sources/FloatingLabelTextFieldSwiftUI/Extensions/UIControl+Extension.swift:12:39: error: 'UIControl' is unavailable in watchOS
10 |
11 | extension UIControl {
12 | func addAction(for controlEvents: UIControl.Event, action: @escaping () -> ()) {
| `- error: 'UIControl' is unavailable in watchOS
13 | let sleeve = ClosureSleeve(attachTo: self, closure: action)
14 | addTarget(sleeve, action: #selector(ClosureSleeve.invoke), for: controlEvents)
/Applications/Xcode-27.0.0-Release.Candidate.app/Contents/Developer/Platforms/WatchOS.platform/Developer/SDKs/WatchOS27.0.sdk/System/Library/Frameworks/UIKit.framework/Headers/UIControl.h:76:12: note: 'UIControl' has been explicitly marked unavailable here
74 |
75 | UIKIT_EXTERN API_AVAILABLE(ios(2.0)) API_UNAVAILABLE(watchos) NS_SWIFT_UI_ACTOR
76 | @interface UIControl : UIView
| `- note: 'UIControl' has been explicitly marked unavailable here
77 |
78 | - (instancetype)initWithFrame:(CGRect)frame NS_DESIGNATED_INITIALIZER;
SwiftCompile normal arm64_32 /Users/admin/builder/spi-builder-workspace/Sources/FloatingLabelTextFieldSwiftUI/Extensions/UIControl+Extension.swift (in target 'FloatingLabelTextFieldSwiftUI' from project 'FloatingLabelTextFieldSwiftUI')
cd /Users/admin/builder/spi-builder-workspace/.swiftpm/xcode
builtin-SwiftPerFileCompile UIControl+Extension.swift
SwiftCompile normal arm64_32 Compiling\ View+Extension.swift /Users/admin/builder/spi-builder-workspace/Sources/FloatingLabelTextFieldSwiftUI/Extensions/View+Extension.swift (in target 'FloatingLabelTextFieldSwiftUI' from project 'FloatingLabelTextFieldSwiftUI')
/Users/admin/builder/spi-builder-workspace/Sources/FloatingLabelTextFieldSwiftUI/Extensions/View+Extension.swift:14:9: error: 'UIApplication' is unavailable in watchOS
12 | extension View {
13 | public func endEditing(_ force: Bool) {
14 | UIApplication.shared.windows.forEach { $0.endEditing(force)}
| `- error: 'UIApplication' is unavailable in watchOS
15 | }
16 | }
/Applications/Xcode-27.0.0-Release.Candidate.app/Contents/Developer/Platforms/WatchOS.platform/Developer/SDKs/WatchOS27.0.sdk/System/Library/Frameworks/UIKit.framework/Headers/UIApplication.h:85:12: note: 'UIApplication' has been explicitly marked unavailable here
83 |
84 | UIKIT_EXTERN API_AVAILABLE(ios(2.0)) API_UNAVAILABLE(watchos) NS_SWIFT_UI_ACTOR
85 | @interface UIApplication : UIResponder
| `- note: 'UIApplication' has been explicitly marked unavailable here
86 |
87 | @property(class, nonatomic, readonly) UIApplication *sharedApplication NS_EXTENSION_UNAVAILABLE_IOS("Use view controller based solutions where appropriate instead.");
SwiftCompile normal arm64_32 /Users/admin/builder/spi-builder-workspace/Sources/FloatingLabelTextFieldSwiftUI/Extensions/View+Extension.swift (in target 'FloatingLabelTextFieldSwiftUI' from project 'FloatingLabelTextFieldSwiftUI')
cd /Users/admin/builder/spi-builder-workspace/.swiftpm/xcode
builtin-SwiftPerFileCompile View+Extension.swift
SwiftCompile normal arm64_32 Compiling\ TextAlignment+Extension.swift /Users/admin/builder/spi-builder-workspace/Sources/FloatingLabelTextFieldSwiftUI/Extensions/TextAlignment+Extension.swift (in target 'FloatingLabelTextFieldSwiftUI' from project 'FloatingLabelTextFieldSwiftUI')
SwiftCompile normal arm64_32 /Users/admin/builder/spi-builder-workspace/Sources/FloatingLabelTextFieldSwiftUI/Extensions/TextAlignment+Extension.swift (in target 'FloatingLabelTextFieldSwiftUI' from project 'FloatingLabelTextFieldSwiftUI')
cd /Users/admin/builder/spi-builder-workspace/.swiftpm/xcode
builtin-SwiftPerFileCompile TextAlignment+Extension.swift
SwiftEmitModule normal arm64 Emitting\ module\ for\ FloatingLabelTextFieldSwiftUI (in target 'FloatingLabelTextFieldSwiftUI' from project 'FloatingLabelTextFieldSwiftUI')
SwiftCompile normal arm64 (in target 'FloatingLabelTextFieldSwiftUI' from project 'FloatingLabelTextFieldSwiftUI')
cd /Users/admin/builder/spi-builder-workspace/.swiftpm/xcode
PruneExplicitPrecompiledModules /Users/admin/builder/spi-builder-workspace/.derivedData/Build/Intermediates.noindex/SwiftExplicitPrecompiledModules
PruneExplicitPrecompiledModules /Users/admin/builder/spi-builder-workspace/.derivedData/SDKExplicitPrecompiledModules
PruneExplicitPrecompiledModules /Users/admin/builder/spi-builder-workspace/.derivedData/Build/Intermediates.noindex/ExplicitPrecompiledModules
2026-09-18 17:37:12.004 xcodebuild[670:4345] [MT] IDERunDestination: Supported platforms for the buildables in the current scheme is empty.
** BUILD FAILED **
The following build commands failed:
SwiftEmitModule normal arm64_32 Emitting\ module\ for\ FloatingLabelTextFieldSwiftUI (in target 'FloatingLabelTextFieldSwiftUI' from project 'FloatingLabelTextFieldSwiftUI')
SwiftCompile normal arm64_32 (in target 'FloatingLabelTextFieldSwiftUI' from project 'FloatingLabelTextFieldSwiftUI')
Building workspace FloatingLabelTextFieldSwiftUI with scheme FloatingLabelTextFieldSwiftUI
(3 failures)
Command line invocation:
/Applications/Xcode-27.0.0-Release.Candidate.app/Contents/Developer/usr/bin/xcodebuild -IDEClonedSourcePackagesDirPathOverride=/Users/admin/builder/spi-builder-workspace/.dependencies -resolvePackageDependencies
Resolve Package Graph
Resolved source packages:
FloatingLabelTextFieldSwiftUI: /Users/admin/builder/spi-builder-workspace
resolved source packages: FloatingLabelTextFieldSwiftUI
2026-09-18 17:37:18.681 xcodebuild[817:4916] [MT] IDERunDestination: Supported platforms for the buildables in the current scheme is empty.
{
"dependencies" : [
],
"manifest_display_name" : "FloatingLabelTextFieldSwiftUI",
"name" : "FloatingLabelTextFieldSwiftUI",
"path" : "/Users/admin/builder/spi-builder-workspace",
"platforms" : [
{
"name" : "ios",
"version" : "15.0"
},
{
"name" : "macos",
"version" : "12.0"
},
{
"name" : "tvos",
"version" : "15.0"
}
],
"products" : [
{
"name" : "FloatingLabelTextFieldSwiftUI",
"targets" : [
"FloatingLabelTextFieldSwiftUI"
],
"type" : {
"library" : [
"automatic"
]
}
}
],
"targets" : [
{
"c99name" : "FloatingLabelTextFieldSwiftUITests",
"module_type" : "SwiftTarget",
"name" : "FloatingLabelTextFieldSwiftUITests",
"path" : "Tests/FloatingLabelTextFieldSwiftUITests",
"sources" : [
"FloatingLabelTextFieldSwiftUITests.swift",
"XCTestManifests.swift"
],
"target_dependencies" : [
"FloatingLabelTextFieldSwiftUI"
],
"type" : "test"
},
{
"c99name" : "FloatingLabelTextFieldSwiftUI",
"module_type" : "SwiftTarget",
"name" : "FloatingLabelTextFieldSwiftUI",
"path" : "Sources/FloatingLabelTextFieldSwiftUI",
"product_memberships" : [
"FloatingLabelTextFieldSwiftUI"
],
"sources" : [
"Extensions/String+Extension.swift",
"Extensions/TextAlignment+Extension.swift",
"Extensions/UIControl+Extension.swift",
"Extensions/UIResponder+Extesnion.swift",
"Extensions/UITextField+Extension.swift",
"Extensions/View+Extension.swift",
"FloatingLabelTextField.swift",
"ObservableObject/ObservableObject.swift",
"TextFieldValidator/Validator.swift"
],
"type" : "library"
}
],
"tools_version" : "5.7"
}
{
"workspace" : {
"name" : "FloatingLabelTextFieldSwiftUI",
"schemes" : [
"FloatingLabelTextFieldSwiftUI"
]
}
}
2026-09-18 17:37:19.846 xcodebuild[825:4988] [MT] IDERunDestination: Supported platforms for the buildables in the current scheme is empty.
Running build ...
env DEVELOPER_DIR=/Applications/Xcode-27.0.0-Release.Candidate.app xcrun xcodebuild -IDEClonedSourcePackagesDirPathOverride=$PWD/.dependencies -skipMacroValidation -skipPackagePluginValidation -derivedDataPath $PWD/.derivedData build -scheme FloatingLabelTextFieldSwiftUI -destination generic/platform=watchOS
Command line invocation:
/Applications/Xcode-27.0.0-Release.Candidate.app/Contents/Developer/usr/bin/xcodebuild -IDEClonedSourcePackagesDirPathOverride=/Users/admin/builder/spi-builder-workspace/.dependencies -skipMacroValidation -skipPackagePluginValidation -derivedDataPath /Users/admin/builder/spi-builder-workspace/.derivedData build -scheme FloatingLabelTextFieldSwiftUI -destination generic/platform=watchOS
Resolve Package Graph
Resolved source packages:
FloatingLabelTextFieldSwiftUI: /Users/admin/builder/spi-builder-workspace
ComputePackagePrebuildTargetDependencyGraph
Prepare packages
CreateBuildRequest
SendProjectDescription
CreateBuildOperation
ComputeTargetDependencyGraph
note: Building targets in dependency order
note: Target dependency graph (2 targets)
Target 'FloatingLabelTextFieldSwiftUI-product' in project 'FloatingLabelTextFieldSwiftUI'
➜ Explicit dependency on target 'FloatingLabelTextFieldSwiftUI' in project 'FloatingLabelTextFieldSwiftUI'
Target 'FloatingLabelTextFieldSwiftUI' in project 'FloatingLabelTextFieldSwiftUI' (no dependencies)
GatherProvisioningInputs
CreateBuildDescription
ClangStatCache /Applications/Xcode-27.0.0-Release.Candidate.app/Contents/Developer/Toolchains/XcodeDefault.xctoolchain/usr/bin/clang-stat-cache /Applications/Xcode-27.0.0-Release.Candidate.app/Contents/Developer/Platforms/WatchOS.platform/Developer/SDKs/WatchOS27.0.sdk /Users/admin/builder/spi-builder-workspace/.derivedData/SDKStatCaches.noindex/watchos27.0-24R360-e829b21a6f8c9b70876ba0858053c04477534ef55a1706bf4c1112bbb242f0a2.sdkstatcache
cd /Users/admin/builder/spi-builder-workspace/.swiftpm/xcode
/Applications/Xcode-27.0.0-Release.Candidate.app/Contents/Developer/Toolchains/XcodeDefault.xctoolchain/usr/bin/clang-stat-cache /Applications/Xcode-27.0.0-Release.Candidate.app/Contents/Developer/Platforms/WatchOS.platform/Developer/SDKs/WatchOS27.0.sdk -o /Users/admin/builder/spi-builder-workspace/.derivedData/SDKStatCaches.noindex/watchos27.0-24R360-e829b21a6f8c9b70876ba0858053c04477534ef55a1706bf4c1112bbb242f0a2.sdkstatcache
SwiftDriver FloatingLabelTextFieldSwiftUI normal arm64 com.apple.xcode.tools.swift.compiler (in target 'FloatingLabelTextFieldSwiftUI' from project 'FloatingLabelTextFieldSwiftUI')
cd /Users/admin/builder/spi-builder-workspace/.swiftpm/xcode
builtin-SwiftDriver -- /Applications/Xcode-27.0.0-Release.Candidate.app/Contents/Developer/Toolchains/XcodeDefault.xctoolchain/usr/bin/swiftc -parse-as-library -module-name FloatingLabelTextFieldSwiftUI -Onone @/Users/admin/builder/spi-builder-workspace/.derivedData/Build/Intermediates.noindex/FloatingLabelTextFieldSwiftUI.build/Debug-watchos/FloatingLabelTextFieldSwiftUI-t.build/Objects-normal/arm64/FloatingLabelTextFieldSwiftUI.SwiftFileList -DSWIFT_PACKAGE -DDEBUG -DSWIFT_MODULE_RESOURCE_BUNDLE_UNAVAILABLE -DXcode -plugin-path /Applications/Xcode-27.0.0-Release.Candidate.app/Contents/Developer/Toolchains/XcodeDefault.xctoolchain/usr/lib/swift/host/plugins/testing -enable-experimental-feature DebugDescriptionMacro -sdk /Applications/Xcode-27.0.0-Release.Candidate.app/Contents/Developer/Platforms/WatchOS.platform/Developer/SDKs/WatchOS27.0.sdk -target arm64-apple-watchos9.0 -g -module-cache-path /Users/admin/builder/spi-builder-workspace/.derivedData/ModuleCache.noindex -Xfrontend -serialize-debugging-options -profile-coverage-mapping -profile-generate -enable-testing -index-store-path /Users/admin/builder/spi-builder-workspace/.derivedData/Index.noindex/DataStore -Xcc -D_LIBCPP_HARDENING_MODE\=_LIBCPP_HARDENING_MODE_DEBUG -swift-version 5 -I /Users/admin/builder/spi-builder-workspace/.derivedData/Build/Products/Debug-watchos -Isystem /Applications/Xcode-27.0.0-Release.Candidate.app/Contents/Developer/Platforms/WatchOS.platform/Developer/usr/lib -F /Users/admin/builder/spi-builder-workspace/.derivedData/Build/Products/Debug-watchos -F /Applications/Xcode-27.0.0-Release.Candidate.app/Contents/Developer/Platforms/WatchOS.platform/Developer/Library/Frameworks -F /Applications/Xcode-27.0.0-Release.Candidate.app/Contents/Developer/Platforms/WatchOS.platform/Developer/SDKs/WatchOS27.0.sdk/Developer/Library/Frameworks -c -j10 -enable-batch-mode -incremental -Xcc -ivfsstatcache -Xcc /Users/admin/builder/spi-builder-workspace/.derivedData/SDKStatCaches.noindex/watchos27.0-24R360-e829b21a6f8c9b70876ba0858053c04477534ef55a1706bf4c1112bbb242f0a2.sdkstatcache -output-file-map /Users/admin/builder/spi-builder-workspace/.derivedData/Build/Intermediates.noindex/FloatingLabelTextFieldSwiftUI.build/Debug-watchos/FloatingLabelTextFieldSwiftUI-t.build/Objects-normal/arm64/FloatingLabelTextFieldSwiftUI-OutputFileMap.json -save-temps -no-color-diagnostics -explicit-module-build -module-cache-path /Users/admin/builder/spi-builder-workspace/.derivedData/Build/Intermediates.noindex/SwiftExplicitPrecompiledModules -clang-scanner-module-cache-path /Users/admin/builder/spi-builder-workspace/.derivedData/ModuleCache.noindex -sdk-module-cache-path /Users/admin/builder/spi-builder-workspace/.derivedData/SDKExplicitPrecompiledModules -emit-dependencies -emit-module -emit-module-path /Users/admin/builder/spi-builder-workspace/.derivedData/Build/Intermediates.noindex/FloatingLabelTextFieldSwiftUI.build/Debug-watchos/FloatingLabelTextFieldSwiftUI-t.build/Objects-normal/arm64/FloatingLabelTextFieldSwiftUI.swiftmodule -serialize-diagnostics -dependency-scan-serialize-diagnostics-path /Users/admin/builder/spi-builder-workspace/.derivedData/Build/Intermediates.noindex/FloatingLabelTextFieldSwiftUI.build/Debug-watchos/FloatingLabelTextFieldSwiftUI-t.build/Objects-normal/arm64/FloatingLabelTextFieldSwiftUI-dependency-scan.dia -validate-clang-modules-once -clang-build-session-file /Users/admin/builder/spi-builder-workspace/.derivedData/ModuleCache.noindex/Session.modulevalidation -Xcc -fmodules-prune-interval\=86400 -Xcc -fmodules-prune-after\=345600 -emit-const-values -const-gather-protocols-list /Users/admin/builder/spi-builder-workspace/.derivedData/Build/Intermediates.noindex/FloatingLabelTextFieldSwiftUI.build/Debug-watchos/FloatingLabelTextFieldSwiftUI-t.build/Objects-normal/arm64/FloatingLabelTextFieldSwiftUI_const_extract_protocols.json -Xcc -I/Users/admin/builder/spi-builder-workspace/.derivedData/Build/Products/Debug-watchos/include -Xcc -I/Users/admin/builder/spi-builder-workspace/.derivedData/Build/Intermediates.noindex/FloatingLabelTextFieldSwiftUI.build/Debug-watchos/FloatingLabelTextFieldSwiftUI-t.build/DerivedSources-normal/arm64 -Xcc -I/Users/admin/builder/spi-builder-workspace/.derivedData/Build/Intermediates.noindex/FloatingLabelTextFieldSwiftUI.build/Debug-watchos/FloatingLabelTextFieldSwiftUI-t.build/DerivedSources/arm64 -Xcc -I/Users/admin/builder/spi-builder-workspace/.derivedData/Build/Intermediates.noindex/FloatingLabelTextFieldSwiftUI.build/Debug-watchos/FloatingLabelTextFieldSwiftUI-t.build/DerivedSources -Xcc -DSWIFT_PACKAGE -Xcc -DDEBUG\=1 -emit-objc-header -emit-objc-header-path /Users/admin/builder/spi-builder-workspace/.derivedData/Build/Intermediates.noindex/FloatingLabelTextFieldSwiftUI.build/Debug-watchos/FloatingLabelTextFieldSwiftUI-t.build/Objects-normal/arm64/FloatingLabelTextFieldSwiftUI-Swift.h -working-directory /Users/admin/builder/spi-builder-workspace/.swiftpm/xcode -experimental-emit-module-separately -disable-cmo
SwiftDriver FloatingLabelTextFieldSwiftUI normal arm64_32 com.apple.xcode.tools.swift.compiler (in target 'FloatingLabelTextFieldSwiftUI' from project 'FloatingLabelTextFieldSwiftUI')
cd /Users/admin/builder/spi-builder-workspace/.swiftpm/xcode
builtin-SwiftDriver -- /Applications/Xcode-27.0.0-Release.Candidate.app/Contents/Developer/Toolchains/XcodeDefault.xctoolchain/usr/bin/swiftc -parse-as-library -module-name FloatingLabelTextFieldSwiftUI -Onone @/Users/admin/builder/spi-builder-workspace/.derivedData/Build/Intermediates.noindex/FloatingLabelTextFieldSwiftUI.build/Debug-watchos/FloatingLabelTextFieldSwiftUI-t.build/Objects-normal/arm64_32/FloatingLabelTextFieldSwiftUI.SwiftFileList -DSWIFT_PACKAGE -DDEBUG -DSWIFT_MODULE_RESOURCE_BUNDLE_UNAVAILABLE -DXcode -plugin-path /Applications/Xcode-27.0.0-Release.Candidate.app/Contents/Developer/Toolchains/XcodeDefault.xctoolchain/usr/lib/swift/host/plugins/testing -enable-experimental-feature DebugDescriptionMacro -sdk /Applications/Xcode-27.0.0-Release.Candidate.app/Contents/Developer/Platforms/WatchOS.platform/Developer/SDKs/WatchOS27.0.sdk -target arm64_32-apple-watchos9.0 -g -module-cache-path /Users/admin/builder/spi-builder-workspace/.derivedData/ModuleCache.noindex -Xfrontend -serialize-debugging-options -profile-coverage-mapping -profile-generate -enable-testing -index-store-path /Users/admin/builder/spi-builder-workspace/.derivedData/Index.noindex/DataStore -Xcc -D_LIBCPP_HARDENING_MODE\=_LIBCPP_HARDENING_MODE_DEBUG -swift-version 5 -I /Users/admin/builder/spi-builder-workspace/.derivedData/Build/Products/Debug-watchos -Isystem /Applications/Xcode-27.0.0-Release.Candidate.app/Contents/Developer/Platforms/WatchOS.platform/Developer/usr/lib -F /Users/admin/builder/spi-builder-workspace/.derivedData/Build/Products/Debug-watchos -F /Applications/Xcode-27.0.0-Release.Candidate.app/Contents/Developer/Platforms/WatchOS.platform/Developer/Library/Frameworks -F /Applications/Xcode-27.0.0-Release.Candidate.app/Contents/Developer/Platforms/WatchOS.platform/Developer/SDKs/WatchOS27.0.sdk/Developer/Library/Frameworks -c -j10 -enable-batch-mode -incremental -Xcc -ivfsstatcache -Xcc /Users/admin/builder/spi-builder-workspace/.derivedData/SDKStatCaches.noindex/watchos27.0-24R360-e829b21a6f8c9b70876ba0858053c04477534ef55a1706bf4c1112bbb242f0a2.sdkstatcache -output-file-map /Users/admin/builder/spi-builder-workspace/.derivedData/Build/Intermediates.noindex/FloatingLabelTextFieldSwiftUI.build/Debug-watchos/FloatingLabelTextFieldSwiftUI-t.build/Objects-normal/arm64_32/FloatingLabelTextFieldSwiftUI-OutputFileMap.json -save-temps -no-color-diagnostics -explicit-module-build -module-cache-path /Users/admin/builder/spi-builder-workspace/.derivedData/Build/Intermediates.noindex/SwiftExplicitPrecompiledModules -clang-scanner-module-cache-path /Users/admin/builder/spi-builder-workspace/.derivedData/ModuleCache.noindex -sdk-module-cache-path /Users/admin/builder/spi-builder-workspace/.derivedData/SDKExplicitPrecompiledModules -emit-dependencies -emit-module -emit-module-path /Users/admin/builder/spi-builder-workspace/.derivedData/Build/Intermediates.noindex/FloatingLabelTextFieldSwiftUI.build/Debug-watchos/FloatingLabelTextFieldSwiftUI-t.build/Objects-normal/arm64_32/FloatingLabelTextFieldSwiftUI.swiftmodule -serialize-diagnostics -dependency-scan-serialize-diagnostics-path /Users/admin/builder/spi-builder-workspace/.derivedData/Build/Intermediates.noindex/FloatingLabelTextFieldSwiftUI.build/Debug-watchos/FloatingLabelTextFieldSwiftUI-t.build/Objects-normal/arm64_32/FloatingLabelTextFieldSwiftUI-dependency-scan.dia -validate-clang-modules-once -clang-build-session-file /Users/admin/builder/spi-builder-workspace/.derivedData/ModuleCache.noindex/Session.modulevalidation -Xcc -fmodules-prune-interval\=86400 -Xcc -fmodules-prune-after\=345600 -emit-const-values -const-gather-protocols-list /Users/admin/builder/spi-builder-workspace/.derivedData/Build/Intermediates.noindex/FloatingLabelTextFieldSwiftUI.build/Debug-watchos/FloatingLabelTextFieldSwiftUI-t.build/Objects-normal/arm64_32/FloatingLabelTextFieldSwiftUI_const_extract_protocols.json -Xcc -I/Users/admin/builder/spi-builder-workspace/.derivedData/Build/Products/Debug-watchos/include -Xcc -I/Users/admin/builder/spi-builder-workspace/.derivedData/Build/Intermediates.noindex/FloatingLabelTextFieldSwiftUI.build/Debug-watchos/FloatingLabelTextFieldSwiftUI-t.build/DerivedSources-normal/arm64_32 -Xcc -I/Users/admin/builder/spi-builder-workspace/.derivedData/Build/Intermediates.noindex/FloatingLabelTextFieldSwiftUI.build/Debug-watchos/FloatingLabelTextFieldSwiftUI-t.build/DerivedSources/arm64_32 -Xcc -I/Users/admin/builder/spi-builder-workspace/.derivedData/Build/Intermediates.noindex/FloatingLabelTextFieldSwiftUI.build/Debug-watchos/FloatingLabelTextFieldSwiftUI-t.build/DerivedSources -Xcc -DSWIFT_PACKAGE -Xcc -DDEBUG\=1 -emit-objc-header -emit-objc-header-path /Users/admin/builder/spi-builder-workspace/.derivedData/Build/Intermediates.noindex/FloatingLabelTextFieldSwiftUI.build/Debug-watchos/FloatingLabelTextFieldSwiftUI-t.build/Objects-normal/arm64_32/FloatingLabelTextFieldSwiftUI-Swift.h -working-directory /Users/admin/builder/spi-builder-workspace/.swiftpm/xcode -experimental-emit-module-separately -disable-cmo
SwiftEmitModule normal arm64_32 Emitting\ module\ for\ FloatingLabelTextFieldSwiftUI (in target 'FloatingLabelTextFieldSwiftUI' from project 'FloatingLabelTextFieldSwiftUI')
/Users/admin/builder/spi-builder-workspace/Sources/FloatingLabelTextFieldSwiftUI/Extensions/UIControl+Extension.swift:12:39: error: 'UIControl' is unavailable in watchOS
10 |
11 | extension UIControl {
12 | func addAction(for controlEvents: UIControl.Event, action: @escaping () -> ()) {
| `- error: 'UIControl' is unavailable in watchOS
13 | let sleeve = ClosureSleeve(attachTo: self, closure: action)
14 | addTarget(sleeve, action: #selector(ClosureSleeve.invoke), for: controlEvents)
/Applications/Xcode-27.0.0-Release.Candidate.app/Contents/Developer/Platforms/WatchOS.platform/Developer/SDKs/WatchOS27.0.sdk/System/Library/Frameworks/UIKit.framework/Headers/UIControl.h:76:12: note: 'UIControl' has been explicitly marked unavailable here
74 |
75 | UIKIT_EXTERN API_AVAILABLE(ios(2.0)) API_UNAVAILABLE(watchos) NS_SWIFT_UI_ACTOR
76 | @interface UIControl : UIView
| `- note: 'UIControl' has been explicitly marked unavailable here
77 |
78 | - (instancetype)initWithFrame:(CGRect)frame NS_DESIGNATED_INITIALIZER;
/Users/admin/builder/spi-builder-workspace/Sources/FloatingLabelTextFieldSwiftUI/Extensions/UIControl+Extension.swift:11:11: error: 'UIControl' is unavailable in watchOS
9 | import SwiftUI
10 |
11 | extension UIControl {
| `- error: 'UIControl' is unavailable in watchOS
12 | func addAction(for controlEvents: UIControl.Event, action: @escaping () -> ()) {
13 | let sleeve = ClosureSleeve(attachTo: self, closure: action)
/Applications/Xcode-27.0.0-Release.Candidate.app/Contents/Developer/Platforms/WatchOS.platform/Developer/SDKs/WatchOS27.0.sdk/System/Library/Frameworks/UIKit.framework/Headers/UIControl.h:76:12: note: 'UIControl' has been explicitly marked unavailable here
74 |
75 | UIKIT_EXTERN API_AVAILABLE(ios(2.0)) API_UNAVAILABLE(watchos) NS_SWIFT_UI_ACTOR
76 | @interface UIControl : UIView
| `- note: 'UIControl' has been explicitly marked unavailable here
77 |
78 | - (instancetype)initWithFrame:(CGRect)frame NS_DESIGNATED_INITIALIZER;
/Users/admin/builder/spi-builder-workspace/Sources/FloatingLabelTextFieldSwiftUI/Extensions/UIResponder+Extesnion.swift:13:39: error: 'UIResponder' is unavailable in watchOS
11 | // From https://stackoverflow.com/a/14135456/6870041
12 | extension UIResponder {
13 | static var currentFirstResponder: UIResponder? {
| `- error: 'UIResponder' is unavailable in watchOS
14 | _currentFirstResponder = nil
15 | UIApplication.shared.sendAction(#selector(UIResponder.findFirstResponder(_:)), to: nil, from: nil, for: nil)
/Applications/Xcode-27.0.0-Release.Candidate.app/Contents/Developer/Platforms/WatchOS.platform/Developer/SDKs/WatchOS27.0.sdk/System/Library/Frameworks/UIKit.framework/Headers/UIResponder.h:82:12: note: 'UIResponder' has been explicitly marked unavailable here
80 |
81 | UIKIT_EXTERN API_AVAILABLE(ios(2.0)) API_UNAVAILABLE(watchos) NS_SWIFT_UI_ACTOR
82 | @interface UIResponder : NSObject <UIResponderStandardEditActions>
| `- note: 'UIResponder' has been explicitly marked unavailable here
83 |
84 | @property(nonatomic, readonly, nullable) UIResponder *nextResponder;
/Users/admin/builder/spi-builder-workspace/Sources/FloatingLabelTextFieldSwiftUI/Extensions/UIResponder+Extesnion.swift:19:53: error: 'UIResponder' is unavailable in watchOS
17 | }
18 |
19 | private static weak var _currentFirstResponder: UIResponder?
| `- error: 'UIResponder' is unavailable in watchOS
20 |
21 | @objc private func findFirstResponder(_ sender: Any) {
/Applications/Xcode-27.0.0-Release.Candidate.app/Contents/Developer/Platforms/WatchOS.platform/Developer/SDKs/WatchOS27.0.sdk/System/Library/Frameworks/UIKit.framework/Headers/UIResponder.h:82:12: note: 'UIResponder' has been explicitly marked unavailable here
80 |
81 | UIKIT_EXTERN API_AVAILABLE(ios(2.0)) API_UNAVAILABLE(watchos) NS_SWIFT_UI_ACTOR
82 | @interface UIResponder : NSObject <UIResponderStandardEditActions>
| `- note: 'UIResponder' has been explicitly marked unavailable here
83 |
84 | @property(nonatomic, readonly, nullable) UIResponder *nextResponder;
/Users/admin/builder/spi-builder-workspace/Sources/FloatingLabelTextFieldSwiftUI/Extensions/UIResponder+Extesnion.swift:25:21: error: 'UIView' is unavailable in watchOS
23 | }
24 |
25 | var globalView: UIView? {
| `- error: 'UIView' is unavailable in watchOS
26 | return self as? UIView
27 | }
/Applications/Xcode-27.0.0-Release.Candidate.app/Contents/Developer/Platforms/WatchOS.platform/Developer/SDKs/WatchOS27.0.sdk/System/Library/Frameworks/UIKit.framework/Headers/UIView.h:152:12: note: 'UIView' has been explicitly marked unavailable here
150 |
151 | UIKIT_EXTERN API_AVAILABLE(ios(2.0)) API_UNAVAILABLE(watchos) NS_SWIFT_UI_ACTOR
152 | @interface UIView : UIResponder <NSCoding, UIAppearance, UIAppearanceContainer, UIDynamicItem, UITraitEnvironment, UICoordinateSpace, UIFocusItem, UIFocusItemContainer, CALayerDelegate>
| `- note: 'UIView' has been explicitly marked unavailable here
153 |
154 | @property(class, nonatomic, readonly) Class layerClass; // default is [CALayer class]. Used when creating the underlying layer for the view.
/Users/admin/builder/spi-builder-workspace/Sources/FloatingLabelTextFieldSwiftUI/Extensions/UIResponder+Extesnion.swift:12:11: error: 'UIResponder' is unavailable in watchOS
10 |
11 | // From https://stackoverflow.com/a/14135456/6870041
12 | extension UIResponder {
| `- error: 'UIResponder' is unavailable in watchOS
13 | static var currentFirstResponder: UIResponder? {
14 | _currentFirstResponder = nil
/Applications/Xcode-27.0.0-Release.Candidate.app/Contents/Developer/Platforms/WatchOS.platform/Developer/SDKs/WatchOS27.0.sdk/System/Library/Frameworks/UIKit.framework/Headers/UIResponder.h:82:12: note: 'UIResponder' has been explicitly marked unavailable here
80 |
81 | UIKIT_EXTERN API_AVAILABLE(ios(2.0)) API_UNAVAILABLE(watchos) NS_SWIFT_UI_ACTOR
82 | @interface UIResponder : NSObject <UIResponderStandardEditActions>
| `- note: 'UIResponder' has been explicitly marked unavailable here
83 |
84 | @property(nonatomic, readonly, nullable) UIResponder *nextResponder;
/Users/admin/builder/spi-builder-workspace/Sources/FloatingLabelTextFieldSwiftUI/Extensions/UITextField+Extension.swift:56:11: error: 'UITextField' is unavailable in watchOS
54 | public var arrTextFieldEditActions: [TextFieldEditActions] = []
55 |
56 | extension UITextField {
| `- error: 'UITextField' is unavailable in watchOS
57 | open override func target(forAction action: Selector, withSender sender: Any?) -> Any? {
58 |
/Applications/Xcode-27.0.0-Release.Candidate.app/Contents/Developer/Platforms/WatchOS.platform/Developer/SDKs/WatchOS27.0.sdk/System/Library/Frameworks/UIKit.framework/Headers/UITextField.h:53:12: note: 'UITextField' has been explicitly marked unavailable here
51 |
52 | UIKIT_EXTERN API_AVAILABLE(ios(2.0)) API_UNAVAILABLE(watchos) NS_SWIFT_UI_ACTOR
53 | @interface UITextField : UIControl <UITextInput, NSCoding, UIContentSizeCategoryAdjusting, UILetterformAwareAdjusting>
| `- note: 'UITextField' has been explicitly marked unavailable here
54 |
55 | @property(nullable, nonatomic,copy) NSString *text; // default is nil
Failed frontend command:
SwiftCompile normal arm64_32 (in target 'FloatingLabelTextFieldSwiftUI' from project 'FloatingLabelTextFieldSwiftUI')
cd /Users/admin/builder/spi-builder-workspace/.swiftpm/xcode
/Applications/Xcode-27.0.0-Release.Candidate.app/Contents/Developer/Toolchains/XcodeDefault.xctoolchain/usr/bin/swift-frontend -frontend -emit-module -experimental-skip-non-inlinable-function-bodies-without-types /Users/admin/builder/spi-builder-workspace/Sources/FloatingLabelTextFieldSwiftUI/Extensions/String+Extension.swift /Users/admin/builder/spi-builder-workspace/Sources/FloatingLabelTextFieldSwiftUI/Extensions/TextAlignment+Extension.swift /Users/admin/builder/spi-builder-workspace/Sources/FloatingLabelTextFieldSwiftUI/Extensions/UIControl+Extension.swift /Users/admin/builder/spi-builder-workspace/Sources/FloatingLabelTextFieldSwiftUI/Extensions/UIResponder+Extesnion.swift /Users/admin/builder/spi-builder-workspace/Sources/FloatingLabelTextFieldSwiftUI/Extensions/UITextField+Extension.swift /Users/admin/builder/spi-builder-workspace/Sources/FloatingLabelTextFieldSwiftUI/Extensions/View+Extension.swift /Users/admin/builder/spi-builder-workspace/Sources/FloatingLabelTextFieldSwiftUI/FloatingLabelTextField.swift /Users/admin/builder/spi-builder-workspace/Sources/FloatingLabelTextFieldSwiftUI/ObservableObject/ObservableObject.swift /Users/admin/builder/spi-builder-workspace/Sources/FloatingLabelTextFieldSwiftUI/TextFieldValidator/Validator.swift -target arm64_32-apple-watchos9.0 -disable-cross-import-overlay-search -load-resolved-plugin /Applications/Xcode-27.0.0-Release.Candidate.app/Contents/Developer/Platforms/WatchOS.platform/Developer/usr/lib/swift/host/plugins/libFoundationMacros.dylib\#/Applications/Xcode-27.0.0-Release.Candidate.app/Contents/Developer/Platforms/WatchOS.platform/Developer/usr/bin/swift-plugin-server\#FoundationMacros -load-resolved-plugin /Applications/Xcode-27.0.0-Release.Candidate.app/Contents/Developer/Platforms/WatchOS.platform/Developer/usr/lib/swift/host/plugins/libObservationMacros.dylib\#/Applications/Xcode-27.0.0-Release.Candidate.app/Contents/Developer/Platforms/WatchOS.platform/Developer/usr/bin/swift-plugin-server\#ObservationMacros -load-resolved-plugin /Applications/Xcode-27.0.0-Release.Candidate.app/Contents/Developer/Platforms/WatchOS.platform/Developer/usr/lib/swift/host/plugins/libPreviewsMacros.dylib\#/Applications/Xcode-27.0.0-Release.Candidate.app/Contents/Developer/Platforms/WatchOS.platform/Developer/usr/bin/swift-plugin-server\#PreviewsMacros -load-resolved-plugin /Applications/Xcode-27.0.0-Release.Candidate.app/Contents/Developer/Platforms/WatchOS.platform/Developer/usr/lib/swift/host/plugins/libSwiftMacros.dylib\#/Applications/Xcode-27.0.0-Release.Candidate.app/Contents/Developer/Platforms/WatchOS.platform/Developer/usr/bin/swift-plugin-server\#SwiftMacros -load-resolved-plugin /Applications/Xcode-27.0.0-Release.Candidate.app/Contents/Developer/Platforms/WatchOS.platform/Developer/usr/lib/swift/host/plugins/libSwiftUIMacros.dylib\#/Applications/Xcode-27.0.0-Release.Candidate.app/Contents/Developer/Platforms/WatchOS.platform/Developer/usr/bin/swift-plugin-server\#SwiftUIMacros -disable-implicit-swift-modules -Xcc -fno-implicit-modules -Xcc -fno-implicit-module-maps -explicit-swift-module-map-file /Users/admin/builder/spi-builder-workspace/.derivedData/Build/Intermediates.noindex/FloatingLabelTextFieldSwiftUI.build/Debug-watchos/FloatingLabelTextFieldSwiftUI-t.build/Objects-normal/arm64_32/FloatingLabelTextFieldSwiftUI-dependencies-1.json -enable-objc-interop -sdk /Applications/Xcode-27.0.0-Release.Candidate.app/Contents/Developer/Platforms/WatchOS.platform/Developer/SDKs/WatchOS27.0.sdk -I /Users/admin/builder/spi-builder-workspace/.derivedData/Build/Products/Debug-watchos -Isystem /Applications/Xcode-27.0.0-Release.Candidate.app/Contents/Developer/Platforms/WatchOS.platform/Developer/usr/lib -F /Users/admin/builder/spi-builder-workspace/.derivedData/Build/Products/Debug-watchos -F /Applications/Xcode-27.0.0-Release.Candidate.app/Contents/Developer/Platforms/WatchOS.platform/Developer/Library/Frameworks -F /Applications/Xcode-27.0.0-Release.Candidate.app/Contents/Developer/Platforms/WatchOS.platform/Developer/SDKs/WatchOS27.0.sdk/Developer/Library/Frameworks -module-cache-path /Users/admin/builder/spi-builder-workspace/.derivedData/Build/Intermediates.noindex/SwiftExplicitPrecompiledModules -no-color-diagnostics -Xcc -fno-color-diagnostics -enable-testing -g -debug-info-format\=dwarf -dwarf-version\=4 -profile-generate -profile-coverage-mapping -swift-version 5 -Onone -D SWIFT_PACKAGE -D DEBUG -D SWIFT_MODULE_RESOURCE_BUNDLE_UNAVAILABLE -D Xcode -serialize-debugging-options -enable-experimental-feature DebugDescriptionMacro -empty-abi-descriptor -validate-clang-modules-once -clang-build-session-file /Users/admin/builder/spi-builder-workspace/.derivedData/ModuleCache.noindex/Session.modulevalidation -Xcc -working-directory -Xcc /Users/admin/builder/spi-builder-workspace/.swiftpm/xcode -enable-anonymous-context-mangled-names -file-compilation-dir /Users/admin/builder/spi-builder-workspace/.swiftpm/xcode -Xcc -D_LIBCPP_HARDENING_MODE\=_LIBCPP_HARDENING_MODE_DEBUG -Xcc -ivfsstatcache -Xcc /Users/admin/builder/spi-builder-workspace/.derivedData/SDKStatCaches.noindex/watchos27.0-24R360-e829b21a6f8c9b70876ba0858053c04477534ef55a1706bf4c1112bbb242f0a2.sdkstatcache -Xcc -fmodules-prune-interval\=86400 -Xcc -fmodules-prune-after\=345600 -Xcc -I/Users/admin/builder/spi-builder-workspace/.derivedData/Build/Products/Debug-watchos/include -Xcc -I/Users/admin/builder/spi-builder-workspace/.derivedData/Build/Intermediates.noindex/FloatingLabelTextFieldSwiftUI.build/Debug-watchos/FloatingLabelTextFieldSwiftUI-t.build/DerivedSources-normal/arm64_32 -Xcc -I/Users/admin/builder/spi-builder-workspace/.derivedData/Build/Intermediates.noindex/FloatingLabelTextFieldSwiftUI.build/Debug-watchos/FloatingLabelTextFieldSwiftUI-t.build/DerivedSources/arm64_32 -Xcc -I/Users/admin/builder/spi-builder-workspace/.derivedData/Build/Intermediates.noindex/FloatingLabelTextFieldSwiftUI.build/Debug-watchos/FloatingLabelTextFieldSwiftUI-t.build/DerivedSources -Xcc -DSWIFT_PACKAGE -Xcc -DDEBUG\=1 -no-auto-bridging-header-chaining -module-name FloatingLabelTextFieldSwiftUI -const-gather-protocols-file /Users/admin/builder/spi-builder-workspace/.derivedData/Build/Intermediates.noindex/FloatingLabelTextFieldSwiftUI.build/Debug-watchos/FloatingLabelTextFieldSwiftUI-t.build/Objects-normal/arm64_32/FloatingLabelTextFieldSwiftUI_const_extract_protocols.json -disable-clang-spi -clang-target arm64_32-apple-watchos27.0 -target-sdk-version 27.0 -target-sdk-name watchos27.0 -in-process-plugin-server-path /Applications/Xcode-27.0.0-Release.Candidate.app/Contents/Developer/Toolchains/XcodeDefault.xctoolchain/usr/lib/swift/host/libSwiftInProcPluginServer.dylib -emit-module-doc-path /Users/admin/builder/spi-builder-workspace/.derivedData/Build/Intermediates.noindex/FloatingLabelTextFieldSwiftUI.build/Debug-watchos/FloatingLabelTextFieldSwiftUI-t.build/Objects-normal/arm64_32/FloatingLabelTextFieldSwiftUI.swiftdoc -emit-module-source-info-path /Users/admin/builder/spi-builder-workspace/.derivedData/Build/Intermediates.noindex/FloatingLabelTextFieldSwiftUI.build/Debug-watchos/FloatingLabelTextFieldSwiftUI-t.build/Objects-normal/arm64_32/FloatingLabelTextFieldSwiftUI.swiftsourceinfo -emit-objc-header-path /Users/admin/builder/spi-builder-workspace/.derivedData/Build/Intermediates.noindex/FloatingLabelTextFieldSwiftUI.build/Debug-watchos/FloatingLabelTextFieldSwiftUI-t.build/Objects-normal/arm64_32/FloatingLabelTextFieldSwiftUI-Swift.h -serialize-diagnostics-path /Users/admin/builder/spi-builder-workspace/.derivedData/Build/Intermediates.noindex/FloatingLabelTextFieldSwiftUI.build/Debug-watchos/FloatingLabelTextFieldSwiftUI-t.build/Objects-normal/arm64_32/FloatingLabelTextFieldSwiftUI-primary-emit-module.dia -emit-dependencies-path /Users/admin/builder/spi-builder-workspace/.derivedData/Build/Intermediates.noindex/FloatingLabelTextFieldSwiftUI.build/Debug-watchos/FloatingLabelTextFieldSwiftUI-t.build/Objects-normal/arm64_32/FloatingLabelTextFieldSwiftUI-primary-emit-module.d -parse-as-library -o /Users/admin/builder/spi-builder-workspace/.derivedData/Build/Intermediates.noindex/FloatingLabelTextFieldSwiftUI.build/Debug-watchos/FloatingLabelTextFieldSwiftUI-t.build/Objects-normal/arm64_32/FloatingLabelTextFieldSwiftUI.swiftmodule -emit-abi-descriptor-path /Users/admin/builder/spi-builder-workspace/.derivedData/Build/Intermediates.noindex/FloatingLabelTextFieldSwiftUI.build/Debug-watchos/FloatingLabelTextFieldSwiftUI-t.build/Objects-normal/arm64_32/FloatingLabelTextFieldSwiftUI.abi.json
SwiftCompile normal arm64_32 Compiling\ UIControl+Extension.swift /Users/admin/builder/spi-builder-workspace/Sources/FloatingLabelTextFieldSwiftUI/Extensions/UIControl+Extension.swift (in target 'FloatingLabelTextFieldSwiftUI' from project 'FloatingLabelTextFieldSwiftUI')
SwiftCompile normal arm64_32 /Users/admin/builder/spi-builder-workspace/Sources/FloatingLabelTextFieldSwiftUI/Extensions/UIControl+Extension.swift (in target 'FloatingLabelTextFieldSwiftUI' from project 'FloatingLabelTextFieldSwiftUI')
cd /Users/admin/builder/spi-builder-workspace/.swiftpm/xcode
builtin-SwiftPerFileCompile UIControl+Extension.swift
/Users/admin/builder/spi-builder-workspace/Sources/FloatingLabelTextFieldSwiftUI/Extensions/UIControl+Extension.swift:12:39: error: 'UIControl' is unavailable in watchOS
10 |
11 | extension UIControl {
12 | func addAction(for controlEvents: UIControl.Event, action: @escaping () -> ()) {
| `- error: 'UIControl' is unavailable in watchOS
13 | let sleeve = ClosureSleeve(attachTo: self, closure: action)
14 | addTarget(sleeve, action: #selector(ClosureSleeve.invoke), for: controlEvents)
/Applications/Xcode-27.0.0-Release.Candidate.app/Contents/Developer/Platforms/WatchOS.platform/Developer/SDKs/WatchOS27.0.sdk/System/Library/Frameworks/UIKit.framework/Headers/UIControl.h:76:12: note: 'UIControl' has been explicitly marked unavailable here
74 |
75 | UIKIT_EXTERN API_AVAILABLE(ios(2.0)) API_UNAVAILABLE(watchos) NS_SWIFT_UI_ACTOR
76 | @interface UIControl : UIView
| `- note: 'UIControl' has been explicitly marked unavailable here
77 |
78 | - (instancetype)initWithFrame:(CGRect)frame NS_DESIGNATED_INITIALIZER;
SwiftCompile normal arm64_32 Compiling\ View+Extension.swift /Users/admin/builder/spi-builder-workspace/Sources/FloatingLabelTextFieldSwiftUI/Extensions/View+Extension.swift (in target 'FloatingLabelTextFieldSwiftUI' from project 'FloatingLabelTextFieldSwiftUI')
/Users/admin/builder/spi-builder-workspace/Sources/FloatingLabelTextFieldSwiftUI/Extensions/View+Extension.swift:14:9: error: 'UIApplication' is unavailable in watchOS
12 | extension View {
13 | public func endEditing(_ force: Bool) {
14 | UIApplication.shared.windows.forEach { $0.endEditing(force)}
| `- error: 'UIApplication' is unavailable in watchOS
15 | }
16 | }
/Applications/Xcode-27.0.0-Release.Candidate.app/Contents/Developer/Platforms/WatchOS.platform/Developer/SDKs/WatchOS27.0.sdk/System/Library/Frameworks/UIKit.framework/Headers/UIApplication.h:85:12: note: 'UIApplication' has been explicitly marked unavailable here
83 |
84 | UIKIT_EXTERN API_AVAILABLE(ios(2.0)) API_UNAVAILABLE(watchos) NS_SWIFT_UI_ACTOR
85 | @interface UIApplication : UIResponder
| `- note: 'UIApplication' has been explicitly marked unavailable here
86 |
87 | @property(class, nonatomic, readonly) UIApplication *sharedApplication NS_EXTENSION_UNAVAILABLE_IOS("Use view controller based solutions where appropriate instead.");
SwiftCompile normal arm64_32 /Users/admin/builder/spi-builder-workspace/Sources/FloatingLabelTextFieldSwiftUI/Extensions/View+Extension.swift (in target 'FloatingLabelTextFieldSwiftUI' from project 'FloatingLabelTextFieldSwiftUI')
cd /Users/admin/builder/spi-builder-workspace/.swiftpm/xcode
builtin-SwiftPerFileCompile View+Extension.swift
SwiftCompile normal arm64_32 Compiling\ UIResponder+Extesnion.swift /Users/admin/builder/spi-builder-workspace/Sources/FloatingLabelTextFieldSwiftUI/Extensions/UIResponder+Extesnion.swift (in target 'FloatingLabelTextFieldSwiftUI' from project 'FloatingLabelTextFieldSwiftUI')
SwiftCompile normal arm64_32 /Users/admin/builder/spi-builder-workspace/Sources/FloatingLabelTextFieldSwiftUI/Extensions/UIResponder+Extesnion.swift (in target 'FloatingLabelTextFieldSwiftUI' from project 'FloatingLabelTextFieldSwiftUI')
cd /Users/admin/builder/spi-builder-workspace/.swiftpm/xcode
builtin-SwiftPerFileCompile UIResponder+Extesnion.swift
/Users/admin/builder/spi-builder-workspace/Sources/FloatingLabelTextFieldSwiftUI/Extensions/UIResponder+Extesnion.swift:13:39: error: 'UIResponder' is unavailable in watchOS
11 | // From https://stackoverflow.com/a/14135456/6870041
12 | extension UIResponder {
13 | static var currentFirstResponder: UIResponder? {
| `- error: 'UIResponder' is unavailable in watchOS
14 | _currentFirstResponder = nil
15 | UIApplication.shared.sendAction(#selector(UIResponder.findFirstResponder(_:)), to: nil, from: nil, for: nil)
/Applications/Xcode-27.0.0-Release.Candidate.app/Contents/Developer/Platforms/WatchOS.platform/Developer/SDKs/WatchOS27.0.sdk/System/Library/Frameworks/UIKit.framework/Headers/UIResponder.h:82:12: note: 'UIResponder' has been explicitly marked unavailable here
80 |
81 | UIKIT_EXTERN API_AVAILABLE(ios(2.0)) API_UNAVAILABLE(watchos) NS_SWIFT_UI_ACTOR
82 | @interface UIResponder : NSObject <UIResponderStandardEditActions>
| `- note: 'UIResponder' has been explicitly marked unavailable here
83 |
84 | @property(nonatomic, readonly, nullable) UIResponder *nextResponder;
/Users/admin/builder/spi-builder-workspace/Sources/FloatingLabelTextFieldSwiftUI/Extensions/UIResponder+Extesnion.swift:19:53: error: 'UIResponder' is unavailable in watchOS
17 | }
18 |
19 | private static weak var _currentFirstResponder: UIResponder?
| `- error: 'UIResponder' is unavailable in watchOS
20 |
21 | @objc private func findFirstResponder(_ sender: Any) {
/Applications/Xcode-27.0.0-Release.Candidate.app/Contents/Developer/Platforms/WatchOS.platform/Developer/SDKs/WatchOS27.0.sdk/System/Library/Frameworks/UIKit.framework/Headers/UIResponder.h:82:12: note: 'UIResponder' has been explicitly marked unavailable here
80 |
81 | UIKIT_EXTERN API_AVAILABLE(ios(2.0)) API_UNAVAILABLE(watchos) NS_SWIFT_UI_ACTOR
82 | @interface UIResponder : NSObject <UIResponderStandardEditActions>
| `- note: 'UIResponder' has been explicitly marked unavailable here
83 |
84 | @property(nonatomic, readonly, nullable) UIResponder *nextResponder;
/Users/admin/builder/spi-builder-workspace/Sources/FloatingLabelTextFieldSwiftUI/Extensions/UIResponder+Extesnion.swift:25:21: error: 'UIView' is unavailable in watchOS
23 | }
24 |
25 | var globalView: UIView? {
| `- error: 'UIView' is unavailable in watchOS
26 | return self as? UIView
27 | }
/Applications/Xcode-27.0.0-Release.Candidate.app/Contents/Developer/Platforms/WatchOS.platform/Developer/SDKs/WatchOS27.0.sdk/System/Library/Frameworks/UIKit.framework/Headers/UIView.h:152:12: note: 'UIView' has been explicitly marked unavailable here
150 |
151 | UIKIT_EXTERN API_AVAILABLE(ios(2.0)) API_UNAVAILABLE(watchos) NS_SWIFT_UI_ACTOR
152 | @interface UIView : UIResponder <NSCoding, UIAppearance, UIAppearanceContainer, UIDynamicItem, UITraitEnvironment, UICoordinateSpace, UIFocusItem, UIFocusItemContainer, CALayerDelegate>
| `- note: 'UIView' has been explicitly marked unavailable here
153 |
154 | @property(class, nonatomic, readonly) Class layerClass; // default is [CALayer class]. Used when creating the underlying layer for the view.
/Users/admin/builder/spi-builder-workspace/Sources/FloatingLabelTextFieldSwiftUI/Extensions/UIResponder+Extesnion.swift:12:11: error: 'UIResponder' is unavailable in watchOS
10 |
11 | // From https://stackoverflow.com/a/14135456/6870041
12 | extension UIResponder {
| `- error: 'UIResponder' is unavailable in watchOS
13 | static var currentFirstResponder: UIResponder? {
14 | _currentFirstResponder = nil
/Applications/Xcode-27.0.0-Release.Candidate.app/Contents/Developer/Platforms/WatchOS.platform/Developer/SDKs/WatchOS27.0.sdk/System/Library/Frameworks/UIKit.framework/Headers/UIResponder.h:82:12: note: 'UIResponder' has been explicitly marked unavailable here
80 |
81 | UIKIT_EXTERN API_AVAILABLE(ios(2.0)) API_UNAVAILABLE(watchos) NS_SWIFT_UI_ACTOR
82 | @interface UIResponder : NSObject <UIResponderStandardEditActions>
| `- note: 'UIResponder' has been explicitly marked unavailable here
83 |
84 | @property(nonatomic, readonly, nullable) UIResponder *nextResponder;
/Users/admin/builder/spi-builder-workspace/Sources/FloatingLabelTextFieldSwiftUI/Extensions/UIResponder+Extesnion.swift:15:9: error: 'UIApplication' is unavailable in watchOS
13 | static var currentFirstResponder: UIResponder? {
14 | _currentFirstResponder = nil
15 | UIApplication.shared.sendAction(#selector(UIResponder.findFirstResponder(_:)), to: nil, from: nil, for: nil)
| `- error: 'UIApplication' is unavailable in watchOS
16 | return _currentFirstResponder
17 | }
/Applications/Xcode-27.0.0-Release.Candidate.app/Contents/Developer/Platforms/WatchOS.platform/Developer/SDKs/WatchOS27.0.sdk/System/Library/Frameworks/UIKit.framework/Headers/UIApplication.h:85:12: note: 'UIApplication' has been explicitly marked unavailable here
83 |
84 | UIKIT_EXTERN API_AVAILABLE(ios(2.0)) API_UNAVAILABLE(watchos) NS_SWIFT_UI_ACTOR
85 | @interface UIApplication : UIResponder
| `- note: 'UIApplication' has been explicitly marked unavailable here
86 |
87 | @property(class, nonatomic, readonly) UIApplication *sharedApplication NS_EXTENSION_UNAVAILABLE_IOS("Use view controller based solutions where appropriate instead.");
/Users/admin/builder/spi-builder-workspace/Sources/FloatingLabelTextFieldSwiftUI/Extensions/UIResponder+Extesnion.swift:15:51: error: 'UIResponder' is unavailable in watchOS
13 | static var currentFirstResponder: UIResponder? {
14 | _currentFirstResponder = nil
15 | UIApplication.shared.sendAction(#selector(UIResponder.findFirstResponder(_:)), to: nil, from: nil, for: nil)
| `- error: 'UIResponder' is unavailable in watchOS
16 | return _currentFirstResponder
17 | }
/Applications/Xcode-27.0.0-Release.Candidate.app/Contents/Developer/Platforms/WatchOS.platform/Developer/SDKs/WatchOS27.0.sdk/System/Library/Frameworks/UIKit.framework/Headers/UIResponder.h:82:12: note: 'UIResponder' has been explicitly marked unavailable here
80 |
81 | UIKIT_EXTERN API_AVAILABLE(ios(2.0)) API_UNAVAILABLE(watchos) NS_SWIFT_UI_ACTOR
82 | @interface UIResponder : NSObject <UIResponderStandardEditActions>
| `- note: 'UIResponder' has been explicitly marked unavailable here
83 |
84 | @property(nonatomic, readonly, nullable) UIResponder *nextResponder;
/Users/admin/builder/spi-builder-workspace/Sources/FloatingLabelTextFieldSwiftUI/Extensions/UIResponder+Extesnion.swift:22:9: error: 'UIResponder' is unavailable in watchOS
20 |
21 | @objc private func findFirstResponder(_ sender: Any) {
22 | UIResponder._currentFirstResponder = self
| `- error: 'UIResponder' is unavailable in watchOS
23 | }
24 |
/Applications/Xcode-27.0.0-Release.Candidate.app/Contents/Developer/Platforms/WatchOS.platform/Developer/SDKs/WatchOS27.0.sdk/System/Library/Frameworks/UIKit.framework/Headers/UIResponder.h:82:12: note: 'UIResponder' has been explicitly marked unavailable here
80 |
81 | UIKIT_EXTERN API_AVAILABLE(ios(2.0)) API_UNAVAILABLE(watchos) NS_SWIFT_UI_ACTOR
82 | @interface UIResponder : NSObject <UIResponderStandardEditActions>
| `- note: 'UIResponder' has been explicitly marked unavailable here
83 |
84 | @property(nonatomic, readonly, nullable) UIResponder *nextResponder;
SwiftCompile normal arm64_32 Compiling\ String+Extension.swift /Users/admin/builder/spi-builder-workspace/Sources/FloatingLabelTextFieldSwiftUI/Extensions/String+Extension.swift (in target 'FloatingLabelTextFieldSwiftUI' from project 'FloatingLabelTextFieldSwiftUI')
SwiftCompile normal arm64_32 /Users/admin/builder/spi-builder-workspace/Sources/FloatingLabelTextFieldSwiftUI/Extensions/String+Extension.swift (in target 'FloatingLabelTextFieldSwiftUI' from project 'FloatingLabelTextFieldSwiftUI')
cd /Users/admin/builder/spi-builder-workspace/.swiftpm/xcode
builtin-SwiftPerFileCompile String+Extension.swift
SwiftCompile normal arm64_32 Compiling\ ObservableObject.swift /Users/admin/builder/spi-builder-workspace/Sources/FloatingLabelTextFieldSwiftUI/ObservableObject/ObservableObject.swift (in target 'FloatingLabelTextFieldSwiftUI' from project 'FloatingLabelTextFieldSwiftUI')
SwiftCompile normal arm64_32 /Users/admin/builder/spi-builder-workspace/Sources/FloatingLabelTextFieldSwiftUI/ObservableObject/ObservableObject.swift (in target 'FloatingLabelTextFieldSwiftUI' from project 'FloatingLabelTextFieldSwiftUI')
cd /Users/admin/builder/spi-builder-workspace/.swiftpm/xcode
builtin-SwiftPerFileCompile ObservableObject.swift
SwiftCompile normal arm64_32 Compiling\ Validator.swift /Users/admin/builder/spi-builder-workspace/Sources/FloatingLabelTextFieldSwiftUI/TextFieldValidator/Validator.swift (in target 'FloatingLabelTextFieldSwiftUI' from project 'FloatingLabelTextFieldSwiftUI')
SwiftCompile normal arm64_32 /Users/admin/builder/spi-builder-workspace/Sources/FloatingLabelTextFieldSwiftUI/TextFieldValidator/Validator.swift (in target 'FloatingLabelTextFieldSwiftUI' from project 'FloatingLabelTextFieldSwiftUI')
cd /Users/admin/builder/spi-builder-workspace/.swiftpm/xcode
builtin-SwiftPerFileCompile Validator.swift
SwiftCompile normal arm64_32 Compiling\ TextAlignment+Extension.swift /Users/admin/builder/spi-builder-workspace/Sources/FloatingLabelTextFieldSwiftUI/Extensions/TextAlignment+Extension.swift (in target 'FloatingLabelTextFieldSwiftUI' from project 'FloatingLabelTextFieldSwiftUI')
SwiftCompile normal arm64_32 /Users/admin/builder/spi-builder-workspace/Sources/FloatingLabelTextFieldSwiftUI/Extensions/TextAlignment+Extension.swift (in target 'FloatingLabelTextFieldSwiftUI' from project 'FloatingLabelTextFieldSwiftUI')
cd /Users/admin/builder/spi-builder-workspace/.swiftpm/xcode
builtin-SwiftPerFileCompile TextAlignment+Extension.swift
SwiftCompile normal arm64_32 Compiling\ FloatingLabelTextField.swift /Users/admin/builder/spi-builder-workspace/Sources/FloatingLabelTextFieldSwiftUI/FloatingLabelTextField.swift (in target 'FloatingLabelTextFieldSwiftUI' from project 'FloatingLabelTextFieldSwiftUI')
/Users/admin/builder/spi-builder-workspace/Sources/FloatingLabelTextFieldSwiftUI/FloatingLabelTextField.swift:81:25: error: 'UIResponder' is unavailable in watchOS
79 | self.editingChanged(self.isSelected)
80 | if !self.isSelected {
81 | UIResponder.currentFirstResponder?.resignFirstResponder()
| `- error: 'UIResponder' is unavailable in watchOS
82 | }
83 | DispatchQueue.main.asyncAfter(deadline: .now() + 0.1) {
/Applications/Xcode-27.0.0-Release.Candidate.app/Contents/Developer/Platforms/WatchOS.platform/Developer/SDKs/WatchOS27.0.sdk/System/Library/Frameworks/UIKit.framework/Headers/UIResponder.h:82:12: note: 'UIResponder' has been explicitly marked unavailable here
80 |
81 | UIKIT_EXTERN API_AVAILABLE(ios(2.0)) API_UNAVAILABLE(watchos) NS_SWIFT_UI_ACTOR
82 | @interface UIResponder : NSObject <UIResponderStandardEditActions>
| `- note: 'UIResponder' has been explicitly marked unavailable here
83 |
84 | @property(nonatomic, readonly, nullable) UIResponder *nextResponder;
/Users/admin/builder/spi-builder-workspace/Sources/FloatingLabelTextFieldSwiftUI/FloatingLabelTextField.swift:84:51: error: 'UIResponder' is unavailable in watchOS
82 | }
83 | DispatchQueue.main.asyncAfter(deadline: .now() + 0.1) {
84 | if let currentResponder = UIResponder.currentFirstResponder, let currentTextField = currentResponder.globalView as? UITextField{
| `- error: 'UIResponder' is unavailable in watchOS
85 | arrTextFieldEditActions = self.notifier.arrTextFieldEditActions
86 | withAnimation {
/Applications/Xcode-27.0.0-Release.Candidate.app/Contents/Developer/Platforms/WatchOS.platform/Developer/SDKs/WatchOS27.0.sdk/System/Library/Frameworks/UIKit.framework/Headers/UIResponder.h:82:12: note: 'UIResponder' has been explicitly marked unavailable here
80 |
81 | UIKIT_EXTERN API_AVAILABLE(ios(2.0)) API_UNAVAILABLE(watchos) NS_SWIFT_UI_ACTOR
82 | @interface UIResponder : NSObject <UIResponderStandardEditActions>
| `- note: 'UIResponder' has been explicitly marked unavailable here
83 |
84 | @property(nonatomic, readonly, nullable) UIResponder *nextResponder;
/Users/admin/builder/spi-builder-workspace/Sources/FloatingLabelTextFieldSwiftUI/FloatingLabelTextField.swift:84:141: error: 'UITextField' is unavailable in watchOS
82 | }
83 | DispatchQueue.main.asyncAfter(deadline: .now() + 0.1) {
84 | if let currentResponder = UIResponder.currentFirstResponder, let currentTextField = currentResponder.globalView as? UITextField{
| `- error: 'UITextField' is unavailable in watchOS
85 | arrTextFieldEditActions = self.notifier.arrTextFieldEditActions
86 | withAnimation {
/Applications/Xcode-27.0.0-Release.Candidate.app/Contents/Developer/Platforms/WatchOS.platform/Developer/SDKs/WatchOS27.0.sdk/System/Library/Frameworks/UIKit.framework/Headers/UITextField.h:53:12: note: 'UITextField' has been explicitly marked unavailable here
51 |
52 | UIKIT_EXTERN API_AVAILABLE(ios(2.0)) API_UNAVAILABLE(watchos) NS_SWIFT_UI_ACTOR
53 | @interface UITextField : UIControl <UITextInput, NSCoding, UIContentSizeCategoryAdjusting, UILetterformAwareAdjusting>
| `- note: 'UITextField' has been explicitly marked unavailable here
54 |
55 | @property(nullable, nonatomic,copy) NSString *text; // default is nil
SwiftCompile normal arm64_32 /Users/admin/builder/spi-builder-workspace/Sources/FloatingLabelTextFieldSwiftUI/FloatingLabelTextField.swift (in target 'FloatingLabelTextFieldSwiftUI' from project 'FloatingLabelTextFieldSwiftUI')
cd /Users/admin/builder/spi-builder-workspace/.swiftpm/xcode
builtin-SwiftPerFileCompile FloatingLabelTextField.swift
SwiftCompile normal arm64_32 Compiling\ UITextField+Extension.swift /Users/admin/builder/spi-builder-workspace/Sources/FloatingLabelTextFieldSwiftUI/Extensions/UITextField+Extension.swift (in target 'FloatingLabelTextFieldSwiftUI' from project 'FloatingLabelTextFieldSwiftUI')
/Users/admin/builder/spi-builder-workspace/Sources/FloatingLabelTextFieldSwiftUI/Extensions/UITextField+Extension.swift:56:11: error: 'UITextField' is unavailable in watchOS
54 | public var arrTextFieldEditActions: [TextFieldEditActions] = []
55 |
56 | extension UITextField {
| `- error: 'UITextField' is unavailable in watchOS
57 | open override func target(forAction action: Selector, withSender sender: Any?) -> Any? {
58 |
/Applications/Xcode-27.0.0-Release.Candidate.app/Contents/Developer/Platforms/WatchOS.platform/Developer/SDKs/WatchOS27.0.sdk/System/Library/Frameworks/UIKit.framework/Headers/UITextField.h:53:12: note: 'UITextField' has been explicitly marked unavailable here
51 |
52 | UIKIT_EXTERN API_AVAILABLE(ios(2.0)) API_UNAVAILABLE(watchos) NS_SWIFT_UI_ACTOR
53 | @interface UITextField : UIControl <UITextInput, NSCoding, UIContentSizeCategoryAdjusting, UILetterformAwareAdjusting>
| `- note: 'UITextField' has been explicitly marked unavailable here
54 |
55 | @property(nullable, nonatomic,copy) NSString *text; // default is nil
/Users/admin/builder/spi-builder-workspace/Sources/FloatingLabelTextFieldSwiftUI/Extensions/UITextField+Extension.swift:22:30: error: 'UIResponderStandardEditActions' is unavailable in watchOS
20 | switch self {
21 | case .all:
22 | return #selector(UIResponderStandardEditActions.`self`)
| `- error: 'UIResponderStandardEditActions' is unavailable in watchOS
23 | case .copy:
24 | return #selector(UIResponderStandardEditActions.copy)
/Applications/Xcode-27.0.0-Release.Candidate.app/Contents/Developer/Platforms/WatchOS.platform/Developer/SDKs/WatchOS27.0.sdk/System/Library/Frameworks/UIKit.framework/Headers/UIResponder.h:32:11: note: 'UIResponderStandardEditActions' has been explicitly marked unavailable here
30 |
31 | API_UNAVAILABLE(watchos) NS_SWIFT_UI_ACTOR
32 | @protocol UIResponderStandardEditActions <NSObject>
| `- note: 'UIResponderStandardEditActions' has been explicitly marked unavailable here
33 | @optional
34 | - (void)cut:(nullable id)sender API_AVAILABLE(ios(3.0)) API_UNAVAILABLE(watchos);
/Users/admin/builder/spi-builder-workspace/Sources/FloatingLabelTextFieldSwiftUI/Extensions/UITextField+Extension.swift:24:30: error: 'UIResponderStandardEditActions' is unavailable in watchOS
22 | return #selector(UIResponderStandardEditActions.`self`)
23 | case .copy:
24 | return #selector(UIResponderStandardEditActions.copy)
| `- error: 'UIResponderStandardEditActions' is unavailable in watchOS
25 | case .paste:
26 | return #selector(UIResponderStandardEditActions.paste)
/Applications/Xcode-27.0.0-Release.Candidate.app/Contents/Developer/Platforms/WatchOS.platform/Developer/SDKs/WatchOS27.0.sdk/System/Library/Frameworks/UIKit.framework/Headers/UIResponder.h:32:11: note: 'UIResponderStandardEditActions' has been explicitly marked unavailable here
30 |
31 | API_UNAVAILABLE(watchos) NS_SWIFT_UI_ACTOR
32 | @protocol UIResponderStandardEditActions <NSObject>
| `- note: 'UIResponderStandardEditActions' has been explicitly marked unavailable here
33 | @optional
34 | - (void)cut:(nullable id)sender API_AVAILABLE(ios(3.0)) API_UNAVAILABLE(watchos);
/Users/admin/builder/spi-builder-workspace/Sources/FloatingLabelTextFieldSwiftUI/Extensions/UITextField+Extension.swift:24:61: error: 'copy' is unavailable in watchOS
22 | return #selector(UIResponderStandardEditActions.`self`)
23 | case .copy:
24 | return #selector(UIResponderStandardEditActions.copy)
| `- error: 'copy' is unavailable in watchOS
25 | case .paste:
26 | return #selector(UIResponderStandardEditActions.paste)
/Applications/Xcode-27.0.0-Release.Candidate.app/Contents/Developer/Platforms/WatchOS.platform/Developer/SDKs/WatchOS27.0.sdk/System/Library/Frameworks/UIKit.framework/Headers/UIResponder.h:35:1: note: 'copy' has been explicitly marked unavailable here
33 | @optional
34 | - (void)cut:(nullable id)sender API_AVAILABLE(ios(3.0)) API_UNAVAILABLE(watchos);
35 | - (void)copy:(nullable id)sender API_AVAILABLE(ios(3.0)) API_UNAVAILABLE(watchos);
| `- note: 'copy' has been explicitly marked unavailable here
36 | - (void)paste:(nullable id)sender API_AVAILABLE(ios(3.0)) API_UNAVAILABLE(watchos);
37 | - (void)pasteAndMatchStyle:(nullable id)sender API_AVAILABLE(ios(15.0)) API_UNAVAILABLE(watchos);
/Users/admin/builder/spi-builder-workspace/Sources/FloatingLabelTextFieldSwiftUI/Extensions/UITextField+Extension.swift:26:30: error: 'UIResponderStandardEditActions' is unavailable in watchOS
24 | return #selector(UIResponderStandardEditActions.copy)
25 | case .paste:
26 | return #selector(UIResponderStandardEditActions.paste)
| `- error: 'UIResponderStandardEditActions' is unavailable in watchOS
27 | case .select:
28 | return #selector(UIResponderStandardEditActions.select)
/Applications/Xcode-27.0.0-Release.Candidate.app/Contents/Developer/Platforms/WatchOS.platform/Developer/SDKs/WatchOS27.0.sdk/System/Library/Frameworks/UIKit.framework/Headers/UIResponder.h:32:11: note: 'UIResponderStandardEditActions' has been explicitly marked unavailable here
30 |
31 | API_UNAVAILABLE(watchos) NS_SWIFT_UI_ACTOR
32 | @protocol UIResponderStandardEditActions <NSObject>
| `- note: 'UIResponderStandardEditActions' has been explicitly marked unavailable here
33 | @optional
34 | - (void)cut:(nullable id)sender API_AVAILABLE(ios(3.0)) API_UNAVAILABLE(watchos);
/Users/admin/builder/spi-builder-workspace/Sources/FloatingLabelTextFieldSwiftUI/Extensions/UITextField+Extension.swift:26:61: error: 'paste' is unavailable in watchOS
24 | return #selector(UIResponderStandardEditActions.copy)
25 | case .paste:
26 | return #selector(UIResponderStandardEditActions.paste)
| `- error: 'paste' is unavailable in watchOS
27 | case .select:
28 | return #selector(UIResponderStandardEditActions.select)
/Applications/Xcode-27.0.0-Release.Candidate.app/Contents/Developer/Platforms/WatchOS.platform/Developer/SDKs/WatchOS27.0.sdk/System/Library/Frameworks/UIKit.framework/Headers/UIResponder.h:36:1: note: 'paste' has been explicitly marked unavailable here
34 | - (void)cut:(nullable id)sender API_AVAILABLE(ios(3.0)) API_UNAVAILABLE(watchos);
35 | - (void)copy:(nullable id)sender API_AVAILABLE(ios(3.0)) API_UNAVAILABLE(watchos);
36 | - (void)paste:(nullable id)sender API_AVAILABLE(ios(3.0)) API_UNAVAILABLE(watchos);
| `- note: 'paste' has been explicitly marked unavailable here
37 | - (void)pasteAndMatchStyle:(nullable id)sender API_AVAILABLE(ios(15.0)) API_UNAVAILABLE(watchos);
38 | - (void)pasteAndGo:(nullable id)sender API_AVAILABLE(ios(15.0)) API_UNAVAILABLE(watchos);
/Users/admin/builder/spi-builder-workspace/Sources/FloatingLabelTextFieldSwiftUI/Extensions/UITextField+Extension.swift:28:30: error: 'UIResponderStandardEditActions' is unavailable in watchOS
26 | return #selector(UIResponderStandardEditActions.paste)
27 | case .select:
28 | return #selector(UIResponderStandardEditActions.select)
| `- error: 'UIResponderStandardEditActions' is unavailable in watchOS
29 | case .selectAll:
30 | return #selector(UIResponderStandardEditActions.selectAll)
/Applications/Xcode-27.0.0-Release.Candidate.app/Contents/Developer/Platforms/WatchOS.platform/Developer/SDKs/WatchOS27.0.sdk/System/Library/Frameworks/UIKit.framework/Headers/UIResponder.h:32:11: note: 'UIResponderStandardEditActions' has been explicitly marked unavailable here
30 |
31 | API_UNAVAILABLE(watchos) NS_SWIFT_UI_ACTOR
32 | @protocol UIResponderStandardEditActions <NSObject>
| `- note: 'UIResponderStandardEditActions' has been explicitly marked unavailable here
33 | @optional
34 | - (void)cut:(nullable id)sender API_AVAILABLE(ios(3.0)) API_UNAVAILABLE(watchos);
/Users/admin/builder/spi-builder-workspace/Sources/FloatingLabelTextFieldSwiftUI/Extensions/UITextField+Extension.swift:28:61: error: 'select' is unavailable in watchOS
26 | return #selector(UIResponderStandardEditActions.paste)
27 | case .select:
28 | return #selector(UIResponderStandardEditActions.select)
| `- error: 'select' is unavailable in watchOS
29 | case .selectAll:
30 | return #selector(UIResponderStandardEditActions.selectAll)
/Applications/Xcode-27.0.0-Release.Candidate.app/Contents/Developer/Platforms/WatchOS.platform/Developer/SDKs/WatchOS27.0.sdk/System/Library/Frameworks/UIKit.framework/Headers/UIResponder.h:41:1: note: 'select' has been explicitly marked unavailable here
39 | - (void)pasteAndSearch:(nullable id)sender API_AVAILABLE(ios(15.0)) API_UNAVAILABLE(watchos);
40 | - (void)newFromPasteboard:(nullable id)sender API_AVAILABLE(ios(26.0)) API_UNAVAILABLE(watchos);
41 | - (void)select:(nullable id)sender API_AVAILABLE(ios(3.0)) API_UNAVAILABLE(watchos);
| `- note: 'select' has been explicitly marked unavailable here
42 | - (void)selectAll:(nullable id)sender API_AVAILABLE(ios(3.0)) API_UNAVAILABLE(watchos);
43 | - (void)delete:(nullable id)sender API_AVAILABLE(ios(3.2)) API_UNAVAILABLE(watchos);
/Users/admin/builder/spi-builder-workspace/Sources/FloatingLabelTextFieldSwiftUI/Extensions/UITextField+Extension.swift:30:30: error: 'UIResponderStandardEditActions' is unavailable in watchOS
28 | return #selector(UIResponderStandardEditActions.select)
29 | case .selectAll:
30 | return #selector(UIResponderStandardEditActions.selectAll)
| `- error: 'UIResponderStandardEditActions' is unavailable in watchOS
31 | case .delete:
32 | return #selector(UIResponderStandardEditActions.delete)
/Applications/Xcode-27.0.0-Release.Candidate.app/Contents/Developer/Platforms/WatchOS.platform/Developer/SDKs/WatchOS27.0.sdk/System/Library/Frameworks/UIKit.framework/Headers/UIResponder.h:32:11: note: 'UIResponderStandardEditActions' has been explicitly marked unavailable here
30 |
31 | API_UNAVAILABLE(watchos) NS_SWIFT_UI_ACTOR
32 | @protocol UIResponderStandardEditActions <NSObject>
| `- note: 'UIResponderStandardEditActions' has been explicitly marked unavailable here
33 | @optional
34 | - (void)cut:(nullable id)sender API_AVAILABLE(ios(3.0)) API_UNAVAILABLE(watchos);
/Users/admin/builder/spi-builder-workspace/Sources/FloatingLabelTextFieldSwiftUI/Extensions/UITextField+Extension.swift:30:61: error: 'selectAll' is unavailable in watchOS
28 | return #selector(UIResponderStandardEditActions.select)
29 | case .selectAll:
30 | return #selector(UIResponderStandardEditActions.selectAll)
| `- error: 'selectAll' is unavailable in watchOS
31 | case .delete:
32 | return #selector(UIResponderStandardEditActions.delete)
/Applications/Xcode-27.0.0-Release.Candidate.app/Contents/Developer/Platforms/WatchOS.platform/Developer/SDKs/WatchOS27.0.sdk/System/Library/Frameworks/UIKit.framework/Headers/UIResponder.h:42:1: note: 'selectAll' has been explicitly marked unavailable here
40 | - (void)newFromPasteboard:(nullable id)sender API_AVAILABLE(ios(26.0)) API_UNAVAILABLE(watchos);
41 | - (void)select:(nullable id)sender API_AVAILABLE(ios(3.0)) API_UNAVAILABLE(watchos);
42 | - (void)selectAll:(nullable id)sender API_AVAILABLE(ios(3.0)) API_UNAVAILABLE(watchos);
| `- note: 'selectAll' has been explicitly marked unavailable here
43 | - (void)delete:(nullable id)sender API_AVAILABLE(ios(3.2)) API_UNAVAILABLE(watchos);
44 | - (void)makeTextWritingDirectionLeftToRight:(nullable id)sender API_AVAILABLE(ios(5.0)) API_UNAVAILABLE(watchos);
/Users/admin/builder/spi-builder-workspace/Sources/FloatingLabelTextFieldSwiftUI/Extensions/UITextField+Extension.swift:32:30: error: 'UIResponderStandardEditActions' is unavailable in watchOS
30 | return #selector(UIResponderStandardEditActions.selectAll)
31 | case .delete:
32 | return #selector(UIResponderStandardEditActions.delete)
| `- error: 'UIResponderStandardEditActions' is unavailable in watchOS
33 | case .cut:
34 | return #selector(UIResponderStandardEditActions.cut)
/Applications/Xcode-27.0.0-Release.Candidate.app/Contents/Developer/Platforms/WatchOS.platform/Developer/SDKs/WatchOS27.0.sdk/System/Library/Frameworks/UIKit.framework/Headers/UIResponder.h:32:11: note: 'UIResponderStandardEditActions' has been explicitly marked unavailable here
30 |
31 | API_UNAVAILABLE(watchos) NS_SWIFT_UI_ACTOR
32 | @protocol UIResponderStandardEditActions <NSObject>
| `- note: 'UIResponderStandardEditActions' has been explicitly marked unavailable here
33 | @optional
34 | - (void)cut:(nullable id)sender API_AVAILABLE(ios(3.0)) API_UNAVAILABLE(watchos);
/Users/admin/builder/spi-builder-workspace/Sources/FloatingLabelTextFieldSwiftUI/Extensions/UITextField+Extension.swift:32:61: error: 'delete' is unavailable in watchOS
30 | return #selector(UIResponderStandardEditActions.selectAll)
31 | case .delete:
32 | return #selector(UIResponderStandardEditActions.delete)
| `- error: 'delete' is unavailable in watchOS
33 | case .cut:
34 | return #selector(UIResponderStandardEditActions.cut)
/Applications/Xcode-27.0.0-Release.Candidate.app/Contents/Developer/Platforms/WatchOS.platform/Developer/SDKs/WatchOS27.0.sdk/System/Library/Frameworks/UIKit.framework/Headers/UIResponder.h:43:1: note: 'delete' has been explicitly marked unavailable here
41 | - (void)select:(nullable id)sender API_AVAILABLE(ios(3.0)) API_UNAVAILABLE(watchos);
42 | - (void)selectAll:(nullable id)sender API_AVAILABLE(ios(3.0)) API_UNAVAILABLE(watchos);
43 | - (void)delete:(nullable id)sender API_AVAILABLE(ios(3.2)) API_UNAVAILABLE(watchos);
| `- note: 'delete' has been explicitly marked unavailable here
44 | - (void)makeTextWritingDirectionLeftToRight:(nullable id)sender API_AVAILABLE(ios(5.0)) API_UNAVAILABLE(watchos);
45 | - (void)makeTextWritingDirectionRightToLeft:(nullable id)sender API_AVAILABLE(ios(5.0)) API_UNAVAILABLE(watchos);
/Users/admin/builder/spi-builder-workspace/Sources/FloatingLabelTextFieldSwiftUI/Extensions/UITextField+Extension.swift:34:30: error: 'UIResponderStandardEditActions' is unavailable in watchOS
32 | return #selector(UIResponderStandardEditActions.delete)
33 | case .cut:
34 | return #selector(UIResponderStandardEditActions.cut)
| `- error: 'UIResponderStandardEditActions' is unavailable in watchOS
35 | case .decreaseSize:
36 | return #selector(UIResponderStandardEditActions.decreaseSize)
/Applications/Xcode-27.0.0-Release.Candidate.app/Contents/Developer/Platforms/WatchOS.platform/Developer/SDKs/WatchOS27.0.sdk/System/Library/Frameworks/UIKit.framework/Headers/UIResponder.h:32:11: note: 'UIResponderStandardEditActions' has been explicitly marked unavailable here
30 |
31 | API_UNAVAILABLE(watchos) NS_SWIFT_UI_ACTOR
32 | @protocol UIResponderStandardEditActions <NSObject>
| `- note: 'UIResponderStandardEditActions' has been explicitly marked unavailable here
33 | @optional
34 | - (void)cut:(nullable id)sender API_AVAILABLE(ios(3.0)) API_UNAVAILABLE(watchos);
/Users/admin/builder/spi-builder-workspace/Sources/FloatingLabelTextFieldSwiftUI/Extensions/UITextField+Extension.swift:34:61: error: 'cut' is unavailable in watchOS
32 | return #selector(UIResponderStandardEditActions.delete)
33 | case .cut:
34 | return #selector(UIResponderStandardEditActions.cut)
| `- error: 'cut' is unavailable in watchOS
35 | case .decreaseSize:
36 | return #selector(UIResponderStandardEditActions.decreaseSize)
/Applications/Xcode-27.0.0-Release.Candidate.app/Contents/Developer/Platforms/WatchOS.platform/Developer/SDKs/WatchOS27.0.sdk/System/Library/Frameworks/UIKit.framework/Headers/UIResponder.h:34:1: note: 'cut' has been explicitly marked unavailable here
32 | @protocol UIResponderStandardEditActions <NSObject>
33 | @optional
34 | - (void)cut:(nullable id)sender API_AVAILABLE(ios(3.0)) API_UNAVAILABLE(watchos);
| `- note: 'cut' has been explicitly marked unavailable here
35 | - (void)copy:(nullable id)sender API_AVAILABLE(ios(3.0)) API_UNAVAILABLE(watchos);
36 | - (void)paste:(nullable id)sender API_AVAILABLE(ios(3.0)) API_UNAVAILABLE(watchos);
/Users/admin/builder/spi-builder-workspace/Sources/FloatingLabelTextFieldSwiftUI/Extensions/UITextField+Extension.swift:36:30: error: 'UIResponderStandardEditActions' is unavailable in watchOS
34 | return #selector(UIResponderStandardEditActions.cut)
35 | case .decreaseSize:
36 | return #selector(UIResponderStandardEditActions.decreaseSize)
| `- error: 'UIResponderStandardEditActions' is unavailable in watchOS
37 | case .increaseSize:
38 | return #selector(UIResponderStandardEditActions.increaseSize)
/Applications/Xcode-27.0.0-Release.Candidate.app/Contents/Developer/Platforms/WatchOS.platform/Developer/SDKs/WatchOS27.0.sdk/System/Library/Frameworks/UIKit.framework/Headers/UIResponder.h:32:11: note: 'UIResponderStandardEditActions' has been explicitly marked unavailable here
30 |
31 | API_UNAVAILABLE(watchos) NS_SWIFT_UI_ACTOR
32 | @protocol UIResponderStandardEditActions <NSObject>
| `- note: 'UIResponderStandardEditActions' has been explicitly marked unavailable here
33 | @optional
34 | - (void)cut:(nullable id)sender API_AVAILABLE(ios(3.0)) API_UNAVAILABLE(watchos);
/Users/admin/builder/spi-builder-workspace/Sources/FloatingLabelTextFieldSwiftUI/Extensions/UITextField+Extension.swift:36:61: error: 'decreaseSize' is unavailable in watchOS
34 | return #selector(UIResponderStandardEditActions.cut)
35 | case .decreaseSize:
36 | return #selector(UIResponderStandardEditActions.decreaseSize)
| `- error: 'decreaseSize' is unavailable in watchOS
37 | case .increaseSize:
38 | return #selector(UIResponderStandardEditActions.increaseSize)
/Applications/Xcode-27.0.0-Release.Candidate.app/Contents/Developer/Platforms/WatchOS.platform/Developer/SDKs/WatchOS27.0.sdk/System/Library/Frameworks/UIKit.framework/Headers/UIResponder.h:51:1: note: 'decreaseSize' has been explicitly marked unavailable here
49 |
50 | - (void)increaseSize:(nullable id)sender API_AVAILABLE(ios(7.0)) API_UNAVAILABLE(watchos);
51 | - (void)decreaseSize:(nullable id)sender API_AVAILABLE(ios(7.0)) API_UNAVAILABLE(watchos);
| `- note: 'decreaseSize' has been explicitly marked unavailable here
52 |
53 | - (void)alignLeft:(nullable id)sender API_AVAILABLE(ios(26.0)) API_UNAVAILABLE(watchos);
/Users/admin/builder/spi-builder-workspace/Sources/FloatingLabelTextFieldSwiftUI/Extensions/UITextField+Extension.swift:38:30: error: 'UIResponderStandardEditActions' is unavailable in watchOS
36 | return #selector(UIResponderStandardEditActions.decreaseSize)
37 | case .increaseSize:
38 | return #selector(UIResponderStandardEditActions.increaseSize)
| `- error: 'UIResponderStandardEditActions' is unavailable in watchOS
39 | case .toggleItalics:
40 | return #selector(UIResponderStandardEditActions.toggleItalics)
/Applications/Xcode-27.0.0-Release.Candidate.app/Contents/Developer/Platforms/WatchOS.platform/Developer/SDKs/WatchOS27.0.sdk/System/Library/Frameworks/UIKit.framework/Headers/UIResponder.h:32:11: note: 'UIResponderStandardEditActions' has been explicitly marked unavailable here
30 |
31 | API_UNAVAILABLE(watchos) NS_SWIFT_UI_ACTOR
32 | @protocol UIResponderStandardEditActions <NSObject>
| `- note: 'UIResponderStandardEditActions' has been explicitly marked unavailable here
33 | @optional
34 | - (void)cut:(nullable id)sender API_AVAILABLE(ios(3.0)) API_UNAVAILABLE(watchos);
/Users/admin/builder/spi-builder-workspace/Sources/FloatingLabelTextFieldSwiftUI/Extensions/UITextField+Extension.swift:38:61: error: 'increaseSize' is unavailable in watchOS
36 | return #selector(UIResponderStandardEditActions.decreaseSize)
37 | case .increaseSize:
38 | return #selector(UIResponderStandardEditActions.increaseSize)
| `- error: 'increaseSize' is unavailable in watchOS
39 | case .toggleItalics:
40 | return #selector(UIResponderStandardEditActions.toggleItalics)
/Applications/Xcode-27.0.0-Release.Candidate.app/Contents/Developer/Platforms/WatchOS.platform/Developer/SDKs/WatchOS27.0.sdk/System/Library/Frameworks/UIKit.framework/Headers/UIResponder.h:50:1: note: 'increaseSize' has been explicitly marked unavailable here
48 | - (void)toggleUnderline:(nullable id)sender API_AVAILABLE(ios(6.0)) API_UNAVAILABLE(watchos);
49 |
50 | - (void)increaseSize:(nullable id)sender API_AVAILABLE(ios(7.0)) API_UNAVAILABLE(watchos);
| `- note: 'increaseSize' has been explicitly marked unavailable here
51 | - (void)decreaseSize:(nullable id)sender API_AVAILABLE(ios(7.0)) API_UNAVAILABLE(watchos);
52 |
/Users/admin/builder/spi-builder-workspace/Sources/FloatingLabelTextFieldSwiftUI/Extensions/UITextField+Extension.swift:40:30: error: 'UIResponderStandardEditActions' is unavailable in watchOS
38 | return #selector(UIResponderStandardEditActions.increaseSize)
39 | case .toggleItalics:
40 | return #selector(UIResponderStandardEditActions.toggleItalics)
| `- error: 'UIResponderStandardEditActions' is unavailable in watchOS
41 | case .toggleBoldface:
42 | return #selector(UIResponderStandardEditActions.toggleBoldface)
/Applications/Xcode-27.0.0-Release.Candidate.app/Contents/Developer/Platforms/WatchOS.platform/Developer/SDKs/WatchOS27.0.sdk/System/Library/Frameworks/UIKit.framework/Headers/UIResponder.h:32:11: note: 'UIResponderStandardEditActions' has been explicitly marked unavailable here
30 |
31 | API_UNAVAILABLE(watchos) NS_SWIFT_UI_ACTOR
32 | @protocol UIResponderStandardEditActions <NSObject>
| `- note: 'UIResponderStandardEditActions' has been explicitly marked unavailable here
33 | @optional
34 | - (void)cut:(nullable id)sender API_AVAILABLE(ios(3.0)) API_UNAVAILABLE(watchos);
/Users/admin/builder/spi-builder-workspace/Sources/FloatingLabelTextFieldSwiftUI/Extensions/UITextField+Extension.swift:40:61: error: 'toggleItalics' is unavailable in watchOS
38 | return #selector(UIResponderStandardEditActions.increaseSize)
39 | case .toggleItalics:
40 | return #selector(UIResponderStandardEditActions.toggleItalics)
| `- error: 'toggleItalics' is unavailable in watchOS
41 | case .toggleBoldface:
42 | return #selector(UIResponderStandardEditActions.toggleBoldface)
/Applications/Xcode-27.0.0-Release.Candidate.app/Contents/Developer/Platforms/WatchOS.platform/Developer/SDKs/WatchOS27.0.sdk/System/Library/Frameworks/UIKit.framework/Headers/UIResponder.h:47:1: note: 'toggleItalics' has been explicitly marked unavailable here
45 | - (void)makeTextWritingDirectionRightToLeft:(nullable id)sender API_AVAILABLE(ios(5.0)) API_UNAVAILABLE(watchos);
46 | - (void)toggleBoldface:(nullable id)sender API_AVAILABLE(ios(6.0)) API_UNAVAILABLE(watchos);
47 | - (void)toggleItalics:(nullable id)sender API_AVAILABLE(ios(6.0)) API_UNAVAILABLE(watchos);
| `- note: 'toggleItalics' has been explicitly marked unavailable here
48 | - (void)toggleUnderline:(nullable id)sender API_AVAILABLE(ios(6.0)) API_UNAVAILABLE(watchos);
49 |
/Users/admin/builder/spi-builder-workspace/Sources/FloatingLabelTextFieldSwiftUI/Extensions/UITextField+Extension.swift:42:30: error: 'UIResponderStandardEditActions' is unavailable in watchOS
40 | return #selector(UIResponderStandardEditActions.toggleItalics)
41 | case .toggleBoldface:
42 | return #selector(UIResponderStandardEditActions.toggleBoldface)
| `- error: 'UIResponderStandardEditActions' is unavailable in watchOS
43 | case .toggleUnderline:
44 | return #selector(UIResponderStandardEditActions.toggleUnderline)
/Applications/Xcode-27.0.0-Release.Candidate.app/Contents/Developer/Platforms/WatchOS.platform/Developer/SDKs/WatchOS27.0.sdk/System/Library/Frameworks/UIKit.framework/Headers/UIResponder.h:32:11: note: 'UIResponderStandardEditActions' has been explicitly marked unavailable here
30 |
31 | API_UNAVAILABLE(watchos) NS_SWIFT_UI_ACTOR
32 | @protocol UIResponderStandardEditActions <NSObject>
| `- note: 'UIResponderStandardEditActions' has been explicitly marked unavailable here
33 | @optional
34 | - (void)cut:(nullable id)sender API_AVAILABLE(ios(3.0)) API_UNAVAILABLE(watchos);
/Users/admin/builder/spi-builder-workspace/Sources/FloatingLabelTextFieldSwiftUI/Extensions/UITextField+Extension.swift:42:61: error: 'toggleBoldface' is unavailable in watchOS
40 | return #selector(UIResponderStandardEditActions.toggleItalics)
41 | case .toggleBoldface:
42 | return #selector(UIResponderStandardEditActions.toggleBoldface)
| `- error: 'toggleBoldface' is unavailable in watchOS
43 | case .toggleUnderline:
44 | return #selector(UIResponderStandardEditActions.toggleUnderline)
/Applications/Xcode-27.0.0-Release.Candidate.app/Contents/Developer/Platforms/WatchOS.platform/Developer/SDKs/WatchOS27.0.sdk/System/Library/Frameworks/UIKit.framework/Headers/UIResponder.h:46:1: note: 'toggleBoldface' has been explicitly marked unavailable here
44 | - (void)makeTextWritingDirectionLeftToRight:(nullable id)sender API_AVAILABLE(ios(5.0)) API_UNAVAILABLE(watchos);
45 | - (void)makeTextWritingDirectionRightToLeft:(nullable id)sender API_AVAILABLE(ios(5.0)) API_UNAVAILABLE(watchos);
46 | - (void)toggleBoldface:(nullable id)sender API_AVAILABLE(ios(6.0)) API_UNAVAILABLE(watchos);
| `- note: 'toggleBoldface' has been explicitly marked unavailable here
47 | - (void)toggleItalics:(nullable id)sender API_AVAILABLE(ios(6.0)) API_UNAVAILABLE(watchos);
48 | - (void)toggleUnderline:(nullable id)sender API_AVAILABLE(ios(6.0)) API_UNAVAILABLE(watchos);
/Users/admin/builder/spi-builder-workspace/Sources/FloatingLabelTextFieldSwiftUI/Extensions/UITextField+Extension.swift:44:30: error: 'UIResponderStandardEditActions' is unavailable in watchOS
42 | return #selector(UIResponderStandardEditActions.toggleBoldface)
43 | case .toggleUnderline:
44 | return #selector(UIResponderStandardEditActions.toggleUnderline)
| `- error: 'UIResponderStandardEditActions' is unavailable in watchOS
45 | case .makeTextWritingDirectionLeftToRight:
46 | return #selector(UIResponderStandardEditActions.makeTextWritingDirectionLeftToRight)
/Applications/Xcode-27.0.0-Release.Candidate.app/Contents/Developer/Platforms/WatchOS.platform/Developer/SDKs/WatchOS27.0.sdk/System/Library/Frameworks/UIKit.framework/Headers/UIResponder.h:32:11: note: 'UIResponderStandardEditActions' has been explicitly marked unavailable here
30 |
31 | API_UNAVAILABLE(watchos) NS_SWIFT_UI_ACTOR
32 | @protocol UIResponderStandardEditActions <NSObject>
| `- note: 'UIResponderStandardEditActions' has been explicitly marked unavailable here
33 | @optional
34 | - (void)cut:(nullable id)sender API_AVAILABLE(ios(3.0)) API_UNAVAILABLE(watchos);
/Users/admin/builder/spi-builder-workspace/Sources/FloatingLabelTextFieldSwiftUI/Extensions/UITextField+Extension.swift:44:61: error: 'toggleUnderline' is unavailable in watchOS
42 | return #selector(UIResponderStandardEditActions.toggleBoldface)
43 | case .toggleUnderline:
44 | return #selector(UIResponderStandardEditActions.toggleUnderline)
| `- error: 'toggleUnderline' is unavailable in watchOS
45 | case .makeTextWritingDirectionLeftToRight:
46 | return #selector(UIResponderStandardEditActions.makeTextWritingDirectionLeftToRight)
/Applications/Xcode-27.0.0-Release.Candidate.app/Contents/Developer/Platforms/WatchOS.platform/Developer/SDKs/WatchOS27.0.sdk/System/Library/Frameworks/UIKit.framework/Headers/UIResponder.h:48:1: note: 'toggleUnderline' has been explicitly marked unavailable here
46 | - (void)toggleBoldface:(nullable id)sender API_AVAILABLE(ios(6.0)) API_UNAVAILABLE(watchos);
47 | - (void)toggleItalics:(nullable id)sender API_AVAILABLE(ios(6.0)) API_UNAVAILABLE(watchos);
48 | - (void)toggleUnderline:(nullable id)sender API_AVAILABLE(ios(6.0)) API_UNAVAILABLE(watchos);
| `- note: 'toggleUnderline' has been explicitly marked unavailable here
49 |
50 | - (void)increaseSize:(nullable id)sender API_AVAILABLE(ios(7.0)) API_UNAVAILABLE(watchos);
/Users/admin/builder/spi-builder-workspace/Sources/FloatingLabelTextFieldSwiftUI/Extensions/UITextField+Extension.swift:46:30: error: 'UIResponderStandardEditActions' is unavailable in watchOS
44 | return #selector(UIResponderStandardEditActions.toggleUnderline)
45 | case .makeTextWritingDirectionLeftToRight:
46 | return #selector(UIResponderStandardEditActions.makeTextWritingDirectionLeftToRight)
| `- error: 'UIResponderStandardEditActions' is unavailable in watchOS
47 | case .makeTextWritingDirectionRightToLeft:
48 | return #selector(UIResponderStandardEditActions.makeTextWritingDirectionRightToLeft)
/Applications/Xcode-27.0.0-Release.Candidate.app/Contents/Developer/Platforms/WatchOS.platform/Developer/SDKs/WatchOS27.0.sdk/System/Library/Frameworks/UIKit.framework/Headers/UIResponder.h:32:11: note: 'UIResponderStandardEditActions' has been explicitly marked unavailable here
30 |
31 | API_UNAVAILABLE(watchos) NS_SWIFT_UI_ACTOR
32 | @protocol UIResponderStandardEditActions <NSObject>
| `- note: 'UIResponderStandardEditActions' has been explicitly marked unavailable here
33 | @optional
34 | - (void)cut:(nullable id)sender API_AVAILABLE(ios(3.0)) API_UNAVAILABLE(watchos);
/Users/admin/builder/spi-builder-workspace/Sources/FloatingLabelTextFieldSwiftUI/Extensions/UITextField+Extension.swift:46:61: error: 'makeTextWritingDirectionLeftToRight' is unavailable in watchOS
44 | return #selector(UIResponderStandardEditActions.toggleUnderline)
45 | case .makeTextWritingDirectionLeftToRight:
46 | return #selector(UIResponderStandardEditActions.makeTextWritingDirectionLeftToRight)
| `- error: 'makeTextWritingDirectionLeftToRight' is unavailable in watchOS
47 | case .makeTextWritingDirectionRightToLeft:
48 | return #selector(UIResponderStandardEditActions.makeTextWritingDirectionRightToLeft)
/Applications/Xcode-27.0.0-Release.Candidate.app/Contents/Developer/Platforms/WatchOS.platform/Developer/SDKs/WatchOS27.0.sdk/System/Library/Frameworks/UIKit.framework/Headers/UIResponder.h:44:1: note: 'makeTextWritingDirectionLeftToRight' has been explicitly marked unavailable here
42 | - (void)selectAll:(nullable id)sender API_AVAILABLE(ios(3.0)) API_UNAVAILABLE(watchos);
43 | - (void)delete:(nullable id)sender API_AVAILABLE(ios(3.2)) API_UNAVAILABLE(watchos);
44 | - (void)makeTextWritingDirectionLeftToRight:(nullable id)sender API_AVAILABLE(ios(5.0)) API_UNAVAILABLE(watchos);
| `- note: 'makeTextWritingDirectionLeftToRight' has been explicitly marked unavailable here
45 | - (void)makeTextWritingDirectionRightToLeft:(nullable id)sender API_AVAILABLE(ios(5.0)) API_UNAVAILABLE(watchos);
46 | - (void)toggleBoldface:(nullable id)sender API_AVAILABLE(ios(6.0)) API_UNAVAILABLE(watchos);
/Users/admin/builder/spi-builder-workspace/Sources/FloatingLabelTextFieldSwiftUI/Extensions/UITextField+Extension.swift:48:30: error: 'UIResponderStandardEditActions' is unavailable in watchOS
46 | return #selector(UIResponderStandardEditActions.makeTextWritingDirectionLeftToRight)
47 | case .makeTextWritingDirectionRightToLeft:
48 | return #selector(UIResponderStandardEditActions.makeTextWritingDirectionRightToLeft)
| `- error: 'UIResponderStandardEditActions' is unavailable in watchOS
49 | }
50 | }
/Applications/Xcode-27.0.0-Release.Candidate.app/Contents/Developer/Platforms/WatchOS.platform/Developer/SDKs/WatchOS27.0.sdk/System/Library/Frameworks/UIKit.framework/Headers/UIResponder.h:32:11: note: 'UIResponderStandardEditActions' has been explicitly marked unavailable here
30 |
31 | API_UNAVAILABLE(watchos) NS_SWIFT_UI_ACTOR
32 | @protocol UIResponderStandardEditActions <NSObject>
| `- note: 'UIResponderStandardEditActions' has been explicitly marked unavailable here
33 | @optional
34 | - (void)cut:(nullable id)sender API_AVAILABLE(ios(3.0)) API_UNAVAILABLE(watchos);
SwiftCompile normal arm64_32 /Users/admin/builder/spi-builder-workspace/Sources/FloatingLabelTextFieldSwiftUI/Extensions/UITextField+Extension.swift (in target 'FloatingLabelTextFieldSwiftUI' from project 'FloatingLabelTextFieldSwiftUI')
cd /Users/admin/builder/spi-builder-workspace/.swiftpm/xcode
builtin-SwiftPerFileCompile UITextField+Extension.swift
SwiftEmitModule normal arm64 Emitting\ module\ for\ FloatingLabelTextFieldSwiftUI (in target 'FloatingLabelTextFieldSwiftUI' from project 'FloatingLabelTextFieldSwiftUI')
SwiftCompile normal arm64 (in target 'FloatingLabelTextFieldSwiftUI' from project 'FloatingLabelTextFieldSwiftUI')
cd /Users/admin/builder/spi-builder-workspace/.swiftpm/xcode
PruneExplicitPrecompiledModules /Users/admin/builder/spi-builder-workspace/.derivedData/Build/Intermediates.noindex/ExplicitPrecompiledModules
PruneExplicitPrecompiledModules /Users/admin/builder/spi-builder-workspace/.derivedData/Build/Intermediates.noindex/SwiftExplicitPrecompiledModules
PruneExplicitPrecompiledModules /Users/admin/builder/spi-builder-workspace/.derivedData/SDKExplicitPrecompiledModules
2026-09-18 17:37:20.716 xcodebuild[826:5015] [MT] IDERunDestination: Supported platforms for the buildables in the current scheme is empty.
** BUILD FAILED **
The following build commands failed:
SwiftCompile normal arm64_32 (in target 'FloatingLabelTextFieldSwiftUI' from project 'FloatingLabelTextFieldSwiftUI')
SwiftEmitModule normal arm64_32 Emitting\ module\ for\ FloatingLabelTextFieldSwiftUI (in target 'FloatingLabelTextFieldSwiftUI' from project 'FloatingLabelTextFieldSwiftUI')
Building workspace FloatingLabelTextFieldSwiftUI with scheme FloatingLabelTextFieldSwiftUI
(3 failures)
BUILD FAILURE 6.4 watchOS