Build Information
Failed to build AlCore, reference 0.9.32 (6a3a88), with Swift 6.1 for macOS (Xcode) using Xcode 16.3 on 23 Jul 2026 02:04:34 UTC.
Build Command
env DEVELOPER_DIR=/Applications/Xcode-16.3.0.app xcrun xcodebuild -IDEClonedSourcePackagesDirPathOverride=$PWD/.dependencies -skipMacroValidation -skipPackagePluginValidation -derivedDataPath $PWD/.derivedData build -scheme AlCore -destination platform=macOS,arch=arm64Build Log
========================================
RunAll
========================================
Builder version: undefined version: run 'make version' to update
Interrupt handler set up.
========================================
Checkout
========================================
Clone URL: https://github.com/Alviere/alviere-core-ios.git
Reference: 0.9.32
Initialized empty Git repository in /Users/admin/builder/spi-builder-workspace/.git/
From https://github.com/Alviere/alviere-core-ios
* tag 0.9.32 -> FETCH_HEAD
HEAD is now at 6a3a889 0.9.32
Cloned https://github.com/Alviere/alviere-core-ios.git
Revision (git rev-parse @):
6a3a889d3883f41b43d36544928d40a2bf48ed10
SUCCESS checkout https://github.com/Alviere/alviere-core-ios.git at 0.9.32
========================================
Build
========================================
Selected platform: macosXcodebuild
Swift version: 6.1
Building package at path: $PWD
https://github.com/Alviere/alviere-core-ios.git
https://github.com/Alviere/alviere-core-ios.git
{
"default_localization" : "en",
"dependencies" : [
],
"manifest_display_name" : "AlCore",
"name" : "AlCore",
"path" : "/Users/admin/builder/spi-builder-workspace",
"platforms" : [
{
"name" : "ios",
"version" : "13.0"
}
],
"products" : [
{
"name" : "AlCore",
"targets" : [
"AlCore"
],
"type" : {
"library" : [
"automatic"
]
}
}
],
"targets" : [
{
"c99name" : "AlCore",
"module_type" : "BinaryTarget",
"name" : "AlCore",
"path" : "remote/archive/AlCore.xcframework.zip",
"product_memberships" : [
"AlCore"
],
"sources" : [
],
"type" : "binary"
}
],
"tools_version" : "5.5"
}
Command line invocation:
/Applications/Xcode-16.3.0.app/Contents/Developer/usr/bin/xcodebuild -IDEClonedSourcePackagesDirPathOverride=/Users/admin/builder/spi-builder-workspace/.dependencies -resolvePackageDependencies
Resolve Package Graph
Resolve Package Graph
Resolved source packages:
AlCore: /Users/admin/builder/spi-builder-workspace
resolved source packages: AlCore
{
"default_localization" : "en",
"dependencies" : [
],
"manifest_display_name" : "AlCore",
"name" : "AlCore",
"path" : "/Users/admin/builder/spi-builder-workspace",
"platforms" : [
{
"name" : "ios",
"version" : "13.0"
}
],
"products" : [
{
"name" : "AlCore",
"targets" : [
"AlCore"
],
"type" : {
"library" : [
"automatic"
]
}
}
],
"targets" : [
{
"c99name" : "AlCore",
"module_type" : "BinaryTarget",
"name" : "AlCore",
"path" : "remote/archive/AlCore.xcframework.zip",
"product_memberships" : [
"AlCore"
],
"sources" : [
],
"type" : "binary"
}
],
"tools_version" : "5.5"
}
{
"workspace" : {
"name" : "spi-builder-workspace",
"schemes" : [
"AlCore"
]
}
}
Running build ...
env DEVELOPER_DIR=/Applications/Xcode-16.3.0.app xcrun xcodebuild -IDEClonedSourcePackagesDirPathOverride=$PWD/.dependencies -skipMacroValidation -skipPackagePluginValidation -derivedDataPath $PWD/.derivedData build -scheme AlCore -destination platform=macOS,arch=arm64 OTHER_SWIFT_FLAGS=-stats-output-dir .stats -strict-concurrency=complete -enable-upcoming-feature StrictConcurrency -enable-upcoming-feature DisableOutwardActorInference -enable-upcoming-feature GlobalActorIsolatedTypesUsability -enable-upcoming-feature InferSendableFromCaptures
Command line invocation:
/Applications/Xcode-16.3.0.app/Contents/Developer/usr/bin/xcodebuild -IDEClonedSourcePackagesDirPathOverride=/Users/admin/builder/spi-builder-workspace/.dependencies -skipMacroValidation -skipPackagePluginValidation -derivedDataPath /Users/admin/builder/spi-builder-workspace/.derivedData build -scheme AlCore -destination platform=macOS,arch=arm64 "OTHER_SWIFT_FLAGS=-stats-output-dir .stats -strict-concurrency=complete -enable-upcoming-feature StrictConcurrency -enable-upcoming-feature DisableOutwardActorInference -enable-upcoming-feature GlobalActorIsolatedTypesUsability -enable-upcoming-feature InferSendableFromCaptures"
Build settings from command line:
OTHER_SWIFT_FLAGS = -stats-output-dir .stats -strict-concurrency=complete -enable-upcoming-feature StrictConcurrency -enable-upcoming-feature DisableOutwardActorInference -enable-upcoming-feature GlobalActorIsolatedTypesUsability -enable-upcoming-feature InferSendableFromCaptures
Resolve Package Graph
Resolved source packages:
AlCore: /Users/admin/builder/spi-builder-workspace
ComputePackagePrebuildTargetDependencyGraph
Prepare packages
CreateBuildRequest
SendProjectDescription
CreateBuildOperation
ComputeTargetDependencyGraph
note: Building targets in dependency order
note: Target dependency graph (1 target)
Target 'AlCore' in project 'AlCore' (no dependencies)
GatherProvisioningInputs
CreateBuildDescription
ExecuteExternalTool /Applications/Xcode-16.3.0.app/Contents/Developer/Toolchains/XcodeDefault.xctoolchain/usr/bin/clang -v -E -dM -isysroot /Applications/Xcode-16.3.0.app/Contents/Developer/Platforms/MacOSX.platform/Developer/SDKs/MacOSX15.4.sdk -x c -c /dev/null
Build description signature: 13c5e739b7ebddbb29f9844372ff9f2a
Build description path: /Users/admin/builder/spi-builder-workspace/.derivedData/Build/Intermediates.noindex/XCBuildData/13c5e739b7ebddbb29f9844372ff9f2a.xcbuilddata
/Users/admin/builder/spi-builder-workspace/.dependencies/artifacts/spi-builder-workspace/AlCore/AlCore.xcframework:1:1: error: While building for macOS, no library for this platform was found in '/Users/admin/builder/spi-builder-workspace/.dependencies/artifacts/spi-builder-workspace/AlCore/AlCore.xcframework'. (in target 'AlCore' from project 'AlCore')
--- xcodebuild: WARNING: Using the first of multiple matching destinations:
{ platform:macOS, arch:arm64, id:143298fffbcdb76239b9383a09f3bbb684555c88, name:My Mac }
{ platform:macOS, arch:arm64, variant:Mac Catalyst, id:143298fffbcdb76239b9383a09f3bbb684555c88, name:My Mac }
{ platform:macOS, arch:arm64, variant:DriverKit, id:143298fffbcdb76239b9383a09f3bbb684555c88, name:My Mac }
{ platform:macOS, arch:arm64, variant:Designed for [iPad,iPhone], id:143298fffbcdb76239b9383a09f3bbb684555c88, name:My Mac }
** BUILD FAILED **
The following build commands failed:
Building workspace spi-builder-workspace with scheme AlCore
(1 failure)
Command line invocation:
/Applications/Xcode-16.3.0.app/Contents/Developer/usr/bin/xcodebuild -IDEClonedSourcePackagesDirPathOverride=/Users/admin/builder/spi-builder-workspace/.dependencies -resolvePackageDependencies
Resolve Package Graph
Resolved source packages:
AlCore: /Users/admin/builder/spi-builder-workspace
resolved source packages: AlCore
{
"default_localization" : "en",
"dependencies" : [
],
"manifest_display_name" : "AlCore",
"name" : "AlCore",
"path" : "/Users/admin/builder/spi-builder-workspace",
"platforms" : [
{
"name" : "ios",
"version" : "13.0"
}
],
"products" : [
{
"name" : "AlCore",
"targets" : [
"AlCore"
],
"type" : {
"library" : [
"automatic"
]
}
}
],
"targets" : [
{
"c99name" : "AlCore",
"module_type" : "BinaryTarget",
"name" : "AlCore",
"path" : "remote/archive/AlCore.xcframework.zip",
"product_memberships" : [
"AlCore"
],
"sources" : [
],
"type" : "binary"
}
],
"tools_version" : "5.5"
}
{
"workspace" : {
"name" : "spi-builder-workspace",
"schemes" : [
"AlCore"
]
}
}
Running build ...
env DEVELOPER_DIR=/Applications/Xcode-16.3.0.app xcrun xcodebuild -IDEClonedSourcePackagesDirPathOverride=$PWD/.dependencies -skipMacroValidation -skipPackagePluginValidation -derivedDataPath $PWD/.derivedData build -scheme AlCore -destination platform=macOS,arch=arm64
Command line invocation:
/Applications/Xcode-16.3.0.app/Contents/Developer/usr/bin/xcodebuild -IDEClonedSourcePackagesDirPathOverride=/Users/admin/builder/spi-builder-workspace/.dependencies -skipMacroValidation -skipPackagePluginValidation -derivedDataPath /Users/admin/builder/spi-builder-workspace/.derivedData build -scheme AlCore -destination platform=macOS,arch=arm64
Resolve Package Graph
Resolved source packages:
AlCore: /Users/admin/builder/spi-builder-workspace
ComputePackagePrebuildTargetDependencyGraph
Prepare packages
CreateBuildRequest
SendProjectDescription
CreateBuildOperation
ComputeTargetDependencyGraph
note: Building targets in dependency order
note: Target dependency graph (1 target)
Target 'AlCore' in project 'AlCore' (no dependencies)
GatherProvisioningInputs
CreateBuildDescription
ExecuteExternalTool /Applications/Xcode-16.3.0.app/Contents/Developer/Toolchains/XcodeDefault.xctoolchain/usr/bin/clang -v -E -dM -isysroot /Applications/Xcode-16.3.0.app/Contents/Developer/Platforms/MacOSX.platform/Developer/SDKs/MacOSX15.4.sdk -x c -c /dev/null
Build description signature: 565a507d1faf4afa94c412f6549a9156
Build description path: /Users/admin/builder/spi-builder-workspace/.derivedData/Build/Intermediates.noindex/XCBuildData/565a507d1faf4afa94c412f6549a9156.xcbuilddata
/Users/admin/builder/spi-builder-workspace/.dependencies/artifacts/spi-builder-workspace/AlCore/AlCore.xcframework:1:1: error: While building for macOS, no library for this platform was found in '/Users/admin/builder/spi-builder-workspace/.dependencies/artifacts/spi-builder-workspace/AlCore/AlCore.xcframework'. (in target 'AlCore' from project 'AlCore')
--- xcodebuild: WARNING: Using the first of multiple matching destinations:
{ platform:macOS, arch:arm64, id:143298fffbcdb76239b9383a09f3bbb684555c88, name:My Mac }
{ platform:macOS, arch:arm64, variant:Mac Catalyst, id:143298fffbcdb76239b9383a09f3bbb684555c88, name:My Mac }
{ platform:macOS, arch:arm64, variant:DriverKit, id:143298fffbcdb76239b9383a09f3bbb684555c88, name:My Mac }
{ platform:macOS, arch:arm64, variant:Designed for [iPad,iPhone], id:143298fffbcdb76239b9383a09f3bbb684555c88, name:My Mac }
** BUILD FAILED **
The following build commands failed:
Building workspace spi-builder-workspace with scheme AlCore
(1 failure)
BUILD FAILURE 6.1 macosXcodebuild