The Swift Package Index logo.Swift Package Index

Build Information

Failed to build OCRRFID, reference 9.9.21003 (2fc222), with Swift 6.4 for macOS (Xcode) using Xcode 27.0 on 10 Oct 2026 14:11:11 UTC.

Build Command

env DEVELOPER_DIR=/Applications/Xcode-27.0.0-Release.Candidate.app xcrun xcodebuild -IDEClonedSourcePackagesDirPathOverride=$PWD/.dependencies -skipMacroValidation -skipPackagePluginValidation -derivedDataPath $PWD/.derivedData build -scheme OCRRFID -destination platform=macOS,arch=arm64

Build Log

========================================
RunAll
========================================
Builder version: 5.1.1
Interrupt handler set up.
========================================
Checkout
========================================
Clone URL: https://github.com/regulaforensics/DocumentReaderOCRRFID-Swift-Package.git
Reference: 9.9.21003
Initialized empty Git repository in /Users/admin/builder/spi-builder-workspace/.git/
From https://github.com/regulaforensics/DocumentReaderOCRRFID-Swift-Package
 * tag               9.9.21003  -> FETCH_HEAD
HEAD is now at 2fc2223 Release 9.9.21003
Cloned https://github.com/regulaforensics/DocumentReaderOCRRFID-Swift-Package.git
Revision (git rev-parse @):
2fc22231f7b0417631f680115f07e87dad5fa519
SUCCESS checkout https://github.com/regulaforensics/DocumentReaderOCRRFID-Swift-Package.git at 9.9.21003
========================================
Build
========================================
Selected platform:         macosXcodebuild
Swift version:             6.4
Building package at path:  $PWD
https://github.com/regulaforensics/DocumentReaderOCRRFID-Swift-Package.git
Command line invocation:
    /Applications/Xcode-27.0.0.app/Contents/Developer/usr/bin/xcodebuild -IDEClonedSourcePackagesDirPathOverride=/Users/admin/builder/spi-builder-workspace/.dependencies -resolvePackageDependencies
Resolve Package Graph
Resolve Package Graph
Resolved source packages:
  OCRRFID: /Users/admin/builder/spi-builder-workspace
resolved source packages: OCRRFID
2026-10-10 10:10:23.900 xcodebuild[524:3005] [MT] IDERunDestination: Supported platforms for the buildables in the current scheme is empty.
{
  "dependencies" : [
  ],
  "manifest_display_name" : "OCRRFID",
  "name" : "OCRRFID",
  "path" : "/Users/admin/builder/spi-builder-workspace",
  "platforms" : [
    {
      "name" : "ios",
      "version" : "15.0"
    }
  ],
  "products" : [
    {
      "name" : "OCRRFID",
      "targets" : [
        "OCRRFID"
      ],
      "type" : {
        "library" : [
          "automatic"
        ]
      }
    }
  ],
  "targets" : [
    {
      "c99name" : "OCRRFID",
      "module_type" : "BinaryTarget",
      "name" : "OCRRFID",
      "path" : "remote/archive/DocumentReaderCore_ocrandmrzrfid_9.9.21003.zip",
      "product_memberships" : [
        "OCRRFID"
      ],
      "sources" : [
      ],
      "type" : "binary"
    }
  ],
  "tools_version" : "5.5"
}
{
  "workspace" : {
    "name" : "OCRRFID",
    "schemes" : [
      "OCRRFID"
    ]
  }
}
2026-10-10 10:11:05.146 xcodebuild[656:4130] [MT] IDERunDestination: Supported platforms for the buildables in the current scheme is empty.
Running build ...
env DEVELOPER_DIR=/Applications/Xcode-27.0.0-Release.Candidate.app xcrun xcodebuild -IDEClonedSourcePackagesDirPathOverride=$PWD/.dependencies -skipMacroValidation -skipPackagePluginValidation -derivedDataPath $PWD/.derivedData build -scheme OCRRFID -destination platform=macOS,arch=arm64
Command line invocation:
    /Applications/Xcode-27.0.0.app/Contents/Developer/usr/bin/xcodebuild -IDEClonedSourcePackagesDirPathOverride=/Users/admin/builder/spi-builder-workspace/.dependencies -skipMacroValidation -skipPackagePluginValidation -derivedDataPath /Users/admin/builder/spi-builder-workspace/.derivedData build -scheme OCRRFID -destination platform=macOS,arch=arm64
Resolve Package Graph
Resolved source packages:
  OCRRFID: /Users/admin/builder/spi-builder-workspace
ComputePackagePrebuildTargetDependencyGraph
Prepare packages
CreateBuildRequest
SendProjectDescription
CreateBuildOperation
ComputeTargetDependencyGraph
note: Building targets in dependency order
note: Target dependency graph (1 target)
    Target 'OCRRFID-product' in project 'OCRRFID' (no dependencies)
GatherProvisioningInputs
CreateBuildDescription
ExecuteExternalTool /Applications/Xcode-27.0.0.app/Contents/Developer/Toolchains/XcodeDefault.xctoolchain/usr/bin/clang -v -E -dM -isysroot /Applications/Xcode-27.0.0.app/Contents/Developer/Platforms/MacOSX.platform/Developer/SDKs/MacOSX27.0.sdk -x c -c /dev/null
Build description signature: 8976f91edaf50946c1e7f25b697ed301
Build description path: /Users/admin/builder/spi-builder-workspace/.derivedData/Build/Intermediates.noindex/XCBuildData/8976f91edaf50946c1e7f25b697ed301.xcbuilddata
/Users/admin/builder/spi-builder-workspace/.dependencies/artifacts/spi-builder-workspace/OCRRFID/DocumentReaderCore.xcframework:1:1: error: While building for macOS, no library for this platform was found in '/Users/admin/builder/spi-builder-workspace/.dependencies/artifacts/spi-builder-workspace/OCRRFID/DocumentReaderCore.xcframework'. (in target 'OCRRFID-product' from project 'OCRRFID')
2026-10-10 10:11:06.834 xcodebuild[657:4173] [MT] IDERunDestination: Supported platforms for the buildables in the current scheme is empty.
--- xcodebuild: WARNING: Using the first of multiple matching destinations:
{ platform:macOS, arch:arm64, id:3738ccdfcec00e70c6a42b79576d6571d7e40a27, name:My Mac }
{ platform:macOS, arch:arm64, variant:Mac Catalyst, id:3738ccdfcec00e70c6a42b79576d6571d7e40a27, name:My Mac }
{ platform:macOS, arch:arm64, variant:DriverKit, id:3738ccdfcec00e70c6a42b79576d6571d7e40a27, name:My Mac }
{ platform:macOS, arch:arm64, variant:Designed for [iPad,iPhone], id:3738ccdfcec00e70c6a42b79576d6571d7e40a27, name:My Mac }
** BUILD FAILED **
The following build commands failed:
	Building workspace OCRRFID with scheme OCRRFID
(1 failure)
Command line invocation:
    /Applications/Xcode-27.0.0.app/Contents/Developer/usr/bin/xcodebuild -IDEClonedSourcePackagesDirPathOverride=/Users/admin/builder/spi-builder-workspace/.dependencies -resolvePackageDependencies
Resolve Package Graph
Resolved source packages:
  OCRRFID: /Users/admin/builder/spi-builder-workspace
resolved source packages: OCRRFID
2026-10-10 10:11:08.607 xcodebuild[669:4267] [MT] IDERunDestination: Supported platforms for the buildables in the current scheme is empty.
{
  "dependencies" : [
  ],
  "manifest_display_name" : "OCRRFID",
  "name" : "OCRRFID",
  "path" : "/Users/admin/builder/spi-builder-workspace",
  "platforms" : [
    {
      "name" : "ios",
      "version" : "15.0"
    }
  ],
  "products" : [
    {
      "name" : "OCRRFID",
      "targets" : [
        "OCRRFID"
      ],
      "type" : {
        "library" : [
          "automatic"
        ]
      }
    }
  ],
  "targets" : [
    {
      "c99name" : "OCRRFID",
      "module_type" : "BinaryTarget",
      "name" : "OCRRFID",
      "path" : "remote/archive/DocumentReaderCore_ocrandmrzrfid_9.9.21003.zip",
      "product_memberships" : [
        "OCRRFID"
      ],
      "sources" : [
      ],
      "type" : "binary"
    }
  ],
  "tools_version" : "5.5"
}
{
  "workspace" : {
    "name" : "OCRRFID",
    "schemes" : [
      "OCRRFID"
    ]
  }
}
2026-10-10 10:11:09.938 xcodebuild[677:4328] [MT] IDERunDestination: Supported platforms for the buildables in the current scheme is empty.
Running build ...
env DEVELOPER_DIR=/Applications/Xcode-27.0.0-Release.Candidate.app xcrun xcodebuild -IDEClonedSourcePackagesDirPathOverride=$PWD/.dependencies -skipMacroValidation -skipPackagePluginValidation -derivedDataPath $PWD/.derivedData build -scheme OCRRFID -destination platform=macOS,arch=arm64
Command line invocation:
    /Applications/Xcode-27.0.0.app/Contents/Developer/usr/bin/xcodebuild -IDEClonedSourcePackagesDirPathOverride=/Users/admin/builder/spi-builder-workspace/.dependencies -skipMacroValidation -skipPackagePluginValidation -derivedDataPath /Users/admin/builder/spi-builder-workspace/.derivedData build -scheme OCRRFID -destination platform=macOS,arch=arm64
Resolve Package Graph
Resolved source packages:
  OCRRFID: /Users/admin/builder/spi-builder-workspace
ComputePackagePrebuildTargetDependencyGraph
Prepare packages
CreateBuildRequest
SendProjectDescription
CreateBuildOperation
ComputeTargetDependencyGraph
note: Building targets in dependency order
note: Target dependency graph (1 target)
    Target 'OCRRFID-product' in project 'OCRRFID' (no dependencies)
GatherProvisioningInputs
CreateBuildDescription
/Users/admin/builder/spi-builder-workspace/.dependencies/artifacts/spi-builder-workspace/OCRRFID/DocumentReaderCore.xcframework:1:1: error: While building for macOS, no library for this platform was found in '/Users/admin/builder/spi-builder-workspace/.dependencies/artifacts/spi-builder-workspace/OCRRFID/DocumentReaderCore.xcframework'. (in target 'OCRRFID-product' from project 'OCRRFID')
2026-10-10 10:11:10.846 xcodebuild[678:4362] [MT] IDERunDestination: Supported platforms for the buildables in the current scheme is empty.
--- xcodebuild: WARNING: Using the first of multiple matching destinations:
{ platform:macOS, arch:arm64, id:3738ccdfcec00e70c6a42b79576d6571d7e40a27, name:My Mac }
{ platform:macOS, arch:arm64, variant:Mac Catalyst, id:3738ccdfcec00e70c6a42b79576d6571d7e40a27, name:My Mac }
{ platform:macOS, arch:arm64, variant:DriverKit, id:3738ccdfcec00e70c6a42b79576d6571d7e40a27, name:My Mac }
{ platform:macOS, arch:arm64, variant:Designed for [iPad,iPhone], id:3738ccdfcec00e70c6a42b79576d6571d7e40a27, name:My Mac }
** BUILD FAILED **
The following build commands failed:
	Building workspace OCRRFID with scheme OCRRFID
(1 failure)
BUILD FAILURE 6.4 macosXcodebuild