The Swift Package Index logo.Swift Package Index

Track the adoption of Swift 6 strict concurrency checks for data race safety. How many packages are Ready for Swift 6?

Build Information

Failed to build Metron with Swift 5.10 for Linux.

Build Command

bash -c docker run --rm -v "checkouts-4606859-0":/host -w "$workDir" registry.gitlab.com/finestructure/spi-images:basic-5.10-latest swift build 2>&1

Build Log

========================================
RunAll
========================================
Builder version: 4.29.0
Interrupt handler set up.
========================================
Checkout
========================================
Clone URL: https://github.com/toineheuvelmans/Metron.git
Reference: 1.0.4
Initialized empty Git repository in /host/spi-builder-workspace/.git/
hint: Using 'master' as the name for the initial branch. This default branch name
hint: is subject to change. To configure the initial branch name to use in all
hint: of your new repositories, which will suppress this warning, call:
hint:
hint: 	git config --global init.defaultBranch <name>
hint:
hint: Names commonly chosen instead of 'master' are 'main', 'trunk' and
hint: 'development'. The just-created branch can be renamed via this command:
hint:
hint: 	git branch -m <name>
From https://github.com/toineheuvelmans/Metron
 * tag               1.0.4      -> FETCH_HEAD
HEAD is now at ac32b11 Merge pull request #18 from LinkAndreas/#15-Fix-line-contains
Cloned https://github.com/toineheuvelmans/Metron.git
Revision (git rev-parse @):
ac32b1162ba3c52e3844f6478c3d5acfde9c94c4
SUCCESS checkout https://github.com/toineheuvelmans/Metron.git at 1.0.4
========================================
Build
========================================
Selected platform:         linux
Swift version:             5.10
Building package at path:  $workDir
https://github.com/toineheuvelmans/Metron.git
Running build ...
bash -c docker run --rm -v "checkouts-4606859-0":/host -w "$workDir" registry.gitlab.com/finestructure/spi-images:basic-5.10-latest swift build 2>&1
Fetching https://github.com/Quick/Nimble.git
Fetching https://github.com/Quick/Quick.git
[1/14209] Fetching quick
[14210/31500] Fetching quick, nimble
Fetched https://github.com/Quick/Quick.git from cache (1.51s)
Fetched https://github.com/Quick/Nimble.git from cache (1.52s)
Computing version for https://github.com/Quick/Quick.git
Computed https://github.com/Quick/Quick.git at 1.3.4 (1.06s)
Computing version for https://github.com/Quick/Nimble.git
Computed https://github.com/Quick/Nimble.git at 7.3.4 (0.41s)
Creating working copy for https://github.com/Quick/Nimble.git
Working copy of https://github.com/Quick/Nimble.git resolved at 7.3.4
Creating working copy for https://github.com/Quick/Quick.git
Working copy of https://github.com/Quick/Quick.git resolved at 1.3.4
Building for debugging...
[0/2] Write sources
[1/2] Write swift-version-24593BA9C3E375BF.txt
error: emit-module command failed with exit code 1 (use -v to see invocation)
[3/24] Emitting module Metron
/host/spi-builder-workspace/source/Metron/Extension/CGAffineTransform.swift:1:8: error: no such module 'CoreGraphics'
import CoreGraphics
       ^
[4/27] Compiling Metron Corner.swift
/host/spi-builder-workspace/source/Metron/Extension/CGAffineTransform.swift:1:8: error: no such module 'CoreGraphics'
import CoreGraphics
       ^
[5/27] Compiling Metron CornerPosition.swift
/host/spi-builder-workspace/source/Metron/Extension/CGAffineTransform.swift:1:8: error: no such module 'CoreGraphics'
import CoreGraphics
       ^
[6/27] Compiling Metron Edge.swift
/host/spi-builder-workspace/source/Metron/Extension/CGAffineTransform.swift:1:8: error: no such module 'CoreGraphics'
import CoreGraphics
       ^
[7/27] Compiling Metron CGAffineTransform.swift
/host/spi-builder-workspace/source/Metron/Extension/CGAffineTransform.swift:1:8: error: no such module 'CoreGraphics'
import CoreGraphics
       ^
[8/27] Compiling Metron CGPoint.swift
/host/spi-builder-workspace/source/Metron/Extension/CGAffineTransform.swift:1:8: error: no such module 'CoreGraphics'
import CoreGraphics
       ^
[9/27] Compiling Metron CGRect.swift
/host/spi-builder-workspace/source/Metron/Extension/CGAffineTransform.swift:1:8: error: no such module 'CoreGraphics'
import CoreGraphics
       ^
[10/27] Compiling Metron Line.swift
/host/spi-builder-workspace/source/Metron/Extension/CGAffineTransform.swift:1:8: error: no such module 'CoreGraphics'
import CoreGraphics
       ^
[11/27] Compiling Metron LineSegment.swift
/host/spi-builder-workspace/source/Metron/Extension/CGAffineTransform.swift:1:8: error: no such module 'CoreGraphics'
import CoreGraphics
       ^
[12/27] Compiling Metron Polygon.swift
/host/spi-builder-workspace/source/Metron/Extension/CGAffineTransform.swift:1:8: error: no such module 'CoreGraphics'
import CoreGraphics
       ^
[13/27] Compiling Metron CGRectEdge.swift
/host/spi-builder-workspace/source/Metron/Extension/CGAffineTransform.swift:1:8: error: no such module 'CoreGraphics'
import CoreGraphics
       ^
[14/27] Compiling Metron CGSize.swift
/host/spi-builder-workspace/source/Metron/Extension/CGAffineTransform.swift:1:8: error: no such module 'CoreGraphics'
import CoreGraphics
       ^
[15/27] Compiling Metron CGVector.swift
/host/spi-builder-workspace/source/Metron/Extension/CGAffineTransform.swift:1:8: error: no such module 'CoreGraphics'
import CoreGraphics
       ^
[16/27] Compiling Metron General.swift
/host/spi-builder-workspace/source/Metron/Extension/CGAffineTransform.swift:1:8: error: no such module 'CoreGraphics'
import CoreGraphics
       ^
[17/27] Compiling Metron Opposable.swift
/host/spi-builder-workspace/source/Metron/Extension/CGAffineTransform.swift:1:8: error: no such module 'CoreGraphics'
import CoreGraphics
       ^
[18/27] Compiling Metron Rotatable.swift
/host/spi-builder-workspace/source/Metron/Extension/CGAffineTransform.swift:1:8: error: no such module 'CoreGraphics'
import CoreGraphics
       ^
[19/27] Compiling Metron Side.swift
/host/spi-builder-workspace/source/Metron/Extension/CGAffineTransform.swift:1:8: error: no such module 'CoreGraphics'
import CoreGraphics
       ^
[20/27] Compiling Metron Circle.swift
/host/spi-builder-workspace/source/Metron/Extension/CGAffineTransform.swift:1:8: error: no such module 'CoreGraphics'
import CoreGraphics
       ^
[21/27] Compiling Metron Drawable.swift
/host/spi-builder-workspace/source/Metron/Extension/CGAffineTransform.swift:1:8: error: no such module 'CoreGraphics'
import CoreGraphics
       ^
[22/27] Compiling Metron Angle.swift
/host/spi-builder-workspace/source/Metron/Extension/CGAffineTransform.swift:1:8: error: no such module 'CoreGraphics'
import CoreGraphics
       ^
[23/27] Compiling Metron Axis.swift
/host/spi-builder-workspace/source/Metron/Extension/CGAffineTransform.swift:1:8: error: no such module 'CoreGraphics'
import CoreGraphics
       ^
[24/27] Compiling Metron CoordinateSystem.swift
/host/spi-builder-workspace/source/Metron/Extension/CGAffineTransform.swift:1:8: error: no such module 'CoreGraphics'
import CoreGraphics
       ^
[25/27] Compiling Metron Shape.swift
/host/spi-builder-workspace/source/Metron/Extension/CGAffineTransform.swift:1:8: error: no such module 'CoreGraphics'
import CoreGraphics
       ^
[26/27] Compiling Metron Square.swift
/host/spi-builder-workspace/source/Metron/Extension/CGAffineTransform.swift:1:8: error: no such module 'CoreGraphics'
import CoreGraphics
       ^
[27/27] Compiling Metron Triangle.swift
/host/spi-builder-workspace/source/Metron/Extension/CGAffineTransform.swift:1:8: error: no such module 'CoreGraphics'
import CoreGraphics
       ^
error: fatalError
[0/1] Planning build
Building for debugging...
[0/1] Write swift-version-24593BA9C3E375BF.txt
[2/23] Compiling Metron CGRectEdge.swift
/host/spi-builder-workspace/source/Metron/Extension/CGAffineTransform.swift:1:8: error: no such module 'CoreGraphics'
import CoreGraphics
       ^
[3/23] Compiling Metron CGSize.swift
/host/spi-builder-workspace/source/Metron/Extension/CGAffineTransform.swift:1:8: error: no such module 'CoreGraphics'
import CoreGraphics
       ^
[4/23] Compiling Metron CGVector.swift
/host/spi-builder-workspace/source/Metron/Extension/CGAffineTransform.swift:1:8: error: no such module 'CoreGraphics'
import CoreGraphics
       ^
error: emit-module command failed with exit code 1 (use -v to see invocation)
[5/26] Emitting module Metron
/host/spi-builder-workspace/source/Metron/Extension/CGAffineTransform.swift:1:8: error: no such module 'CoreGraphics'
import CoreGraphics
       ^
[6/26] Compiling Metron General.swift
/host/spi-builder-workspace/source/Metron/Extension/CGAffineTransform.swift:1:8: error: no such module 'CoreGraphics'
import CoreGraphics
       ^
[7/26] Compiling Metron Opposable.swift
/host/spi-builder-workspace/source/Metron/Extension/CGAffineTransform.swift:1:8: error: no such module 'CoreGraphics'
import CoreGraphics
       ^
[8/26] Compiling Metron Rotatable.swift
/host/spi-builder-workspace/source/Metron/Extension/CGAffineTransform.swift:1:8: error: no such module 'CoreGraphics'
import CoreGraphics
       ^
[9/26] Compiling Metron CGAffineTransform.swift
/host/spi-builder-workspace/source/Metron/Extension/CGAffineTransform.swift:1:8: error: no such module 'CoreGraphics'
import CoreGraphics
       ^
[10/26] Compiling Metron CGPoint.swift
/host/spi-builder-workspace/source/Metron/Extension/CGAffineTransform.swift:1:8: error: no such module 'CoreGraphics'
import CoreGraphics
       ^
[11/26] Compiling Metron CGRect.swift
/host/spi-builder-workspace/source/Metron/Extension/CGAffineTransform.swift:1:8: error: no such module 'CoreGraphics'
import CoreGraphics
       ^
[12/26] Compiling Metron Side.swift
/host/spi-builder-workspace/source/Metron/Extension/CGAffineTransform.swift:1:8: error: no such module 'CoreGraphics'
import CoreGraphics
       ^
[13/26] Compiling Metron Circle.swift
/host/spi-builder-workspace/source/Metron/Extension/CGAffineTransform.swift:1:8: error: no such module 'CoreGraphics'
import CoreGraphics
       ^
[14/26] Compiling Metron Drawable.swift
/host/spi-builder-workspace/source/Metron/Extension/CGAffineTransform.swift:1:8: error: no such module 'CoreGraphics'
import CoreGraphics
       ^
[15/26] Compiling Metron Corner.swift
/host/spi-builder-workspace/source/Metron/Extension/CGAffineTransform.swift:1:8: error: no such module 'CoreGraphics'
import CoreGraphics
       ^
[16/26] Compiling Metron CornerPosition.swift
/host/spi-builder-workspace/source/Metron/Extension/CGAffineTransform.swift:1:8: error: no such module 'CoreGraphics'
import CoreGraphics
       ^
[17/26] Compiling Metron Edge.swift
/host/spi-builder-workspace/source/Metron/Extension/CGAffineTransform.swift:1:8: error: no such module 'CoreGraphics'
import CoreGraphics
       ^
[18/26] Compiling Metron Line.swift
/host/spi-builder-workspace/source/Metron/Extension/CGAffineTransform.swift:1:8: error: no such module 'CoreGraphics'
import CoreGraphics
       ^
[19/26] Compiling Metron LineSegment.swift
/host/spi-builder-workspace/source/Metron/Extension/CGAffineTransform.swift:1:8: error: no such module 'CoreGraphics'
import CoreGraphics
       ^
[20/26] Compiling Metron Polygon.swift
/host/spi-builder-workspace/source/Metron/Extension/CGAffineTransform.swift:1:8: error: no such module 'CoreGraphics'
import CoreGraphics
       ^
[21/26] Compiling Metron Angle.swift
/host/spi-builder-workspace/source/Metron/Extension/CGAffineTransform.swift:1:8: error: no such module 'CoreGraphics'
import CoreGraphics
       ^
[22/26] Compiling Metron Axis.swift
/host/spi-builder-workspace/source/Metron/Extension/CGAffineTransform.swift:1:8: error: no such module 'CoreGraphics'
import CoreGraphics
       ^
[23/26] Compiling Metron CoordinateSystem.swift
/host/spi-builder-workspace/source/Metron/Extension/CGAffineTransform.swift:1:8: error: no such module 'CoreGraphics'
import CoreGraphics
       ^
[24/26] Compiling Metron Shape.swift
/host/spi-builder-workspace/source/Metron/Extension/CGAffineTransform.swift:1:8: error: no such module 'CoreGraphics'
import CoreGraphics
       ^
[25/26] Compiling Metron Square.swift
/host/spi-builder-workspace/source/Metron/Extension/CGAffineTransform.swift:1:8: error: no such module 'CoreGraphics'
import CoreGraphics
       ^
[26/26] Compiling Metron Triangle.swift
/host/spi-builder-workspace/source/Metron/Extension/CGAffineTransform.swift:1:8: error: no such module 'CoreGraphics'
import CoreGraphics
       ^
error: fatalError
BUILD FAILURE 5.10 linux

Build Machine: Linux 1