Build Information
Failed to build BbAppPrompt, reference v0.1.0 (8598ae), with Swift 6.4 for visionOS using Xcode 27.0 on 23 Sep 2026 16:00:10 UTC.
Build Command
env DEVELOPER_DIR=/Applications/Xcode-27.0.0-Release.Candidate.app xcrun xcodebuild -IDEClonedSourcePackagesDirPathOverride=$PWD/.dependencies -skipMacroValidation -skipPackagePluginValidation -derivedDataPath $PWD/.derivedData build -scheme BbAppPrompt -destination generic/platform=xrOSBuild Log
========================================
RunAll
========================================
Builder version: 5.1.0
Interrupt handler set up.
========================================
Checkout
========================================
Clone URL: https://github.com/thebbapp/swift-package-bb-app-prompt.git
Reference: v0.1.0
Initialized empty Git repository in /Users/admin/builder/spi-builder-workspace/.git/
From https://github.com/thebbapp/swift-package-bb-app-prompt
* tag v0.1.0 -> FETCH_HEAD
HEAD is now at 8598ae6 Initial commit.
Cloned https://github.com/thebbapp/swift-package-bb-app-prompt.git
Revision (git rev-parse @):
8598ae628fa397b277ffda4832edc7b3cb855582
SUCCESS checkout https://github.com/thebbapp/swift-package-bb-app-prompt.git at v0.1.0
========================================
Build
========================================
Selected platform: visionOS
Swift version: 6.4
Building package at path: $PWD
https://github.com/thebbapp/swift-package-bb-app-prompt.git
Command line invocation:
/Applications/Xcode-27.0.0-Release.Candidate.app/Contents/Developer/usr/bin/xcodebuild -IDEClonedSourcePackagesDirPathOverride=/Users/admin/builder/spi-builder-workspace/.dependencies -resolvePackageDependencies
Resolve Package Graph
Resolve Package Graph
Resolved source packages:
BbAppPrompt: /Users/admin/builder/spi-builder-workspace
resolved source packages: BbAppPrompt
2026-09-23 11:59:37.709 xcodebuild[529:3033] [MT] IDERunDestination: Supported platforms for the buildables in the current scheme is empty.
{
"default_localization" : "en",
"dependencies" : [
],
"manifest_display_name" : "BbAppPrompt",
"name" : "BbAppPrompt",
"path" : "/Users/admin/builder/spi-builder-workspace",
"platforms" : [
{
"name" : "ios",
"version" : "18.5"
},
{
"name" : "macos",
"version" : "15.5"
},
{
"name" : "tvos",
"version" : "18.0"
}
],
"products" : [
{
"name" : "BbAppPrompt",
"targets" : [
"BbAppPrompt"
],
"type" : {
"library" : [
"automatic"
]
}
}
],
"swift_languages_versions" : [
"6"
],
"targets" : [
{
"c99name" : "BbAppPrompt",
"module_type" : "BinaryTarget",
"name" : "BbAppPrompt",
"path" : "remote/archive/BbAppPrompt.xcframework.zip",
"product_memberships" : [
"BbAppPrompt"
],
"sources" : [
],
"type" : "binary"
}
],
"tools_version" : "6.2"
}
{
"workspace" : {
"name" : "BbAppPrompt",
"schemes" : [
"BbAppPrompt"
]
}
}
2026-09-23 12:00:04.691 xcodebuild[639:3845] [MT] IDERunDestination: Supported platforms for the buildables in the current scheme is empty.
Running build ...
env DEVELOPER_DIR=/Applications/Xcode-27.0.0-Release.Candidate.app xcrun xcodebuild -IDEClonedSourcePackagesDirPathOverride=$PWD/.dependencies -skipMacroValidation -skipPackagePluginValidation -derivedDataPath $PWD/.derivedData build -scheme BbAppPrompt -destination generic/platform=xrOS
Command line invocation:
/Applications/Xcode-27.0.0-Release.Candidate.app/Contents/Developer/usr/bin/xcodebuild -IDEClonedSourcePackagesDirPathOverride=/Users/admin/builder/spi-builder-workspace/.dependencies -skipMacroValidation -skipPackagePluginValidation -derivedDataPath /Users/admin/builder/spi-builder-workspace/.derivedData build -scheme BbAppPrompt -destination generic/platform=xrOS
Resolve Package Graph
Resolved source packages:
BbAppPrompt: /Users/admin/builder/spi-builder-workspace
ComputePackagePrebuildTargetDependencyGraph
Prepare packages
CreateBuildRequest
SendProjectDescription
CreateBuildOperation
ComputeTargetDependencyGraph
note: Building targets in dependency order
note: Target dependency graph (1 target)
Target 'BbAppPrompt-product' in project 'BbAppPrompt' (no dependencies)
GatherProvisioningInputs
CreateBuildDescription
ExecuteExternalTool /Applications/Xcode-27.0.0-Release.Candidate.app/Contents/Developer/Toolchains/XcodeDefault.xctoolchain/usr/bin/clang -v -E -dM -isysroot /Applications/Xcode-27.0.0-Release.Candidate.app/Contents/Developer/Platforms/XROS.platform/Developer/SDKs/XROS27.0.sdk -x c -c /dev/null
Build description signature: ab92863b0efc097f47ff635ffbf0eb7e
Build description path: /Users/admin/builder/spi-builder-workspace/.derivedData/Build/Intermediates.noindex/XCBuildData/ab92863b0efc097f47ff635ffbf0eb7e.xcbuilddata
/Users/admin/builder/spi-builder-workspace/.dependencies/artifacts/spi-builder-workspace/BbAppPrompt/BbAppPrompt.xcframework:1:1: error: While building for visionOS, no library for this platform was found in '/Users/admin/builder/spi-builder-workspace/.dependencies/artifacts/spi-builder-workspace/BbAppPrompt/BbAppPrompt.xcframework'. (in target 'BbAppPrompt-product' from project 'BbAppPrompt')
2026-09-23 12:00:06.117 xcodebuild[640:3887] [MT] IDERunDestination: Supported platforms for the buildables in the current scheme is empty.
** BUILD FAILED **
The following build commands failed:
Building workspace BbAppPrompt with scheme BbAppPrompt
(1 failure)
Command line invocation:
/Applications/Xcode-27.0.0-Release.Candidate.app/Contents/Developer/usr/bin/xcodebuild -IDEClonedSourcePackagesDirPathOverride=/Users/admin/builder/spi-builder-workspace/.dependencies -resolvePackageDependencies
Resolve Package Graph
Resolved source packages:
BbAppPrompt: /Users/admin/builder/spi-builder-workspace
resolved source packages: BbAppPrompt
2026-09-23 12:00:07.662 xcodebuild[652:3984] [MT] IDERunDestination: Supported platforms for the buildables in the current scheme is empty.
{
"default_localization" : "en",
"dependencies" : [
],
"manifest_display_name" : "BbAppPrompt",
"name" : "BbAppPrompt",
"path" : "/Users/admin/builder/spi-builder-workspace",
"platforms" : [
{
"name" : "ios",
"version" : "18.5"
},
{
"name" : "macos",
"version" : "15.5"
},
{
"name" : "tvos",
"version" : "18.0"
}
],
"products" : [
{
"name" : "BbAppPrompt",
"targets" : [
"BbAppPrompt"
],
"type" : {
"library" : [
"automatic"
]
}
}
],
"swift_languages_versions" : [
"6"
],
"targets" : [
{
"c99name" : "BbAppPrompt",
"module_type" : "BinaryTarget",
"name" : "BbAppPrompt",
"path" : "remote/archive/BbAppPrompt.xcframework.zip",
"product_memberships" : [
"BbAppPrompt"
],
"sources" : [
],
"type" : "binary"
}
],
"tools_version" : "6.2"
}
{
"workspace" : {
"name" : "BbAppPrompt",
"schemes" : [
"BbAppPrompt"
]
}
}
2026-09-23 12:00:08.873 xcodebuild[660:4040] [MT] IDERunDestination: Supported platforms for the buildables in the current scheme is empty.
Running build ...
env DEVELOPER_DIR=/Applications/Xcode-27.0.0-Release.Candidate.app xcrun xcodebuild -IDEClonedSourcePackagesDirPathOverride=$PWD/.dependencies -skipMacroValidation -skipPackagePluginValidation -derivedDataPath $PWD/.derivedData build -scheme BbAppPrompt -destination generic/platform=xrOS
Command line invocation:
/Applications/Xcode-27.0.0-Release.Candidate.app/Contents/Developer/usr/bin/xcodebuild -IDEClonedSourcePackagesDirPathOverride=/Users/admin/builder/spi-builder-workspace/.dependencies -skipMacroValidation -skipPackagePluginValidation -derivedDataPath /Users/admin/builder/spi-builder-workspace/.derivedData build -scheme BbAppPrompt -destination generic/platform=xrOS
Resolve Package Graph
Resolved source packages:
BbAppPrompt: /Users/admin/builder/spi-builder-workspace
ComputePackagePrebuildTargetDependencyGraph
Prepare packages
CreateBuildRequest
SendProjectDescription
CreateBuildOperation
ComputeTargetDependencyGraph
note: Building targets in dependency order
note: Target dependency graph (1 target)
Target 'BbAppPrompt-product' in project 'BbAppPrompt' (no dependencies)
GatherProvisioningInputs
CreateBuildDescription
/Users/admin/builder/spi-builder-workspace/.dependencies/artifacts/spi-builder-workspace/BbAppPrompt/BbAppPrompt.xcframework:1:1: error: While building for visionOS, no library for this platform was found in '/Users/admin/builder/spi-builder-workspace/.dependencies/artifacts/spi-builder-workspace/BbAppPrompt/BbAppPrompt.xcframework'. (in target 'BbAppPrompt-product' from project 'BbAppPrompt')
2026-09-23 12:00:09.812 xcodebuild[661:4064] [MT] IDERunDestination: Supported platforms for the buildables in the current scheme is empty.
** BUILD FAILED **
The following build commands failed:
Building workspace BbAppPrompt with scheme BbAppPrompt
(1 failure)
BUILD FAILURE 6.4 visionOS