Build Information
Failed to build SentryPulse, reference main (9b7a28), with Swift 6.1 for Linux on 24 Oct 2026 19:00:34 UTC.
Build Command
bash -c docker run --pull=always --rm -v "checkouts-53886769-0":/host -w "$PWD" -e JAVA_HOME="/root/.sdkman/candidates/java/current" -e SPI_BUILD="1" -e SPI_PROCESSING="1" registry.gitlab.com/saguaro1/spi-images:linux-6.1-latest swift build --triple x86_64-unknown-linux-gnu 2>&1Build Log
========================================
RunAll
========================================
Builder version: 5.1.3
Interrupt handler set up.
========================================
Checkout
========================================
Clone URL: https://github.com/getsentry/sentry-apple-pulse.git
Reference: main
Initialized empty Git repository in /host/spi-builder-workspace/.git/
hint: Using 'master' as the name for the initial branch. This default branch name
hint: is subject to change. To configure the initial branch name to use in all
hint: of your new repositories, which will suppress this warning, call:
hint:
hint: git config --global init.defaultBranch <name>
hint:
hint: Names commonly chosen instead of 'master' are 'main', 'trunk' and
hint: 'development'. The just-created branch can be renamed via this command:
hint:
hint: git branch -m <name>
From https://github.com/getsentry/sentry-apple-pulse
* branch main -> FETCH_HEAD
* [new branch] main -> origin/main
HEAD is now at 9b7a28c release: 9.31.0
Cloned https://github.com/getsentry/sentry-apple-pulse.git
Revision (git rev-parse @):
9b7a28cc647b903d9ae9db0896000e2344a02717
SPI manifest file found: $PWD/.spi.yml
SUCCESS checkout https://github.com/getsentry/sentry-apple-pulse.git at main
========================================
Build
========================================
Selected platform: linux
Swift version: 6.1
Building package at path: $PWD
https://github.com/getsentry/sentry-apple-pulse.git
https://github.com/getsentry/sentry-apple-pulse.git
WARNING: environment variable SUPPRESS_SWIFT_6_FLAGS is not set
Running build ...
bash -c docker run --pull=always --rm -v "checkouts-53886769-0":/host -w "$PWD" -e JAVA_HOME="/root/.sdkman/candidates/java/current" -e SPI_BUILD="1" -e SPI_PROCESSING="1" registry.gitlab.com/saguaro1/spi-images:linux-6.1-latest swift build --triple x86_64-unknown-linux-gnu -Xswiftc -Xfrontend -Xswiftc -stats-output-dir -Xswiftc -Xfrontend -Xswiftc .stats -Xswiftc -strict-concurrency=complete -Xswiftc -enable-upcoming-feature -Xswiftc StrictConcurrency -Xswiftc -enable-upcoming-feature -Xswiftc DisableOutwardActorInference -Xswiftc -enable-upcoming-feature -Xswiftc GlobalActorIsolatedTypesUsability -Xswiftc -enable-upcoming-feature -Xswiftc InferSendableFromCaptures 2>&1
linux-6.1-latest: Pulling from saguaro1/spi-images
Digest: sha256:b6bfb4c5da2c5a0e111d7eb0c087cb4f5887cce9a34b7779faa557952c747cfc
Status: Image is up to date for registry.gitlab.com/saguaro1/spi-images:linux-6.1-latest
Fetching https://github.com/getsentry/sentry-cocoa
Fetching https://github.com/kean/Pulse
[1/30177] Fetching pulse
[30178/302521] Fetching pulse, sentry-cocoa
Fetched https://github.com/kean/Pulse from cache (10.18s)
Fetched https://github.com/getsentry/sentry-cocoa from cache (10.25s)
Computing version for https://github.com/getsentry/sentry-cocoa
Computed https://github.com/getsentry/sentry-cocoa at 9.31.0 (28.09s)
Computing version for https://github.com/kean/Pulse
Computed https://github.com/kean/Pulse at 5.2.3 (0.91s)
Creating working copy for https://github.com/kean/Pulse
Working copy of https://github.com/kean/Pulse resolved at 5.2.3
Creating working copy for https://github.com/getsentry/sentry-cocoa
Working copy of https://github.com/getsentry/sentry-cocoa resolved at 9.31.0
Downloading binary artifact https://github.com/getsentry/sentry-cocoa/releases/download/9.31.0/Sentry.xcframework.zip
Downloading binary artifact https://github.com/getsentry/sentry-cocoa/releases/download/9.31.0/Sentry-Dynamic.xcframework.zip
Downloading binary artifact https://github.com/getsentry/sentry-cocoa/releases/download/9.31.0/Sentry-Dynamic-WithARM64e.xcframework.zip
Downloading binary artifact https://github.com/getsentry/sentry-cocoa/releases/download/9.31.0/Sentry-WithoutUIKitOrAppKit.xcframework.zip
Downloading binary artifact https://github.com/getsentry/sentry-cocoa/releases/download/9.31.0/SentryObjC-Dynamic.xcframework.zip
Downloading binary artifact https://github.com/getsentry/sentry-cocoa/releases/download/9.31.0/SentryObjC-Static.xcframework.zip
Downloading binary artifact https://github.com/getsentry/sentry-cocoa/releases/download/9.31.0/Sentry-WithoutUIKitOrAppKit-WithARM64e.xcframework.zip
[10470/110705559] Downloading https://github.com/getsentry/sentry-cocoa/releases/download/9.31.0/SentryObjC-Dynamic.xcframework.zip
[36840/191231820] Downloading https://github.com/getsentry/sentry-cocoa/releases/download/9.31.0/SentryObjC-Dynamic.xcframework.zip, https://github.com/getsentry/sentry-cocoa/releases/download/9.31.0/Sentry.xcframework.zip
[45099/232519512] Downloading https://github.com/getsentry/sentry-cocoa/releases/download/9.31.0/SentryObjC-Dynamic.xcframework.zip, https://github.com/getsentry/sentry-cocoa/releases/download/9.31.0/Sentry.xcframework.zip, https://github.com/getsentry/sentry-cocoa/releases/download/9.31.0/SentryObjC-Static.xcframework.zip
[53078/399100818] Downloading https://github.com/getsentry/sentry-cocoa/releases/download/9.31.0/SentryObjC-Dynamic.xcframework.zip, https://github.com/getsentry/sentry-cocoa/releases/download/9.31.0/Sentry.xcframework.zip, https://github.com/getsentry/sentry-cocoa/releases/download/9.31.0/SentryObjC-Static.xcframework.zip, https://github.com/getsentry/sentry-cocoa/releases/download/9.31.0/Sentry-Dynamic.xcframework.zip
[110318/541413762] Downloading https://github.com/getsentry/sentry-cocoa/releases/download/9.31.0/SentryObjC-Dynamic.xcframework.zip, https://github.com/getsentry/sentry-cocoa/releases/download/9.31.0/Sentry.xcframework.zip, https://github.com/getsentry/sentry-cocoa/releases/download/9.31.0/SentryObjC-Static.xcframework.zip, https://github.com/getsentry/sentry-cocoa/releases/download/9.31.0/Sentry-Dynamic.xcframework.zip, https://github.com/getsentry/sentry-cocoa/releases/download/9.31.0/Sentry-WithoutUIKitOrAppKit-WithARM64e.xcframework.zip
[4070152/669985851] Downloading https://github.com/getsentry/sentry-cocoa/releases/download/9.31.0/SentryObjC-Dynamic.xcframework.zip, https://github.com/getsentry/sentry-cocoa/releases/download/9.31.0/Sentry.xcframework.zip, https://github.com/getsentry/sentry-cocoa/releases/download/9.31.0/SentryObjC-Static.xcframework.zip, https://github.com/getsentry/sentry-cocoa/releases/download/9.31.0/Sentry-Dynamic.xcframework.zip, https://github.com/getsentry/sentry-cocoa/releases/download/9.31.0/Sentry-WithoutUIKitOrAppKit-WithARM64e.xcframework.zip, https://github.com/getsentry/sentry-cocoa/releases/download/9.31.0/Sentry-WithoutUIKitOrAppKit.xcframework.zip
[128750039/854228681] Downloading https://github.com/getsentry/sentry-cocoa/releases/download/9.31.0/SentryObjC-Dynamic.xcframework.zip, https://github.com/getsentry/sentry-cocoa/releases/download/9.31.0/Sentry.xcframework.zip, https://github.com/getsentry/sentry-cocoa/releases/download/9.31.0/SentryObjC-Static.xcframework.zip, https://github.com/getsentry/sentry-cocoa/releases/download/9.31.0/Sentry-Dynamic.xcframework.zip, https://github.com/getsentry/sentry-cocoa/releases/download/9.31.0/Sentry-WithoutUIKitOrAppKit-WithARM64e.xcframework.zip, https://github.com/getsentry/sentry-cocoa/releases/download/9.31.0/Sentry-WithoutUIKitOrAppKit.xcframework.zip, https://github.com/getsentry/sentry-cocoa/releases/download/9.31.0/Sentry-Dynamic-WithARM64e.xcframework.zip
Downloaded https://github.com/getsentry/sentry-cocoa/releases/download/9.31.0/SentryObjC-Static.xcframework.zip (3.79s)
Downloaded https://github.com/getsentry/sentry-cocoa/releases/download/9.31.0/SentryObjC-Dynamic.xcframework.zip (13.08s)
Downloaded https://github.com/getsentry/sentry-cocoa/releases/download/9.31.0/Sentry.xcframework.zip (13.69s)
Downloaded https://github.com/getsentry/sentry-cocoa/releases/download/9.31.0/Sentry-WithoutUIKitOrAppKit.xcframework.zip (23.43s)
Downloaded https://github.com/getsentry/sentry-cocoa/releases/download/9.31.0/Sentry-WithoutUIKitOrAppKit-WithARM64e.xcframework.zip (26.12s)
Downloaded https://github.com/getsentry/sentry-cocoa/releases/download/9.31.0/Sentry-Dynamic.xcframework.zip (31.21s)
Downloaded https://github.com/getsentry/sentry-cocoa/releases/download/9.31.0/Sentry-Dynamic-WithARM64e.xcframework.zip (32.99s)
warning: 'pulse': found 1 file(s) which are unhandled; explicitly declare them as resources or exclude from the target
/host/spi-builder-workspace/.build/checkouts/Pulse/Sources/Pulse/PrivacyInfo.xcprivacy
Building for debugging...
[0/5] Write sources
In file included from /host/spi-builder-workspace/.build/checkouts/Pulse/Sources/PulseObjCHelpers/PulseObjCHelpers.m:5:
/host/spi-builder-workspace/.build/checkouts/Pulse/Sources/PulseObjCHelpers/include/PulseObjCHelpers.h:5:9: fatal error: 'Foundation/Foundation.h' file not found
5 | #import <Foundation/Foundation.h>
| ^~~~~~~~~~~~~~~~~~~~~~~~~
1 error generated.
[3/5] Compiling PulseObjCHelpers PulseObjCHelpers.m
[3/5] Write swift-version-24593BA9C3E375BF.txt
Running build ...
bash -c docker run --pull=always --rm -v "checkouts-53886769-0":/host -w "$PWD" -e JAVA_HOME="/root/.sdkman/candidates/java/current" -e SPI_BUILD="1" -e SPI_PROCESSING="1" registry.gitlab.com/saguaro1/spi-images:linux-6.1-latest swift build --triple x86_64-unknown-linux-gnu 2>&1
linux-6.1-latest: Pulling from saguaro1/spi-images
Digest: sha256:b6bfb4c5da2c5a0e111d7eb0c087cb4f5887cce9a34b7779faa557952c747cfc
Status: Image is up to date for registry.gitlab.com/saguaro1/spi-images:linux-6.1-latest
warning: 'pulse': found 1 file(s) which are unhandled; explicitly declare them as resources or exclude from the target
/host/spi-builder-workspace/.build/checkouts/Pulse/Sources/Pulse/PrivacyInfo.xcprivacy
[0/1] Planning build
Building for debugging...
In file included from /host/spi-builder-workspace/.build/checkouts/Pulse/Sources/PulseObjCHelpers/PulseObjCHelpers.m:5:
/host/spi-builder-workspace/.build/checkouts/Pulse/Sources/PulseObjCHelpers/include/PulseObjCHelpers.h:5:9: fatal error: 'Foundation/Foundation.h' file not found
5 | #import <Foundation/Foundation.h>
| ^~~~~~~~~~~~~~~~~~~~~~~~~
1 error generated.
[0/2] Compiling PulseObjCHelpers PulseObjCHelpers.m
[0/2] Write swift-version-24593BA9C3E375BF.txt
BUILD FAILURE 6.1 linux