The Swift Package Index logo.Swift Package Index

Build Information

Failed to build PodcastAPI, reference 3.1.0 (c3cd7b), with Swift 6.1 for watchOS using Xcode 16.3 on 30 Sep 2026 07:24:50 UTC.

Build Command

env DEVELOPER_DIR=/Applications/Xcode-16.3.0.app xcrun xcodebuild -IDEClonedSourcePackagesDirPathOverride=$PWD/.dependencies -skipMacroValidation -skipPackagePluginValidation -derivedDataPath $PWD/.derivedData build -scheme PodcastAPI-Package -destination generic/platform=watchOS

Build Log

========================================
RunAll
========================================
Builder version: 5.1.1
Interrupt handler set up.
========================================
Checkout
========================================
Clone URL: https://github.com/ListenNotes/podcast-api-swift.git
Reference: 3.1.0
Initialized empty Git repository in /Users/admin/builder/spi-builder-workspace/.git/
From https://github.com/ListenNotes/podcast-api-swift
 * tag               3.1.0      -> FETCH_HEAD
HEAD is now at c3cd7bf Add deletePlaylist support for Swift SDK 3.1.0
Cloned https://github.com/ListenNotes/podcast-api-swift.git
Revision (git rev-parse @):
c3cd7bf23cbbc0f28fa64501eb66d2c6171bbd04
SPI manifest file found: $PWD/.spi.yml
SUCCESS checkout https://github.com/ListenNotes/podcast-api-swift.git at 3.1.0
========================================
Build
========================================
Selected platform:         watchOS
Swift version:             6.1
Building package at path:  $PWD
https://github.com/ListenNotes/podcast-api-swift.git
https://github.com/ListenNotes/podcast-api-swift.git
{
  "dependencies" : [
  ],
  "manifest_display_name" : "PodcastAPI",
  "name" : "PodcastAPI",
  "path" : "/Users/admin/builder/spi-builder-workspace",
  "platforms" : [
    {
      "name" : "macos",
      "version" : "13.0"
    },
    {
      "name" : "ios",
      "version" : "16.0"
    }
  ],
  "products" : [
    {
      "name" : "PodcastAPI",
      "targets" : [
        "PodcastAPI"
      ],
      "type" : {
        "library" : [
          "automatic"
        ]
      }
    },
    {
      "name" : "ExampleCommandLineApp",
      "targets" : [
        "ExampleCommandLineApp"
      ],
      "type" : {
        "executable" : null
      }
    }
  ],
  "targets" : [
    {
      "c99name" : "PodcastAPITests",
      "module_type" : "SwiftTarget",
      "name" : "PodcastAPITests",
      "path" : "Tests/PodcastAPITests",
      "resources" : [
        {
          "path" : "/Users/admin/builder/spi-builder-workspace/Tests/PodcastAPITests/api-contract.json",
          "rule" : {
            "copy" : {
            }
          }
        }
      ],
      "sources" : [
        "MethodDispatch.swift",
        "MockIntegrationTests.swift",
        "PodcastAPITests.swift"
      ],
      "target_dependencies" : [
        "PodcastAPI"
      ],
      "type" : "test"
    },
    {
      "c99name" : "PodcastAPI",
      "module_type" : "SwiftTarget",
      "name" : "PodcastAPI",
      "path" : "Sources/PodcastAPI",
      "product_memberships" : [
        "PodcastAPI",
        "ExampleCommandLineApp"
      ],
      "sources" : [
        "ApiMethods.swift",
        "ApiResponse.swift",
        "PodcastAPI.swift",
        "PodcastApiError.swift",
        "SwiftyJSON.swift"
      ],
      "type" : "library"
    },
    {
      "c99name" : "ExampleCommandLineApp",
      "module_type" : "SwiftTarget",
      "name" : "ExampleCommandLineApp",
      "path" : "Sources/ExampleCommandLineApp",
      "product_memberships" : [
        "ExampleCommandLineApp"
      ],
      "sources" : [
        "main.swift"
      ],
      "target_dependencies" : [
        "PodcastAPI"
      ],
      "type" : "executable"
    }
  ],
  "tools_version" : "6.0"
}
Command line invocation:
    /Applications/Xcode-16.3.0.app/Contents/Developer/usr/bin/xcodebuild -IDEClonedSourcePackagesDirPathOverride=/Users/admin/builder/spi-builder-workspace/.dependencies -resolvePackageDependencies
Resolve Package Graph
Resolve Package Graph
Resolved source packages:
  PodcastAPI: /Users/admin/builder/spi-builder-workspace
resolved source packages: PodcastAPI
{
  "dependencies" : [
  ],
  "manifest_display_name" : "PodcastAPI",
  "name" : "PodcastAPI",
  "path" : "/Users/admin/builder/spi-builder-workspace",
  "platforms" : [
    {
      "name" : "macos",
      "version" : "13.0"
    },
    {
      "name" : "ios",
      "version" : "16.0"
    }
  ],
  "products" : [
    {
      "name" : "PodcastAPI",
      "targets" : [
        "PodcastAPI"
      ],
      "type" : {
        "library" : [
          "automatic"
        ]
      }
    },
    {
      "name" : "ExampleCommandLineApp",
      "targets" : [
        "ExampleCommandLineApp"
      ],
      "type" : {
        "executable" : null
      }
    }
  ],
  "targets" : [
    {
      "c99name" : "PodcastAPITests",
      "module_type" : "SwiftTarget",
      "name" : "PodcastAPITests",
      "path" : "Tests/PodcastAPITests",
      "resources" : [
        {
          "path" : "/Users/admin/builder/spi-builder-workspace/Tests/PodcastAPITests/api-contract.json",
          "rule" : {
            "copy" : {
            }
          }
        }
      ],
      "sources" : [
        "MethodDispatch.swift",
        "MockIntegrationTests.swift",
        "PodcastAPITests.swift"
      ],
      "target_dependencies" : [
        "PodcastAPI"
      ],
      "type" : "test"
    },
    {
      "c99name" : "PodcastAPI",
      "module_type" : "SwiftTarget",
      "name" : "PodcastAPI",
      "path" : "Sources/PodcastAPI",
      "product_memberships" : [
        "PodcastAPI",
        "ExampleCommandLineApp"
      ],
      "sources" : [
        "ApiMethods.swift",
        "ApiResponse.swift",
        "PodcastAPI.swift",
        "PodcastApiError.swift",
        "SwiftyJSON.swift"
      ],
      "type" : "library"
    },
    {
      "c99name" : "ExampleCommandLineApp",
      "module_type" : "SwiftTarget",
      "name" : "ExampleCommandLineApp",
      "path" : "Sources/ExampleCommandLineApp",
      "product_memberships" : [
        "ExampleCommandLineApp"
      ],
      "sources" : [
        "main.swift"
      ],
      "target_dependencies" : [
        "PodcastAPI"
      ],
      "type" : "executable"
    }
  ],
  "tools_version" : "6.0"
}
{
  "workspace" : {
    "name" : "spi-builder-workspace",
    "schemes" : [
      "ExampleCommandLineApp",
      "PodcastAPI",
      "PodcastAPI-Package"
    ]
  }
}
Running build ...
env DEVELOPER_DIR=/Applications/Xcode-16.3.0.app xcrun xcodebuild -IDEClonedSourcePackagesDirPathOverride=$PWD/.dependencies -skipMacroValidation -skipPackagePluginValidation -derivedDataPath $PWD/.derivedData build -scheme PodcastAPI-Package -destination generic/platform=watchOS OTHER_SWIFT_FLAGS=-stats-output-dir .stats
Command line invocation:
    /Applications/Xcode-16.3.0.app/Contents/Developer/usr/bin/xcodebuild -IDEClonedSourcePackagesDirPathOverride=/Users/admin/builder/spi-builder-workspace/.dependencies -skipMacroValidation -skipPackagePluginValidation -derivedDataPath /Users/admin/builder/spi-builder-workspace/.derivedData build -scheme PodcastAPI-Package -destination generic/platform=watchOS "OTHER_SWIFT_FLAGS=-stats-output-dir .stats"
Build settings from command line:
    OTHER_SWIFT_FLAGS = -stats-output-dir .stats
Resolve Package Graph
Resolved source packages:
  PodcastAPI: /Users/admin/builder/spi-builder-workspace
ComputePackagePrebuildTargetDependencyGraph
Prepare packages
CreateBuildRequest
SendProjectDescription
CreateBuildOperation
ComputeTargetDependencyGraph
note: Building targets in dependency order
note: Target dependency graph (3 targets)
    Target 'ExampleCommandLineApp' in project 'PodcastAPI'
        ➜ Explicit dependency on target 'PodcastAPI' in project 'PodcastAPI'
    Target 'PodcastAPI' in project 'PodcastAPI'
        ➜ Explicit dependency on target 'PodcastAPI' in project 'PodcastAPI'
    Target 'PodcastAPI' in project 'PodcastAPI' (no dependencies)
GatherProvisioningInputs
CreateBuildDescription
ExecuteExternalTool /Applications/Xcode-16.3.0.app/Contents/Developer/Toolchains/XcodeDefault.xctoolchain/usr/bin/clang -v -E -dM -isysroot /Applications/Xcode-16.3.0.app/Contents/Developer/Platforms/WatchOS.platform/Developer/SDKs/WatchOS11.4.sdk -x c -c /dev/null
ExecuteExternalTool /Applications/Xcode-16.3.0.app/Contents/Developer/Toolchains/XcodeDefault.xctoolchain/usr/bin/swiftc --version
ExecuteExternalTool /Applications/Xcode-16.3.0.app/Contents/Developer/Toolchains/XcodeDefault.xctoolchain/usr/bin/ld -version_details
Build description signature: ef23f4e4e9294bf7eb2251fa69c9eafe
Build description path: /Users/admin/builder/spi-builder-workspace/.derivedData/Build/Intermediates.noindex/XCBuildData/ef23f4e4e9294bf7eb2251fa69c9eafe.xcbuilddata
CreateBuildDirectory /Users/admin/builder/spi-builder-workspace/.derivedData/Build/Products
    cd /Users/admin/builder/spi-builder-workspace/.swiftpm/xcode
    builtin-create-build-directory /Users/admin/builder/spi-builder-workspace/.derivedData/Build/Products
CreateBuildDirectory /Users/admin/builder/spi-builder-workspace/.derivedData/Build/Intermediates.noindex
    cd /Users/admin/builder/spi-builder-workspace/.swiftpm/xcode
    builtin-create-build-directory /Users/admin/builder/spi-builder-workspace/.derivedData/Build/Intermediates.noindex
ClangStatCache /Applications/Xcode-16.3.0.app/Contents/Developer/Toolchains/XcodeDefault.xctoolchain/usr/bin/clang-stat-cache /Applications/Xcode-16.3.0.app/Contents/Developer/Platforms/WatchOS.platform/Developer/SDKs/WatchOS11.4.sdk /Users/admin/builder/spi-builder-workspace/.derivedData/SDKStatCaches.noindex/watchos11.4-22T246-43efb940ff07ba2497b70ec94253f576.sdkstatcache
    cd /Users/admin/builder/spi-builder-workspace/.swiftpm/xcode
    /Applications/Xcode-16.3.0.app/Contents/Developer/Toolchains/XcodeDefault.xctoolchain/usr/bin/clang-stat-cache /Applications/Xcode-16.3.0.app/Contents/Developer/Platforms/WatchOS.platform/Developer/SDKs/WatchOS11.4.sdk -o /Users/admin/builder/spi-builder-workspace/.derivedData/SDKStatCaches.noindex/watchos11.4-22T246-43efb940ff07ba2497b70ec94253f576.sdkstatcache
CreateBuildDirectory /Users/admin/builder/spi-builder-workspace/.derivedData/Build/Intermediates.noindex/EagerLinkingTBDs/Debug-watchos
    cd /Users/admin/builder/spi-builder-workspace/.swiftpm/xcode
    builtin-create-build-directory /Users/admin/builder/spi-builder-workspace/.derivedData/Build/Intermediates.noindex/EagerLinkingTBDs/Debug-watchos
CreateBuildDirectory /Users/admin/builder/spi-builder-workspace/.derivedData/Build/Products/Debug-watchos
    cd /Users/admin/builder/spi-builder-workspace/.swiftpm/xcode
    builtin-create-build-directory /Users/admin/builder/spi-builder-workspace/.derivedData/Build/Products/Debug-watchos
CreateBuildDirectory /Users/admin/builder/spi-builder-workspace/.derivedData/Build/Products/Debug-watchos/PackageFrameworks
    cd /Users/admin/builder/spi-builder-workspace/.swiftpm/xcode
    builtin-create-build-directory /Users/admin/builder/spi-builder-workspace/.derivedData/Build/Products/Debug-watchos/PackageFrameworks
WriteAuxiliaryFile /Users/admin/builder/spi-builder-workspace/.derivedData/Build/Intermediates.noindex/PodcastAPI.build/Debug-watchos/PodcastAPI.build/PodcastAPI.DependencyMetadataFileList (in target 'PodcastAPI' from project 'PodcastAPI')
    cd /Users/admin/builder/spi-builder-workspace
    write-file /Users/admin/builder/spi-builder-workspace/.derivedData/Build/Intermediates.noindex/PodcastAPI.build/Debug-watchos/PodcastAPI.build/PodcastAPI.DependencyMetadataFileList
WriteAuxiliaryFile /Users/admin/builder/spi-builder-workspace/.derivedData/Build/Intermediates.noindex/PodcastAPI.build/Debug-watchos/PodcastAPI.build/PodcastAPI.DependencyStaticMetadataFileList (in target 'PodcastAPI' from project 'PodcastAPI')
    cd /Users/admin/builder/spi-builder-workspace
    write-file /Users/admin/builder/spi-builder-workspace/.derivedData/Build/Intermediates.noindex/PodcastAPI.build/Debug-watchos/PodcastAPI.build/PodcastAPI.DependencyStaticMetadataFileList
WriteAuxiliaryFile /Users/admin/builder/spi-builder-workspace/.derivedData/Build/Intermediates.noindex/PodcastAPI.build/Debug-watchos/PodcastAPI.build/PodcastAPI.modulemap (in target 'PodcastAPI' from project 'PodcastAPI')
    cd /Users/admin/builder/spi-builder-workspace
    write-file /Users/admin/builder/spi-builder-workspace/.derivedData/Build/Intermediates.noindex/PodcastAPI.build/Debug-watchos/PodcastAPI.build/PodcastAPI.modulemap
WriteAuxiliaryFile /Users/admin/builder/spi-builder-workspace/.derivedData/Build/Intermediates.noindex/PodcastAPI.build/Debug-watchos/PodcastAPI.build/Objects-normal/arm64_32/PodcastAPI.LinkFileList (in target 'PodcastAPI' from project 'PodcastAPI')
    cd /Users/admin/builder/spi-builder-workspace
    write-file /Users/admin/builder/spi-builder-workspace/.derivedData/Build/Intermediates.noindex/PodcastAPI.build/Debug-watchos/PodcastAPI.build/Objects-normal/arm64_32/PodcastAPI.LinkFileList
WriteAuxiliaryFile /Users/admin/builder/spi-builder-workspace/.derivedData/Build/Intermediates.noindex/PodcastAPI.build/Debug-watchos/PodcastAPI.build/Objects-normal/arm64_32/PodcastAPI.SwiftFileList (in target 'PodcastAPI' from project 'PodcastAPI')
    cd /Users/admin/builder/spi-builder-workspace
    write-file /Users/admin/builder/spi-builder-workspace/.derivedData/Build/Intermediates.noindex/PodcastAPI.build/Debug-watchos/PodcastAPI.build/Objects-normal/arm64_32/PodcastAPI.SwiftFileList
WriteAuxiliaryFile /Users/admin/builder/spi-builder-workspace/.derivedData/Build/Intermediates.noindex/PodcastAPI.build/Debug-watchos/ExampleCommandLineApp.build/Objects-normal/arm64_32/ExampleCommandLineApp_const_extract_protocols.json (in target 'ExampleCommandLineApp' from project 'PodcastAPI')
    cd /Users/admin/builder/spi-builder-workspace
    write-file /Users/admin/builder/spi-builder-workspace/.derivedData/Build/Intermediates.noindex/PodcastAPI.build/Debug-watchos/ExampleCommandLineApp.build/Objects-normal/arm64_32/ExampleCommandLineApp_const_extract_protocols.json
WriteAuxiliaryFile /Users/admin/builder/spi-builder-workspace/.derivedData/Build/Intermediates.noindex/PodcastAPI.build/Debug-watchos/PodcastAPI.build/Objects-normal/arm64_32/PodcastAPI_const_extract_protocols.json (in target 'PodcastAPI' from project 'PodcastAPI')
    cd /Users/admin/builder/spi-builder-workspace
    write-file /Users/admin/builder/spi-builder-workspace/.derivedData/Build/Intermediates.noindex/PodcastAPI.build/Debug-watchos/PodcastAPI.build/Objects-normal/arm64_32/PodcastAPI_const_extract_protocols.json
WriteAuxiliaryFile /Users/admin/builder/spi-builder-workspace/.derivedData/Build/Intermediates.noindex/PodcastAPI.build/Debug-watchos/ExampleCommandLineApp.build/Objects-normal/arm64_32/ExampleCommandLineApp.SwiftFileList (in target 'ExampleCommandLineApp' from project 'PodcastAPI')
    cd /Users/admin/builder/spi-builder-workspace
    write-file /Users/admin/builder/spi-builder-workspace/.derivedData/Build/Intermediates.noindex/PodcastAPI.build/Debug-watchos/ExampleCommandLineApp.build/Objects-normal/arm64_32/ExampleCommandLineApp.SwiftFileList
WriteAuxiliaryFile /Users/admin/builder/spi-builder-workspace/.derivedData/Build/Intermediates.noindex/PodcastAPI.build/Debug-watchos/PodcastAPI.build/Objects-normal/arm64_32/PodcastAPI.SwiftConstValuesFileList (in target 'PodcastAPI' from project 'PodcastAPI')
    cd /Users/admin/builder/spi-builder-workspace
    write-file /Users/admin/builder/spi-builder-workspace/.derivedData/Build/Intermediates.noindex/PodcastAPI.build/Debug-watchos/PodcastAPI.build/Objects-normal/arm64_32/PodcastAPI.SwiftConstValuesFileList
WriteAuxiliaryFile /Users/admin/builder/spi-builder-workspace/.derivedData/Build/Intermediates.noindex/PodcastAPI.build/Debug-watchos/PodcastAPI.build/Objects-normal/arm64_32/PodcastAPI-OutputFileMap.json (in target 'PodcastAPI' from project 'PodcastAPI')
    cd /Users/admin/builder/spi-builder-workspace
    write-file /Users/admin/builder/spi-builder-workspace/.derivedData/Build/Intermediates.noindex/PodcastAPI.build/Debug-watchos/PodcastAPI.build/Objects-normal/arm64_32/PodcastAPI-OutputFileMap.json
WriteAuxiliaryFile /Users/admin/builder/spi-builder-workspace/.derivedData/Build/Intermediates.noindex/PodcastAPI.build/Debug-watchos/PodcastAPI.build/Objects-normal/arm64/PodcastAPI_const_extract_protocols.json (in target 'PodcastAPI' from project 'PodcastAPI')
    cd /Users/admin/builder/spi-builder-workspace
    write-file /Users/admin/builder/spi-builder-workspace/.derivedData/Build/Intermediates.noindex/PodcastAPI.build/Debug-watchos/PodcastAPI.build/Objects-normal/arm64/PodcastAPI_const_extract_protocols.json
WriteAuxiliaryFile /Users/admin/builder/spi-builder-workspace/.derivedData/Build/Intermediates.noindex/PodcastAPI.build/Debug-watchos/PodcastAPI.build/Objects-normal/arm64/PodcastAPI.SwiftFileList (in target 'PodcastAPI' from project 'PodcastAPI')
    cd /Users/admin/builder/spi-builder-workspace
    write-file /Users/admin/builder/spi-builder-workspace/.derivedData/Build/Intermediates.noindex/PodcastAPI.build/Debug-watchos/PodcastAPI.build/Objects-normal/arm64/PodcastAPI.SwiftFileList
WriteAuxiliaryFile /Users/admin/builder/spi-builder-workspace/.derivedData/Build/Intermediates.noindex/PodcastAPI.build/Debug-watchos/PodcastAPI.build/Objects-normal/arm64/PodcastAPI.SwiftConstValuesFileList (in target 'PodcastAPI' from project 'PodcastAPI')
    cd /Users/admin/builder/spi-builder-workspace
    write-file /Users/admin/builder/spi-builder-workspace/.derivedData/Build/Intermediates.noindex/PodcastAPI.build/Debug-watchos/PodcastAPI.build/Objects-normal/arm64/PodcastAPI.SwiftConstValuesFileList
WriteAuxiliaryFile /Users/admin/builder/spi-builder-workspace/.derivedData/Build/Intermediates.noindex/PodcastAPI.build/Debug-watchos/PodcastAPI.build/Objects-normal/arm64/PodcastAPI.LinkFileList (in target 'PodcastAPI' from project 'PodcastAPI')
    cd /Users/admin/builder/spi-builder-workspace
    write-file /Users/admin/builder/spi-builder-workspace/.derivedData/Build/Intermediates.noindex/PodcastAPI.build/Debug-watchos/PodcastAPI.build/Objects-normal/arm64/PodcastAPI.LinkFileList
WriteAuxiliaryFile /Users/admin/builder/spi-builder-workspace/.derivedData/Build/Intermediates.noindex/PodcastAPI.build/Debug-watchos/PodcastAPI.build/Objects-normal/arm64/PodcastAPI-OutputFileMap.json (in target 'PodcastAPI' from project 'PodcastAPI')
    cd /Users/admin/builder/spi-builder-workspace
    write-file /Users/admin/builder/spi-builder-workspace/.derivedData/Build/Intermediates.noindex/PodcastAPI.build/Debug-watchos/PodcastAPI.build/Objects-normal/arm64/PodcastAPI-OutputFileMap.json
WriteAuxiliaryFile /Users/admin/builder/spi-builder-workspace/.derivedData/Build/Intermediates.noindex/PodcastAPI.build/Debug-watchos/ExampleCommandLineApp.build/Objects-normal/arm64_32/ExampleCommandLineApp-OutputFileMap.json (in target 'ExampleCommandLineApp' from project 'PodcastAPI')
    cd /Users/admin/builder/spi-builder-workspace
    write-file /Users/admin/builder/spi-builder-workspace/.derivedData/Build/Intermediates.noindex/PodcastAPI.build/Debug-watchos/ExampleCommandLineApp.build/Objects-normal/arm64_32/ExampleCommandLineApp-OutputFileMap.json
WriteAuxiliaryFile /Users/admin/builder/spi-builder-workspace/.derivedData/Build/Intermediates.noindex/PodcastAPI.build/Debug-watchos/ExampleCommandLineApp.build/Objects-normal/arm64_32/ExampleCommandLineApp.LinkFileList (in target 'ExampleCommandLineApp' from project 'PodcastAPI')
    cd /Users/admin/builder/spi-builder-workspace
    write-file /Users/admin/builder/spi-builder-workspace/.derivedData/Build/Intermediates.noindex/PodcastAPI.build/Debug-watchos/ExampleCommandLineApp.build/Objects-normal/arm64_32/ExampleCommandLineApp.LinkFileList
Copy /Users/admin/builder/spi-builder-workspace/.derivedData/Build/Intermediates.noindex/GeneratedModuleMaps-watchos/PodcastAPI.modulemap /Users/admin/builder/spi-builder-workspace/.derivedData/Build/Intermediates.noindex/PodcastAPI.build/Debug-watchos/PodcastAPI.build/PodcastAPI.modulemap (in target 'PodcastAPI' from project 'PodcastAPI')
    cd /Users/admin/builder/spi-builder-workspace
    builtin-copy -exclude .DS_Store -exclude CVS -exclude .svn -exclude .git -exclude .hg -resolve-src-symlinks /Users/admin/builder/spi-builder-workspace/.derivedData/Build/Intermediates.noindex/PodcastAPI.build/Debug-watchos/PodcastAPI.build/PodcastAPI.modulemap /Users/admin/builder/spi-builder-workspace/.derivedData/Build/Intermediates.noindex/GeneratedModuleMaps-watchos
WriteAuxiliaryFile /Users/admin/builder/spi-builder-workspace/.derivedData/Build/Intermediates.noindex/PodcastAPI.build/Debug-watchos/ExampleCommandLineApp.build/Objects-normal/arm64/ExampleCommandLineApp_const_extract_protocols.json (in target 'ExampleCommandLineApp' from project 'PodcastAPI')
    cd /Users/admin/builder/spi-builder-workspace
    write-file /Users/admin/builder/spi-builder-workspace/.derivedData/Build/Intermediates.noindex/PodcastAPI.build/Debug-watchos/ExampleCommandLineApp.build/Objects-normal/arm64/ExampleCommandLineApp_const_extract_protocols.json
WriteAuxiliaryFile /Users/admin/builder/spi-builder-workspace/.derivedData/Build/Intermediates.noindex/PodcastAPI.build/Debug-watchos/ExampleCommandLineApp.build/Objects-normal/arm64/ExampleCommandLineApp.SwiftFileList (in target 'ExampleCommandLineApp' from project 'PodcastAPI')
    cd /Users/admin/builder/spi-builder-workspace
    write-file /Users/admin/builder/spi-builder-workspace/.derivedData/Build/Intermediates.noindex/PodcastAPI.build/Debug-watchos/ExampleCommandLineApp.build/Objects-normal/arm64/ExampleCommandLineApp.SwiftFileList
WriteAuxiliaryFile /Users/admin/builder/spi-builder-workspace/.derivedData/Build/Intermediates.noindex/PodcastAPI.build/Debug-watchos/ExampleCommandLineApp.build/Objects-normal/arm64/ExampleCommandLineApp.LinkFileList (in target 'ExampleCommandLineApp' from project 'PodcastAPI')
    cd /Users/admin/builder/spi-builder-workspace
    write-file /Users/admin/builder/spi-builder-workspace/.derivedData/Build/Intermediates.noindex/PodcastAPI.build/Debug-watchos/ExampleCommandLineApp.build/Objects-normal/arm64/ExampleCommandLineApp.LinkFileList
WriteAuxiliaryFile /Users/admin/builder/spi-builder-workspace/.derivedData/Build/Intermediates.noindex/PodcastAPI.build/Debug-watchos/ExampleCommandLineApp.build/Objects-normal/arm64/ExampleCommandLineApp-OutputFileMap.json (in target 'ExampleCommandLineApp' from project 'PodcastAPI')
    cd /Users/admin/builder/spi-builder-workspace
    write-file /Users/admin/builder/spi-builder-workspace/.derivedData/Build/Intermediates.noindex/PodcastAPI.build/Debug-watchos/ExampleCommandLineApp.build/Objects-normal/arm64/ExampleCommandLineApp-OutputFileMap.json
WriteAuxiliaryFile /Users/admin/builder/spi-builder-workspace/.derivedData/Build/Intermediates.noindex/PodcastAPI.build/Debug-watchos/ExampleCommandLineApp.build/ExampleCommandLineApp.DependencyStaticMetadataFileList (in target 'ExampleCommandLineApp' from project 'PodcastAPI')
    cd /Users/admin/builder/spi-builder-workspace
    write-file /Users/admin/builder/spi-builder-workspace/.derivedData/Build/Intermediates.noindex/PodcastAPI.build/Debug-watchos/ExampleCommandLineApp.build/ExampleCommandLineApp.DependencyStaticMetadataFileList
WriteAuxiliaryFile /Users/admin/builder/spi-builder-workspace/.derivedData/Build/Intermediates.noindex/PodcastAPI.build/Debug-watchos/ExampleCommandLineApp.build/ExampleCommandLineApp.DependencyMetadataFileList (in target 'ExampleCommandLineApp' from project 'PodcastAPI')
    cd /Users/admin/builder/spi-builder-workspace
    write-file /Users/admin/builder/spi-builder-workspace/.derivedData/Build/Intermediates.noindex/PodcastAPI.build/Debug-watchos/ExampleCommandLineApp.build/ExampleCommandLineApp.DependencyMetadataFileList
SwiftDriver PodcastAPI normal arm64_32 com.apple.xcode.tools.swift.compiler (in target 'PodcastAPI' from project 'PodcastAPI')
    cd /Users/admin/builder/spi-builder-workspace/.swiftpm/xcode
    builtin-SwiftDriver -- /Applications/Xcode-16.3.0.app/Contents/Developer/Toolchains/XcodeDefault.xctoolchain/usr/bin/swiftc -module-name PodcastAPI -Onone -enforce-exclusivity\=checked @/Users/admin/builder/spi-builder-workspace/.derivedData/Build/Intermediates.noindex/PodcastAPI.build/Debug-watchos/PodcastAPI.build/Objects-normal/arm64_32/PodcastAPI.SwiftFileList -DSWIFT_PACKAGE -DDEBUG -stats-output-dir .stats -plugin-path /Applications/Xcode-16.3.0.app/Contents/Developer/Toolchains/XcodeDefault.xctoolchain/usr/lib/swift/host/plugins/testing -enable-experimental-feature DebugDescriptionMacro -sdk /Applications/Xcode-16.3.0.app/Contents/Developer/Platforms/WatchOS.platform/Developer/SDKs/WatchOS11.4.sdk -target arm64_32-apple-watchos9.0 -g -module-cache-path /Users/admin/builder/spi-builder-workspace/.derivedData/ModuleCache.noindex -Xfrontend -serialize-debugging-options -profile-coverage-mapping -profile-generate -enable-testing -index-store-path /Users/admin/builder/spi-builder-workspace/.derivedData/Index.noindex/DataStore -swift-version 6 -I /Users/admin/builder/spi-builder-workspace/.derivedData/Build/Products/Debug-watchos -I /Applications/Xcode-16.3.0.app/Contents/Developer/Platforms/WatchOS.platform/Developer/usr/lib -F /Users/admin/builder/spi-builder-workspace/.derivedData/Build/Products/Debug-watchos -F /Applications/Xcode-16.3.0.app/Contents/Developer/Platforms/WatchOS.platform/Developer/Library/Frameworks -F /Applications/Xcode-16.3.0.app/Contents/Developer/Platforms/WatchOS.platform/Developer/SDKs/WatchOS11.4.sdk/Developer/Library/Frameworks -c -j10 -enable-batch-mode -incremental -Xcc -ivfsstatcache -Xcc /Users/admin/builder/spi-builder-workspace/.derivedData/SDKStatCaches.noindex/watchos11.4-22T246-43efb940ff07ba2497b70ec94253f576.sdkstatcache -output-file-map /Users/admin/builder/spi-builder-workspace/.derivedData/Build/Intermediates.noindex/PodcastAPI.build/Debug-watchos/PodcastAPI.build/Objects-normal/arm64_32/PodcastAPI-OutputFileMap.json -use-frontend-parseable-output -save-temps -no-color-diagnostics -serialize-diagnostics -emit-dependencies -emit-module -emit-module-path /Users/admin/builder/spi-builder-workspace/.derivedData/Build/Intermediates.noindex/PodcastAPI.build/Debug-watchos/PodcastAPI.build/Objects-normal/arm64_32/PodcastAPI.swiftmodule -validate-clang-modules-once -clang-build-session-file /Users/admin/builder/spi-builder-workspace/.derivedData/ModuleCache.noindex/Session.modulevalidation -package-name spi_builder_workspace -Xcc -I/Users/admin/builder/spi-builder-workspace/.derivedData/Build/Intermediates.noindex/PodcastAPI.build/Debug-watchos/PodcastAPI.build/swift-overrides.hmap -emit-const-values -Xfrontend -const-gather-protocols-file -Xfrontend /Users/admin/builder/spi-builder-workspace/.derivedData/Build/Intermediates.noindex/PodcastAPI.build/Debug-watchos/PodcastAPI.build/Objects-normal/arm64_32/PodcastAPI_const_extract_protocols.json -Xcc -I/Users/admin/builder/spi-builder-workspace/.derivedData/Build/Products/Debug-watchos/include -Xcc -I/Users/admin/builder/spi-builder-workspace/.derivedData/Build/Intermediates.noindex/PodcastAPI.build/Debug-watchos/PodcastAPI.build/DerivedSources-normal/arm64_32 -Xcc -I/Users/admin/builder/spi-builder-workspace/.derivedData/Build/Intermediates.noindex/PodcastAPI.build/Debug-watchos/PodcastAPI.build/DerivedSources/arm64_32 -Xcc -I/Users/admin/builder/spi-builder-workspace/.derivedData/Build/Intermediates.noindex/PodcastAPI.build/Debug-watchos/PodcastAPI.build/DerivedSources -Xcc -DSWIFT_PACKAGE -Xcc -DDEBUG\=1 -emit-objc-header -emit-objc-header-path /Users/admin/builder/spi-builder-workspace/.derivedData/Build/Intermediates.noindex/PodcastAPI.build/Debug-watchos/PodcastAPI.build/Objects-normal/arm64_32/PodcastAPI-Swift.h -working-directory /Users/admin/builder/spi-builder-workspace/.swiftpm/xcode -experimental-emit-module-separately -disable-cmo
SwiftDriver PodcastAPI normal arm64 com.apple.xcode.tools.swift.compiler (in target 'PodcastAPI' from project 'PodcastAPI')
    cd /Users/admin/builder/spi-builder-workspace/.swiftpm/xcode
    builtin-SwiftDriver -- /Applications/Xcode-16.3.0.app/Contents/Developer/Toolchains/XcodeDefault.xctoolchain/usr/bin/swiftc -module-name PodcastAPI -Onone -enforce-exclusivity\=checked @/Users/admin/builder/spi-builder-workspace/.derivedData/Build/Intermediates.noindex/PodcastAPI.build/Debug-watchos/PodcastAPI.build/Objects-normal/arm64/PodcastAPI.SwiftFileList -DSWIFT_PACKAGE -DDEBUG -stats-output-dir .stats -plugin-path /Applications/Xcode-16.3.0.app/Contents/Developer/Toolchains/XcodeDefault.xctoolchain/usr/lib/swift/host/plugins/testing -enable-experimental-feature DebugDescriptionMacro -sdk /Applications/Xcode-16.3.0.app/Contents/Developer/Platforms/WatchOS.platform/Developer/SDKs/WatchOS11.4.sdk -target arm64-apple-watchos9.0 -g -module-cache-path /Users/admin/builder/spi-builder-workspace/.derivedData/ModuleCache.noindex -Xfrontend -serialize-debugging-options -profile-coverage-mapping -profile-generate -enable-testing -index-store-path /Users/admin/builder/spi-builder-workspace/.derivedData/Index.noindex/DataStore -swift-version 6 -I /Users/admin/builder/spi-builder-workspace/.derivedData/Build/Products/Debug-watchos -I /Applications/Xcode-16.3.0.app/Contents/Developer/Platforms/WatchOS.platform/Developer/usr/lib -F /Users/admin/builder/spi-builder-workspace/.derivedData/Build/Products/Debug-watchos -F /Applications/Xcode-16.3.0.app/Contents/Developer/Platforms/WatchOS.platform/Developer/Library/Frameworks -F /Applications/Xcode-16.3.0.app/Contents/Developer/Platforms/WatchOS.platform/Developer/SDKs/WatchOS11.4.sdk/Developer/Library/Frameworks -c -j10 -enable-batch-mode -incremental -Xcc -ivfsstatcache -Xcc /Users/admin/builder/spi-builder-workspace/.derivedData/SDKStatCaches.noindex/watchos11.4-22T246-43efb940ff07ba2497b70ec94253f576.sdkstatcache -output-file-map /Users/admin/builder/spi-builder-workspace/.derivedData/Build/Intermediates.noindex/PodcastAPI.build/Debug-watchos/PodcastAPI.build/Objects-normal/arm64/PodcastAPI-OutputFileMap.json -use-frontend-parseable-output -save-temps -no-color-diagnostics -serialize-diagnostics -emit-dependencies -emit-module -emit-module-path /Users/admin/builder/spi-builder-workspace/.derivedData/Build/Intermediates.noindex/PodcastAPI.build/Debug-watchos/PodcastAPI.build/Objects-normal/arm64/PodcastAPI.swiftmodule -validate-clang-modules-once -clang-build-session-file /Users/admin/builder/spi-builder-workspace/.derivedData/ModuleCache.noindex/Session.modulevalidation -package-name spi_builder_workspace -Xcc -I/Users/admin/builder/spi-builder-workspace/.derivedData/Build/Intermediates.noindex/PodcastAPI.build/Debug-watchos/PodcastAPI.build/swift-overrides.hmap -emit-const-values -Xfrontend -const-gather-protocols-file -Xfrontend /Users/admin/builder/spi-builder-workspace/.derivedData/Build/Intermediates.noindex/PodcastAPI.build/Debug-watchos/PodcastAPI.build/Objects-normal/arm64/PodcastAPI_const_extract_protocols.json -Xcc -I/Users/admin/builder/spi-builder-workspace/.derivedData/Build/Products/Debug-watchos/include -Xcc -I/Users/admin/builder/spi-builder-workspace/.derivedData/Build/Intermediates.noindex/PodcastAPI.build/Debug-watchos/PodcastAPI.build/DerivedSources-normal/arm64 -Xcc -I/Users/admin/builder/spi-builder-workspace/.derivedData/Build/Intermediates.noindex/PodcastAPI.build/Debug-watchos/PodcastAPI.build/DerivedSources/arm64 -Xcc -I/Users/admin/builder/spi-builder-workspace/.derivedData/Build/Intermediates.noindex/PodcastAPI.build/Debug-watchos/PodcastAPI.build/DerivedSources -Xcc -DSWIFT_PACKAGE -Xcc -DDEBUG\=1 -emit-objc-header -emit-objc-header-path /Users/admin/builder/spi-builder-workspace/.derivedData/Build/Intermediates.noindex/PodcastAPI.build/Debug-watchos/PodcastAPI.build/Objects-normal/arm64/PodcastAPI-Swift.h -working-directory /Users/admin/builder/spi-builder-workspace/.swiftpm/xcode -experimental-emit-module-separately -disable-cmo
SwiftEmitModule normal arm64 Emitting\ module\ for\ PodcastAPI (in target 'PodcastAPI' from project 'PodcastAPI')
EmitSwiftModule normal arm64 (in target 'PodcastAPI' from project 'PodcastAPI')
    cd /Users/admin/builder/spi-builder-workspace/.swiftpm/xcode

SwiftCompile normal arm64 Compiling\ ApiResponse.swift /Users/admin/builder/spi-builder-workspace/Sources/PodcastAPI/ApiResponse.swift (in target 'PodcastAPI' from project 'PodcastAPI')
SwiftCompile normal arm64 /Users/admin/builder/spi-builder-workspace/Sources/PodcastAPI/ApiResponse.swift (in target 'PodcastAPI' from project 'PodcastAPI')
    cd /Users/admin/builder/spi-builder-workspace/.swiftpm/xcode

SwiftEmitModule normal arm64_32 Emitting\ module\ for\ PodcastAPI (in target 'PodcastAPI' from project 'PodcastAPI')
EmitSwiftModule normal arm64_32 (in target 'PodcastAPI' from project 'PodcastAPI')
    cd /Users/admin/builder/spi-builder-workspace/.swiftpm/xcode

SwiftCompile normal arm64 Compiling\ PodcastApiError.swift /Users/admin/builder/spi-builder-workspace/Sources/PodcastAPI/PodcastApiError.swift (in target 'PodcastAPI' from project 'PodcastAPI')
SwiftCompile normal arm64 /Users/admin/builder/spi-builder-workspace/Sources/PodcastAPI/PodcastApiError.swift (in target 'PodcastAPI' from project 'PodcastAPI')
    cd /Users/admin/builder/spi-builder-workspace/.swiftpm/xcode

SwiftCompile normal arm64 Compiling\ PodcastAPI.swift /Users/admin/builder/spi-builder-workspace/Sources/PodcastAPI/PodcastAPI.swift (in target 'PodcastAPI' from project 'PodcastAPI')
SwiftCompile normal arm64 /Users/admin/builder/spi-builder-workspace/Sources/PodcastAPI/PodcastAPI.swift (in target 'PodcastAPI' from project 'PodcastAPI')
    cd /Users/admin/builder/spi-builder-workspace/.swiftpm/xcode

SwiftCompile normal arm64 Compiling\ ApiMethods.swift /Users/admin/builder/spi-builder-workspace/Sources/PodcastAPI/ApiMethods.swift (in target 'PodcastAPI' from project 'PodcastAPI')
SwiftCompile normal arm64 /Users/admin/builder/spi-builder-workspace/Sources/PodcastAPI/ApiMethods.swift (in target 'PodcastAPI' from project 'PodcastAPI')
    cd /Users/admin/builder/spi-builder-workspace/.swiftpm/xcode

SwiftCompile normal arm64_32 Compiling\ PodcastAPI.swift /Users/admin/builder/spi-builder-workspace/Sources/PodcastAPI/PodcastAPI.swift (in target 'PodcastAPI' from project 'PodcastAPI')
SwiftCompile normal arm64_32 /Users/admin/builder/spi-builder-workspace/Sources/PodcastAPI/PodcastAPI.swift (in target 'PodcastAPI' from project 'PodcastAPI')
    cd /Users/admin/builder/spi-builder-workspace/.swiftpm/xcode

SwiftCompile normal arm64_32 Compiling\ PodcastApiError.swift /Users/admin/builder/spi-builder-workspace/Sources/PodcastAPI/PodcastApiError.swift (in target 'PodcastAPI' from project 'PodcastAPI')
SwiftCompile normal arm64_32 /Users/admin/builder/spi-builder-workspace/Sources/PodcastAPI/PodcastApiError.swift (in target 'PodcastAPI' from project 'PodcastAPI')
    cd /Users/admin/builder/spi-builder-workspace/.swiftpm/xcode

SwiftCompile normal arm64_32 Compiling\ SwiftyJSON.swift /Users/admin/builder/spi-builder-workspace/Sources/PodcastAPI/SwiftyJSON.swift (in target 'PodcastAPI' from project 'PodcastAPI')
SwiftCompile normal arm64_32 /Users/admin/builder/spi-builder-workspace/Sources/PodcastAPI/SwiftyJSON.swift (in target 'PodcastAPI' from project 'PodcastAPI')
    cd /Users/admin/builder/spi-builder-workspace/.swiftpm/xcode

SwiftCompile normal arm64 Compiling\ SwiftyJSON.swift /Users/admin/builder/spi-builder-workspace/Sources/PodcastAPI/SwiftyJSON.swift (in target 'PodcastAPI' from project 'PodcastAPI')
SwiftCompile normal arm64 /Users/admin/builder/spi-builder-workspace/Sources/PodcastAPI/SwiftyJSON.swift (in target 'PodcastAPI' from project 'PodcastAPI')
    cd /Users/admin/builder/spi-builder-workspace/.swiftpm/xcode

SwiftCompile normal arm64_32 Compiling\ ApiResponse.swift /Users/admin/builder/spi-builder-workspace/Sources/PodcastAPI/ApiResponse.swift (in target 'PodcastAPI' from project 'PodcastAPI')
SwiftCompile normal arm64_32 /Users/admin/builder/spi-builder-workspace/Sources/PodcastAPI/ApiResponse.swift (in target 'PodcastAPI' from project 'PodcastAPI')
    cd /Users/admin/builder/spi-builder-workspace/.swiftpm/xcode

SwiftDriverJobDiscovery normal arm64_32 Emitting module for PodcastAPI (in target 'PodcastAPI' from project 'PodcastAPI')
SwiftDriver\ Compilation\ Requirements PodcastAPI normal arm64_32 com.apple.xcode.tools.swift.compiler (in target 'PodcastAPI' from project 'PodcastAPI')
    cd /Users/admin/builder/spi-builder-workspace/.swiftpm/xcode
    builtin-Swift-Compilation-Requirements -- /Applications/Xcode-16.3.0.app/Contents/Developer/Toolchains/XcodeDefault.xctoolchain/usr/bin/swiftc -module-name PodcastAPI -Onone -enforce-exclusivity\=checked @/Users/admin/builder/spi-builder-workspace/.derivedData/Build/Intermediates.noindex/PodcastAPI.build/Debug-watchos/PodcastAPI.build/Objects-normal/arm64_32/PodcastAPI.SwiftFileList -DSWIFT_PACKAGE -DDEBUG -stats-output-dir .stats -plugin-path /Applications/Xcode-16.3.0.app/Contents/Developer/Toolchains/XcodeDefault.xctoolchain/usr/lib/swift/host/plugins/testing -enable-experimental-feature DebugDescriptionMacro -sdk /Applications/Xcode-16.3.0.app/Contents/Developer/Platforms/WatchOS.platform/Developer/SDKs/WatchOS11.4.sdk -target arm64_32-apple-watchos9.0 -g -module-cache-path /Users/admin/builder/spi-builder-workspace/.derivedData/ModuleCache.noindex -Xfrontend -serialize-debugging-options -profile-coverage-mapping -profile-generate -enable-testing -index-store-path /Users/admin/builder/spi-builder-workspace/.derivedData/Index.noindex/DataStore -swift-version 6 -I /Users/admin/builder/spi-builder-workspace/.derivedData/Build/Products/Debug-watchos -I /Applications/Xcode-16.3.0.app/Contents/Developer/Platforms/WatchOS.platform/Developer/usr/lib -F /Users/admin/builder/spi-builder-workspace/.derivedData/Build/Products/Debug-watchos -F /Applications/Xcode-16.3.0.app/Contents/Developer/Platforms/WatchOS.platform/Developer/Library/Frameworks -F /Applications/Xcode-16.3.0.app/Contents/Developer/Platforms/WatchOS.platform/Developer/SDKs/WatchOS11.4.sdk/Developer/Library/Frameworks -c -j10 -enable-batch-mode -incremental -Xcc -ivfsstatcache -Xcc /Users/admin/builder/spi-builder-workspace/.derivedData/SDKStatCaches.noindex/watchos11.4-22T246-43efb940ff07ba2497b70ec94253f576.sdkstatcache -output-file-map /Users/admin/builder/spi-builder-workspace/.derivedData/Build/Intermediates.noindex/PodcastAPI.build/Debug-watchos/PodcastAPI.build/Objects-normal/arm64_32/PodcastAPI-OutputFileMap.json -use-frontend-parseable-output -save-temps -no-color-diagnostics -serialize-diagnostics -emit-dependencies -emit-module -emit-module-path /Users/admin/builder/spi-builder-workspace/.derivedData/Build/Intermediates.noindex/PodcastAPI.build/Debug-watchos/PodcastAPI.build/Objects-normal/arm64_32/PodcastAPI.swiftmodule -validate-clang-modules-once -clang-build-session-file /Users/admin/builder/spi-builder-workspace/.derivedData/ModuleCache.noindex/Session.modulevalidation -package-name spi_builder_workspace -Xcc -I/Users/admin/builder/spi-builder-workspace/.derivedData/Build/Intermediates.noindex/PodcastAPI.build/Debug-watchos/PodcastAPI.build/swift-overrides.hmap -emit-const-values -Xfrontend -const-gather-protocols-file -Xfrontend /Users/admin/builder/spi-builder-workspace/.derivedData/Build/Intermediates.noindex/PodcastAPI.build/Debug-watchos/PodcastAPI.build/Objects-normal/arm64_32/PodcastAPI_const_extract_protocols.json -Xcc -I/Users/admin/builder/spi-builder-workspace/.derivedData/Build/Products/Debug-watchos/include -Xcc -I/Users/admin/builder/spi-builder-workspace/.derivedData/Build/Intermediates.noindex/PodcastAPI.build/Debug-watchos/PodcastAPI.build/DerivedSources-normal/arm64_32 -Xcc -I/Users/admin/builder/spi-builder-workspace/.derivedData/Build/Intermediates.noindex/PodcastAPI.build/Debug-watchos/PodcastAPI.build/DerivedSources/arm64_32 -Xcc -I/Users/admin/builder/spi-builder-workspace/.derivedData/Build/Intermediates.noindex/PodcastAPI.build/Debug-watchos/PodcastAPI.build/DerivedSources -Xcc -DSWIFT_PACKAGE -Xcc -DDEBUG\=1 -emit-objc-header -emit-objc-header-path /Users/admin/builder/spi-builder-workspace/.derivedData/Build/Intermediates.noindex/PodcastAPI.build/Debug-watchos/PodcastAPI.build/Objects-normal/arm64_32/PodcastAPI-Swift.h -working-directory /Users/admin/builder/spi-builder-workspace/.swiftpm/xcode -experimental-emit-module-separately -disable-cmo
SwiftDriverJobDiscovery normal arm64 Emitting module for PodcastAPI (in target 'PodcastAPI' from project 'PodcastAPI')
SwiftDriver\ Compilation\ Requirements PodcastAPI normal arm64 com.apple.xcode.tools.swift.compiler (in target 'PodcastAPI' from project 'PodcastAPI')
    cd /Users/admin/builder/spi-builder-workspace/.swiftpm/xcode
    builtin-Swift-Compilation-Requirements -- /Applications/Xcode-16.3.0.app/Contents/Developer/Toolchains/XcodeDefault.xctoolchain/usr/bin/swiftc -module-name PodcastAPI -Onone -enforce-exclusivity\=checked @/Users/admin/builder/spi-builder-workspace/.derivedData/Build/Intermediates.noindex/PodcastAPI.build/Debug-watchos/PodcastAPI.build/Objects-normal/arm64/PodcastAPI.SwiftFileList -DSWIFT_PACKAGE -DDEBUG -stats-output-dir .stats -plugin-path /Applications/Xcode-16.3.0.app/Contents/Developer/Toolchains/XcodeDefault.xctoolchain/usr/lib/swift/host/plugins/testing -enable-experimental-feature DebugDescriptionMacro -sdk /Applications/Xcode-16.3.0.app/Contents/Developer/Platforms/WatchOS.platform/Developer/SDKs/WatchOS11.4.sdk -target arm64-apple-watchos9.0 -g -module-cache-path /Users/admin/builder/spi-builder-workspace/.derivedData/ModuleCache.noindex -Xfrontend -serialize-debugging-options -profile-coverage-mapping -profile-generate -enable-testing -index-store-path /Users/admin/builder/spi-builder-workspace/.derivedData/Index.noindex/DataStore -swift-version 6 -I /Users/admin/builder/spi-builder-workspace/.derivedData/Build/Products/Debug-watchos -I /Applications/Xcode-16.3.0.app/Contents/Developer/Platforms/WatchOS.platform/Developer/usr/lib -F /Users/admin/builder/spi-builder-workspace/.derivedData/Build/Products/Debug-watchos -F /Applications/Xcode-16.3.0.app/Contents/Developer/Platforms/WatchOS.platform/Developer/Library/Frameworks -F /Applications/Xcode-16.3.0.app/Contents/Developer/Platforms/WatchOS.platform/Developer/SDKs/WatchOS11.4.sdk/Developer/Library/Frameworks -c -j10 -enable-batch-mode -incremental -Xcc -ivfsstatcache -Xcc /Users/admin/builder/spi-builder-workspace/.derivedData/SDKStatCaches.noindex/watchos11.4-22T246-43efb940ff07ba2497b70ec94253f576.sdkstatcache -output-file-map /Users/admin/builder/spi-builder-workspace/.derivedData/Build/Intermediates.noindex/PodcastAPI.build/Debug-watchos/PodcastAPI.build/Objects-normal/arm64/PodcastAPI-OutputFileMap.json -use-frontend-parseable-output -save-temps -no-color-diagnostics -serialize-diagnostics -emit-dependencies -emit-module -emit-module-path /Users/admin/builder/spi-builder-workspace/.derivedData/Build/Intermediates.noindex/PodcastAPI.build/Debug-watchos/PodcastAPI.build/Objects-normal/arm64/PodcastAPI.swiftmodule -validate-clang-modules-once -clang-build-session-file /Users/admin/builder/spi-builder-workspace/.derivedData/ModuleCache.noindex/Session.modulevalidation -package-name spi_builder_workspace -Xcc -I/Users/admin/builder/spi-builder-workspace/.derivedData/Build/Intermediates.noindex/PodcastAPI.build/Debug-watchos/PodcastAPI.build/swift-overrides.hmap -emit-const-values -Xfrontend -const-gather-protocols-file -Xfrontend /Users/admin/builder/spi-builder-workspace/.derivedData/Build/Intermediates.noindex/PodcastAPI.build/Debug-watchos/PodcastAPI.build/Objects-normal/arm64/PodcastAPI_const_extract_protocols.json -Xcc -I/Users/admin/builder/spi-builder-workspace/.derivedData/Build/Products/Debug-watchos/include -Xcc -I/Users/admin/builder/spi-builder-workspace/.derivedData/Build/Intermediates.noindex/PodcastAPI.build/Debug-watchos/PodcastAPI.build/DerivedSources-normal/arm64 -Xcc -I/Users/admin/builder/spi-builder-workspace/.derivedData/Build/Intermediates.noindex/PodcastAPI.build/Debug-watchos/PodcastAPI.build/DerivedSources/arm64 -Xcc -I/Users/admin/builder/spi-builder-workspace/.derivedData/Build/Intermediates.noindex/PodcastAPI.build/Debug-watchos/PodcastAPI.build/DerivedSources -Xcc -DSWIFT_PACKAGE -Xcc -DDEBUG\=1 -emit-objc-header -emit-objc-header-path /Users/admin/builder/spi-builder-workspace/.derivedData/Build/Intermediates.noindex/PodcastAPI.build/Debug-watchos/PodcastAPI.build/Objects-normal/arm64/PodcastAPI-Swift.h -working-directory /Users/admin/builder/spi-builder-workspace/.swiftpm/xcode -experimental-emit-module-separately -disable-cmo
SwiftCompile normal arm64_32 Compiling\ ApiMethods.swift /Users/admin/builder/spi-builder-workspace/Sources/PodcastAPI/ApiMethods.swift (in target 'PodcastAPI' from project 'PodcastAPI')
SwiftCompile normal arm64_32 /Users/admin/builder/spi-builder-workspace/Sources/PodcastAPI/ApiMethods.swift (in target 'PodcastAPI' from project 'PodcastAPI')
    cd /Users/admin/builder/spi-builder-workspace/.swiftpm/xcode

SwiftMergeGeneratedHeaders /Users/admin/builder/spi-builder-workspace/.derivedData/Build/Intermediates.noindex/GeneratedModuleMaps-watchos/PodcastAPI-Swift.h /Users/admin/builder/spi-builder-workspace/.derivedData/Build/Intermediates.noindex/PodcastAPI.build/Debug-watchos/PodcastAPI.build/Objects-normal/arm64/PodcastAPI-Swift.h /Users/admin/builder/spi-builder-workspace/.derivedData/Build/Intermediates.noindex/PodcastAPI.build/Debug-watchos/PodcastAPI.build/Objects-normal/arm64_32/PodcastAPI-Swift.h (in target 'PodcastAPI' from project 'PodcastAPI')
    cd /Users/admin/builder/spi-builder-workspace
    builtin-swiftHeaderTool -arch arm64 /Users/admin/builder/spi-builder-workspace/.derivedData/Build/Intermediates.noindex/PodcastAPI.build/Debug-watchos/PodcastAPI.build/Objects-normal/arm64/PodcastAPI-Swift.h -arch arm64_32 /Users/admin/builder/spi-builder-workspace/.derivedData/Build/Intermediates.noindex/PodcastAPI.build/Debug-watchos/PodcastAPI.build/Objects-normal/arm64_32/PodcastAPI-Swift.h -o /Users/admin/builder/spi-builder-workspace/.derivedData/Build/Intermediates.noindex/GeneratedModuleMaps-watchos/PodcastAPI-Swift.h
SwiftDriverJobDiscovery normal arm64 Compiling ApiMethods.swift (in target 'PodcastAPI' from project 'PodcastAPI')
Copy /Users/admin/builder/spi-builder-workspace/.derivedData/Build/Products/Debug-watchos/PodcastAPI.swiftmodule/arm64_32-apple-watchos.swiftmodule /Users/admin/builder/spi-builder-workspace/.derivedData/Build/Intermediates.noindex/PodcastAPI.build/Debug-watchos/PodcastAPI.build/Objects-normal/arm64_32/PodcastAPI.swiftmodule (in target 'PodcastAPI' from project 'PodcastAPI')
    cd /Users/admin/builder/spi-builder-workspace
    builtin-copy -exclude .DS_Store -exclude CVS -exclude .svn -exclude .git -exclude .hg -resolve-src-symlinks -rename /Users/admin/builder/spi-builder-workspace/.derivedData/Build/Intermediates.noindex/PodcastAPI.build/Debug-watchos/PodcastAPI.build/Objects-normal/arm64_32/PodcastAPI.swiftmodule /Users/admin/builder/spi-builder-workspace/.derivedData/Build/Products/Debug-watchos/PodcastAPI.swiftmodule/arm64_32-apple-watchos.swiftmodule
Copy /Users/admin/builder/spi-builder-workspace/.derivedData/Build/Products/Debug-watchos/PodcastAPI.swiftmodule/arm64_32-apple-watchos.swiftdoc /Users/admin/builder/spi-builder-workspace/.derivedData/Build/Intermediates.noindex/PodcastAPI.build/Debug-watchos/PodcastAPI.build/Objects-normal/arm64_32/PodcastAPI.swiftdoc (in target 'PodcastAPI' from project 'PodcastAPI')
    cd /Users/admin/builder/spi-builder-workspace
    builtin-copy -exclude .DS_Store -exclude CVS -exclude .svn -exclude .git -exclude .hg -resolve-src-symlinks -rename /Users/admin/builder/spi-builder-workspace/.derivedData/Build/Intermediates.noindex/PodcastAPI.build/Debug-watchos/PodcastAPI.build/Objects-normal/arm64_32/PodcastAPI.swiftdoc /Users/admin/builder/spi-builder-workspace/.derivedData/Build/Products/Debug-watchos/PodcastAPI.swiftmodule/arm64_32-apple-watchos.swiftdoc
SwiftDriverJobDiscovery normal arm64 Compiling PodcastApiError.swift (in target 'PodcastAPI' from project 'PodcastAPI')
Copy /Users/admin/builder/spi-builder-workspace/.derivedData/Build/Products/Debug-watchos/PodcastAPI.swiftmodule/arm64_32-apple-watchos.abi.json /Users/admin/builder/spi-builder-workspace/.derivedData/Build/Intermediates.noindex/PodcastAPI.build/Debug-watchos/PodcastAPI.build/Objects-normal/arm64_32/PodcastAPI.abi.json (in target 'PodcastAPI' from project 'PodcastAPI')
    cd /Users/admin/builder/spi-builder-workspace
    builtin-copy -exclude .DS_Store -exclude CVS -exclude .svn -exclude .git -exclude .hg -resolve-src-symlinks -rename /Users/admin/builder/spi-builder-workspace/.derivedData/Build/Intermediates.noindex/PodcastAPI.build/Debug-watchos/PodcastAPI.build/Objects-normal/arm64_32/PodcastAPI.abi.json /Users/admin/builder/spi-builder-workspace/.derivedData/Build/Products/Debug-watchos/PodcastAPI.swiftmodule/arm64_32-apple-watchos.abi.json
Copy /Users/admin/builder/spi-builder-workspace/.derivedData/Build/Products/Debug-watchos/PodcastAPI.swiftmodule/arm64-apple-watchos.swiftmodule /Users/admin/builder/spi-builder-workspace/.derivedData/Build/Intermediates.noindex/PodcastAPI.build/Debug-watchos/PodcastAPI.build/Objects-normal/arm64/PodcastAPI.swiftmodule (in target 'PodcastAPI' from project 'PodcastAPI')
    cd /Users/admin/builder/spi-builder-workspace
    builtin-copy -exclude .DS_Store -exclude CVS -exclude .svn -exclude .git -exclude .hg -resolve-src-symlinks -rename /Users/admin/builder/spi-builder-workspace/.derivedData/Build/Intermediates.noindex/PodcastAPI.build/Debug-watchos/PodcastAPI.build/Objects-normal/arm64/PodcastAPI.swiftmodule /Users/admin/builder/spi-builder-workspace/.derivedData/Build/Products/Debug-watchos/PodcastAPI.swiftmodule/arm64-apple-watchos.swiftmodule
Copy /Users/admin/builder/spi-builder-workspace/.derivedData/Build/Products/Debug-watchos/PodcastAPI.swiftmodule/arm64-apple-watchos.swiftdoc /Users/admin/builder/spi-builder-workspace/.derivedData/Build/Intermediates.noindex/PodcastAPI.build/Debug-watchos/PodcastAPI.build/Objects-normal/arm64/PodcastAPI.swiftdoc (in target 'PodcastAPI' from project 'PodcastAPI')
    cd /Users/admin/builder/spi-builder-workspace
    builtin-copy -exclude .DS_Store -exclude CVS -exclude .svn -exclude .git -exclude .hg -resolve-src-symlinks -rename /Users/admin/builder/spi-builder-workspace/.derivedData/Build/Intermediates.noindex/PodcastAPI.build/Debug-watchos/PodcastAPI.build/Objects-normal/arm64/PodcastAPI.swiftdoc /Users/admin/builder/spi-builder-workspace/.derivedData/Build/Products/Debug-watchos/PodcastAPI.swiftmodule/arm64-apple-watchos.swiftdoc
SwiftDriverJobDiscovery normal arm64_32 Compiling PodcastApiError.swift (in target 'PodcastAPI' from project 'PodcastAPI')
Copy /Users/admin/builder/spi-builder-workspace/.derivedData/Build/Products/Debug-watchos/PodcastAPI.swiftmodule/arm64-apple-watchos.abi.json /Users/admin/builder/spi-builder-workspace/.derivedData/Build/Intermediates.noindex/PodcastAPI.build/Debug-watchos/PodcastAPI.build/Objects-normal/arm64/PodcastAPI.abi.json (in target 'PodcastAPI' from project 'PodcastAPI')
    cd /Users/admin/builder/spi-builder-workspace
    builtin-copy -exclude .DS_Store -exclude CVS -exclude .svn -exclude .git -exclude .hg -resolve-src-symlinks -rename /Users/admin/builder/spi-builder-workspace/.derivedData/Build/Intermediates.noindex/PodcastAPI.build/Debug-watchos/PodcastAPI.build/Objects-normal/arm64/PodcastAPI.abi.json /Users/admin/builder/spi-builder-workspace/.derivedData/Build/Products/Debug-watchos/PodcastAPI.swiftmodule/arm64-apple-watchos.abi.json
Copy /Users/admin/builder/spi-builder-workspace/.derivedData/Build/Products/Debug-watchos/PodcastAPI.swiftmodule/Project/arm64_32-apple-watchos.swiftsourceinfo /Users/admin/builder/spi-builder-workspace/.derivedData/Build/Intermediates.noindex/PodcastAPI.build/Debug-watchos/PodcastAPI.build/Objects-normal/arm64_32/PodcastAPI.swiftsourceinfo (in target 'PodcastAPI' from project 'PodcastAPI')
    cd /Users/admin/builder/spi-builder-workspace
    builtin-copy -exclude .DS_Store -exclude CVS -exclude .svn -exclude .git -exclude .hg -resolve-src-symlinks -rename /Users/admin/builder/spi-builder-workspace/.derivedData/Build/Intermediates.noindex/PodcastAPI.build/Debug-watchos/PodcastAPI.build/Objects-normal/arm64_32/PodcastAPI.swiftsourceinfo /Users/admin/builder/spi-builder-workspace/.derivedData/Build/Products/Debug-watchos/PodcastAPI.swiftmodule/Project/arm64_32-apple-watchos.swiftsourceinfo
Copy /Users/admin/builder/spi-builder-workspace/.derivedData/Build/Products/Debug-watchos/PodcastAPI.swiftmodule/Project/arm64-apple-watchos.swiftsourceinfo /Users/admin/builder/spi-builder-workspace/.derivedData/Build/Intermediates.noindex/PodcastAPI.build/Debug-watchos/PodcastAPI.build/Objects-normal/arm64/PodcastAPI.swiftsourceinfo (in target 'PodcastAPI' from project 'PodcastAPI')
    cd /Users/admin/builder/spi-builder-workspace
    builtin-copy -exclude .DS_Store -exclude CVS -exclude .svn -exclude .git -exclude .hg -resolve-src-symlinks -rename /Users/admin/builder/spi-builder-workspace/.derivedData/Build/Intermediates.noindex/PodcastAPI.build/Debug-watchos/PodcastAPI.build/Objects-normal/arm64/PodcastAPI.swiftsourceinfo /Users/admin/builder/spi-builder-workspace/.derivedData/Build/Products/Debug-watchos/PodcastAPI.swiftmodule/Project/arm64-apple-watchos.swiftsourceinfo
SwiftDriverJobDiscovery normal arm64 Compiling ApiResponse.swift (in target 'PodcastAPI' from project 'PodcastAPI')
SwiftDriverJobDiscovery normal arm64_32 Compiling ApiResponse.swift (in target 'PodcastAPI' from project 'PodcastAPI')
SwiftDriverJobDiscovery normal arm64 Compiling PodcastAPI.swift (in target 'PodcastAPI' from project 'PodcastAPI')
SwiftDriverJobDiscovery normal arm64_32 Compiling PodcastAPI.swift (in target 'PodcastAPI' from project 'PodcastAPI')
SwiftDriverJobDiscovery normal arm64_32 Compiling ApiMethods.swift (in target 'PodcastAPI' from project 'PodcastAPI')
SwiftDriverJobDiscovery normal arm64_32 Compiling SwiftyJSON.swift (in target 'PodcastAPI' from project 'PodcastAPI')
SwiftDriverJobDiscovery normal arm64 Compiling SwiftyJSON.swift (in target 'PodcastAPI' from project 'PodcastAPI')
SwiftDriver\ Compilation PodcastAPI normal arm64_32 com.apple.xcode.tools.swift.compiler (in target 'PodcastAPI' from project 'PodcastAPI')
    cd /Users/admin/builder/spi-builder-workspace/.swiftpm/xcode
    builtin-Swift-Compilation -- /Applications/Xcode-16.3.0.app/Contents/Developer/Toolchains/XcodeDefault.xctoolchain/usr/bin/swiftc -module-name PodcastAPI -Onone -enforce-exclusivity\=checked @/Users/admin/builder/spi-builder-workspace/.derivedData/Build/Intermediates.noindex/PodcastAPI.build/Debug-watchos/PodcastAPI.build/Objects-normal/arm64_32/PodcastAPI.SwiftFileList -DSWIFT_PACKAGE -DDEBUG -stats-output-dir .stats -plugin-path /Applications/Xcode-16.3.0.app/Contents/Developer/Toolchains/XcodeDefault.xctoolchain/usr/lib/swift/host/plugins/testing -enable-experimental-feature DebugDescriptionMacro -sdk /Applications/Xcode-16.3.0.app/Contents/Developer/Platforms/WatchOS.platform/Developer/SDKs/WatchOS11.4.sdk -target arm64_32-apple-watchos9.0 -g -module-cache-path /Users/admin/builder/spi-builder-workspace/.derivedData/ModuleCache.noindex -Xfrontend -serialize-debugging-options -profile-coverage-mapping -profile-generate -enable-testing -index-store-path /Users/admin/builder/spi-builder-workspace/.derivedData/Index.noindex/DataStore -swift-version 6 -I /Users/admin/builder/spi-builder-workspace/.derivedData/Build/Products/Debug-watchos -I /Applications/Xcode-16.3.0.app/Contents/Developer/Platforms/WatchOS.platform/Developer/usr/lib -F /Users/admin/builder/spi-builder-workspace/.derivedData/Build/Products/Debug-watchos -F /Applications/Xcode-16.3.0.app/Contents/Developer/Platforms/WatchOS.platform/Developer/Library/Frameworks -F /Applications/Xcode-16.3.0.app/Contents/Developer/Platforms/WatchOS.platform/Developer/SDKs/WatchOS11.4.sdk/Developer/Library/Frameworks -c -j10 -enable-batch-mode -incremental -Xcc -ivfsstatcache -Xcc /Users/admin/builder/spi-builder-workspace/.derivedData/SDKStatCaches.noindex/watchos11.4-22T246-43efb940ff07ba2497b70ec94253f576.sdkstatcache -output-file-map /Users/admin/builder/spi-builder-workspace/.derivedData/Build/Intermediates.noindex/PodcastAPI.build/Debug-watchos/PodcastAPI.build/Objects-normal/arm64_32/PodcastAPI-OutputFileMap.json -use-frontend-parseable-output -save-temps -no-color-diagnostics -serialize-diagnostics -emit-dependencies -emit-module -emit-module-path /Users/admin/builder/spi-builder-workspace/.derivedData/Build/Intermediates.noindex/PodcastAPI.build/Debug-watchos/PodcastAPI.build/Objects-normal/arm64_32/PodcastAPI.swiftmodule -validate-clang-modules-once -clang-build-session-file /Users/admin/builder/spi-builder-workspace/.derivedData/ModuleCache.noindex/Session.modulevalidation -package-name spi_builder_workspace -Xcc -I/Users/admin/builder/spi-builder-workspace/.derivedData/Build/Intermediates.noindex/PodcastAPI.build/Debug-watchos/PodcastAPI.build/swift-overrides.hmap -emit-const-values -Xfrontend -const-gather-protocols-file -Xfrontend /Users/admin/builder/spi-builder-workspace/.derivedData/Build/Intermediates.noindex/PodcastAPI.build/Debug-watchos/PodcastAPI.build/Objects-normal/arm64_32/PodcastAPI_const_extract_protocols.json -Xcc -I/Users/admin/builder/spi-builder-workspace/.derivedData/Build/Products/Debug-watchos/include -Xcc -I/Users/admin/builder/spi-builder-workspace/.derivedData/Build/Intermediates.noindex/PodcastAPI.build/Debug-watchos/PodcastAPI.build/DerivedSources-normal/arm64_32 -Xcc -I/Users/admin/builder/spi-builder-workspace/.derivedData/Build/Intermediates.noindex/PodcastAPI.build/Debug-watchos/PodcastAPI.build/DerivedSources/arm64_32 -Xcc -I/Users/admin/builder/spi-builder-workspace/.derivedData/Build/Intermediates.noindex/PodcastAPI.build/Debug-watchos/PodcastAPI.build/DerivedSources -Xcc -DSWIFT_PACKAGE -Xcc -DDEBUG\=1 -emit-objc-header -emit-objc-header-path /Users/admin/builder/spi-builder-workspace/.derivedData/Build/Intermediates.noindex/PodcastAPI.build/Debug-watchos/PodcastAPI.build/Objects-normal/arm64_32/PodcastAPI-Swift.h -working-directory /Users/admin/builder/spi-builder-workspace/.swiftpm/xcode -experimental-emit-module-separately -disable-cmo
SwiftDriver\ Compilation PodcastAPI normal arm64 com.apple.xcode.tools.swift.compiler (in target 'PodcastAPI' from project 'PodcastAPI')
    cd /Users/admin/builder/spi-builder-workspace/.swiftpm/xcode
    builtin-Swift-Compilation -- /Applications/Xcode-16.3.0.app/Contents/Developer/Toolchains/XcodeDefault.xctoolchain/usr/bin/swiftc -module-name PodcastAPI -Onone -enforce-exclusivity\=checked @/Users/admin/builder/spi-builder-workspace/.derivedData/Build/Intermediates.noindex/PodcastAPI.build/Debug-watchos/PodcastAPI.build/Objects-normal/arm64/PodcastAPI.SwiftFileList -DSWIFT_PACKAGE -DDEBUG -stats-output-dir .stats -plugin-path /Applications/Xcode-16.3.0.app/Contents/Developer/Toolchains/XcodeDefault.xctoolchain/usr/lib/swift/host/plugins/testing -enable-experimental-feature DebugDescriptionMacro -sdk /Applications/Xcode-16.3.0.app/Contents/Developer/Platforms/WatchOS.platform/Developer/SDKs/WatchOS11.4.sdk -target arm64-apple-watchos9.0 -g -module-cache-path /Users/admin/builder/spi-builder-workspace/.derivedData/ModuleCache.noindex -Xfrontend -serialize-debugging-options -profile-coverage-mapping -profile-generate -enable-testing -index-store-path /Users/admin/builder/spi-builder-workspace/.derivedData/Index.noindex/DataStore -swift-version 6 -I /Users/admin/builder/spi-builder-workspace/.derivedData/Build/Products/Debug-watchos -I /Applications/Xcode-16.3.0.app/Contents/Developer/Platforms/WatchOS.platform/Developer/usr/lib -F /Users/admin/builder/spi-builder-workspace/.derivedData/Build/Products/Debug-watchos -F /Applications/Xcode-16.3.0.app/Contents/Developer/Platforms/WatchOS.platform/Developer/Library/Frameworks -F /Applications/Xcode-16.3.0.app/Contents/Developer/Platforms/WatchOS.platform/Developer/SDKs/WatchOS11.4.sdk/Developer/Library/Frameworks -c -j10 -enable-batch-mode -incremental -Xcc -ivfsstatcache -Xcc /Users/admin/builder/spi-builder-workspace/.derivedData/SDKStatCaches.noindex/watchos11.4-22T246-43efb940ff07ba2497b70ec94253f576.sdkstatcache -output-file-map /Users/admin/builder/spi-builder-workspace/.derivedData/Build/Intermediates.noindex/PodcastAPI.build/Debug-watchos/PodcastAPI.build/Objects-normal/arm64/PodcastAPI-OutputFileMap.json -use-frontend-parseable-output -save-temps -no-color-diagnostics -serialize-diagnostics -emit-dependencies -emit-module -emit-module-path /Users/admin/builder/spi-builder-workspace/.derivedData/Build/Intermediates.noindex/PodcastAPI.build/Debug-watchos/PodcastAPI.build/Objects-normal/arm64/PodcastAPI.swiftmodule -validate-clang-modules-once -clang-build-session-file /Users/admin/builder/spi-builder-workspace/.derivedData/ModuleCache.noindex/Session.modulevalidation -package-name spi_builder_workspace -Xcc -I/Users/admin/builder/spi-builder-workspace/.derivedData/Build/Intermediates.noindex/PodcastAPI.build/Debug-watchos/PodcastAPI.build/swift-overrides.hmap -emit-const-values -Xfrontend -const-gather-protocols-file -Xfrontend /Users/admin/builder/spi-builder-workspace/.derivedData/Build/Intermediates.noindex/PodcastAPI.build/Debug-watchos/PodcastAPI.build/Objects-normal/arm64/PodcastAPI_const_extract_protocols.json -Xcc -I/Users/admin/builder/spi-builder-workspace/.derivedData/Build/Products/Debug-watchos/include -Xcc -I/Users/admin/builder/spi-builder-workspace/.derivedData/Build/Intermediates.noindex/PodcastAPI.build/Debug-watchos/PodcastAPI.build/DerivedSources-normal/arm64 -Xcc -I/Users/admin/builder/spi-builder-workspace/.derivedData/Build/Intermediates.noindex/PodcastAPI.build/Debug-watchos/PodcastAPI.build/DerivedSources/arm64 -Xcc -I/Users/admin/builder/spi-builder-workspace/.derivedData/Build/Intermediates.noindex/PodcastAPI.build/Debug-watchos/PodcastAPI.build/DerivedSources -Xcc -DSWIFT_PACKAGE -Xcc -DDEBUG\=1 -emit-objc-header -emit-objc-header-path /Users/admin/builder/spi-builder-workspace/.derivedData/Build/Intermediates.noindex/PodcastAPI.build/Debug-watchos/PodcastAPI.build/Objects-normal/arm64/PodcastAPI-Swift.h -working-directory /Users/admin/builder/spi-builder-workspace/.swiftpm/xcode -experimental-emit-module-separately -disable-cmo
Ld /Users/admin/builder/spi-builder-workspace/.derivedData/Build/Intermediates.noindex/PodcastAPI.build/Debug-watchos/PodcastAPI.build/Objects-normal/arm64_32/Binary/PodcastAPI.o normal arm64_32 (in target 'PodcastAPI' from project 'PodcastAPI')
    cd /Users/admin/builder/spi-builder-workspace
    /Applications/Xcode-16.3.0.app/Contents/Developer/Toolchains/XcodeDefault.xctoolchain/usr/bin/clang -Xlinker -reproducible -target arm64_32-apple-watchos9.0 -r -isysroot /Applications/Xcode-16.3.0.app/Contents/Developer/Platforms/WatchOS.platform/Developer/SDKs/WatchOS11.4.sdk -O0 -L/Users/admin/builder/spi-builder-workspace/.derivedData/Build/Intermediates.noindex/EagerLinkingTBDs/Debug-watchos -L/Users/admin/builder/spi-builder-workspace/.derivedData/Build/Products/Debug-watchos -L/Applications/Xcode-16.3.0.app/Contents/Developer/Platforms/WatchOS.platform/Developer/usr/lib -F/Users/admin/builder/spi-builder-workspace/.derivedData/Build/Intermediates.noindex/EagerLinkingTBDs/Debug-watchos -F/Users/admin/builder/spi-builder-workspace/.derivedData/Build/Products/Debug-watchos -iframework /Applications/Xcode-16.3.0.app/Contents/Developer/Platforms/WatchOS.platform/Developer/Library/Frameworks -iframework /Applications/Xcode-16.3.0.app/Contents/Developer/Platforms/WatchOS.platform/Developer/SDKs/WatchOS11.4.sdk/Developer/Library/Frameworks -filelist /Users/admin/builder/spi-builder-workspace/.derivedData/Build/Intermediates.noindex/PodcastAPI.build/Debug-watchos/PodcastAPI.build/Objects-normal/arm64_32/PodcastAPI.LinkFileList -nostdlib -Xlinker -object_path_lto -Xlinker /Users/admin/builder/spi-builder-workspace/.derivedData/Build/Intermediates.noindex/PodcastAPI.build/Debug-watchos/PodcastAPI.build/Objects-normal/arm64_32/PodcastAPI_lto.o -rdynamic -Xlinker -no_deduplicate -Xlinker -debug_variant -Xlinker -dependency_info -Xlinker /Users/admin/builder/spi-builder-workspace/.derivedData/Build/Intermediates.noindex/PodcastAPI.build/Debug-watchos/PodcastAPI.build/Objects-normal/arm64_32/PodcastAPI_dependency_info.dat -fobjc-link-runtime -L/Applications/Xcode-16.3.0.app/Contents/Developer/Toolchains/XcodeDefault.xctoolchain/usr/lib/swift/watchos -L/usr/lib/swift -Xlinker -add_ast_path -Xlinker /Users/admin/builder/spi-builder-workspace/.derivedData/Build/Intermediates.noindex/PodcastAPI.build/Debug-watchos/PodcastAPI.build/Objects-normal/arm64_32/PodcastAPI.swiftmodule -o /Users/admin/builder/spi-builder-workspace/.derivedData/Build/Intermediates.noindex/PodcastAPI.build/Debug-watchos/PodcastAPI.build/Objects-normal/arm64_32/Binary/PodcastAPI.o
Ld /Users/admin/builder/spi-builder-workspace/.derivedData/Build/Intermediates.noindex/PodcastAPI.build/Debug-watchos/PodcastAPI.build/Objects-normal/arm64/Binary/PodcastAPI.o normal arm64 (in target 'PodcastAPI' from project 'PodcastAPI')
    cd /Users/admin/builder/spi-builder-workspace
    /Applications/Xcode-16.3.0.app/Contents/Developer/Toolchains/XcodeDefault.xctoolchain/usr/bin/clang -Xlinker -reproducible -target arm64-apple-watchos9.0 -r -isysroot /Applications/Xcode-16.3.0.app/Contents/Developer/Platforms/WatchOS.platform/Developer/SDKs/WatchOS11.4.sdk -O0 -L/Users/admin/builder/spi-builder-workspace/.derivedData/Build/Intermediates.noindex/EagerLinkingTBDs/Debug-watchos -L/Users/admin/builder/spi-builder-workspace/.derivedData/Build/Products/Debug-watchos -L/Applications/Xcode-16.3.0.app/Contents/Developer/Platforms/WatchOS.platform/Developer/usr/lib -F/Users/admin/builder/spi-builder-workspace/.derivedData/Build/Intermediates.noindex/EagerLinkingTBDs/Debug-watchos -F/Users/admin/builder/spi-builder-workspace/.derivedData/Build/Products/Debug-watchos -iframework /Applications/Xcode-16.3.0.app/Contents/Developer/Platforms/WatchOS.platform/Developer/Library/Frameworks -iframework /Applications/Xcode-16.3.0.app/Contents/Developer/Platforms/WatchOS.platform/Developer/SDKs/WatchOS11.4.sdk/Developer/Library/Frameworks -filelist /Users/admin/builder/spi-builder-workspace/.derivedData/Build/Intermediates.noindex/PodcastAPI.build/Debug-watchos/PodcastAPI.build/Objects-normal/arm64/PodcastAPI.LinkFileList -nostdlib -Xlinker -object_path_lto -Xlinker /Users/admin/builder/spi-builder-workspace/.derivedData/Build/Intermediates.noindex/PodcastAPI.build/Debug-watchos/PodcastAPI.build/Objects-normal/arm64/PodcastAPI_lto.o -rdynamic -Xlinker -no_deduplicate -Xlinker -debug_variant -Xlinker -dependency_info -Xlinker /Users/admin/builder/spi-builder-workspace/.derivedData/Build/Intermediates.noindex/PodcastAPI.build/Debug-watchos/PodcastAPI.build/Objects-normal/arm64/PodcastAPI_dependency_info.dat -fobjc-link-runtime -L/Applications/Xcode-16.3.0.app/Contents/Developer/Toolchains/XcodeDefault.xctoolchain/usr/lib/swift/watchos -L/usr/lib/swift -Xlinker -add_ast_path -Xlinker /Users/admin/builder/spi-builder-workspace/.derivedData/Build/Intermediates.noindex/PodcastAPI.build/Debug-watchos/PodcastAPI.build/Objects-normal/arm64/PodcastAPI.swiftmodule -o /Users/admin/builder/spi-builder-workspace/.derivedData/Build/Intermediates.noindex/PodcastAPI.build/Debug-watchos/PodcastAPI.build/Objects-normal/arm64/Binary/PodcastAPI.o
SwiftDriver ExampleCommandLineApp normal arm64 com.apple.xcode.tools.swift.compiler (in target 'ExampleCommandLineApp' from project 'PodcastAPI')
    cd /Users/admin/builder/spi-builder-workspace/.swiftpm/xcode
    builtin-SwiftDriver -- /Applications/Xcode-16.3.0.app/Contents/Developer/Toolchains/XcodeDefault.xctoolchain/usr/bin/swiftc -module-name ExampleCommandLineApp -Onone -enforce-exclusivity\=checked @/Users/admin/builder/spi-builder-workspace/.derivedData/Build/Intermediates.noindex/PodcastAPI.build/Debug-watchos/ExampleCommandLineApp.build/Objects-normal/arm64/ExampleCommandLineApp.SwiftFileList -DSWIFT_PACKAGE -DDEBUG -stats-output-dir .stats -plugin-path /Applications/Xcode-16.3.0.app/Contents/Developer/Toolchains/XcodeDefault.xctoolchain/usr/lib/swift/host/plugins/testing -enable-experimental-feature DebugDescriptionMacro -sdk /Applications/Xcode-16.3.0.app/Contents/Developer/Platforms/WatchOS.platform/Developer/SDKs/WatchOS11.4.sdk -target arm64-apple-watchos9.0 -g -module-cache-path /Users/admin/builder/spi-builder-workspace/.derivedData/ModuleCache.noindex -Xfrontend -serialize-debugging-options -profile-coverage-mapping -profile-generate -enable-testing -index-store-path /Users/admin/builder/spi-builder-workspace/.derivedData/Index.noindex/DataStore -swift-version 6 -I /Users/admin/builder/spi-builder-workspace/.derivedData/Build/Products/Debug-watchos -I /Applications/Xcode-16.3.0.app/Contents/Developer/Platforms/WatchOS.platform/Developer/usr/lib -F /Users/admin/builder/spi-builder-workspace/.derivedData/Build/Products/Debug-watchos/PackageFrameworks -F /Users/admin/builder/spi-builder-workspace/.derivedData/Build/Products/Debug-watchos -F /Applications/Xcode-16.3.0.app/Contents/Developer/Platforms/WatchOS.platform/Developer/Library/Frameworks -F /Applications/Xcode-16.3.0.app/Contents/Developer/Platforms/WatchOS.platform/Developer/SDKs/WatchOS11.4.sdk/Developer/Library/Frameworks -c -j10 -enable-batch-mode -incremental -Xcc -ivfsstatcache -Xcc /Users/admin/builder/spi-builder-workspace/.derivedData/SDKStatCaches.noindex/watchos11.4-22T246-43efb940ff07ba2497b70ec94253f576.sdkstatcache -output-file-map /Users/admin/builder/spi-builder-workspace/.derivedData/Build/Intermediates.noindex/PodcastAPI.build/Debug-watchos/ExampleCommandLineApp.build/Objects-normal/arm64/ExampleCommandLineApp-OutputFileMap.json -use-frontend-parseable-output -save-temps -no-color-diagnostics -serialize-diagnostics -emit-dependencies -emit-module -emit-module-path /Users/admin/builder/spi-builder-workspace/.derivedData/Build/Intermediates.noindex/PodcastAPI.build/Debug-watchos/ExampleCommandLineApp.build/Objects-normal/arm64/ExampleCommandLineApp.swiftmodule -validate-clang-modules-once -clang-build-session-file /Users/admin/builder/spi-builder-workspace/.derivedData/ModuleCache.noindex/Session.modulevalidation -package-name spi_builder_workspace -emit-const-values -Xfrontend -const-gather-protocols-file -Xfrontend /Users/admin/builder/spi-builder-workspace/.derivedData/Build/Intermediates.noindex/PodcastAPI.build/Debug-watchos/ExampleCommandLineApp.build/Objects-normal/arm64/ExampleCommandLineApp_const_extract_protocols.json -Xcc -I/Users/admin/builder/spi-builder-workspace/.derivedData/Build/Products/Debug-watchos/include -Xcc -I/Users/admin/builder/spi-builder-workspace/.derivedData/Build/Intermediates.noindex/PodcastAPI.build/Debug-watchos/ExampleCommandLineApp.build/DerivedSources-normal/arm64 -Xcc -I/Users/admin/builder/spi-builder-workspace/.derivedData/Build/Intermediates.noindex/PodcastAPI.build/Debug-watchos/ExampleCommandLineApp.build/DerivedSources/arm64 -Xcc -I/Users/admin/builder/spi-builder-workspace/.derivedData/Build/Intermediates.noindex/PodcastAPI.build/Debug-watchos/ExampleCommandLineApp.build/DerivedSources -Xcc -DSWIFT_PACKAGE -Xcc -DDEBUG\=1 -working-directory /Users/admin/builder/spi-builder-workspace/.swiftpm/xcode -experimental-emit-module-separately -disable-cmo
SwiftDriver ExampleCommandLineApp normal arm64_32 com.apple.xcode.tools.swift.compiler (in target 'ExampleCommandLineApp' from project 'PodcastAPI')
    cd /Users/admin/builder/spi-builder-workspace/.swiftpm/xcode
    builtin-SwiftDriver -- /Applications/Xcode-16.3.0.app/Contents/Developer/Toolchains/XcodeDefault.xctoolchain/usr/bin/swiftc -module-name ExampleCommandLineApp -Onone -enforce-exclusivity\=checked @/Users/admin/builder/spi-builder-workspace/.derivedData/Build/Intermediates.noindex/PodcastAPI.build/Debug-watchos/ExampleCommandLineApp.build/Objects-normal/arm64_32/ExampleCommandLineApp.SwiftFileList -DSWIFT_PACKAGE -DDEBUG -stats-output-dir .stats -plugin-path /Applications/Xcode-16.3.0.app/Contents/Developer/Toolchains/XcodeDefault.xctoolchain/usr/lib/swift/host/plugins/testing -enable-experimental-feature DebugDescriptionMacro -sdk /Applications/Xcode-16.3.0.app/Contents/Developer/Platforms/WatchOS.platform/Developer/SDKs/WatchOS11.4.sdk -target arm64_32-apple-watchos9.0 -g -module-cache-path /Users/admin/builder/spi-builder-workspace/.derivedData/ModuleCache.noindex -Xfrontend -serialize-debugging-options -profile-coverage-mapping -profile-generate -enable-testing -index-store-path /Users/admin/builder/spi-builder-workspace/.derivedData/Index.noindex/DataStore -swift-version 6 -I /Users/admin/builder/spi-builder-workspace/.derivedData/Build/Products/Debug-watchos -I /Applications/Xcode-16.3.0.app/Contents/Developer/Platforms/WatchOS.platform/Developer/usr/lib -F /Users/admin/builder/spi-builder-workspace/.derivedData/Build/Products/Debug-watchos/PackageFrameworks -F /Users/admin/builder/spi-builder-workspace/.derivedData/Build/Products/Debug-watchos -F /Applications/Xcode-16.3.0.app/Contents/Developer/Platforms/WatchOS.platform/Developer/Library/Frameworks -F /Applications/Xcode-16.3.0.app/Contents/Developer/Platforms/WatchOS.platform/Developer/SDKs/WatchOS11.4.sdk/Developer/Library/Frameworks -c -j10 -enable-batch-mode -incremental -Xcc -ivfsstatcache -Xcc /Users/admin/builder/spi-builder-workspace/.derivedData/SDKStatCaches.noindex/watchos11.4-22T246-43efb940ff07ba2497b70ec94253f576.sdkstatcache -output-file-map /Users/admin/builder/spi-builder-workspace/.derivedData/Build/Intermediates.noindex/PodcastAPI.build/Debug-watchos/ExampleCommandLineApp.build/Objects-normal/arm64_32/ExampleCommandLineApp-OutputFileMap.json -use-frontend-parseable-output -save-temps -no-color-diagnostics -serialize-diagnostics -emit-dependencies -emit-module -emit-module-path /Users/admin/builder/spi-builder-workspace/.derivedData/Build/Intermediates.noindex/PodcastAPI.build/Debug-watchos/ExampleCommandLineApp.build/Objects-normal/arm64_32/ExampleCommandLineApp.swiftmodule -validate-clang-modules-once -clang-build-session-file /Users/admin/builder/spi-builder-workspace/.derivedData/ModuleCache.noindex/Session.modulevalidation -package-name spi_builder_workspace -emit-const-values -Xfrontend -const-gather-protocols-file -Xfrontend /Users/admin/builder/spi-builder-workspace/.derivedData/Build/Intermediates.noindex/PodcastAPI.build/Debug-watchos/ExampleCommandLineApp.build/Objects-normal/arm64_32/ExampleCommandLineApp_const_extract_protocols.json -Xcc -I/Users/admin/builder/spi-builder-workspace/.derivedData/Build/Products/Debug-watchos/include -Xcc -I/Users/admin/builder/spi-builder-workspace/.derivedData/Build/Intermediates.noindex/PodcastAPI.build/Debug-watchos/ExampleCommandLineApp.build/DerivedSources-normal/arm64_32 -Xcc -I/Users/admin/builder/spi-builder-workspace/.derivedData/Build/Intermediates.noindex/PodcastAPI.build/Debug-watchos/ExampleCommandLineApp.build/DerivedSources/arm64_32 -Xcc -I/Users/admin/builder/spi-builder-workspace/.derivedData/Build/Intermediates.noindex/PodcastAPI.build/Debug-watchos/ExampleCommandLineApp.build/DerivedSources -Xcc -DSWIFT_PACKAGE -Xcc -DDEBUG\=1 -working-directory /Users/admin/builder/spi-builder-workspace/.swiftpm/xcode -experimental-emit-module-separately -disable-cmo
SwiftEmitModule normal arm64_32 Emitting\ module\ for\ ExampleCommandLineApp (in target 'ExampleCommandLineApp' from project 'PodcastAPI')
SwiftCompile normal arm64_32 /Users/admin/builder/spi-builder-workspace/Sources/ExampleCommandLineApp/main.swift (in target 'ExampleCommandLineApp' from project 'PodcastAPI')
    cd /Users/admin/builder/spi-builder-workspace/.swiftpm/xcode

/Users/admin/builder/spi-builder-workspace/Sources/ExampleCommandLineApp/main.swift:4:1: error: 'main' attribute cannot be used in a module that contains top-level code
@main
^
/Users/admin/builder/spi-builder-workspace/Sources/ExampleCommandLineApp/main.swift:1:1: note: top-level code defined in this source file
import Foundation
^
/Users/admin/builder/spi-builder-workspace/Sources/ExampleCommandLineApp/main.swift:1:1: note: pass '-parse-as-library' to compiler invocation if this is intentional
import Foundation
^
Failed frontend command:
/Applications/Xcode-16.3.0.app/Contents/Developer/Toolchains/XcodeDefault.xctoolchain/usr/bin/swift-frontend -frontend -emit-module -experimental-skip-non-inlinable-function-bodies-without-types /Users/admin/builder/spi-builder-workspace/Sources/ExampleCommandLineApp/main.swift -target arm64_32-apple-watchos9.0 -enable-objc-interop -sdk /Applications/Xcode-16.3.0.app/Contents/Developer/Platforms/WatchOS.platform/Developer/SDKs/WatchOS11.4.sdk -I /Users/admin/builder/spi-builder-workspace/.derivedData/Build/Products/Debug-watchos -I /Applications/Xcode-16.3.0.app/Contents/Developer/Platforms/WatchOS.platform/Developer/usr/lib -F /Users/admin/builder/spi-builder-workspace/.derivedData/Build/Products/Debug-watchos/PackageFrameworks -F /Users/admin/builder/spi-builder-workspace/.derivedData/Build/Products/Debug-watchos -F /Applications/Xcode-16.3.0.app/Contents/Developer/Platforms/WatchOS.platform/Developer/Library/Frameworks -F /Applications/Xcode-16.3.0.app/Contents/Developer/Platforms/WatchOS.platform/Developer/SDKs/WatchOS11.4.sdk/Developer/Library/Frameworks -no-color-diagnostics -enable-testing -g -debug-info-format\=dwarf -dwarf-version\=4 -module-cache-path /Users/admin/builder/spi-builder-workspace/.derivedData/ModuleCache.noindex -profile-generate -profile-coverage-mapping -swift-version 6 -enforce-exclusivity\=checked -stats-output-dir /Users/admin/builder/spi-builder-workspace/.swiftpm/xcode/.stats -Onone -D SWIFT_PACKAGE -D DEBUG -serialize-debugging-options -const-gather-protocols-file /Users/admin/builder/spi-builder-workspace/.derivedData/Build/Intermediates.noindex/PodcastAPI.build/Debug-watchos/ExampleCommandLineApp.build/Objects-normal/arm64_32/ExampleCommandLineApp_const_extract_protocols.json -enable-experimental-feature DebugDescriptionMacro -empty-abi-descriptor -plugin-path /Applications/Xcode-16.3.0.app/Contents/Developer/Toolchains/XcodeDefault.xctoolchain/usr/lib/swift/host/plugins/testing -validate-clang-modules-once -clang-build-session-file /Users/admin/builder/spi-builder-workspace/.derivedData/ModuleCache.noindex/Session.modulevalidation -Xcc -working-directory -Xcc /Users/admin/builder/spi-builder-workspace/.swiftpm/xcode -resource-dir /Applications/Xcode-16.3.0.app/Contents/Developer/Toolchains/XcodeDefault.xctoolchain/usr/lib/swift -enable-anonymous-context-mangled-names -file-compilation-dir /Users/admin/builder/spi-builder-workspace/.swiftpm/xcode -Xcc -ivfsstatcache -Xcc /Users/admin/builder/spi-builder-workspace/.derivedData/SDKStatCaches.noindex/watchos11.4-22T246-43efb940ff07ba2497b70ec94253f576.sdkstatcache -Xcc -I/Users/admin/builder/spi-builder-workspace/.derivedData/Build/Products/Debug-watchos/include -Xcc -I/Users/admin/builder/spi-builder-workspace/.derivedData/Build/Intermediates.noindex/PodcastAPI.build/Debug-watchos/ExampleCommandLineApp.build/DerivedSources-normal/arm64_32 -Xcc -I/Users/admin/builder/spi-builder-workspace/.derivedData/Build/Intermediates.noindex/PodcastAPI.build/Debug-watchos/ExampleCommandLineApp.build/DerivedSources/arm64_32 -Xcc -I/Users/admin/builder/spi-builder-workspace/.derivedData/Build/Intermediates.noindex/PodcastAPI.build/Debug-watchos/ExampleCommandLineApp.build/DerivedSources -Xcc -DSWIFT_PACKAGE -Xcc -DDEBUG\=1 -module-name ExampleCommandLineApp -package-name spi_builder_workspace -frontend-parseable-output -disable-clang-spi -target-sdk-version 11.4 -target-sdk-name watchos11.4 -external-plugin-path /Applications/Xcode-16.3.0.app/Contents/Developer/Platforms/WatchOS.platform/Developer/usr/lib/swift/host/plugins\#/Applications/Xcode-16.3.0.app/Contents/Developer/Platforms/WatchOS.platform/Developer/usr/bin/swift-plugin-server -external-plugin-path /Applications/Xcode-16.3.0.app/Contents/Developer/Platforms/WatchOS.platform/Developer/usr/local/lib/swift/host/plugins\#/Applications/Xcode-16.3.0.app/Contents/Developer/Platforms/WatchOS.platform/Developer/usr/bin/swift-plugin-server -in-process-plugin-server-path /Applications/Xcode-16.3.0.app/Contents/Developer/Toolchains/XcodeDefault.xctoolchain/usr/lib/swift/host/libSwiftInProcPluginServer.dylib -plugin-path /Applications/Xcode-16.3.0.app/Contents/Developer/Toolchains/XcodeDefault.xctoolchain/usr/lib/swift/host/plugins -plugin-path /Applications/Xcode-16.3.0.app/Contents/Developer/Toolchains/XcodeDefault.xctoolchain/usr/local/lib/swift/host/plugins -emit-module-doc-path /Users/admin/builder/spi-builder-workspace/.derivedData/Build/Intermediates.noindex/PodcastAPI.build/Debug-watchos/ExampleCommandLineApp.build/Objects-normal/arm64_32/ExampleCommandLineApp.swiftdoc -emit-module-source-info-path /Users/admin/builder/spi-builder-workspace/.derivedData/Build/Intermediates.noindex/PodcastAPI.build/Debug-watchos/ExampleCommandLineApp.build/Objects-normal/arm64_32/ExampleCommandLineApp.swiftsourceinfo -serialize-diagnostics-path /Users/admin/builder/spi-builder-workspace/.derivedData/Build/Intermediates.noindex/PodcastAPI.build/Debug-watchos/ExampleCommandLineApp.build/Objects-normal/arm64_32/ExampleCommandLineApp-master-emit-module.dia -emit-dependencies-path /Users/admin/builder/spi-builder-workspace/.derivedData/Build/Intermediates.noindex/PodcastAPI.build/Debug-watchos/ExampleCommandLineApp.build/Objects-normal/arm64_32/ExampleCommandLineApp-master-emit-module.d -o /Users/admin/builder/spi-builder-workspace/.derivedData/Build/Intermediates.noindex/PodcastAPI.build/Debug-watchos/ExampleCommandLineApp.build/Objects-normal/arm64_32/ExampleCommandLineApp.swiftmodule -emit-abi-descriptor-path /Users/admin/builder/spi-builder-workspace/.derivedData/Build/Intermediates.noindex/PodcastAPI.build/Debug-watchos/ExampleCommandLineApp.build/Objects-normal/arm64_32/ExampleCommandLineApp.abi.json
SwiftEmitModule normal arm64 Emitting\ module\ for\ ExampleCommandLineApp (in target 'ExampleCommandLineApp' from project 'PodcastAPI')
SwiftCompile normal arm64 /Users/admin/builder/spi-builder-workspace/Sources/ExampleCommandLineApp/main.swift (in target 'ExampleCommandLineApp' from project 'PodcastAPI')
    cd /Users/admin/builder/spi-builder-workspace/.swiftpm/xcode

/Users/admin/builder/spi-builder-workspace/Sources/ExampleCommandLineApp/main.swift:4:1: error: 'main' attribute cannot be used in a module that contains top-level code
@main
^
/Users/admin/builder/spi-builder-workspace/Sources/ExampleCommandLineApp/main.swift:1:1: note: top-level code defined in this source file
import Foundation
^
/Users/admin/builder/spi-builder-workspace/Sources/ExampleCommandLineApp/main.swift:1:1: note: pass '-parse-as-library' to compiler invocation if this is intentional
import Foundation
^
Failed frontend command:
/Applications/Xcode-16.3.0.app/Contents/Developer/Toolchains/XcodeDefault.xctoolchain/usr/bin/swift-frontend -frontend -emit-module -experimental-skip-non-inlinable-function-bodies-without-types /Users/admin/builder/spi-builder-workspace/Sources/ExampleCommandLineApp/main.swift -target arm64-apple-watchos9.0 -Xllvm -aarch64-use-tbi -enable-objc-interop -stack-check -sdk /Applications/Xcode-16.3.0.app/Contents/Developer/Platforms/WatchOS.platform/Developer/SDKs/WatchOS11.4.sdk -I /Users/admin/builder/spi-builder-workspace/.derivedData/Build/Products/Debug-watchos -I /Applications/Xcode-16.3.0.app/Contents/Developer/Platforms/WatchOS.platform/Developer/usr/lib -F /Users/admin/builder/spi-builder-workspace/.derivedData/Build/Products/Debug-watchos/PackageFrameworks -F /Users/admin/builder/spi-builder-workspace/.derivedData/Build/Products/Debug-watchos -F /Applications/Xcode-16.3.0.app/Contents/Developer/Platforms/WatchOS.platform/Developer/Library/Frameworks -F /Applications/Xcode-16.3.0.app/Contents/Developer/Platforms/WatchOS.platform/Developer/SDKs/WatchOS11.4.sdk/Developer/Library/Frameworks -no-color-diagnostics -enable-testing -g -debug-info-format\=dwarf -dwarf-version\=4 -module-cache-path /Users/admin/builder/spi-builder-workspace/.derivedData/ModuleCache.noindex -profile-generate -profile-coverage-mapping -swift-version 6 -enforce-exclusivity\=checked -stats-output-dir /Users/admin/builder/spi-builder-workspace/.swiftpm/xcode/.stats -Onone -D SWIFT_PACKAGE -D DEBUG -serialize-debugging-options -const-gather-protocols-file /Users/admin/builder/spi-builder-workspace/.derivedData/Build/Intermediates.noindex/PodcastAPI.build/Debug-watchos/ExampleCommandLineApp.build/Objects-normal/arm64/ExampleCommandLineApp_const_extract_protocols.json -enable-experimental-feature DebugDescriptionMacro -empty-abi-descriptor -plugin-path /Applications/Xcode-16.3.0.app/Contents/Developer/Toolchains/XcodeDefault.xctoolchain/usr/lib/swift/host/plugins/testing -validate-clang-modules-once -clang-build-session-file /Users/admin/builder/spi-builder-workspace/.derivedData/ModuleCache.noindex/Session.modulevalidation -Xcc -working-directory -Xcc /Users/admin/builder/spi-builder-workspace/.swiftpm/xcode -resource-dir /Applications/Xcode-16.3.0.app/Contents/Developer/Toolchains/XcodeDefault.xctoolchain/usr/lib/swift -enable-anonymous-context-mangled-names -file-compilation-dir /Users/admin/builder/spi-builder-workspace/.swiftpm/xcode -Xcc -ivfsstatcache -Xcc /Users/admin/builder/spi-builder-workspace/.derivedData/SDKStatCaches.noindex/watchos11.4-22T246-43efb940ff07ba2497b70ec94253f576.sdkstatcache -Xcc -I/Users/admin/builder/spi-builder-workspace/.derivedData/Build/Products/Debug-watchos/include -Xcc -I/Users/admin/builder/spi-builder-workspace/.derivedData/Build/Intermediates.noindex/PodcastAPI.build/Debug-watchos/ExampleCommandLineApp.build/DerivedSources-normal/arm64 -Xcc -I/Users/admin/builder/spi-builder-workspace/.derivedData/Build/Intermediates.noindex/PodcastAPI.build/Debug-watchos/ExampleCommandLineApp.build/DerivedSources/arm64 -Xcc -I/Users/admin/builder/spi-builder-workspace/.derivedData/Build/Intermediates.noindex/PodcastAPI.build/Debug-watchos/ExampleCommandLineApp.build/DerivedSources -Xcc -DSWIFT_PACKAGE -Xcc -DDEBUG\=1 -module-name ExampleCommandLineApp -package-name spi_builder_workspace -frontend-parseable-output -disable-clang-spi -target-sdk-version 11.4 -target-sdk-name watchos11.4 -external-plugin-path /Applications/Xcode-16.3.0.app/Contents/Developer/Platforms/WatchOS.platform/Developer/usr/lib/swift/host/plugins\#/Applications/Xcode-16.3.0.app/Contents/Developer/Platforms/WatchOS.platform/Developer/usr/bin/swift-plugin-server -external-plugin-path /Applications/Xcode-16.3.0.app/Contents/Developer/Platforms/WatchOS.platform/Developer/usr/local/lib/swift/host/plugins\#/Applications/Xcode-16.3.0.app/Contents/Developer/Platforms/WatchOS.platform/Developer/usr/bin/swift-plugin-server -in-process-plugin-server-path /Applications/Xcode-16.3.0.app/Contents/Developer/Toolchains/XcodeDefault.xctoolchain/usr/lib/swift/host/libSwiftInProcPluginServer.dylib -plugin-path /Applications/Xcode-16.3.0.app/Contents/Developer/Toolchains/XcodeDefault.xctoolchain/usr/lib/swift/host/plugins -plugin-path /Applications/Xcode-16.3.0.app/Contents/Developer/Toolchains/XcodeDefault.xctoolchain/usr/local/lib/swift/host/plugins -emit-module-doc-path /Users/admin/builder/spi-builder-workspace/.derivedData/Build/Intermediates.noindex/PodcastAPI.build/Debug-watchos/ExampleCommandLineApp.build/Objects-normal/arm64/ExampleCommandLineApp.swiftdoc -emit-module-source-info-path /Users/admin/builder/spi-builder-workspace/.derivedData/Build/Intermediates.noindex/PodcastAPI.build/Debug-watchos/ExampleCommandLineApp.build/Objects-normal/arm64/ExampleCommandLineApp.swiftsourceinfo -serialize-diagnostics-path /Users/admin/builder/spi-builder-workspace/.derivedData/Build/Intermediates.noindex/PodcastAPI.build/Debug-watchos/ExampleCommandLineApp.build/Objects-normal/arm64/ExampleCommandLineApp-master-emit-module.dia -emit-dependencies-path /Users/admin/builder/spi-builder-workspace/.derivedData/Build/Intermediates.noindex/PodcastAPI.build/Debug-watchos/ExampleCommandLineApp.build/Objects-normal/arm64/ExampleCommandLineApp-master-emit-module.d -o /Users/admin/builder/spi-builder-workspace/.derivedData/Build/Intermediates.noindex/PodcastAPI.build/Debug-watchos/ExampleCommandLineApp.build/Objects-normal/arm64/ExampleCommandLineApp.swiftmodule -emit-abi-descriptor-path /Users/admin/builder/spi-builder-workspace/.derivedData/Build/Intermediates.noindex/PodcastAPI.build/Debug-watchos/ExampleCommandLineApp.build/Objects-normal/arm64/ExampleCommandLineApp.abi.json
SwiftCompile normal arm64_32 Compiling\ main.swift /Users/admin/builder/spi-builder-workspace/Sources/ExampleCommandLineApp/main.swift (in target 'ExampleCommandLineApp' from project 'PodcastAPI')
SwiftCompile normal arm64_32 /Users/admin/builder/spi-builder-workspace/Sources/ExampleCommandLineApp/main.swift (in target 'ExampleCommandLineApp' from project 'PodcastAPI')
    cd /Users/admin/builder/spi-builder-workspace/.swiftpm/xcode

SwiftCompile normal arm64 Compiling\ main.swift /Users/admin/builder/spi-builder-workspace/Sources/ExampleCommandLineApp/main.swift (in target 'ExampleCommandLineApp' from project 'PodcastAPI')
SwiftCompile normal arm64 /Users/admin/builder/spi-builder-workspace/Sources/ExampleCommandLineApp/main.swift (in target 'ExampleCommandLineApp' from project 'PodcastAPI')
    cd /Users/admin/builder/spi-builder-workspace/.swiftpm/xcode

CreateUniversalBinary /Users/admin/builder/spi-builder-workspace/.derivedData/Build/Products/Debug-watchos/PodcastAPI.o normal arm64\ arm64_32 (in target 'PodcastAPI' from project 'PodcastAPI')
    cd /Users/admin/builder/spi-builder-workspace
    /Applications/Xcode-16.3.0.app/Contents/Developer/Toolchains/XcodeDefault.xctoolchain/usr/bin/lipo -create /Users/admin/builder/spi-builder-workspace/.derivedData/Build/Intermediates.noindex/PodcastAPI.build/Debug-watchos/PodcastAPI.build/Objects-normal/arm64/Binary/PodcastAPI.o /Users/admin/builder/spi-builder-workspace/.derivedData/Build/Intermediates.noindex/PodcastAPI.build/Debug-watchos/PodcastAPI.build/Objects-normal/arm64_32/Binary/PodcastAPI.o -output /Users/admin/builder/spi-builder-workspace/.derivedData/Build/Products/Debug-watchos/PodcastAPI.o
ExtractAppIntentsMetadata (in target 'PodcastAPI' from project 'PodcastAPI')
    cd /Users/admin/builder/spi-builder-workspace
    /Applications/Xcode-16.3.0.app/Contents/Developer/Toolchains/XcodeDefault.xctoolchain/usr/bin/appintentsmetadataprocessor --toolchain-dir /Applications/Xcode-16.3.0.app/Contents/Developer/Toolchains/XcodeDefault.xctoolchain --module-name PodcastAPI --sdk-root /Applications/Xcode-16.3.0.app/Contents/Developer/Platforms/WatchOS.platform/Developer/SDKs/WatchOS11.4.sdk --xcode-version 16E140 --platform-family watchOS --deployment-target 9.0 --bundle-identifier spi-builder-workspace.PodcastAPI --output /Users/admin/builder/spi-builder-workspace/.derivedData/Build/Products/Debug-watchos/PodcastAPI.appintents --target-triple arm64-apple-watchos9.0 --target-triple arm64_32-apple-watchos9.0 --binary-file /Users/admin/builder/spi-builder-workspace/.derivedData/Build/Products/Debug-watchos/PodcastAPI.o --dependency-file /Users/admin/builder/spi-builder-workspace/.derivedData/Build/Intermediates.noindex/PodcastAPI.build/Debug-watchos/PodcastAPI.build/Objects-normal/arm64/PodcastAPI_dependency_info.dat --dependency-file /Users/admin/builder/spi-builder-workspace/.derivedData/Build/Intermediates.noindex/PodcastAPI.build/Debug-watchos/PodcastAPI.build/Objects-normal/arm64_32/PodcastAPI_dependency_info.dat --stringsdata-file /Users/admin/builder/spi-builder-workspace/.derivedData/Build/Intermediates.noindex/PodcastAPI.build/Debug-watchos/PodcastAPI.build/Objects-normal/arm64/ExtractedAppShortcutsMetadata.stringsdata --stringsdata-file /Users/admin/builder/spi-builder-workspace/.derivedData/Build/Intermediates.noindex/PodcastAPI.build/Debug-watchos/PodcastAPI.build/Objects-normal/arm64_32/ExtractedAppShortcutsMetadata.stringsdata --source-file-list /Users/admin/builder/spi-builder-workspace/.derivedData/Build/Intermediates.noindex/PodcastAPI.build/Debug-watchos/PodcastAPI.build/Objects-normal/arm64/PodcastAPI.SwiftFileList --source-file-list /Users/admin/builder/spi-builder-workspace/.derivedData/Build/Intermediates.noindex/PodcastAPI.build/Debug-watchos/PodcastAPI.build/Objects-normal/arm64_32/PodcastAPI.SwiftFileList --metadata-file-list /Users/admin/builder/spi-builder-workspace/.derivedData/Build/Intermediates.noindex/PodcastAPI.build/Debug-watchos/PodcastAPI.build/PodcastAPI.DependencyMetadataFileList --static-metadata-file-list /Users/admin/builder/spi-builder-workspace/.derivedData/Build/Intermediates.noindex/PodcastAPI.build/Debug-watchos/PodcastAPI.build/PodcastAPI.DependencyStaticMetadataFileList --swift-const-vals-list /Users/admin/builder/spi-builder-workspace/.derivedData/Build/Intermediates.noindex/PodcastAPI.build/Debug-watchos/PodcastAPI.build/Objects-normal/arm64/PodcastAPI.SwiftConstValuesFileList --swift-const-vals-list /Users/admin/builder/spi-builder-workspace/.derivedData/Build/Intermediates.noindex/PodcastAPI.build/Debug-watchos/PodcastAPI.build/Objects-normal/arm64_32/PodcastAPI.SwiftConstValuesFileList --force --compile-time-extraction --deployment-aware-processing --validate-assistant-intents --no-app-shortcuts-localization
** BUILD FAILED **
The following build commands failed:
	SwiftCompile normal arm64_32 /Users/admin/builder/spi-builder-workspace/Sources/ExampleCommandLineApp/main.swift (in target 'ExampleCommandLineApp' from project 'PodcastAPI')
	SwiftEmitModule normal arm64_32 Emitting\ module\ for\ ExampleCommandLineApp (in target 'ExampleCommandLineApp' from project 'PodcastAPI')
	SwiftCompile normal arm64 /Users/admin/builder/spi-builder-workspace/Sources/ExampleCommandLineApp/main.swift (in target 'ExampleCommandLineApp' from project 'PodcastAPI')
	SwiftEmitModule normal arm64 Emitting\ module\ for\ ExampleCommandLineApp (in target 'ExampleCommandLineApp' from project 'PodcastAPI')
	Building workspace spi-builder-workspace with scheme PodcastAPI-Package
(5 failures)
Command line invocation:
    /Applications/Xcode-16.3.0.app/Contents/Developer/usr/bin/xcodebuild -IDEClonedSourcePackagesDirPathOverride=/Users/admin/builder/spi-builder-workspace/.dependencies -resolvePackageDependencies
Resolve Package Graph
Resolved source packages:
  PodcastAPI: /Users/admin/builder/spi-builder-workspace
resolved source packages: PodcastAPI
{
  "dependencies" : [
  ],
  "manifest_display_name" : "PodcastAPI",
  "name" : "PodcastAPI",
  "path" : "/Users/admin/builder/spi-builder-workspace",
  "platforms" : [
    {
      "name" : "macos",
      "version" : "13.0"
    },
    {
      "name" : "ios",
      "version" : "16.0"
    }
  ],
  "products" : [
    {
      "name" : "PodcastAPI",
      "targets" : [
        "PodcastAPI"
      ],
      "type" : {
        "library" : [
          "automatic"
        ]
      }
    },
    {
      "name" : "ExampleCommandLineApp",
      "targets" : [
        "ExampleCommandLineApp"
      ],
      "type" : {
        "executable" : null
      }
    }
  ],
  "targets" : [
    {
      "c99name" : "PodcastAPITests",
      "module_type" : "SwiftTarget",
      "name" : "PodcastAPITests",
      "path" : "Tests/PodcastAPITests",
      "resources" : [
        {
          "path" : "/Users/admin/builder/spi-builder-workspace/Tests/PodcastAPITests/api-contract.json",
          "rule" : {
            "copy" : {
            }
          }
        }
      ],
      "sources" : [
        "MethodDispatch.swift",
        "MockIntegrationTests.swift",
        "PodcastAPITests.swift"
      ],
      "target_dependencies" : [
        "PodcastAPI"
      ],
      "type" : "test"
    },
    {
      "c99name" : "PodcastAPI",
      "module_type" : "SwiftTarget",
      "name" : "PodcastAPI",
      "path" : "Sources/PodcastAPI",
      "product_memberships" : [
        "PodcastAPI",
        "ExampleCommandLineApp"
      ],
      "sources" : [
        "ApiMethods.swift",
        "ApiResponse.swift",
        "PodcastAPI.swift",
        "PodcastApiError.swift",
        "SwiftyJSON.swift"
      ],
      "type" : "library"
    },
    {
      "c99name" : "ExampleCommandLineApp",
      "module_type" : "SwiftTarget",
      "name" : "ExampleCommandLineApp",
      "path" : "Sources/ExampleCommandLineApp",
      "product_memberships" : [
        "ExampleCommandLineApp"
      ],
      "sources" : [
        "main.swift"
      ],
      "target_dependencies" : [
        "PodcastAPI"
      ],
      "type" : "executable"
    }
  ],
  "tools_version" : "6.0"
}
{
  "workspace" : {
    "name" : "spi-builder-workspace",
    "schemes" : [
      "ExampleCommandLineApp",
      "PodcastAPI",
      "PodcastAPI-Package"
    ]
  }
}
Running build ...
env DEVELOPER_DIR=/Applications/Xcode-16.3.0.app xcrun xcodebuild -IDEClonedSourcePackagesDirPathOverride=$PWD/.dependencies -skipMacroValidation -skipPackagePluginValidation -derivedDataPath $PWD/.derivedData build -scheme PodcastAPI-Package -destination generic/platform=watchOS
Command line invocation:
    /Applications/Xcode-16.3.0.app/Contents/Developer/usr/bin/xcodebuild -IDEClonedSourcePackagesDirPathOverride=/Users/admin/builder/spi-builder-workspace/.dependencies -skipMacroValidation -skipPackagePluginValidation -derivedDataPath /Users/admin/builder/spi-builder-workspace/.derivedData build -scheme PodcastAPI-Package -destination generic/platform=watchOS
Resolve Package Graph
Resolved source packages:
  PodcastAPI: /Users/admin/builder/spi-builder-workspace
ComputePackagePrebuildTargetDependencyGraph
Prepare packages
CreateBuildRequest
SendProjectDescription
CreateBuildOperation
ComputeTargetDependencyGraph
note: Building targets in dependency order
note: Target dependency graph (3 targets)
    Target 'ExampleCommandLineApp' in project 'PodcastAPI'
        ➜ Explicit dependency on target 'PodcastAPI' in project 'PodcastAPI'
    Target 'PodcastAPI' in project 'PodcastAPI'
        ➜ Explicit dependency on target 'PodcastAPI' in project 'PodcastAPI'
    Target 'PodcastAPI' in project 'PodcastAPI' (no dependencies)
GatherProvisioningInputs
CreateBuildDescription
ExecuteExternalTool /Applications/Xcode-16.3.0.app/Contents/Developer/Toolchains/XcodeDefault.xctoolchain/usr/bin/clang -v -E -dM -isysroot /Applications/Xcode-16.3.0.app/Contents/Developer/Platforms/WatchOS.platform/Developer/SDKs/WatchOS11.4.sdk -x c -c /dev/null
ExecuteExternalTool /Applications/Xcode-16.3.0.app/Contents/Developer/Toolchains/XcodeDefault.xctoolchain/usr/bin/swiftc --version
ExecuteExternalTool /Applications/Xcode-16.3.0.app/Contents/Developer/Toolchains/XcodeDefault.xctoolchain/usr/bin/ld -version_details
Build description signature: 894580780f54e8a5b2ada0a500f5b95b
Build description path: /Users/admin/builder/spi-builder-workspace/.derivedData/Build/Intermediates.noindex/XCBuildData/894580780f54e8a5b2ada0a500f5b95b.xcbuilddata
ClangStatCache /Applications/Xcode-16.3.0.app/Contents/Developer/Toolchains/XcodeDefault.xctoolchain/usr/bin/clang-stat-cache /Applications/Xcode-16.3.0.app/Contents/Developer/Platforms/WatchOS.platform/Developer/SDKs/WatchOS11.4.sdk /Users/admin/builder/spi-builder-workspace/.derivedData/SDKStatCaches.noindex/watchos11.4-22T246-43efb940ff07ba2497b70ec94253f576.sdkstatcache
    cd /Users/admin/builder/spi-builder-workspace/.swiftpm/xcode
    /Applications/Xcode-16.3.0.app/Contents/Developer/Toolchains/XcodeDefault.xctoolchain/usr/bin/clang-stat-cache /Applications/Xcode-16.3.0.app/Contents/Developer/Platforms/WatchOS.platform/Developer/SDKs/WatchOS11.4.sdk -o /Users/admin/builder/spi-builder-workspace/.derivedData/SDKStatCaches.noindex/watchos11.4-22T246-43efb940ff07ba2497b70ec94253f576.sdkstatcache
SwiftDriver PodcastAPI normal arm64_32 com.apple.xcode.tools.swift.compiler (in target 'PodcastAPI' from project 'PodcastAPI')
    cd /Users/admin/builder/spi-builder-workspace/.swiftpm/xcode
    builtin-SwiftDriver -- /Applications/Xcode-16.3.0.app/Contents/Developer/Toolchains/XcodeDefault.xctoolchain/usr/bin/swiftc -module-name PodcastAPI -Onone -enforce-exclusivity\=checked @/Users/admin/builder/spi-builder-workspace/.derivedData/Build/Intermediates.noindex/PodcastAPI.build/Debug-watchos/PodcastAPI.build/Objects-normal/arm64_32/PodcastAPI.SwiftFileList -DSWIFT_PACKAGE -DDEBUG -DXcode -plugin-path /Applications/Xcode-16.3.0.app/Contents/Developer/Toolchains/XcodeDefault.xctoolchain/usr/lib/swift/host/plugins/testing -enable-experimental-feature DebugDescriptionMacro -sdk /Applications/Xcode-16.3.0.app/Contents/Developer/Platforms/WatchOS.platform/Developer/SDKs/WatchOS11.4.sdk -target arm64_32-apple-watchos9.0 -g -module-cache-path /Users/admin/builder/spi-builder-workspace/.derivedData/ModuleCache.noindex -Xfrontend -serialize-debugging-options -profile-coverage-mapping -profile-generate -enable-testing -index-store-path /Users/admin/builder/spi-builder-workspace/.derivedData/Index.noindex/DataStore -swift-version 6 -I /Users/admin/builder/spi-builder-workspace/.derivedData/Build/Products/Debug-watchos -I /Applications/Xcode-16.3.0.app/Contents/Developer/Platforms/WatchOS.platform/Developer/usr/lib -F /Users/admin/builder/spi-builder-workspace/.derivedData/Build/Products/Debug-watchos -F /Applications/Xcode-16.3.0.app/Contents/Developer/Platforms/WatchOS.platform/Developer/Library/Frameworks -F /Applications/Xcode-16.3.0.app/Contents/Developer/Platforms/WatchOS.platform/Developer/SDKs/WatchOS11.4.sdk/Developer/Library/Frameworks -c -j10 -enable-batch-mode -incremental -Xcc -ivfsstatcache -Xcc /Users/admin/builder/spi-builder-workspace/.derivedData/SDKStatCaches.noindex/watchos11.4-22T246-43efb940ff07ba2497b70ec94253f576.sdkstatcache -output-file-map /Users/admin/builder/spi-builder-workspace/.derivedData/Build/Intermediates.noindex/PodcastAPI.build/Debug-watchos/PodcastAPI.build/Objects-normal/arm64_32/PodcastAPI-OutputFileMap.json -use-frontend-parseable-output -save-temps -no-color-diagnostics -serialize-diagnostics -emit-dependencies -emit-module -emit-module-path /Users/admin/builder/spi-builder-workspace/.derivedData/Build/Intermediates.noindex/PodcastAPI.build/Debug-watchos/PodcastAPI.build/Objects-normal/arm64_32/PodcastAPI.swiftmodule -validate-clang-modules-once -clang-build-session-file /Users/admin/builder/spi-builder-workspace/.derivedData/ModuleCache.noindex/Session.modulevalidation -package-name spi_builder_workspace -Xcc -I/Users/admin/builder/spi-builder-workspace/.derivedData/Build/Intermediates.noindex/PodcastAPI.build/Debug-watchos/PodcastAPI.build/swift-overrides.hmap -emit-const-values -Xfrontend -const-gather-protocols-file -Xfrontend /Users/admin/builder/spi-builder-workspace/.derivedData/Build/Intermediates.noindex/PodcastAPI.build/Debug-watchos/PodcastAPI.build/Objects-normal/arm64_32/PodcastAPI_const_extract_protocols.json -Xcc -I/Users/admin/builder/spi-builder-workspace/.derivedData/Build/Products/Debug-watchos/include -Xcc -I/Users/admin/builder/spi-builder-workspace/.derivedData/Build/Intermediates.noindex/PodcastAPI.build/Debug-watchos/PodcastAPI.build/DerivedSources-normal/arm64_32 -Xcc -I/Users/admin/builder/spi-builder-workspace/.derivedData/Build/Intermediates.noindex/PodcastAPI.build/Debug-watchos/PodcastAPI.build/DerivedSources/arm64_32 -Xcc -I/Users/admin/builder/spi-builder-workspace/.derivedData/Build/Intermediates.noindex/PodcastAPI.build/Debug-watchos/PodcastAPI.build/DerivedSources -Xcc -DSWIFT_PACKAGE -Xcc -DDEBUG\=1 -emit-objc-header -emit-objc-header-path /Users/admin/builder/spi-builder-workspace/.derivedData/Build/Intermediates.noindex/PodcastAPI.build/Debug-watchos/PodcastAPI.build/Objects-normal/arm64_32/PodcastAPI-Swift.h -working-directory /Users/admin/builder/spi-builder-workspace/.swiftpm/xcode -experimental-emit-module-separately -disable-cmo
SwiftDriver PodcastAPI normal arm64 com.apple.xcode.tools.swift.compiler (in target 'PodcastAPI' from project 'PodcastAPI')
    cd /Users/admin/builder/spi-builder-workspace/.swiftpm/xcode
    builtin-SwiftDriver -- /Applications/Xcode-16.3.0.app/Contents/Developer/Toolchains/XcodeDefault.xctoolchain/usr/bin/swiftc -module-name PodcastAPI -Onone -enforce-exclusivity\=checked @/Users/admin/builder/spi-builder-workspace/.derivedData/Build/Intermediates.noindex/PodcastAPI.build/Debug-watchos/PodcastAPI.build/Objects-normal/arm64/PodcastAPI.SwiftFileList -DSWIFT_PACKAGE -DDEBUG -DXcode -plugin-path /Applications/Xcode-16.3.0.app/Contents/Developer/Toolchains/XcodeDefault.xctoolchain/usr/lib/swift/host/plugins/testing -enable-experimental-feature DebugDescriptionMacro -sdk /Applications/Xcode-16.3.0.app/Contents/Developer/Platforms/WatchOS.platform/Developer/SDKs/WatchOS11.4.sdk -target arm64-apple-watchos9.0 -g -module-cache-path /Users/admin/builder/spi-builder-workspace/.derivedData/ModuleCache.noindex -Xfrontend -serialize-debugging-options -profile-coverage-mapping -profile-generate -enable-testing -index-store-path /Users/admin/builder/spi-builder-workspace/.derivedData/Index.noindex/DataStore -swift-version 6 -I /Users/admin/builder/spi-builder-workspace/.derivedData/Build/Products/Debug-watchos -I /Applications/Xcode-16.3.0.app/Contents/Developer/Platforms/WatchOS.platform/Developer/usr/lib -F /Users/admin/builder/spi-builder-workspace/.derivedData/Build/Products/Debug-watchos -F /Applications/Xcode-16.3.0.app/Contents/Developer/Platforms/WatchOS.platform/Developer/Library/Frameworks -F /Applications/Xcode-16.3.0.app/Contents/Developer/Platforms/WatchOS.platform/Developer/SDKs/WatchOS11.4.sdk/Developer/Library/Frameworks -c -j10 -enable-batch-mode -incremental -Xcc -ivfsstatcache -Xcc /Users/admin/builder/spi-builder-workspace/.derivedData/SDKStatCaches.noindex/watchos11.4-22T246-43efb940ff07ba2497b70ec94253f576.sdkstatcache -output-file-map /Users/admin/builder/spi-builder-workspace/.derivedData/Build/Intermediates.noindex/PodcastAPI.build/Debug-watchos/PodcastAPI.build/Objects-normal/arm64/PodcastAPI-OutputFileMap.json -use-frontend-parseable-output -save-temps -no-color-diagnostics -serialize-diagnostics -emit-dependencies -emit-module -emit-module-path /Users/admin/builder/spi-builder-workspace/.derivedData/Build/Intermediates.noindex/PodcastAPI.build/Debug-watchos/PodcastAPI.build/Objects-normal/arm64/PodcastAPI.swiftmodule -validate-clang-modules-once -clang-build-session-file /Users/admin/builder/spi-builder-workspace/.derivedData/ModuleCache.noindex/Session.modulevalidation -package-name spi_builder_workspace -Xcc -I/Users/admin/builder/spi-builder-workspace/.derivedData/Build/Intermediates.noindex/PodcastAPI.build/Debug-watchos/PodcastAPI.build/swift-overrides.hmap -emit-const-values -Xfrontend -const-gather-protocols-file -Xfrontend /Users/admin/builder/spi-builder-workspace/.derivedData/Build/Intermediates.noindex/PodcastAPI.build/Debug-watchos/PodcastAPI.build/Objects-normal/arm64/PodcastAPI_const_extract_protocols.json -Xcc -I/Users/admin/builder/spi-builder-workspace/.derivedData/Build/Products/Debug-watchos/include -Xcc -I/Users/admin/builder/spi-builder-workspace/.derivedData/Build/Intermediates.noindex/PodcastAPI.build/Debug-watchos/PodcastAPI.build/DerivedSources-normal/arm64 -Xcc -I/Users/admin/builder/spi-builder-workspace/.derivedData/Build/Intermediates.noindex/PodcastAPI.build/Debug-watchos/PodcastAPI.build/DerivedSources/arm64 -Xcc -I/Users/admin/builder/spi-builder-workspace/.derivedData/Build/Intermediates.noindex/PodcastAPI.build/Debug-watchos/PodcastAPI.build/DerivedSources -Xcc -DSWIFT_PACKAGE -Xcc -DDEBUG\=1 -emit-objc-header -emit-objc-header-path /Users/admin/builder/spi-builder-workspace/.derivedData/Build/Intermediates.noindex/PodcastAPI.build/Debug-watchos/PodcastAPI.build/Objects-normal/arm64/PodcastAPI-Swift.h -working-directory /Users/admin/builder/spi-builder-workspace/.swiftpm/xcode -experimental-emit-module-separately -disable-cmo
SwiftEmitModule normal arm64_32 Emitting\ module\ for\ PodcastAPI (in target 'PodcastAPI' from project 'PodcastAPI')
EmitSwiftModule normal arm64_32 (in target 'PodcastAPI' from project 'PodcastAPI')
    cd /Users/admin/builder/spi-builder-workspace/.swiftpm/xcode

SwiftCompile normal arm64_32 Compiling\ PodcastApiError.swift /Users/admin/builder/spi-builder-workspace/Sources/PodcastAPI/PodcastApiError.swift (in target 'PodcastAPI' from project 'PodcastAPI')
SwiftCompile normal arm64_32 /Users/admin/builder/spi-builder-workspace/Sources/PodcastAPI/PodcastApiError.swift (in target 'PodcastAPI' from project 'PodcastAPI')
    cd /Users/admin/builder/spi-builder-workspace/.swiftpm/xcode

SwiftCompile normal arm64_32 Compiling\ ApiMethods.swift /Users/admin/builder/spi-builder-workspace/Sources/PodcastAPI/ApiMethods.swift (in target 'PodcastAPI' from project 'PodcastAPI')
SwiftCompile normal arm64_32 /Users/admin/builder/spi-builder-workspace/Sources/PodcastAPI/ApiMethods.swift (in target 'PodcastAPI' from project 'PodcastAPI')
    cd /Users/admin/builder/spi-builder-workspace/.swiftpm/xcode

SwiftCompile normal arm64_32 Compiling\ ApiResponse.swift /Users/admin/builder/spi-builder-workspace/Sources/PodcastAPI/ApiResponse.swift (in target 'PodcastAPI' from project 'PodcastAPI')
SwiftCompile normal arm64_32 /Users/admin/builder/spi-builder-workspace/Sources/PodcastAPI/ApiResponse.swift (in target 'PodcastAPI' from project 'PodcastAPI')
    cd /Users/admin/builder/spi-builder-workspace/.swiftpm/xcode

SwiftCompile normal arm64_32 Compiling\ PodcastAPI.swift /Users/admin/builder/spi-builder-workspace/Sources/PodcastAPI/PodcastAPI.swift (in target 'PodcastAPI' from project 'PodcastAPI')
SwiftCompile normal arm64_32 /Users/admin/builder/spi-builder-workspace/Sources/PodcastAPI/PodcastAPI.swift (in target 'PodcastAPI' from project 'PodcastAPI')
    cd /Users/admin/builder/spi-builder-workspace/.swiftpm/xcode

SwiftCompile normal arm64 Compiling\ ApiResponse.swift /Users/admin/builder/spi-builder-workspace/Sources/PodcastAPI/ApiResponse.swift (in target 'PodcastAPI' from project 'PodcastAPI')
SwiftCompile normal arm64 /Users/admin/builder/spi-builder-workspace/Sources/PodcastAPI/ApiResponse.swift (in target 'PodcastAPI' from project 'PodcastAPI')
    cd /Users/admin/builder/spi-builder-workspace/.swiftpm/xcode

SwiftEmitModule normal arm64 Emitting\ module\ for\ PodcastAPI (in target 'PodcastAPI' from project 'PodcastAPI')
EmitSwiftModule normal arm64 (in target 'PodcastAPI' from project 'PodcastAPI')
    cd /Users/admin/builder/spi-builder-workspace/.swiftpm/xcode

SwiftCompile normal arm64 Compiling\ ApiMethods.swift /Users/admin/builder/spi-builder-workspace/Sources/PodcastAPI/ApiMethods.swift (in target 'PodcastAPI' from project 'PodcastAPI')
SwiftCompile normal arm64 /Users/admin/builder/spi-builder-workspace/Sources/PodcastAPI/ApiMethods.swift (in target 'PodcastAPI' from project 'PodcastAPI')
    cd /Users/admin/builder/spi-builder-workspace/.swiftpm/xcode

SwiftCompile normal arm64_32 Compiling\ SwiftyJSON.swift /Users/admin/builder/spi-builder-workspace/Sources/PodcastAPI/SwiftyJSON.swift (in target 'PodcastAPI' from project 'PodcastAPI')
SwiftCompile normal arm64_32 /Users/admin/builder/spi-builder-workspace/Sources/PodcastAPI/SwiftyJSON.swift (in target 'PodcastAPI' from project 'PodcastAPI')
    cd /Users/admin/builder/spi-builder-workspace/.swiftpm/xcode

SwiftCompile normal arm64 Compiling\ SwiftyJSON.swift /Users/admin/builder/spi-builder-workspace/Sources/PodcastAPI/SwiftyJSON.swift (in target 'PodcastAPI' from project 'PodcastAPI')
SwiftCompile normal arm64 /Users/admin/builder/spi-builder-workspace/Sources/PodcastAPI/SwiftyJSON.swift (in target 'PodcastAPI' from project 'PodcastAPI')
    cd /Users/admin/builder/spi-builder-workspace/.swiftpm/xcode

SwiftCompile normal arm64 Compiling\ PodcastAPI.swift /Users/admin/builder/spi-builder-workspace/Sources/PodcastAPI/PodcastAPI.swift (in target 'PodcastAPI' from project 'PodcastAPI')
SwiftCompile normal arm64 /Users/admin/builder/spi-builder-workspace/Sources/PodcastAPI/PodcastAPI.swift (in target 'PodcastAPI' from project 'PodcastAPI')
    cd /Users/admin/builder/spi-builder-workspace/.swiftpm/xcode

SwiftDriverJobDiscovery normal arm64_32 Compiling PodcastApiError.swift (in target 'PodcastAPI' from project 'PodcastAPI')
SwiftCompile normal arm64 Compiling\ PodcastApiError.swift /Users/admin/builder/spi-builder-workspace/Sources/PodcastAPI/PodcastApiError.swift (in target 'PodcastAPI' from project 'PodcastAPI')
SwiftCompile normal arm64 /Users/admin/builder/spi-builder-workspace/Sources/PodcastAPI/PodcastApiError.swift (in target 'PodcastAPI' from project 'PodcastAPI')
    cd /Users/admin/builder/spi-builder-workspace/.swiftpm/xcode

SwiftDriverJobDiscovery normal arm64_32 Compiling ApiResponse.swift (in target 'PodcastAPI' from project 'PodcastAPI')
SwiftDriverJobDiscovery normal arm64_32 Compiling ApiMethods.swift (in target 'PodcastAPI' from project 'PodcastAPI')
SwiftDriverJobDiscovery normal arm64 Compiling ApiMethods.swift (in target 'PodcastAPI' from project 'PodcastAPI')
SwiftDriverJobDiscovery normal arm64 Compiling ApiResponse.swift (in target 'PodcastAPI' from project 'PodcastAPI')
SwiftDriverJobDiscovery normal arm64_32 Emitting module for PodcastAPI (in target 'PodcastAPI' from project 'PodcastAPI')
SwiftDriver\ Compilation\ Requirements PodcastAPI normal arm64_32 com.apple.xcode.tools.swift.compiler (in target 'PodcastAPI' from project 'PodcastAPI')
    cd /Users/admin/builder/spi-builder-workspace/.swiftpm/xcode
    builtin-Swift-Compilation-Requirements -- /Applications/Xcode-16.3.0.app/Contents/Developer/Toolchains/XcodeDefault.xctoolchain/usr/bin/swiftc -module-name PodcastAPI -Onone -enforce-exclusivity\=checked @/Users/admin/builder/spi-builder-workspace/.derivedData/Build/Intermediates.noindex/PodcastAPI.build/Debug-watchos/PodcastAPI.build/Objects-normal/arm64_32/PodcastAPI.SwiftFileList -DSWIFT_PACKAGE -DDEBUG -DXcode -plugin-path /Applications/Xcode-16.3.0.app/Contents/Developer/Toolchains/XcodeDefault.xctoolchain/usr/lib/swift/host/plugins/testing -enable-experimental-feature DebugDescriptionMacro -sdk /Applications/Xcode-16.3.0.app/Contents/Developer/Platforms/WatchOS.platform/Developer/SDKs/WatchOS11.4.sdk -target arm64_32-apple-watchos9.0 -g -module-cache-path /Users/admin/builder/spi-builder-workspace/.derivedData/ModuleCache.noindex -Xfrontend -serialize-debugging-options -profile-coverage-mapping -profile-generate -enable-testing -index-store-path /Users/admin/builder/spi-builder-workspace/.derivedData/Index.noindex/DataStore -swift-version 6 -I /Users/admin/builder/spi-builder-workspace/.derivedData/Build/Products/Debug-watchos -I /Applications/Xcode-16.3.0.app/Contents/Developer/Platforms/WatchOS.platform/Developer/usr/lib -F /Users/admin/builder/spi-builder-workspace/.derivedData/Build/Products/Debug-watchos -F /Applications/Xcode-16.3.0.app/Contents/Developer/Platforms/WatchOS.platform/Developer/Library/Frameworks -F /Applications/Xcode-16.3.0.app/Contents/Developer/Platforms/WatchOS.platform/Developer/SDKs/WatchOS11.4.sdk/Developer/Library/Frameworks -c -j10 -enable-batch-mode -incremental -Xcc -ivfsstatcache -Xcc /Users/admin/builder/spi-builder-workspace/.derivedData/SDKStatCaches.noindex/watchos11.4-22T246-43efb940ff07ba2497b70ec94253f576.sdkstatcache -output-file-map /Users/admin/builder/spi-builder-workspace/.derivedData/Build/Intermediates.noindex/PodcastAPI.build/Debug-watchos/PodcastAPI.build/Objects-normal/arm64_32/PodcastAPI-OutputFileMap.json -use-frontend-parseable-output -save-temps -no-color-diagnostics -serialize-diagnostics -emit-dependencies -emit-module -emit-module-path /Users/admin/builder/spi-builder-workspace/.derivedData/Build/Intermediates.noindex/PodcastAPI.build/Debug-watchos/PodcastAPI.build/Objects-normal/arm64_32/PodcastAPI.swiftmodule -validate-clang-modules-once -clang-build-session-file /Users/admin/builder/spi-builder-workspace/.derivedData/ModuleCache.noindex/Session.modulevalidation -package-name spi_builder_workspace -Xcc -I/Users/admin/builder/spi-builder-workspace/.derivedData/Build/Intermediates.noindex/PodcastAPI.build/Debug-watchos/PodcastAPI.build/swift-overrides.hmap -emit-const-values -Xfrontend -const-gather-protocols-file -Xfrontend /Users/admin/builder/spi-builder-workspace/.derivedData/Build/Intermediates.noindex/PodcastAPI.build/Debug-watchos/PodcastAPI.build/Objects-normal/arm64_32/PodcastAPI_const_extract_protocols.json -Xcc -I/Users/admin/builder/spi-builder-workspace/.derivedData/Build/Products/Debug-watchos/include -Xcc -I/Users/admin/builder/spi-builder-workspace/.derivedData/Build/Intermediates.noindex/PodcastAPI.build/Debug-watchos/PodcastAPI.build/DerivedSources-normal/arm64_32 -Xcc -I/Users/admin/builder/spi-builder-workspace/.derivedData/Build/Intermediates.noindex/PodcastAPI.build/Debug-watchos/PodcastAPI.build/DerivedSources/arm64_32 -Xcc -I/Users/admin/builder/spi-builder-workspace/.derivedData/Build/Intermediates.noindex/PodcastAPI.build/Debug-watchos/PodcastAPI.build/DerivedSources -Xcc -DSWIFT_PACKAGE -Xcc -DDEBUG\=1 -emit-objc-header -emit-objc-header-path /Users/admin/builder/spi-builder-workspace/.derivedData/Build/Intermediates.noindex/PodcastAPI.build/Debug-watchos/PodcastAPI.build/Objects-normal/arm64_32/PodcastAPI-Swift.h -working-directory /Users/admin/builder/spi-builder-workspace/.swiftpm/xcode -experimental-emit-module-separately -disable-cmo
Copy /Users/admin/builder/spi-builder-workspace/.derivedData/Build/Products/Debug-watchos/PodcastAPI.swiftmodule/arm64_32-apple-watchos.abi.json /Users/admin/builder/spi-builder-workspace/.derivedData/Build/Intermediates.noindex/PodcastAPI.build/Debug-watchos/PodcastAPI.build/Objects-normal/arm64_32/PodcastAPI.abi.json (in target 'PodcastAPI' from project 'PodcastAPI')
    cd /Users/admin/builder/spi-builder-workspace
    builtin-copy -exclude .DS_Store -exclude CVS -exclude .svn -exclude .git -exclude .hg -resolve-src-symlinks -rename /Users/admin/builder/spi-builder-workspace/.derivedData/Build/Intermediates.noindex/PodcastAPI.build/Debug-watchos/PodcastAPI.build/Objects-normal/arm64_32/PodcastAPI.abi.json /Users/admin/builder/spi-builder-workspace/.derivedData/Build/Products/Debug-watchos/PodcastAPI.swiftmodule/arm64_32-apple-watchos.abi.json
SwiftDriverJobDiscovery normal arm64 Emitting module for PodcastAPI (in target 'PodcastAPI' from project 'PodcastAPI')
SwiftDriver\ Compilation\ Requirements PodcastAPI normal arm64 com.apple.xcode.tools.swift.compiler (in target 'PodcastAPI' from project 'PodcastAPI')
    cd /Users/admin/builder/spi-builder-workspace/.swiftpm/xcode
    builtin-Swift-Compilation-Requirements -- /Applications/Xcode-16.3.0.app/Contents/Developer/Toolchains/XcodeDefault.xctoolchain/usr/bin/swiftc -module-name PodcastAPI -Onone -enforce-exclusivity\=checked @/Users/admin/builder/spi-builder-workspace/.derivedData/Build/Intermediates.noindex/PodcastAPI.build/Debug-watchos/PodcastAPI.build/Objects-normal/arm64/PodcastAPI.SwiftFileList -DSWIFT_PACKAGE -DDEBUG -DXcode -plugin-path /Applications/Xcode-16.3.0.app/Contents/Developer/Toolchains/XcodeDefault.xctoolchain/usr/lib/swift/host/plugins/testing -enable-experimental-feature DebugDescriptionMacro -sdk /Applications/Xcode-16.3.0.app/Contents/Developer/Platforms/WatchOS.platform/Developer/SDKs/WatchOS11.4.sdk -target arm64-apple-watchos9.0 -g -module-cache-path /Users/admin/builder/spi-builder-workspace/.derivedData/ModuleCache.noindex -Xfrontend -serialize-debugging-options -profile-coverage-mapping -profile-generate -enable-testing -index-store-path /Users/admin/builder/spi-builder-workspace/.derivedData/Index.noindex/DataStore -swift-version 6 -I /Users/admin/builder/spi-builder-workspace/.derivedData/Build/Products/Debug-watchos -I /Applications/Xcode-16.3.0.app/Contents/Developer/Platforms/WatchOS.platform/Developer/usr/lib -F /Users/admin/builder/spi-builder-workspace/.derivedData/Build/Products/Debug-watchos -F /Applications/Xcode-16.3.0.app/Contents/Developer/Platforms/WatchOS.platform/Developer/Library/Frameworks -F /Applications/Xcode-16.3.0.app/Contents/Developer/Platforms/WatchOS.platform/Developer/SDKs/WatchOS11.4.sdk/Developer/Library/Frameworks -c -j10 -enable-batch-mode -incremental -Xcc -ivfsstatcache -Xcc /Users/admin/builder/spi-builder-workspace/.derivedData/SDKStatCaches.noindex/watchos11.4-22T246-43efb940ff07ba2497b70ec94253f576.sdkstatcache -output-file-map /Users/admin/builder/spi-builder-workspace/.derivedData/Build/Intermediates.noindex/PodcastAPI.build/Debug-watchos/PodcastAPI.build/Objects-normal/arm64/PodcastAPI-OutputFileMap.json -use-frontend-parseable-output -save-temps -no-color-diagnostics -serialize-diagnostics -emit-dependencies -emit-module -emit-module-path /Users/admin/builder/spi-builder-workspace/.derivedData/Build/Intermediates.noindex/PodcastAPI.build/Debug-watchos/PodcastAPI.build/Objects-normal/arm64/PodcastAPI.swiftmodule -validate-clang-modules-once -clang-build-session-file /Users/admin/builder/spi-builder-workspace/.derivedData/ModuleCache.noindex/Session.modulevalidation -package-name spi_builder_workspace -Xcc -I/Users/admin/builder/spi-builder-workspace/.derivedData/Build/Intermediates.noindex/PodcastAPI.build/Debug-watchos/PodcastAPI.build/swift-overrides.hmap -emit-const-values -Xfrontend -const-gather-protocols-file -Xfrontend /Users/admin/builder/spi-builder-workspace/.derivedData/Build/Intermediates.noindex/PodcastAPI.build/Debug-watchos/PodcastAPI.build/Objects-normal/arm64/PodcastAPI_const_extract_protocols.json -Xcc -I/Users/admin/builder/spi-builder-workspace/.derivedData/Build/Products/Debug-watchos/include -Xcc -I/Users/admin/builder/spi-builder-workspace/.derivedData/Build/Intermediates.noindex/PodcastAPI.build/Debug-watchos/PodcastAPI.build/DerivedSources-normal/arm64 -Xcc -I/Users/admin/builder/spi-builder-workspace/.derivedData/Build/Intermediates.noindex/PodcastAPI.build/Debug-watchos/PodcastAPI.build/DerivedSources/arm64 -Xcc -I/Users/admin/builder/spi-builder-workspace/.derivedData/Build/Intermediates.noindex/PodcastAPI.build/Debug-watchos/PodcastAPI.build/DerivedSources -Xcc -DSWIFT_PACKAGE -Xcc -DDEBUG\=1 -emit-objc-header -emit-objc-header-path /Users/admin/builder/spi-builder-workspace/.derivedData/Build/Intermediates.noindex/PodcastAPI.build/Debug-watchos/PodcastAPI.build/Objects-normal/arm64/PodcastAPI-Swift.h -working-directory /Users/admin/builder/spi-builder-workspace/.swiftpm/xcode -experimental-emit-module-separately -disable-cmo
Copy /Users/admin/builder/spi-builder-workspace/.derivedData/Build/Products/Debug-watchos/PodcastAPI.swiftmodule/arm64-apple-watchos.abi.json /Users/admin/builder/spi-builder-workspace/.derivedData/Build/Intermediates.noindex/PodcastAPI.build/Debug-watchos/PodcastAPI.build/Objects-normal/arm64/PodcastAPI.abi.json (in target 'PodcastAPI' from project 'PodcastAPI')
    cd /Users/admin/builder/spi-builder-workspace
    builtin-copy -exclude .DS_Store -exclude CVS -exclude .svn -exclude .git -exclude .hg -resolve-src-symlinks -rename /Users/admin/builder/spi-builder-workspace/.derivedData/Build/Intermediates.noindex/PodcastAPI.build/Debug-watchos/PodcastAPI.build/Objects-normal/arm64/PodcastAPI.abi.json /Users/admin/builder/spi-builder-workspace/.derivedData/Build/Products/Debug-watchos/PodcastAPI.swiftmodule/arm64-apple-watchos.abi.json
SwiftDriver ExampleCommandLineApp normal arm64_32 com.apple.xcode.tools.swift.compiler (in target 'ExampleCommandLineApp' from project 'PodcastAPI')
    cd /Users/admin/builder/spi-builder-workspace/.swiftpm/xcode
    builtin-SwiftDriver -- /Applications/Xcode-16.3.0.app/Contents/Developer/Toolchains/XcodeDefault.xctoolchain/usr/bin/swiftc -module-name ExampleCommandLineApp -Onone -enforce-exclusivity\=checked @/Users/admin/builder/spi-builder-workspace/.derivedData/Build/Intermediates.noindex/PodcastAPI.build/Debug-watchos/ExampleCommandLineApp.build/Objects-normal/arm64_32/ExampleCommandLineApp.SwiftFileList -DSWIFT_PACKAGE -DDEBUG -DXcode -plugin-path /Applications/Xcode-16.3.0.app/Contents/Developer/Toolchains/XcodeDefault.xctoolchain/usr/lib/swift/host/plugins/testing -enable-experimental-feature DebugDescriptionMacro -sdk /Applications/Xcode-16.3.0.app/Contents/Developer/Platforms/WatchOS.platform/Developer/SDKs/WatchOS11.4.sdk -target arm64_32-apple-watchos9.0 -g -module-cache-path /Users/admin/builder/spi-builder-workspace/.derivedData/ModuleCache.noindex -Xfrontend -serialize-debugging-options -profile-coverage-mapping -profile-generate -enable-testing -index-store-path /Users/admin/builder/spi-builder-workspace/.derivedData/Index.noindex/DataStore -swift-version 6 -I /Users/admin/builder/spi-builder-workspace/.derivedData/Build/Products/Debug-watchos -I /Applications/Xcode-16.3.0.app/Contents/Developer/Platforms/WatchOS.platform/Developer/usr/lib -F /Users/admin/builder/spi-builder-workspace/.derivedData/Build/Products/Debug-watchos/PackageFrameworks -F /Users/admin/builder/spi-builder-workspace/.derivedData/Build/Products/Debug-watchos -F /Applications/Xcode-16.3.0.app/Contents/Developer/Platforms/WatchOS.platform/Developer/Library/Frameworks -F /Applications/Xcode-16.3.0.app/Contents/Developer/Platforms/WatchOS.platform/Developer/SDKs/WatchOS11.4.sdk/Developer/Library/Frameworks -c -j10 -enable-batch-mode -incremental -Xcc -ivfsstatcache -Xcc /Users/admin/builder/spi-builder-workspace/.derivedData/SDKStatCaches.noindex/watchos11.4-22T246-43efb940ff07ba2497b70ec94253f576.sdkstatcache -output-file-map /Users/admin/builder/spi-builder-workspace/.derivedData/Build/Intermediates.noindex/PodcastAPI.build/Debug-watchos/ExampleCommandLineApp.build/Objects-normal/arm64_32/ExampleCommandLineApp-OutputFileMap.json -use-frontend-parseable-output -save-temps -no-color-diagnostics -serialize-diagnostics -emit-dependencies -emit-module -emit-module-path /Users/admin/builder/spi-builder-workspace/.derivedData/Build/Intermediates.noindex/PodcastAPI.build/Debug-watchos/ExampleCommandLineApp.build/Objects-normal/arm64_32/ExampleCommandLineApp.swiftmodule -validate-clang-modules-once -clang-build-session-file /Users/admin/builder/spi-builder-workspace/.derivedData/ModuleCache.noindex/Session.modulevalidation -package-name spi_builder_workspace -emit-const-values -Xfrontend -const-gather-protocols-file -Xfrontend /Users/admin/builder/spi-builder-workspace/.derivedData/Build/Intermediates.noindex/PodcastAPI.build/Debug-watchos/ExampleCommandLineApp.build/Objects-normal/arm64_32/ExampleCommandLineApp_const_extract_protocols.json -Xcc -I/Users/admin/builder/spi-builder-workspace/.derivedData/Build/Products/Debug-watchos/include -Xcc -I/Users/admin/builder/spi-builder-workspace/.derivedData/Build/Intermediates.noindex/PodcastAPI.build/Debug-watchos/ExampleCommandLineApp.build/DerivedSources-normal/arm64_32 -Xcc -I/Users/admin/builder/spi-builder-workspace/.derivedData/Build/Intermediates.noindex/PodcastAPI.build/Debug-watchos/ExampleCommandLineApp.build/DerivedSources/arm64_32 -Xcc -I/Users/admin/builder/spi-builder-workspace/.derivedData/Build/Intermediates.noindex/PodcastAPI.build/Debug-watchos/ExampleCommandLineApp.build/DerivedSources -Xcc -DSWIFT_PACKAGE -Xcc -DDEBUG\=1 -working-directory /Users/admin/builder/spi-builder-workspace/.swiftpm/xcode -experimental-emit-module-separately -disable-cmo
SwiftDriver ExampleCommandLineApp normal arm64 com.apple.xcode.tools.swift.compiler (in target 'ExampleCommandLineApp' from project 'PodcastAPI')
    cd /Users/admin/builder/spi-builder-workspace/.swiftpm/xcode
    builtin-SwiftDriver -- /Applications/Xcode-16.3.0.app/Contents/Developer/Toolchains/XcodeDefault.xctoolchain/usr/bin/swiftc -module-name ExampleCommandLineApp -Onone -enforce-exclusivity\=checked @/Users/admin/builder/spi-builder-workspace/.derivedData/Build/Intermediates.noindex/PodcastAPI.build/Debug-watchos/ExampleCommandLineApp.build/Objects-normal/arm64/ExampleCommandLineApp.SwiftFileList -DSWIFT_PACKAGE -DDEBUG -DXcode -plugin-path /Applications/Xcode-16.3.0.app/Contents/Developer/Toolchains/XcodeDefault.xctoolchain/usr/lib/swift/host/plugins/testing -enable-experimental-feature DebugDescriptionMacro -sdk /Applications/Xcode-16.3.0.app/Contents/Developer/Platforms/WatchOS.platform/Developer/SDKs/WatchOS11.4.sdk -target arm64-apple-watchos9.0 -g -module-cache-path /Users/admin/builder/spi-builder-workspace/.derivedData/ModuleCache.noindex -Xfrontend -serialize-debugging-options -profile-coverage-mapping -profile-generate -enable-testing -index-store-path /Users/admin/builder/spi-builder-workspace/.derivedData/Index.noindex/DataStore -swift-version 6 -I /Users/admin/builder/spi-builder-workspace/.derivedData/Build/Products/Debug-watchos -I /Applications/Xcode-16.3.0.app/Contents/Developer/Platforms/WatchOS.platform/Developer/usr/lib -F /Users/admin/builder/spi-builder-workspace/.derivedData/Build/Products/Debug-watchos/PackageFrameworks -F /Users/admin/builder/spi-builder-workspace/.derivedData/Build/Products/Debug-watchos -F /Applications/Xcode-16.3.0.app/Contents/Developer/Platforms/WatchOS.platform/Developer/Library/Frameworks -F /Applications/Xcode-16.3.0.app/Contents/Developer/Platforms/WatchOS.platform/Developer/SDKs/WatchOS11.4.sdk/Developer/Library/Frameworks -c -j10 -enable-batch-mode -incremental -Xcc -ivfsstatcache -Xcc /Users/admin/builder/spi-builder-workspace/.derivedData/SDKStatCaches.noindex/watchos11.4-22T246-43efb940ff07ba2497b70ec94253f576.sdkstatcache -output-file-map /Users/admin/builder/spi-builder-workspace/.derivedData/Build/Intermediates.noindex/PodcastAPI.build/Debug-watchos/ExampleCommandLineApp.build/Objects-normal/arm64/ExampleCommandLineApp-OutputFileMap.json -use-frontend-parseable-output -save-temps -no-color-diagnostics -serialize-diagnostics -emit-dependencies -emit-module -emit-module-path /Users/admin/builder/spi-builder-workspace/.derivedData/Build/Intermediates.noindex/PodcastAPI.build/Debug-watchos/ExampleCommandLineApp.build/Objects-normal/arm64/ExampleCommandLineApp.swiftmodule -validate-clang-modules-once -clang-build-session-file /Users/admin/builder/spi-builder-workspace/.derivedData/ModuleCache.noindex/Session.modulevalidation -package-name spi_builder_workspace -emit-const-values -Xfrontend -const-gather-protocols-file -Xfrontend /Users/admin/builder/spi-builder-workspace/.derivedData/Build/Intermediates.noindex/PodcastAPI.build/Debug-watchos/ExampleCommandLineApp.build/Objects-normal/arm64/ExampleCommandLineApp_const_extract_protocols.json -Xcc -I/Users/admin/builder/spi-builder-workspace/.derivedData/Build/Products/Debug-watchos/include -Xcc -I/Users/admin/builder/spi-builder-workspace/.derivedData/Build/Intermediates.noindex/PodcastAPI.build/Debug-watchos/ExampleCommandLineApp.build/DerivedSources-normal/arm64 -Xcc -I/Users/admin/builder/spi-builder-workspace/.derivedData/Build/Intermediates.noindex/PodcastAPI.build/Debug-watchos/ExampleCommandLineApp.build/DerivedSources/arm64 -Xcc -I/Users/admin/builder/spi-builder-workspace/.derivedData/Build/Intermediates.noindex/PodcastAPI.build/Debug-watchos/ExampleCommandLineApp.build/DerivedSources -Xcc -DSWIFT_PACKAGE -Xcc -DDEBUG\=1 -working-directory /Users/admin/builder/spi-builder-workspace/.swiftpm/xcode -experimental-emit-module-separately -disable-cmo
SwiftEmitModule normal arm64 Emitting\ module\ for\ ExampleCommandLineApp (in target 'ExampleCommandLineApp' from project 'PodcastAPI')
Failed frontend command:
/Applications/Xcode-16.3.0.app/Contents/Developer/Toolchains/XcodeDefault.xctoolchain/usr/bin/swift-frontend -frontend -emit-module -experimental-skip-non-inlinable-function-bodies-without-types /Users/admin/builder/spi-builder-workspace/Sources/ExampleCommandLineApp/main.swift -target arm64-apple-watchos9.0 -Xllvm -aarch64-use-tbi -enable-objc-interop -stack-check -sdk /Applications/Xcode-16.3.0.app/Contents/Developer/Platforms/WatchOS.platform/Developer/SDKs/WatchOS11.4.sdk -I /Users/admin/builder/spi-builder-workspace/.derivedData/Build/Products/Debug-watchos -I /Applications/Xcode-16.3.0.app/Contents/Developer/Platforms/WatchOS.platform/Developer/usr/lib -F /Users/admin/builder/spi-builder-workspace/.derivedData/Build/Products/Debug-watchos/PackageFrameworks -F /Users/admin/builder/spi-builder-workspace/.derivedData/Build/Products/Debug-watchos -F /Applications/Xcode-16.3.0.app/Contents/Developer/Platforms/WatchOS.platform/Developer/Library/Frameworks -F /Applications/Xcode-16.3.0.app/Contents/Developer/Platforms/WatchOS.platform/Developer/SDKs/WatchOS11.4.sdk/Developer/Library/Frameworks -no-color-diagnostics -enable-testing -g -debug-info-format\=dwarf -dwarf-version\=4 -module-cache-path /Users/admin/builder/spi-builder-workspace/.derivedData/ModuleCache.noindex -profile-generate -profile-coverage-mapping -swift-version 6 -enforce-exclusivity\=checked -Onone -D SWIFT_PACKAGE -D DEBUG -D Xcode -serialize-debugging-options -const-gather-protocols-file /Users/admin/builder/spi-builder-workspace/.derivedData/Build/Intermediates.noindex/PodcastAPI.build/Debug-watchos/ExampleCommandLineApp.build/Objects-normal/arm64/ExampleCommandLineApp_const_extract_protocols.json -enable-experimental-feature DebugDescriptionMacro -empty-abi-descriptor -plugin-path /Applications/Xcode-16.3.0.app/Contents/Developer/Toolchains/XcodeDefault.xctoolchain/usr/lib/swift/host/plugins/testing -validate-clang-modules-once -clang-build-session-file /Users/admin/builder/spi-builder-workspace/.derivedData/ModuleCache.noindex/Session.modulevalidation -Xcc -working-directory -Xcc /Users/admin/builder/spi-builder-workspace/.swiftpm/xcode -resource-dir /Applications/Xcode-16.3.0.app/Contents/Developer/Toolchains/XcodeDefault.xctoolchain/usr/lib/swift -enable-anonymous-context-mangled-names -file-compilation-dir /Users/admin/builder/spi-builder-workspace/.swiftpm/xcode -Xcc -ivfsstatcache -Xcc /Users/admin/builder/spi-builder-workspace/.derivedData/SDKStatCaches.noindex/watchos11.4-22T246-43efb940ff07ba2497b70ec94253f576.sdkstatcache -Xcc -I/Users/admin/builder/spi-builder-workspace/.derivedData/Build/Products/Debug-watchos/include -Xcc -I/Users/admin/builder/spi-builder-workspace/.derivedData/Build/Intermediates.noindex/PodcastAPI.build/Debug-watchos/ExampleCommandLineApp.build/DerivedSources-normal/arm64 -Xcc -I/Users/admin/builder/spi-builder-workspace/.derivedData/Build/Intermediates.noindex/PodcastAPI.build/Debug-watchos/ExampleCommandLineApp.build/DerivedSources/arm64 -Xcc -I/Users/admin/builder/spi-builder-workspace/.derivedData/Build/Intermediates.noindex/PodcastAPI.build/Debug-watchos/ExampleCommandLineApp.build/DerivedSources -Xcc -DSWIFT_PACKAGE -Xcc -DDEBUG\=1 -module-name ExampleCommandLineApp -package-name spi_builder_workspace -frontend-parseable-output -disable-clang-spi -target-sdk-version 11.4 -target-sdk-name watchos11.4 -external-plugin-path /Applications/Xcode-16.3.0.app/Contents/Developer/Platforms/WatchOS.platform/Developer/usr/lib/swift/host/plugins\#/Applications/Xcode-16.3.0.app/Contents/Developer/Platforms/WatchOS.platform/Developer/usr/bin/swift-plugin-server -external-plugin-path /Applications/Xcode-16.3.0.app/Contents/Developer/Platforms/WatchOS.platform/Developer/usr/local/lib/swift/host/plugins\#/Applications/Xcode-16.3.0.app/Contents/Developer/Platforms/WatchOS.platform/Developer/usr/bin/swift-plugin-server -in-process-plugin-server-path /Applications/Xcode-16.3.0.app/Contents/Developer/Toolchains/XcodeDefault.xctoolchain/usr/lib/swift/host/libSwiftInProcPluginServer.dylib -plugin-path /Applications/Xcode-16.3.0.app/Contents/Developer/Toolchains/XcodeDefault.xctoolchain/usr/lib/swift/host/plugins -plugin-path /Applications/Xcode-16.3.0.app/Contents/Developer/Toolchains/XcodeDefault.xctoolchain/usr/local/lib/swift/host/plugins -emit-module-doc-path /Users/admin/builder/spi-builder-workspace/.derivedData/Build/Intermediates.noindex/PodcastAPI.build/Debug-watchos/ExampleCommandLineApp.build/Objects-normal/arm64/ExampleCommandLineApp.swiftdoc -emit-module-source-info-path /Users/admin/builder/spi-builder-workspace/.derivedData/Build/Intermediates.noindex/PodcastAPI.build/Debug-watchos/ExampleCommandLineApp.build/Objects-normal/arm64/ExampleCommandLineApp.swiftsourceinfo -serialize-diagnostics-path /Users/admin/builder/spi-builder-workspace/.derivedData/Build/Intermediates.noindex/PodcastAPI.build/Debug-watchos/ExampleCommandLineApp.build/Objects-normal/arm64/ExampleCommandLineApp-master-emit-module.dia -emit-dependencies-path /Users/admin/builder/spi-builder-workspace/.derivedData/Build/Intermediates.noindex/PodcastAPI.build/Debug-watchos/ExampleCommandLineApp.build/Objects-normal/arm64/ExampleCommandLineApp-master-emit-module.d -o /Users/admin/builder/spi-builder-workspace/.derivedData/Build/Intermediates.noindex/PodcastAPI.build/Debug-watchos/ExampleCommandLineApp.build/Objects-normal/arm64/ExampleCommandLineApp.swiftmodule -emit-abi-descriptor-path /Users/admin/builder/spi-builder-workspace/.derivedData/Build/Intermediates.noindex/PodcastAPI.build/Debug-watchos/ExampleCommandLineApp.build/Objects-normal/arm64/ExampleCommandLineApp.abi.json
SwiftCompile normal arm64 /Users/admin/builder/spi-builder-workspace/Sources/ExampleCommandLineApp/main.swift (in target 'ExampleCommandLineApp' from project 'PodcastAPI')
    cd /Users/admin/builder/spi-builder-workspace/.swiftpm/xcode

/Users/admin/builder/spi-builder-workspace/Sources/ExampleCommandLineApp/main.swift:4:1: error: 'main' attribute cannot be used in a module that contains top-level code
@main
^
/Users/admin/builder/spi-builder-workspace/Sources/ExampleCommandLineApp/main.swift:1:1: note: top-level code defined in this source file
import Foundation
^
/Users/admin/builder/spi-builder-workspace/Sources/ExampleCommandLineApp/main.swift:1:1: note: pass '-parse-as-library' to compiler invocation if this is intentional
import Foundation
^
SwiftEmitModule normal arm64_32 Emitting\ module\ for\ ExampleCommandLineApp (in target 'ExampleCommandLineApp' from project 'PodcastAPI')
Failed frontend command:
/Applications/Xcode-16.3.0.app/Contents/Developer/Toolchains/XcodeDefault.xctoolchain/usr/bin/swift-frontend -frontend -emit-module -experimental-skip-non-inlinable-function-bodies-without-types /Users/admin/builder/spi-builder-workspace/Sources/ExampleCommandLineApp/main.swift -target arm64_32-apple-watchos9.0 -enable-objc-interop -sdk /Applications/Xcode-16.3.0.app/Contents/Developer/Platforms/WatchOS.platform/Developer/SDKs/WatchOS11.4.sdk -I /Users/admin/builder/spi-builder-workspace/.derivedData/Build/Products/Debug-watchos -I /Applications/Xcode-16.3.0.app/Contents/Developer/Platforms/WatchOS.platform/Developer/usr/lib -F /Users/admin/builder/spi-builder-workspace/.derivedData/Build/Products/Debug-watchos/PackageFrameworks -F /Users/admin/builder/spi-builder-workspace/.derivedData/Build/Products/Debug-watchos -F /Applications/Xcode-16.3.0.app/Contents/Developer/Platforms/WatchOS.platform/Developer/Library/Frameworks -F /Applications/Xcode-16.3.0.app/Contents/Developer/Platforms/WatchOS.platform/Developer/SDKs/WatchOS11.4.sdk/Developer/Library/Frameworks -no-color-diagnostics -enable-testing -g -debug-info-format\=dwarf -dwarf-version\=4 -module-cache-path /Users/admin/builder/spi-builder-workspace/.derivedData/ModuleCache.noindex -profile-generate -profile-coverage-mapping -swift-version 6 -enforce-exclusivity\=checked -Onone -D SWIFT_PACKAGE -D DEBUG -D Xcode -serialize-debugging-options -const-gather-protocols-file /Users/admin/builder/spi-builder-workspace/.derivedData/Build/Intermediates.noindex/PodcastAPI.build/Debug-watchos/ExampleCommandLineApp.build/Objects-normal/arm64_32/ExampleCommandLineApp_const_extract_protocols.json -enable-experimental-feature DebugDescriptionMacro -empty-abi-descriptor -plugin-path /Applications/Xcode-16.3.0.app/Contents/Developer/Toolchains/XcodeDefault.xctoolchain/usr/lib/swift/host/plugins/testing -validate-clang-modules-once -clang-build-session-file /Users/admin/builder/spi-builder-workspace/.derivedData/ModuleCache.noindex/Session.modulevalidation -Xcc -working-directory -Xcc /Users/admin/builder/spi-builder-workspace/.swiftpm/xcode -resource-dir /Applications/Xcode-16.3.0.app/Contents/Developer/Toolchains/XcodeDefault.xctoolchain/usr/lib/swift -enable-anonymous-context-mangled-names -file-compilation-dir /Users/admin/builder/spi-builder-workspace/.swiftpm/xcode -Xcc -ivfsstatcache -Xcc /Users/admin/builder/spi-builder-workspace/.derivedData/SDKStatCaches.noindex/watchos11.4-22T246-43efb940ff07ba2497b70ec94253f576.sdkstatcache -Xcc -I/Users/admin/builder/spi-builder-workspace/.derivedData/Build/Products/Debug-watchos/include -Xcc -I/Users/admin/builder/spi-builder-workspace/.derivedData/Build/Intermediates.noindex/PodcastAPI.build/Debug-watchos/ExampleCommandLineApp.build/DerivedSources-normal/arm64_32 -Xcc -I/Users/admin/builder/spi-builder-workspace/.derivedData/Build/Intermediates.noindex/PodcastAPI.build/Debug-watchos/ExampleCommandLineApp.build/DerivedSources/arm64_32 -Xcc -I/Users/admin/builder/spi-builder-workspace/.derivedData/Build/Intermediates.noindex/PodcastAPI.build/Debug-watchos/ExampleCommandLineApp.build/DerivedSources -Xcc -DSWIFT_PACKAGE -Xcc -DDEBUG\=1 -module-name ExampleCommandLineApp -package-name spi_builder_workspace -frontend-parseable-output -disable-clang-spi -target-sdk-version 11.4 -target-sdk-name watchos11.4 -external-plugin-path /Applications/Xcode-16.3.0.app/Contents/Developer/Platforms/WatchOS.platform/Developer/usr/lib/swift/host/plugins\#/Applications/Xcode-16.3.0.app/Contents/Developer/Platforms/WatchOS.platform/Developer/usr/bin/swift-plugin-server -external-plugin-path /Applications/Xcode-16.3.0.app/Contents/Developer/Platforms/WatchOS.platform/Developer/usr/local/lib/swift/host/plugins\#/Applications/Xcode-16.3.0.app/Contents/Developer/Platforms/WatchOS.platform/Developer/usr/bin/swift-plugin-server -in-process-plugin-server-path /Applications/Xcode-16.3.0.app/Contents/Developer/Toolchains/XcodeDefault.xctoolchain/usr/lib/swift/host/libSwiftInProcPluginServer.dylib -plugin-path /Applications/Xcode-16.3.0.app/Contents/Developer/Toolchains/XcodeDefault.xctoolchain/usr/lib/swift/host/plugins -plugin-path /Applications/Xcode-16.3.0.app/Contents/Developer/Toolchains/XcodeDefault.xctoolchain/usr/local/lib/swift/host/plugins -emit-module-doc-path /Users/admin/builder/spi-builder-workspace/.derivedData/Build/Intermediates.noindex/PodcastAPI.build/Debug-watchos/ExampleCommandLineApp.build/Objects-normal/arm64_32/ExampleCommandLineApp.swiftdoc -emit-module-source-info-path /Users/admin/builder/spi-builder-workspace/.derivedData/Build/Intermediates.noindex/PodcastAPI.build/Debug-watchos/ExampleCommandLineApp.build/Objects-normal/arm64_32/ExampleCommandLineApp.swiftsourceinfo -serialize-diagnostics-path /Users/admin/builder/spi-builder-workspace/.derivedData/Build/Intermediates.noindex/PodcastAPI.build/Debug-watchos/ExampleCommandLineApp.build/Objects-normal/arm64_32/ExampleCommandLineApp-master-emit-module.dia -emit-dependencies-path /Users/admin/builder/spi-builder-workspace/.derivedData/Build/Intermediates.noindex/PodcastAPI.build/Debug-watchos/ExampleCommandLineApp.build/Objects-normal/arm64_32/ExampleCommandLineApp-master-emit-module.d -o /Users/admin/builder/spi-builder-workspace/.derivedData/Build/Intermediates.noindex/PodcastAPI.build/Debug-watchos/ExampleCommandLineApp.build/Objects-normal/arm64_32/ExampleCommandLineApp.swiftmodule -emit-abi-descriptor-path /Users/admin/builder/spi-builder-workspace/.derivedData/Build/Intermediates.noindex/PodcastAPI.build/Debug-watchos/ExampleCommandLineApp.build/Objects-normal/arm64_32/ExampleCommandLineApp.abi.json
SwiftCompile normal arm64_32 /Users/admin/builder/spi-builder-workspace/Sources/ExampleCommandLineApp/main.swift (in target 'ExampleCommandLineApp' from project 'PodcastAPI')
    cd /Users/admin/builder/spi-builder-workspace/.swiftpm/xcode

/Users/admin/builder/spi-builder-workspace/Sources/ExampleCommandLineApp/main.swift:4:1: error: 'main' attribute cannot be used in a module that contains top-level code
@main
^
/Users/admin/builder/spi-builder-workspace/Sources/ExampleCommandLineApp/main.swift:1:1: note: top-level code defined in this source file
import Foundation
^
/Users/admin/builder/spi-builder-workspace/Sources/ExampleCommandLineApp/main.swift:1:1: note: pass '-parse-as-library' to compiler invocation if this is intentional
import Foundation
^
SwiftCompile normal arm64 Compiling\ main.swift /Users/admin/builder/spi-builder-workspace/Sources/ExampleCommandLineApp/main.swift (in target 'ExampleCommandLineApp' from project 'PodcastAPI')
SwiftCompile normal arm64 /Users/admin/builder/spi-builder-workspace/Sources/ExampleCommandLineApp/main.swift (in target 'ExampleCommandLineApp' from project 'PodcastAPI')
    cd /Users/admin/builder/spi-builder-workspace/.swiftpm/xcode

SwiftCompile normal arm64_32 Compiling\ main.swift /Users/admin/builder/spi-builder-workspace/Sources/ExampleCommandLineApp/main.swift (in target 'ExampleCommandLineApp' from project 'PodcastAPI')
SwiftCompile normal arm64_32 /Users/admin/builder/spi-builder-workspace/Sources/ExampleCommandLineApp/main.swift (in target 'ExampleCommandLineApp' from project 'PodcastAPI')
    cd /Users/admin/builder/spi-builder-workspace/.swiftpm/xcode

SwiftDriverJobDiscovery normal arm64_32 Compiling PodcastAPI.swift (in target 'PodcastAPI' from project 'PodcastAPI')
SwiftDriverJobDiscovery normal arm64 Compiling PodcastApiError.swift (in target 'PodcastAPI' from project 'PodcastAPI')
** BUILD FAILED **
The following build commands failed:
	SwiftEmitModule normal arm64 Emitting\ module\ for\ ExampleCommandLineApp (in target 'ExampleCommandLineApp' from project 'PodcastAPI')
	SwiftCompile normal arm64 /Users/admin/builder/spi-builder-workspace/Sources/ExampleCommandLineApp/main.swift (in target 'ExampleCommandLineApp' from project 'PodcastAPI')
	SwiftEmitModule normal arm64_32 Emitting\ module\ for\ ExampleCommandLineApp (in target 'ExampleCommandLineApp' from project 'PodcastAPI')
	SwiftCompile normal arm64_32 /Users/admin/builder/spi-builder-workspace/Sources/ExampleCommandLineApp/main.swift (in target 'ExampleCommandLineApp' from project 'PodcastAPI')
	Building workspace spi-builder-workspace with scheme PodcastAPI-Package
(5 failures)
BUILD FAILURE 6.1 watchOS