The Swift Package Index logo.Swift Package Index

Build Information

Failed to build LuxeUI, reference 1.0.1 (ee2301), with Swift 6.4 for watchOS using Xcode 27.0 on 23 Sep 2026 19:45:59 UTC.

Build Command

env DEVELOPER_DIR=/Applications/Xcode-27.0.0-Release.Candidate.app xcrun xcodebuild -IDEClonedSourcePackagesDirPathOverride=$PWD/.dependencies -skipMacroValidation -skipPackagePluginValidation -derivedDataPath $PWD/.derivedData build -scheme LuxeUI-Package -destination generic/platform=watchOS

Build Log

========================================
RunAll
========================================
Builder version: 5.1.0
Interrupt handler set up.
========================================
Checkout
========================================
Clone URL: https://github.com/Ronitsabhaya75/Luxe-UI.git
Reference: 1.0.1
Initialized empty Git repository in /Users/admin/builder/spi-builder-workspace/.git/
From https://github.com/Ronitsabhaya75/Luxe-UI
 * tag               1.0.1      -> FETCH_HEAD
HEAD is now at ee23017 Add Swift Package Index configuration
Cloned https://github.com/Ronitsabhaya75/Luxe-UI.git
Revision (git rev-parse @):
ee230172279c9f8febeabcfebca52b6b5b3a8483
SPI manifest file found: $PWD/.spi.yml
SUCCESS checkout https://github.com/Ronitsabhaya75/Luxe-UI.git at 1.0.1
========================================
Build
========================================
Selected platform:         watchOS
Swift version:             6.4
Building package at path:  $PWD
https://github.com/Ronitsabhaya75/Luxe-UI.git
Command line invocation:
    /Applications/Xcode-27.0.0-Release.Candidate.app/Contents/Developer/usr/bin/xcodebuild -IDEClonedSourcePackagesDirPathOverride=/Users/admin/builder/spi-builder-workspace/.dependencies -resolvePackageDependencies
Resolve Package Graph
the target name LuxeUI has different case on the filesystem and the Package.swift manifest file
Resolve Package Graph
the target name LuxeUI has different case on the filesystem and the Package.swift manifest file
Resolved source packages:
  LuxeUI: /Users/admin/builder/spi-builder-workspace
resolved source packages: LuxeUI
2026-09-23 15:45:10.841 xcodebuild[524:3009] [MT] IDERunDestination: Supported platforms for the buildables in the current scheme is empty.
{
  "dependencies" : [
  ],
  "manifest_display_name" : "LuxeUI",
  "name" : "LuxeUI",
  "path" : "/Users/admin/builder/spi-builder-workspace",
  "platforms" : [
    {
      "name" : "ios",
      "version" : "15.0"
    },
    {
      "name" : "macos",
      "version" : "12.0"
    }
  ],
  "products" : [
    {
      "name" : "LuxeUI",
      "targets" : [
        "LuxeUI"
      ],
      "type" : {
        "library" : [
          "automatic"
        ]
      }
    },
    {
      "name" : "CoreComponentsDemo",
      "targets" : [
        "CoreComponentsDemo"
      ],
      "type" : {
        "executable" : null
      }
    },
    {
      "name" : "LiquidUIDemo",
      "targets" : [
        "LiquidUIDemo"
      ],
      "type" : {
        "executable" : null
      }
    }
  ],
  "targets" : [
    {
      "c99name" : "LuxeUITests",
      "module_type" : "SwiftTarget",
      "name" : "LuxeUITests",
      "path" : "Tests",
      "sources" : [
        "luxeUITests/SmokeTests.swift",
        "luxeUITests/UITests.swift",
        "luxeUITests/luxeUITests.swift"
      ],
      "target_dependencies" : [
        "LuxeUI"
      ],
      "type" : "test"
    },
    {
      "c99name" : "LuxeUI",
      "module_type" : "SwiftTarget",
      "name" : "LuxeUI",
      "path" : "Sources/LuxeUI",
      "product_memberships" : [
        "LuxeUI",
        "CoreComponentsDemo",
        "LiquidUIDemo"
      ],
      "sources" : [
        "Components/Buttons/LiquidButton.swift",
        "Components/Containers/GlassmorphismContainer.swift",
        "Components/Containers/RefractiveGlassModifier.swift",
        "Components/Effects/LiquidBlob.swift",
        "Components/Interactions/PredictiveLayouts.swift",
        "Components/Interactions/SmartSpringEngine.swift",
        "Components/Loading/LiquidLoader.swift",
        "Components/Premium/PremiumComponents.swift",
        "Components/Progress/CircularProgressBar.swift",
        "Components/Progress/LiquidProgress.swift",
        "Components/Sliders/LuxeSlider.swift",
        "Components/Sliders/MultiThumbSlider.swift",
        "Extensions/View+Theme.swift",
        "Theme/Theme.swift",
        "Theme/ThemeEnvironment.swift",
        "Theme/ThemeProvider.swift",
        "luxeUI.swift"
      ],
      "type" : "library"
    },
    {
      "c99name" : "LiquidUIDemo",
      "module_type" : "SwiftTarget",
      "name" : "LiquidUIDemo",
      "path" : "Examples/LiquidUIDemo",
      "product_memberships" : [
        "LiquidUIDemo"
      ],
      "sources" : [
        "LiquidUIDemoApp.swift"
      ],
      "target_dependencies" : [
        "LuxeUI"
      ],
      "type" : "executable"
    },
    {
      "c99name" : "CoreComponentsDemo",
      "module_type" : "SwiftTarget",
      "name" : "CoreComponentsDemo",
      "path" : "Examples/CoreComponentsDemo",
      "product_memberships" : [
        "CoreComponentsDemo"
      ],
      "sources" : [
        "CoreComponentsDemoApp.swift"
      ],
      "target_dependencies" : [
        "LuxeUI"
      ],
      "type" : "executable"
    }
  ],
  "tools_version" : "5.9"
}
warning: 'spi-builder-workspace': the target name LuxeUI has different case on the filesystem and the Package.swift manifest file
{
  "workspace" : {
    "name" : "LuxeUI",
    "schemes" : [
      "CoreComponentsDemo",
      "LiquidUIDemo",
      "LuxeUI",
      "LuxeUI-Package"
    ]
  }
}
2026-09-23 15:45:42.695 xcodebuild[622:3804] [MT] IDERunDestination: Supported platforms for the buildables in the current scheme is empty.
Running build ...
env DEVELOPER_DIR=/Applications/Xcode-27.0.0-Release.Candidate.app xcrun xcodebuild -IDEClonedSourcePackagesDirPathOverride=$PWD/.dependencies -skipMacroValidation -skipPackagePluginValidation -derivedDataPath $PWD/.derivedData build -scheme LuxeUI-Package -destination generic/platform=watchOS
Command line invocation:
    /Applications/Xcode-27.0.0-Release.Candidate.app/Contents/Developer/usr/bin/xcodebuild -IDEClonedSourcePackagesDirPathOverride=/Users/admin/builder/spi-builder-workspace/.dependencies -skipMacroValidation -skipPackagePluginValidation -derivedDataPath /Users/admin/builder/spi-builder-workspace/.derivedData build -scheme LuxeUI-Package -destination generic/platform=watchOS
Resolve Package Graph
the target name LuxeUI has different case on the filesystem and the Package.swift manifest file
Resolved source packages:
  LuxeUI: /Users/admin/builder/spi-builder-workspace
ComputePackagePrebuildTargetDependencyGraph
Prepare packages
CreateBuildRequest
SendProjectDescription
CreateBuildOperation
ComputeTargetDependencyGraph
note: Building targets in dependency order
note: Target dependency graph (4 targets)
    Target 'LiquidUIDemo-product' in project 'LuxeUI'
        ➜ Explicit dependency on target 'LuxeUI' in project 'LuxeUI'
    Target 'CoreComponentsDemo-product' in project 'LuxeUI'
        ➜ Explicit dependency on target 'LuxeUI' in project 'LuxeUI'
    Target 'LuxeUI-product' in project 'LuxeUI'
        ➜ Explicit dependency on target 'LuxeUI' in project 'LuxeUI'
    Target 'LuxeUI' in project 'LuxeUI' (no dependencies)
GatherProvisioningInputs
CreateBuildDescription
ExecuteExternalTool /Applications/Xcode-27.0.0-Release.Candidate.app/Contents/Developer/Toolchains/XcodeDefault.xctoolchain/usr/bin/clang -v -E -dM -isysroot /Applications/Xcode-27.0.0-Release.Candidate.app/Contents/Developer/Platforms/WatchOS.platform/Developer/SDKs/WatchOS27.0.sdk -x c -c /dev/null
ExecuteExternalTool /Applications/Xcode-27.0.0-Release.Candidate.app/Contents/Developer/Toolchains/XcodeDefault.xctoolchain/usr/bin/swiftc --version
ExecuteExternalTool /Applications/Xcode-27.0.0-Release.Candidate.app/Contents/Developer/Toolchains/XcodeDefault.xctoolchain/usr/bin/ld -version_details
Build description signature: 695e1cd2c21b715f3edd81c258036d2d
Build description path: /Users/admin/builder/spi-builder-workspace/.derivedData/Build/Intermediates.noindex/XCBuildData/695e1cd2c21b715f3edd81c258036d2d.xcbuilddata
CreateBuildDirectory /Users/admin/builder/spi-builder-workspace/.derivedData/SDKExplicitPrecompiledModules
    cd /Users/admin/builder/spi-builder-workspace/.swiftpm/xcode
    builtin-create-build-directory /Users/admin/builder/spi-builder-workspace/.derivedData/SDKExplicitPrecompiledModules
CreateBuildDirectory /Users/admin/builder/spi-builder-workspace/.derivedData/ModuleCache.noindex
    cd /Users/admin/builder/spi-builder-workspace/.swiftpm/xcode
    builtin-create-build-directory /Users/admin/builder/spi-builder-workspace/.derivedData/ModuleCache.noindex
CreateBuildDirectory /Users/admin/builder/spi-builder-workspace/.derivedData/CompilationCache.noindex
    cd /Users/admin/builder/spi-builder-workspace/.swiftpm/xcode
    builtin-create-build-directory /Users/admin/builder/spi-builder-workspace/.derivedData/CompilationCache.noindex
CreateBuildDirectory /Users/admin/builder/spi-builder-workspace/.derivedData/Build/Products
    cd /Users/admin/builder/spi-builder-workspace/.swiftpm/xcode
    builtin-create-build-directory /Users/admin/builder/spi-builder-workspace/.derivedData/Build/Products
ClangStatCache /Applications/Xcode-27.0.0-Release.Candidate.app/Contents/Developer/Toolchains/XcodeDefault.xctoolchain/usr/bin/clang-stat-cache /Applications/Xcode-27.0.0-Release.Candidate.app/Contents/Developer/Platforms/WatchOS.platform/Developer/SDKs/WatchOS27.0.sdk /Users/admin/builder/spi-builder-workspace/.derivedData/SDKStatCaches.noindex/watchos27.0-24R360-e829b21a6f8c9b70876ba0858053c04477534ef55a1706bf4c1112bbb242f0a2.sdkstatcache
    cd /Users/admin/builder/spi-builder-workspace/.swiftpm/xcode
    /Applications/Xcode-27.0.0-Release.Candidate.app/Contents/Developer/Toolchains/XcodeDefault.xctoolchain/usr/bin/clang-stat-cache /Applications/Xcode-27.0.0-Release.Candidate.app/Contents/Developer/Platforms/WatchOS.platform/Developer/SDKs/WatchOS27.0.sdk -o /Users/admin/builder/spi-builder-workspace/.derivedData/SDKStatCaches.noindex/watchos27.0-24R360-e829b21a6f8c9b70876ba0858053c04477534ef55a1706bf4c1112bbb242f0a2.sdkstatcache
CreateBuildDirectory /Users/admin/builder/spi-builder-workspace/.derivedData/Build/Intermediates.noindex
    cd /Users/admin/builder/spi-builder-workspace/.swiftpm/xcode
    builtin-create-build-directory /Users/admin/builder/spi-builder-workspace/.derivedData/Build/Intermediates.noindex
CreateBuildDirectory /Users/admin/builder/spi-builder-workspace/.derivedData/Build/Products/Debug-watchos
    cd /Users/admin/builder/spi-builder-workspace/.swiftpm/xcode
    builtin-create-build-directory /Users/admin/builder/spi-builder-workspace/.derivedData/Build/Products/Debug-watchos
CreateBuildDirectory /Users/admin/builder/spi-builder-workspace/.derivedData/Build/Intermediates.noindex/PrecompiledHeaders
    cd /Users/admin/builder/spi-builder-workspace/.swiftpm/xcode
    builtin-create-build-directory /Users/admin/builder/spi-builder-workspace/.derivedData/Build/Intermediates.noindex/PrecompiledHeaders
CreateBuildDirectory /Users/admin/builder/spi-builder-workspace/.derivedData/Build/Intermediates.noindex/ExplicitPrecompiledModules
    cd /Users/admin/builder/spi-builder-workspace/.swiftpm/xcode
    builtin-create-build-directory /Users/admin/builder/spi-builder-workspace/.derivedData/Build/Intermediates.noindex/ExplicitPrecompiledModules
CreateBuildDirectory /Users/admin/builder/spi-builder-workspace/.derivedData/Build/Intermediates.noindex/SwiftExplicitPrecompiledModules
    cd /Users/admin/builder/spi-builder-workspace/.swiftpm/xcode
    builtin-create-build-directory /Users/admin/builder/spi-builder-workspace/.derivedData/Build/Intermediates.noindex/SwiftExplicitPrecompiledModules
CreateBuildDirectory /Users/admin/builder/spi-builder-workspace/.derivedData/Build/Intermediates.noindex/EagerLinkingTBDs/Debug-watchos
    cd /Users/admin/builder/spi-builder-workspace/.swiftpm/xcode
    builtin-create-build-directory /Users/admin/builder/spi-builder-workspace/.derivedData/Build/Intermediates.noindex/EagerLinkingTBDs/Debug-watchos
CreateBuildDirectory /Users/admin/builder/spi-builder-workspace/.derivedData/Build/Products/Debug-watchos/PackageFrameworks
    cd /Users/admin/builder/spi-builder-workspace/.swiftpm/xcode
    builtin-create-build-directory /Users/admin/builder/spi-builder-workspace/.derivedData/Build/Products/Debug-watchos/PackageFrameworks
WriteAuxiliaryFile /Users/admin/builder/spi-builder-workspace/.derivedData/Build/Intermediates.noindex/LuxeUI.build/Debug-watchos/LuxeUI-t.build/Objects-normal/arm64_32/LuxeUI.SwiftFileList (in target 'LuxeUI' from project 'LuxeUI')
    cd /Users/admin/builder/spi-builder-workspace
    write-file /Users/admin/builder/spi-builder-workspace/.derivedData/Build/Intermediates.noindex/LuxeUI.build/Debug-watchos/LuxeUI-t.build/Objects-normal/arm64_32/LuxeUI.SwiftFileList
WriteAuxiliaryFile /Users/admin/builder/spi-builder-workspace/.derivedData/Build/Intermediates.noindex/LuxeUI.build/Debug-watchos/LuxeUI-t.build/Objects-normal/arm64/LuxeUI_const_extract_protocols.json (in target 'LuxeUI' from project 'LuxeUI')
    cd /Users/admin/builder/spi-builder-workspace
    write-file /Users/admin/builder/spi-builder-workspace/.derivedData/Build/Intermediates.noindex/LuxeUI.build/Debug-watchos/LuxeUI-t.build/Objects-normal/arm64/LuxeUI_const_extract_protocols.json
WriteAuxiliaryFile /Users/admin/builder/spi-builder-workspace/.derivedData/Build/Intermediates.noindex/LuxeUI.build/Debug-watchos/LuxeUI-t.build/Objects-normal/arm64/LuxeUI.LinkFileList (in target 'LuxeUI' from project 'LuxeUI')
    cd /Users/admin/builder/spi-builder-workspace
    write-file /Users/admin/builder/spi-builder-workspace/.derivedData/Build/Intermediates.noindex/LuxeUI.build/Debug-watchos/LuxeUI-t.build/Objects-normal/arm64/LuxeUI.LinkFileList
WriteAuxiliaryFile /Users/admin/builder/spi-builder-workspace/.derivedData/Build/Intermediates.noindex/LuxeUI.build/Debug-watchos/LuxeUI-t.build/Objects-normal/arm64_32/LuxeUI-OutputFileMap.json (in target 'LuxeUI' from project 'LuxeUI')
    cd /Users/admin/builder/spi-builder-workspace
    write-file /Users/admin/builder/spi-builder-workspace/.derivedData/Build/Intermediates.noindex/LuxeUI.build/Debug-watchos/LuxeUI-t.build/Objects-normal/arm64_32/LuxeUI-OutputFileMap.json
WriteAuxiliaryFile /Users/admin/builder/spi-builder-workspace/.derivedData/Build/Intermediates.noindex/LuxeUI.build/Debug-watchos/LuxeUI-t.build/Objects-normal/arm64_32/LuxeUI.SwiftConstValuesFileList (in target 'LuxeUI' from project 'LuxeUI')
    cd /Users/admin/builder/spi-builder-workspace
    write-file /Users/admin/builder/spi-builder-workspace/.derivedData/Build/Intermediates.noindex/LuxeUI.build/Debug-watchos/LuxeUI-t.build/Objects-normal/arm64_32/LuxeUI.SwiftConstValuesFileList
WriteAuxiliaryFile /Users/admin/builder/spi-builder-workspace/.derivedData/Build/Intermediates.noindex/LuxeUI.build/Debug-watchos/LuxeUI-t.build/Objects-normal/arm64_32/LuxeUI_const_extract_protocols.json (in target 'LuxeUI' from project 'LuxeUI')
    cd /Users/admin/builder/spi-builder-workspace
    write-file /Users/admin/builder/spi-builder-workspace/.derivedData/Build/Intermediates.noindex/LuxeUI.build/Debug-watchos/LuxeUI-t.build/Objects-normal/arm64_32/LuxeUI_const_extract_protocols.json
WriteAuxiliaryFile /Users/admin/builder/spi-builder-workspace/.derivedData/Build/Intermediates.noindex/LuxeUI.build/Debug-watchos/LuxeUI-t.build/Objects-normal/arm64_32/LuxeUI.LinkFileList (in target 'LuxeUI' from project 'LuxeUI')
    cd /Users/admin/builder/spi-builder-workspace
    write-file /Users/admin/builder/spi-builder-workspace/.derivedData/Build/Intermediates.noindex/LuxeUI.build/Debug-watchos/LuxeUI-t.build/Objects-normal/arm64_32/LuxeUI.LinkFileList
WriteAuxiliaryFile /Users/admin/builder/spi-builder-workspace/.derivedData/Build/Intermediates.noindex/LuxeUI.build/Debug-watchos/LiquidUIDemo-p.build/Objects-normal/arm64_32/LiquidUIDemo.SwiftFileList (in target 'LiquidUIDemo-product' from project 'LuxeUI')
    cd /Users/admin/builder/spi-builder-workspace
    write-file /Users/admin/builder/spi-builder-workspace/.derivedData/Build/Intermediates.noindex/LuxeUI.build/Debug-watchos/LiquidUIDemo-p.build/Objects-normal/arm64_32/LiquidUIDemo.SwiftFileList
WriteAuxiliaryFile /Users/admin/builder/spi-builder-workspace/.derivedData/Build/Intermediates.noindex/LuxeUI.build/Debug-watchos/LiquidUIDemo-p.build/Objects-normal/arm64_32/LiquidUIDemo_const_extract_protocols.json (in target 'LiquidUIDemo-product' from project 'LuxeUI')
    cd /Users/admin/builder/spi-builder-workspace
    write-file /Users/admin/builder/spi-builder-workspace/.derivedData/Build/Intermediates.noindex/LuxeUI.build/Debug-watchos/LiquidUIDemo-p.build/Objects-normal/arm64_32/LiquidUIDemo_const_extract_protocols.json
WriteAuxiliaryFile /Users/admin/builder/spi-builder-workspace/.derivedData/Build/Intermediates.noindex/LuxeUI.build/Debug-watchos/LuxeUI-t.build/Objects-normal/arm64/LuxeUI.SwiftFileList (in target 'LuxeUI' from project 'LuxeUI')
    cd /Users/admin/builder/spi-builder-workspace
    write-file /Users/admin/builder/spi-builder-workspace/.derivedData/Build/Intermediates.noindex/LuxeUI.build/Debug-watchos/LuxeUI-t.build/Objects-normal/arm64/LuxeUI.SwiftFileList
WriteAuxiliaryFile /Users/admin/builder/spi-builder-workspace/.derivedData/Build/Intermediates.noindex/LuxeUI.build/Debug-watchos/LuxeUI-t.build/Objects-normal/arm64/LuxeUI.SwiftConstValuesFileList (in target 'LuxeUI' from project 'LuxeUI')
    cd /Users/admin/builder/spi-builder-workspace
    write-file /Users/admin/builder/spi-builder-workspace/.derivedData/Build/Intermediates.noindex/LuxeUI.build/Debug-watchos/LuxeUI-t.build/Objects-normal/arm64/LuxeUI.SwiftConstValuesFileList
WriteAuxiliaryFile /Users/admin/builder/spi-builder-workspace/.derivedData/Build/Intermediates.noindex/LuxeUI.build/Debug-watchos/LuxeUI-t.build/Objects-normal/arm64/LuxeUI-OutputFileMap.json (in target 'LuxeUI' from project 'LuxeUI')
    cd /Users/admin/builder/spi-builder-workspace
    write-file /Users/admin/builder/spi-builder-workspace/.derivedData/Build/Intermediates.noindex/LuxeUI.build/Debug-watchos/LuxeUI-t.build/Objects-normal/arm64/LuxeUI-OutputFileMap.json
WriteAuxiliaryFile /Users/admin/builder/spi-builder-workspace/.derivedData/Build/Intermediates.noindex/LuxeUI.build/Debug-watchos/LuxeUI-t.build/LuxeUI.modulemap (in target 'LuxeUI' from project 'LuxeUI')
    cd /Users/admin/builder/spi-builder-workspace
    write-file /Users/admin/builder/spi-builder-workspace/.derivedData/Build/Intermediates.noindex/LuxeUI.build/Debug-watchos/LuxeUI-t.build/LuxeUI.modulemap
WriteAuxiliaryFile /Users/admin/builder/spi-builder-workspace/.derivedData/Build/Intermediates.noindex/LuxeUI.build/Debug-watchos/LuxeUI-t.build/LuxeUI.DependencyStaticMetadataFileList (in target 'LuxeUI' from project 'LuxeUI')
    cd /Users/admin/builder/spi-builder-workspace
    write-file /Users/admin/builder/spi-builder-workspace/.derivedData/Build/Intermediates.noindex/LuxeUI.build/Debug-watchos/LuxeUI-t.build/LuxeUI.DependencyStaticMetadataFileList
WriteAuxiliaryFile /Users/admin/builder/spi-builder-workspace/.derivedData/Build/Intermediates.noindex/LuxeUI.build/Debug-watchos/LuxeUI-t.build/LuxeUI.DependencyMetadataFileList (in target 'LuxeUI' from project 'LuxeUI')
    cd /Users/admin/builder/spi-builder-workspace
    write-file /Users/admin/builder/spi-builder-workspace/.derivedData/Build/Intermediates.noindex/LuxeUI.build/Debug-watchos/LuxeUI-t.build/LuxeUI.DependencyMetadataFileList
WriteAuxiliaryFile /Users/admin/builder/spi-builder-workspace/.derivedData/Build/Intermediates.noindex/LuxeUI.build/Debug-watchos/LiquidUIDemo-p.build/Objects-normal/arm64_32/LiquidUIDemo.LinkFileList (in target 'LiquidUIDemo-product' from project 'LuxeUI')
    cd /Users/admin/builder/spi-builder-workspace
    write-file /Users/admin/builder/spi-builder-workspace/.derivedData/Build/Intermediates.noindex/LuxeUI.build/Debug-watchos/LiquidUIDemo-p.build/Objects-normal/arm64_32/LiquidUIDemo.LinkFileList
WriteAuxiliaryFile /Users/admin/builder/spi-builder-workspace/.derivedData/Build/Intermediates.noindex/LuxeUI.build/Debug-watchos/LiquidUIDemo-p.build/Objects-normal/arm64_32/LiquidUIDemo-OutputFileMap.json (in target 'LiquidUIDemo-product' from project 'LuxeUI')
    cd /Users/admin/builder/spi-builder-workspace
    write-file /Users/admin/builder/spi-builder-workspace/.derivedData/Build/Intermediates.noindex/LuxeUI.build/Debug-watchos/LiquidUIDemo-p.build/Objects-normal/arm64_32/LiquidUIDemo-OutputFileMap.json
WriteAuxiliaryFile /Users/admin/builder/spi-builder-workspace/.derivedData/Build/Intermediates.noindex/LuxeUI.build/Debug-watchos/LiquidUIDemo-p.build/Objects-normal/arm64/LiquidUIDemo-OutputFileMap.json (in target 'LiquidUIDemo-product' from project 'LuxeUI')
    cd /Users/admin/builder/spi-builder-workspace
    write-file /Users/admin/builder/spi-builder-workspace/.derivedData/Build/Intermediates.noindex/LuxeUI.build/Debug-watchos/LiquidUIDemo-p.build/Objects-normal/arm64/LiquidUIDemo-OutputFileMap.json
WriteAuxiliaryFile /Users/admin/builder/spi-builder-workspace/.derivedData/Build/Intermediates.noindex/LuxeUI.build/Debug-watchos/LiquidUIDemo-p.build/Objects-normal/arm64/LiquidUIDemo.LinkFileList (in target 'LiquidUIDemo-product' from project 'LuxeUI')
    cd /Users/admin/builder/spi-builder-workspace
    write-file /Users/admin/builder/spi-builder-workspace/.derivedData/Build/Intermediates.noindex/LuxeUI.build/Debug-watchos/LiquidUIDemo-p.build/Objects-normal/arm64/LiquidUIDemo.LinkFileList
WriteAuxiliaryFile /Users/admin/builder/spi-builder-workspace/.derivedData/Build/Intermediates.noindex/LuxeUI.build/Debug-watchos/LiquidUIDemo-p.build/Objects-normal/arm64/LiquidUIDemo.SwiftFileList (in target 'LiquidUIDemo-product' from project 'LuxeUI')
    cd /Users/admin/builder/spi-builder-workspace
    write-file /Users/admin/builder/spi-builder-workspace/.derivedData/Build/Intermediates.noindex/LuxeUI.build/Debug-watchos/LiquidUIDemo-p.build/Objects-normal/arm64/LiquidUIDemo.SwiftFileList
WriteAuxiliaryFile /Users/admin/builder/spi-builder-workspace/.derivedData/Build/Intermediates.noindex/LuxeUI.build/Debug-watchos/LiquidUIDemo-p.build/Objects-normal/arm64/LiquidUIDemo_const_extract_protocols.json (in target 'LiquidUIDemo-product' from project 'LuxeUI')
    cd /Users/admin/builder/spi-builder-workspace
    write-file /Users/admin/builder/spi-builder-workspace/.derivedData/Build/Intermediates.noindex/LuxeUI.build/Debug-watchos/LiquidUIDemo-p.build/Objects-normal/arm64/LiquidUIDemo_const_extract_protocols.json
WriteAuxiliaryFile /Users/admin/builder/spi-builder-workspace/.derivedData/Build/Intermediates.noindex/LuxeUI.build/Debug-watchos/LiquidUIDemo-p.build/LiquidUIDemo.DependencyStaticMetadataFileList (in target 'LiquidUIDemo-product' from project 'LuxeUI')
    cd /Users/admin/builder/spi-builder-workspace
    write-file /Users/admin/builder/spi-builder-workspace/.derivedData/Build/Intermediates.noindex/LuxeUI.build/Debug-watchos/LiquidUIDemo-p.build/LiquidUIDemo.DependencyStaticMetadataFileList
WriteAuxiliaryFile /Users/admin/builder/spi-builder-workspace/.derivedData/Build/Intermediates.noindex/LuxeUI.build/Debug-watchos/LiquidUIDemo-p.build/LiquidUIDemo.DependencyMetadataFileList (in target 'LiquidUIDemo-product' from project 'LuxeUI')
    cd /Users/admin/builder/spi-builder-workspace
    write-file /Users/admin/builder/spi-builder-workspace/.derivedData/Build/Intermediates.noindex/LuxeUI.build/Debug-watchos/LiquidUIDemo-p.build/LiquidUIDemo.DependencyMetadataFileList
Copy /Users/admin/builder/spi-builder-workspace/.derivedData/Build/Intermediates.noindex/GeneratedModuleMaps-watchos/LuxeUI.modulemap /Users/admin/builder/spi-builder-workspace/.derivedData/Build/Intermediates.noindex/LuxeUI.build/Debug-watchos/LuxeUI-t.build/LuxeUI.modulemap (in target 'LuxeUI' from project 'LuxeUI')
    cd /Users/admin/builder/spi-builder-workspace
    builtin-copy -exclude .DS_Store -exclude CVS -exclude .svn -exclude .git -exclude .hg -resolve-src-symlinks /Users/admin/builder/spi-builder-workspace/.derivedData/Build/Intermediates.noindex/LuxeUI.build/Debug-watchos/LuxeUI-t.build/LuxeUI.modulemap /Users/admin/builder/spi-builder-workspace/.derivedData/Build/Intermediates.noindex/GeneratedModuleMaps-watchos
WriteAuxiliaryFile /Users/admin/builder/spi-builder-workspace/.derivedData/Build/Intermediates.noindex/LuxeUI.build/Debug-watchos/CoreComponentsDemo-p.build/Objects-normal/arm64_32/CoreComponentsDemo_const_extract_protocols.json (in target 'CoreComponentsDemo-product' from project 'LuxeUI')
    cd /Users/admin/builder/spi-builder-workspace
    write-file /Users/admin/builder/spi-builder-workspace/.derivedData/Build/Intermediates.noindex/LuxeUI.build/Debug-watchos/CoreComponentsDemo-p.build/Objects-normal/arm64_32/CoreComponentsDemo_const_extract_protocols.json
WriteAuxiliaryFile /Users/admin/builder/spi-builder-workspace/.derivedData/Build/Intermediates.noindex/LuxeUI.build/Debug-watchos/CoreComponentsDemo-p.build/Objects-normal/arm64_32/CoreComponentsDemo.SwiftFileList (in target 'CoreComponentsDemo-product' from project 'LuxeUI')
    cd /Users/admin/builder/spi-builder-workspace
    write-file /Users/admin/builder/spi-builder-workspace/.derivedData/Build/Intermediates.noindex/LuxeUI.build/Debug-watchos/CoreComponentsDemo-p.build/Objects-normal/arm64_32/CoreComponentsDemo.SwiftFileList
WriteAuxiliaryFile /Users/admin/builder/spi-builder-workspace/.derivedData/Build/Intermediates.noindex/LuxeUI.build/Debug-watchos/CoreComponentsDemo-p.build/Objects-normal/arm64_32/CoreComponentsDemo.LinkFileList (in target 'CoreComponentsDemo-product' from project 'LuxeUI')
    cd /Users/admin/builder/spi-builder-workspace
    write-file /Users/admin/builder/spi-builder-workspace/.derivedData/Build/Intermediates.noindex/LuxeUI.build/Debug-watchos/CoreComponentsDemo-p.build/Objects-normal/arm64_32/CoreComponentsDemo.LinkFileList
WriteAuxiliaryFile /Users/admin/builder/spi-builder-workspace/.derivedData/Build/Intermediates.noindex/LuxeUI.build/Debug-watchos/CoreComponentsDemo-p.build/Objects-normal/arm64_32/CoreComponentsDemo-OutputFileMap.json (in target 'CoreComponentsDemo-product' from project 'LuxeUI')
    cd /Users/admin/builder/spi-builder-workspace
    write-file /Users/admin/builder/spi-builder-workspace/.derivedData/Build/Intermediates.noindex/LuxeUI.build/Debug-watchos/CoreComponentsDemo-p.build/Objects-normal/arm64_32/CoreComponentsDemo-OutputFileMap.json
WriteAuxiliaryFile /Users/admin/builder/spi-builder-workspace/.derivedData/Build/Intermediates.noindex/LuxeUI.build/Debug-watchos/CoreComponentsDemo-p.build/Objects-normal/arm64/CoreComponentsDemo_const_extract_protocols.json (in target 'CoreComponentsDemo-product' from project 'LuxeUI')
    cd /Users/admin/builder/spi-builder-workspace
    write-file /Users/admin/builder/spi-builder-workspace/.derivedData/Build/Intermediates.noindex/LuxeUI.build/Debug-watchos/CoreComponentsDemo-p.build/Objects-normal/arm64/CoreComponentsDemo_const_extract_protocols.json
WriteAuxiliaryFile /Users/admin/builder/spi-builder-workspace/.derivedData/Build/Intermediates.noindex/LuxeUI.build/Debug-watchos/CoreComponentsDemo-p.build/Objects-normal/arm64/CoreComponentsDemo.SwiftFileList (in target 'CoreComponentsDemo-product' from project 'LuxeUI')
    cd /Users/admin/builder/spi-builder-workspace
    write-file /Users/admin/builder/spi-builder-workspace/.derivedData/Build/Intermediates.noindex/LuxeUI.build/Debug-watchos/CoreComponentsDemo-p.build/Objects-normal/arm64/CoreComponentsDemo.SwiftFileList
WriteAuxiliaryFile /Users/admin/builder/spi-builder-workspace/.derivedData/Build/Intermediates.noindex/LuxeUI.build/Debug-watchos/CoreComponentsDemo-p.build/Objects-normal/arm64/CoreComponentsDemo.LinkFileList (in target 'CoreComponentsDemo-product' from project 'LuxeUI')
    cd /Users/admin/builder/spi-builder-workspace
    write-file /Users/admin/builder/spi-builder-workspace/.derivedData/Build/Intermediates.noindex/LuxeUI.build/Debug-watchos/CoreComponentsDemo-p.build/Objects-normal/arm64/CoreComponentsDemo.LinkFileList
WriteAuxiliaryFile /Users/admin/builder/spi-builder-workspace/.derivedData/Build/Intermediates.noindex/LuxeUI.build/Debug-watchos/CoreComponentsDemo-p.build/Objects-normal/arm64/CoreComponentsDemo-OutputFileMap.json (in target 'CoreComponentsDemo-product' from project 'LuxeUI')
    cd /Users/admin/builder/spi-builder-workspace
    write-file /Users/admin/builder/spi-builder-workspace/.derivedData/Build/Intermediates.noindex/LuxeUI.build/Debug-watchos/CoreComponentsDemo-p.build/Objects-normal/arm64/CoreComponentsDemo-OutputFileMap.json
WriteAuxiliaryFile /Users/admin/builder/spi-builder-workspace/.derivedData/Build/Intermediates.noindex/LuxeUI.build/Debug-watchos/CoreComponentsDemo-p.build/CoreComponentsDemo.DependencyStaticMetadataFileList (in target 'CoreComponentsDemo-product' from project 'LuxeUI')
    cd /Users/admin/builder/spi-builder-workspace
    write-file /Users/admin/builder/spi-builder-workspace/.derivedData/Build/Intermediates.noindex/LuxeUI.build/Debug-watchos/CoreComponentsDemo-p.build/CoreComponentsDemo.DependencyStaticMetadataFileList
WriteAuxiliaryFile /Users/admin/builder/spi-builder-workspace/.derivedData/Build/Intermediates.noindex/LuxeUI.build/Debug-watchos/CoreComponentsDemo-p.build/CoreComponentsDemo.DependencyMetadataFileList (in target 'CoreComponentsDemo-product' from project 'LuxeUI')
    cd /Users/admin/builder/spi-builder-workspace
    write-file /Users/admin/builder/spi-builder-workspace/.derivedData/Build/Intermediates.noindex/LuxeUI.build/Debug-watchos/CoreComponentsDemo-p.build/CoreComponentsDemo.DependencyMetadataFileList
SwiftDriver LuxeUI normal arm64_32 com.apple.xcode.tools.swift.compiler (in target 'LuxeUI' from project 'LuxeUI')
    cd /Users/admin/builder/spi-builder-workspace/.swiftpm/xcode
    builtin-SwiftDriver -- /Applications/Xcode-27.0.0-Release.Candidate.app/Contents/Developer/Toolchains/XcodeDefault.xctoolchain/usr/bin/swiftc -parse-as-library -module-name LuxeUI -Onone @/Users/admin/builder/spi-builder-workspace/.derivedData/Build/Intermediates.noindex/LuxeUI.build/Debug-watchos/LuxeUI-t.build/Objects-normal/arm64_32/LuxeUI.SwiftFileList -DSWIFT_PACKAGE -DDEBUG -DSWIFT_MODULE_RESOURCE_BUNDLE_UNAVAILABLE -DXcode -plugin-path /Applications/Xcode-27.0.0-Release.Candidate.app/Contents/Developer/Toolchains/XcodeDefault.xctoolchain/usr/lib/swift/host/plugins/testing -enable-experimental-feature DebugDescriptionMacro -sdk /Applications/Xcode-27.0.0-Release.Candidate.app/Contents/Developer/Platforms/WatchOS.platform/Developer/SDKs/WatchOS27.0.sdk -target arm64_32-apple-watchos9.0 -g -module-cache-path /Users/admin/builder/spi-builder-workspace/.derivedData/ModuleCache.noindex -Xfrontend -serialize-debugging-options -profile-coverage-mapping -profile-generate -enable-testing -index-store-path /Users/admin/builder/spi-builder-workspace/.derivedData/Index.noindex/DataStore -Xcc -D_LIBCPP_HARDENING_MODE\=_LIBCPP_HARDENING_MODE_DEBUG -swift-version 5 -I /Users/admin/builder/spi-builder-workspace/.derivedData/Build/Products/Debug-watchos -Isystem /Applications/Xcode-27.0.0-Release.Candidate.app/Contents/Developer/Platforms/WatchOS.platform/Developer/usr/lib -F /Users/admin/builder/spi-builder-workspace/.derivedData/Build/Products/Debug-watchos -F /Applications/Xcode-27.0.0-Release.Candidate.app/Contents/Developer/Platforms/WatchOS.platform/Developer/Library/Frameworks -F /Applications/Xcode-27.0.0-Release.Candidate.app/Contents/Developer/Platforms/WatchOS.platform/Developer/SDKs/WatchOS27.0.sdk/Developer/Library/Frameworks -c -j10 -enable-batch-mode -incremental -Xcc -ivfsstatcache -Xcc /Users/admin/builder/spi-builder-workspace/.derivedData/SDKStatCaches.noindex/watchos27.0-24R360-e829b21a6f8c9b70876ba0858053c04477534ef55a1706bf4c1112bbb242f0a2.sdkstatcache -output-file-map /Users/admin/builder/spi-builder-workspace/.derivedData/Build/Intermediates.noindex/LuxeUI.build/Debug-watchos/LuxeUI-t.build/Objects-normal/arm64_32/LuxeUI-OutputFileMap.json -save-temps -no-color-diagnostics -explicit-module-build -module-cache-path /Users/admin/builder/spi-builder-workspace/.derivedData/Build/Intermediates.noindex/SwiftExplicitPrecompiledModules -clang-scanner-module-cache-path /Users/admin/builder/spi-builder-workspace/.derivedData/ModuleCache.noindex -sdk-module-cache-path /Users/admin/builder/spi-builder-workspace/.derivedData/SDKExplicitPrecompiledModules -emit-dependencies -emit-module -emit-module-path /Users/admin/builder/spi-builder-workspace/.derivedData/Build/Intermediates.noindex/LuxeUI.build/Debug-watchos/LuxeUI-t.build/Objects-normal/arm64_32/LuxeUI.swiftmodule -serialize-diagnostics -dependency-scan-serialize-diagnostics-path /Users/admin/builder/spi-builder-workspace/.derivedData/Build/Intermediates.noindex/LuxeUI.build/Debug-watchos/LuxeUI-t.build/Objects-normal/arm64_32/LuxeUI-dependency-scan.dia -validate-clang-modules-once -clang-build-session-file /Users/admin/builder/spi-builder-workspace/.derivedData/ModuleCache.noindex/Session.modulevalidation -Xcc -fmodules-prune-interval\=86400 -Xcc -fmodules-prune-after\=345600 -package-name spi_builder_workspace -emit-const-values -const-gather-protocols-list /Users/admin/builder/spi-builder-workspace/.derivedData/Build/Intermediates.noindex/LuxeUI.build/Debug-watchos/LuxeUI-t.build/Objects-normal/arm64_32/LuxeUI_const_extract_protocols.json -Xcc -I/Users/admin/builder/spi-builder-workspace/.derivedData/Build/Products/Debug-watchos/include -Xcc -I/Users/admin/builder/spi-builder-workspace/.derivedData/Build/Intermediates.noindex/LuxeUI.build/Debug-watchos/LuxeUI-t.build/DerivedSources-normal/arm64_32 -Xcc -I/Users/admin/builder/spi-builder-workspace/.derivedData/Build/Intermediates.noindex/LuxeUI.build/Debug-watchos/LuxeUI-t.build/DerivedSources/arm64_32 -Xcc -I/Users/admin/builder/spi-builder-workspace/.derivedData/Build/Intermediates.noindex/LuxeUI.build/Debug-watchos/LuxeUI-t.build/DerivedSources -Xcc -DSWIFT_PACKAGE -Xcc -DDEBUG\=1 -emit-objc-header -emit-objc-header-path /Users/admin/builder/spi-builder-workspace/.derivedData/Build/Intermediates.noindex/LuxeUI.build/Debug-watchos/LuxeUI-t.build/Objects-normal/arm64_32/LuxeUI-Swift.h -working-directory /Users/admin/builder/spi-builder-workspace/.swiftpm/xcode -experimental-emit-module-separately -disable-cmo
SwiftDriver LuxeUI normal arm64 com.apple.xcode.tools.swift.compiler (in target 'LuxeUI' from project 'LuxeUI')
    cd /Users/admin/builder/spi-builder-workspace/.swiftpm/xcode
    builtin-SwiftDriver -- /Applications/Xcode-27.0.0-Release.Candidate.app/Contents/Developer/Toolchains/XcodeDefault.xctoolchain/usr/bin/swiftc -parse-as-library -module-name LuxeUI -Onone @/Users/admin/builder/spi-builder-workspace/.derivedData/Build/Intermediates.noindex/LuxeUI.build/Debug-watchos/LuxeUI-t.build/Objects-normal/arm64/LuxeUI.SwiftFileList -DSWIFT_PACKAGE -DDEBUG -DSWIFT_MODULE_RESOURCE_BUNDLE_UNAVAILABLE -DXcode -plugin-path /Applications/Xcode-27.0.0-Release.Candidate.app/Contents/Developer/Toolchains/XcodeDefault.xctoolchain/usr/lib/swift/host/plugins/testing -enable-experimental-feature DebugDescriptionMacro -sdk /Applications/Xcode-27.0.0-Release.Candidate.app/Contents/Developer/Platforms/WatchOS.platform/Developer/SDKs/WatchOS27.0.sdk -target arm64-apple-watchos9.0 -g -module-cache-path /Users/admin/builder/spi-builder-workspace/.derivedData/ModuleCache.noindex -Xfrontend -serialize-debugging-options -profile-coverage-mapping -profile-generate -enable-testing -index-store-path /Users/admin/builder/spi-builder-workspace/.derivedData/Index.noindex/DataStore -Xcc -D_LIBCPP_HARDENING_MODE\=_LIBCPP_HARDENING_MODE_DEBUG -swift-version 5 -I /Users/admin/builder/spi-builder-workspace/.derivedData/Build/Products/Debug-watchos -Isystem /Applications/Xcode-27.0.0-Release.Candidate.app/Contents/Developer/Platforms/WatchOS.platform/Developer/usr/lib -F /Users/admin/builder/spi-builder-workspace/.derivedData/Build/Products/Debug-watchos -F /Applications/Xcode-27.0.0-Release.Candidate.app/Contents/Developer/Platforms/WatchOS.platform/Developer/Library/Frameworks -F /Applications/Xcode-27.0.0-Release.Candidate.app/Contents/Developer/Platforms/WatchOS.platform/Developer/SDKs/WatchOS27.0.sdk/Developer/Library/Frameworks -c -j10 -enable-batch-mode -incremental -Xcc -ivfsstatcache -Xcc /Users/admin/builder/spi-builder-workspace/.derivedData/SDKStatCaches.noindex/watchos27.0-24R360-e829b21a6f8c9b70876ba0858053c04477534ef55a1706bf4c1112bbb242f0a2.sdkstatcache -output-file-map /Users/admin/builder/spi-builder-workspace/.derivedData/Build/Intermediates.noindex/LuxeUI.build/Debug-watchos/LuxeUI-t.build/Objects-normal/arm64/LuxeUI-OutputFileMap.json -save-temps -no-color-diagnostics -explicit-module-build -module-cache-path /Users/admin/builder/spi-builder-workspace/.derivedData/Build/Intermediates.noindex/SwiftExplicitPrecompiledModules -clang-scanner-module-cache-path /Users/admin/builder/spi-builder-workspace/.derivedData/ModuleCache.noindex -sdk-module-cache-path /Users/admin/builder/spi-builder-workspace/.derivedData/SDKExplicitPrecompiledModules -emit-dependencies -emit-module -emit-module-path /Users/admin/builder/spi-builder-workspace/.derivedData/Build/Intermediates.noindex/LuxeUI.build/Debug-watchos/LuxeUI-t.build/Objects-normal/arm64/LuxeUI.swiftmodule -serialize-diagnostics -dependency-scan-serialize-diagnostics-path /Users/admin/builder/spi-builder-workspace/.derivedData/Build/Intermediates.noindex/LuxeUI.build/Debug-watchos/LuxeUI-t.build/Objects-normal/arm64/LuxeUI-dependency-scan.dia -validate-clang-modules-once -clang-build-session-file /Users/admin/builder/spi-builder-workspace/.derivedData/ModuleCache.noindex/Session.modulevalidation -Xcc -fmodules-prune-interval\=86400 -Xcc -fmodules-prune-after\=345600 -package-name spi_builder_workspace -emit-const-values -const-gather-protocols-list /Users/admin/builder/spi-builder-workspace/.derivedData/Build/Intermediates.noindex/LuxeUI.build/Debug-watchos/LuxeUI-t.build/Objects-normal/arm64/LuxeUI_const_extract_protocols.json -Xcc -I/Users/admin/builder/spi-builder-workspace/.derivedData/Build/Products/Debug-watchos/include -Xcc -I/Users/admin/builder/spi-builder-workspace/.derivedData/Build/Intermediates.noindex/LuxeUI.build/Debug-watchos/LuxeUI-t.build/DerivedSources-normal/arm64 -Xcc -I/Users/admin/builder/spi-builder-workspace/.derivedData/Build/Intermediates.noindex/LuxeUI.build/Debug-watchos/LuxeUI-t.build/DerivedSources/arm64 -Xcc -I/Users/admin/builder/spi-builder-workspace/.derivedData/Build/Intermediates.noindex/LuxeUI.build/Debug-watchos/LuxeUI-t.build/DerivedSources -Xcc -DSWIFT_PACKAGE -Xcc -DDEBUG\=1 -emit-objc-header -emit-objc-header-path /Users/admin/builder/spi-builder-workspace/.derivedData/Build/Intermediates.noindex/LuxeUI.build/Debug-watchos/LuxeUI-t.build/Objects-normal/arm64/LuxeUI-Swift.h -working-directory /Users/admin/builder/spi-builder-workspace/.swiftpm/xcode -experimental-emit-module-separately -disable-cmo
SwiftExplicitDependencyGeneratePcm arm64 /Users/admin/builder/spi-builder-workspace/.derivedData/SDKExplicitPrecompiledModules/SwiftShims-4MXFZPV6FEB0XBYXCGPWAMQGL.pcm
SwiftExplicitDependencyGeneratePcm arm64 /Users/admin/builder/spi-builder-workspace/.derivedData/SDKExplicitPrecompiledModules/ptrauth-3TZ9WJCGLYD25HQPWH4968ONX.pcm
SwiftExplicitDependencyGeneratePcm arm64 /Users/admin/builder/spi-builder-workspace/.derivedData/SDKExplicitPrecompiledModules/_Builtin_stdbool-83J96QSOFE9VX04AAS6310UAE.pcm
SwiftExplicitDependencyGeneratePcm arm64 /Users/admin/builder/spi-builder-workspace/.derivedData/SDKExplicitPrecompiledModules/_Builtin_stdarg-A7UU8LE6MP85SM26YO7PBZNUQ.pcm
SwiftExplicitDependencyGeneratePcm arm64 /Users/admin/builder/spi-builder-workspace/.derivedData/SDKExplicitPrecompiledModules/DeveloperToolsSupport-E7CNISCB36UE8XQ9IOHK9XDX1.pcm
SwiftExplicitDependencyGeneratePcm arm64 /Users/admin/builder/spi-builder-workspace/.derivedData/SDKExplicitPrecompiledModules/ptrcheck-AIF0NDOYZ8ORBNHQAQR5NNB8M.pcm
SwiftExplicitDependencyGeneratePcm arm64 /Users/admin/builder/spi-builder-workspace/.derivedData/SDKExplicitPrecompiledModules/_AvailabilityInternal-BUNV3UXM65NT37THI4W1AM0SF.pcm
SwiftExplicitDependencyGeneratePcm arm64 /Users/admin/builder/spi-builder-workspace/.derivedData/SDKExplicitPrecompiledModules/_Builtin_stddef-1FU30Y8SWFB7OUUHMJQH5J6FM.pcm
SwiftExplicitDependencyGeneratePcm arm64 /Users/admin/builder/spi-builder-workspace/.derivedData/SDKExplicitPrecompiledModules/_SwiftConcurrencyShims-659N52XSKR5F0QSB880BH2FJR.pcm
SwiftExplicitDependencyGeneratePcm arm64 /Users/admin/builder/spi-builder-workspace/.derivedData/SDKExplicitPrecompiledModules/_Builtin_float-C0CW5Q4HGBQYKE77TC42IAFB5.pcm
SwiftExplicitDependencyGeneratePcm arm64_32 /Users/admin/builder/spi-builder-workspace/.derivedData/SDKExplicitPrecompiledModules/SwiftShims-9CQQGWTSNTN9EB5NSHDWUJICH.pcm
SwiftExplicitDependencyGeneratePcm arm64_32 /Users/admin/builder/spi-builder-workspace/.derivedData/SDKExplicitPrecompiledModules/_Builtin_stdbool-A967K8W8YUYEC9SN52KJ7OO88.pcm
SwiftExplicitDependencyGeneratePcm arm64_32 /Users/admin/builder/spi-builder-workspace/.derivedData/SDKExplicitPrecompiledModules/_AvailabilityInternal-244WAN3Z1QBT7PIA64EZEFY1R.pcm
SwiftExplicitDependencyGeneratePcm arm64_32 /Users/admin/builder/spi-builder-workspace/.derivedData/SDKExplicitPrecompiledModules/_SwiftConcurrencyShims-6RTBPQ03V7BM9SPRK8SUE055H.pcm
SwiftExplicitDependencyGeneratePcm arm64_32 /Users/admin/builder/spi-builder-workspace/.derivedData/SDKExplicitPrecompiledModules/ptrauth-BFXF358ME5AK535N5A9Z766WU.pcm
SwiftExplicitDependencyGeneratePcm arm64_32 /Users/admin/builder/spi-builder-workspace/.derivedData/SDKExplicitPrecompiledModules/_Builtin_stddef-H44EFHQX6XSS5MZ7QP6YJZ76.pcm
SwiftExplicitDependencyGeneratePcm arm64_32 /Users/admin/builder/spi-builder-workspace/.derivedData/SDKExplicitPrecompiledModules/_Builtin_float-6KO8O3PEWRCA4WC6PPLOYO6WJ.pcm
SwiftExplicitDependencyGeneratePcm arm64_32 /Users/admin/builder/spi-builder-workspace/.derivedData/SDKExplicitPrecompiledModules/DeveloperToolsSupport-DZU5G1OCMNWU0AQRULIFHUJ1Z.pcm
SwiftExplicitDependencyGeneratePcm arm64_32 /Users/admin/builder/spi-builder-workspace/.derivedData/SDKExplicitPrecompiledModules/_Builtin_stdarg-D305JG44A2WPI6CJY37X3QJE8.pcm
SwiftExplicitDependencyGeneratePcm arm64_32 /Users/admin/builder/spi-builder-workspace/.derivedData/SDKExplicitPrecompiledModules/ptrcheck-7ELIH9BTIGVKX3UBITM9N72WD.pcm
SwiftExplicitDependencyGeneratePcm arm64 /Users/admin/builder/spi-builder-workspace/.derivedData/SDKExplicitPrecompiledModules/_DarwinFoundation1-7SPX3MD0HMP55E4OLNCPNDQ53.pcm
SwiftExplicitDependencyGeneratePcm arm64_32 /Users/admin/builder/spi-builder-workspace/.derivedData/SDKExplicitPrecompiledModules/_DarwinFoundation1-2GWF9RFMPLQW4PDHS3NARVI3G.pcm
SwiftExplicitDependencyGeneratePcm arm64 /Users/admin/builder/spi-builder-workspace/.derivedData/SDKExplicitPrecompiledModules/_Builtin_limits-9GWPA2B0H20DYUNYHYCWKABJG.pcm
SwiftExplicitDependencyGeneratePcm arm64 /Users/admin/builder/spi-builder-workspace/.derivedData/SDKExplicitPrecompiledModules/_DarwinFoundation2-D0XAPJU49S5E9XMKYOFGSTB1Q.pcm
SwiftExplicitDependencyGeneratePcm arm64_32 /Users/admin/builder/spi-builder-workspace/.derivedData/SDKExplicitPrecompiledModules/_Builtin_limits-3VKBU2AFTD65PAJZ5CJ3LHFM2.pcm
SwiftExplicitDependencyGeneratePcm arm64_32 /Users/admin/builder/spi-builder-workspace/.derivedData/SDKExplicitPrecompiledModules/_DarwinFoundation2-9MY8GOSYRO0M9MKNXF6D3MBNK.pcm
SwiftExplicitDependencyGeneratePcm arm64 /Users/admin/builder/spi-builder-workspace/.derivedData/SDKExplicitPrecompiledModules/_Builtin_stdint-8XMILLJZEGRN2XG7XZUXZ5RLX.pcm
SwiftExplicitDependencyGeneratePcm arm64 /Users/admin/builder/spi-builder-workspace/.derivedData/SDKExplicitPrecompiledModules/_Builtin_tgmath-8NQ96OZ0YHXEC24JI95P01UF8.pcm
SwiftExplicitDependencyGeneratePcm arm64 /Users/admin/builder/spi-builder-workspace/.derivedData/SDKExplicitPrecompiledModules/sys_types-2KXQLI78OUCDP779AE68GZJ2.pcm
SwiftExplicitDependencyGeneratePcm arm64 /Users/admin/builder/spi-builder-workspace/.derivedData/SDKExplicitPrecompiledModules/string_h-E6PRXK75PHIPCZFWOFCQ3QBMK.pcm
SwiftExplicitDependencyGeneratePcm arm64_32 /Users/admin/builder/spi-builder-workspace/.derivedData/SDKExplicitPrecompiledModules/string_h-BFVLUQUSBZWYMLCU9QI7VZALW.pcm
SwiftExplicitDependencyGeneratePcm arm64_32 /Users/admin/builder/spi-builder-workspace/.derivedData/SDKExplicitPrecompiledModules/_Builtin_tgmath-23PGCKURCQILXMK0MYZRYDCOU.pcm
SwiftExplicitDependencyGeneratePcm arm64_32 /Users/admin/builder/spi-builder-workspace/.derivedData/SDKExplicitPrecompiledModules/_Builtin_stdint-1HMXWI3V0V4TXHRWZOMZGZ80Y.pcm
SwiftExplicitDependencyGeneratePcm arm64_32 /Users/admin/builder/spi-builder-workspace/.derivedData/SDKExplicitPrecompiledModules/sys_types-8TLLMW08ZJWDGIIPKOYFGHHZW.pcm
SwiftExplicitDependencyGeneratePcm arm64 /Users/admin/builder/spi-builder-workspace/.derivedData/SDKExplicitPrecompiledModules/_Builtin_stdatomic-7JEFA3KBJJJN6TKJWY3OG1VG5.pcm
SwiftExplicitDependencyGeneratePcm arm64 /Users/admin/builder/spi-builder-workspace/.derivedData/SDKExplicitPrecompiledModules/_DarwinFoundation3-B97LRG0E9GON2NUE65TVG81HU.pcm
SwiftExplicitDependencyGeneratePcm arm64 /Users/admin/builder/spi-builder-workspace/.derivedData/SDKExplicitPrecompiledModules/_Builtin_intrinsics-75960HIPCIYA06IUW8FIIPQT.pcm
SwiftExplicitDependencyGeneratePcm arm64_32 /Users/admin/builder/spi-builder-workspace/.derivedData/SDKExplicitPrecompiledModules/_DarwinFoundation3-3DUTYQDQSD9HUAAVY947NMWOI.pcm
SwiftExplicitDependencyGeneratePcm arm64_32 /Users/admin/builder/spi-builder-workspace/.derivedData/SDKExplicitPrecompiledModules/_Builtin_stdatomic-1TY035TURL76BF2U98PZPPZRX.pcm
SwiftExplicitDependencyGeneratePcm arm64_32 /Users/admin/builder/spi-builder-workspace/.derivedData/SDKExplicitPrecompiledModules/_Builtin_intrinsics-196IIAKDQVU42DLOZP9OQCV76.pcm
SwiftExplicitDependencyGeneratePcm arm64 /Users/admin/builder/spi-builder-workspace/.derivedData/SDKExplicitPrecompiledModules/_Builtin_inttypes-3UQSCM7WNM9EK4HZML8TY5J3D.pcm
SwiftExplicitDependencyGeneratePcm arm64_32 /Users/admin/builder/spi-builder-workspace/.derivedData/SDKExplicitPrecompiledModules/_Builtin_inttypes-D2KPCR4PEX9AQA33NGLUT5SBR.pcm
SwiftExplicitDependencyGeneratePcm arm64 /Users/admin/builder/spi-builder-workspace/.derivedData/SDKExplicitPrecompiledModules/Darwin-3984OXKFNSPE77NT743WK8SEX.pcm
SwiftExplicitDependencyGeneratePcm arm64_32 /Users/admin/builder/spi-builder-workspace/.derivedData/SDKExplicitPrecompiledModules/Darwin-3FVT1SKLN2ZQ5RVOABMTQBB34.pcm
SwiftExplicitDependencyGeneratePcm arm64 /Users/admin/builder/spi-builder-workspace/.derivedData/SDKExplicitPrecompiledModules/simd-EH08NODU6574T74ZKU61VP9BW.pcm
SwiftExplicitDependencyGeneratePcm arm64_32 /Users/admin/builder/spi-builder-workspace/.derivedData/SDKExplicitPrecompiledModules/simd-21UNWYOBUZI1LVSQ99S1XBLMO.pcm
SwiftExplicitDependencyGeneratePcm arm64 /Users/admin/builder/spi-builder-workspace/.derivedData/SDKExplicitPrecompiledModules/MachO-2U90NNSAQILBNBPS1SA4F8TYP.pcm
SwiftExplicitDependencyGeneratePcm arm64 /Users/admin/builder/spi-builder-workspace/.derivedData/SDKExplicitPrecompiledModules/ObjectiveC-72IVD3VS2RS8Q28D9PIMY0KQP.pcm
SwiftExplicitDependencyGeneratePcm arm64_32 /Users/admin/builder/spi-builder-workspace/.derivedData/SDKExplicitPrecompiledModules/MachO-56838ZJ0NC1EBAJ0O6O8QMPDX.pcm
SwiftExplicitDependencyGeneratePcm arm64_32 /Users/admin/builder/spi-builder-workspace/.derivedData/SDKExplicitPrecompiledModules/ObjectiveC-6IJNELR2E80E7LUKESVCP2KET.pcm
SwiftExplicitDependencyGeneratePcm arm64 /Users/admin/builder/spi-builder-workspace/.derivedData/SDKExplicitPrecompiledModules/os_object-3SDKD7F87FTZ26OON37DRYT6O.pcm
SwiftExplicitDependencyGeneratePcm arm64_32 /Users/admin/builder/spi-builder-workspace/.derivedData/SDKExplicitPrecompiledModules/os_object-5YWTC6L4756IWSTPGXS5NM0D0.pcm
SwiftExplicitDependencyGeneratePcm arm64 /Users/admin/builder/spi-builder-workspace/.derivedData/SDKExplicitPrecompiledModules/os_workgroup-89GG5G7YC2D0ZTK6AZXXQ20DH.pcm
SwiftExplicitDependencyGeneratePcm arm64_32 /Users/admin/builder/spi-builder-workspace/.derivedData/SDKExplicitPrecompiledModules/os_workgroup-5JHTPDMNBUNHLJI8LPHKQK1JK.pcm
SwiftExplicitDependencyGeneratePcm arm64_32 /Users/admin/builder/spi-builder-workspace/.derivedData/SDKExplicitPrecompiledModules/Dispatch-2P62F1T4XV63S4P99TUDTOK2Q.pcm
SwiftExplicitDependencyGeneratePcm arm64 /Users/admin/builder/spi-builder-workspace/.derivedData/SDKExplicitPrecompiledModules/Dispatch-1NLJOVAK60XP0DUB05XA59EIM.pcm
SwiftExplicitDependencyGeneratePcm arm64 /Users/admin/builder/spi-builder-workspace/.derivedData/SDKExplicitPrecompiledModules/Spatial-44FJGYXFAT2AQAW9Z6T7YS02U.pcm
SwiftExplicitDependencyGeneratePcm arm64_32 /Users/admin/builder/spi-builder-workspace/.derivedData/SDKExplicitPrecompiledModules/Spatial-CWVWNML3T0NXVHZDKVLD3X1YZ.pcm
SwiftExplicitDependencyGeneratePcm arm64 /Users/admin/builder/spi-builder-workspace/.derivedData/SDKExplicitPrecompiledModules/XPC-40DR0X1DHKGCV4J1IOLFS8MOU.pcm
SwiftExplicitDependencyGeneratePcm arm64 /Users/admin/builder/spi-builder-workspace/.derivedData/SDKExplicitPrecompiledModules/CoreFoundation-8T2L24YC5NU7WO6WQJWRY7W08.pcm
SwiftExplicitDependencyGeneratePcm arm64_32 /Users/admin/builder/spi-builder-workspace/.derivedData/SDKExplicitPrecompiledModules/CoreFoundation-8E6Y4BA3EXYKUGJ24GT9LGV3N.pcm
SwiftExplicitDependencyGeneratePcm arm64_32 /Users/admin/builder/spi-builder-workspace/.derivedData/SDKExplicitPrecompiledModules/XPC-81Y45QFY96XYYFCW2GT6FY8S4.pcm
SwiftExplicitDependencyGeneratePcm arm64 /Users/admin/builder/spi-builder-workspace/.derivedData/SDKExplicitPrecompiledModules/os-5DIL6Z9LFIGLMZAHM7X2T5435.pcm
SwiftExplicitDependencyGeneratePcm arm64_32 /Users/admin/builder/spi-builder-workspace/.derivedData/SDKExplicitPrecompiledModules/os-E5IGB442IA6SBB25TTCOLK2OC.pcm
SwiftExplicitDependencyGeneratePcm arm64 /Users/admin/builder/spi-builder-workspace/.derivedData/SDKExplicitPrecompiledModules/CoreGraphics-DWNZ73GEH98SBJXZ7DEXB420K.pcm
SwiftExplicitDependencyGeneratePcm arm64 /Users/admin/builder/spi-builder-workspace/.derivedData/SDKExplicitPrecompiledModules/CoreAudioTypes-A9MF7N5LT63G21HNFVM6BT14B.pcm
SwiftExplicitDependencyGeneratePcm arm64 /Users/admin/builder/spi-builder-workspace/.derivedData/SDKExplicitPrecompiledModules/Security-6RZ6YBRU8WCUHRFFRVUK5WKMM.pcm
SwiftExplicitDependencyGeneratePcm arm64_32 /Users/admin/builder/spi-builder-workspace/.derivedData/SDKExplicitPrecompiledModules/CoreGraphics-9FDXYX6BKBUT6TJ2VF819E7T5.pcm
SwiftExplicitDependencyGeneratePcm arm64_32 /Users/admin/builder/spi-builder-workspace/.derivedData/SDKExplicitPrecompiledModules/CoreAudioTypes-9GVB1DHA32M46R4A9NWSI3I2K.pcm
SwiftExplicitDependencyGeneratePcm arm64_32 /Users/admin/builder/spi-builder-workspace/.derivedData/SDKExplicitPrecompiledModules/Security-D7TOWF88VWF67TB9HAFP5UWB1.pcm
SwiftExplicitDependencyGeneratePcm arm64 /Users/admin/builder/spi-builder-workspace/.derivedData/SDKExplicitPrecompiledModules/CoreAudio-1B79RJJTP71GE6UY9WLESAN3C.pcm
SwiftExplicitDependencyGeneratePcm arm64_32 /Users/admin/builder/spi-builder-workspace/.derivedData/SDKExplicitPrecompiledModules/CoreAudio-5W6MX6OUPWBMUR8VD5LHT1PZF.pcm
SwiftExplicitDependencyGeneratePcm arm64_32 /Users/admin/builder/spi-builder-workspace/.derivedData/SDKExplicitPrecompiledModules/Foundation-BJ2VQGI3OGR34500MEQ1VKHPH.pcm
SwiftExplicitDependencyGeneratePcm arm64 /Users/admin/builder/spi-builder-workspace/.derivedData/SDKExplicitPrecompiledModules/Foundation-DLBKUSGXN8QHAT8W0OARR9S8A.pcm
SwiftExplicitDependencyGeneratePcm arm64_32 /Users/admin/builder/spi-builder-workspace/.derivedData/SDKExplicitPrecompiledModules/CoreText-C9X2REPZN2V5BSU4G80FCETDR.pcm
SwiftExplicitDependencyGeneratePcm arm64_32 /Users/admin/builder/spi-builder-workspace/.derivedData/SDKExplicitPrecompiledModules/CoreVideo-2P8HI0403J99LBDPKNFJ5D4DL.pcm
SwiftExplicitDependencyGeneratePcm arm64 /Users/admin/builder/spi-builder-workspace/.derivedData/SDKExplicitPrecompiledModules/CoreText-970YJN6NIYGK1316L35Z0O8QT.pcm
SwiftExplicitDependencyGeneratePcm arm64 /Users/admin/builder/spi-builder-workspace/.derivedData/SDKExplicitPrecompiledModules/CoreVideo-8MRR5MNWUOAW2DBPGUQ8FKK4.pcm
SwiftExplicitDependencyGeneratePcm arm64 /Users/admin/builder/spi-builder-workspace/.derivedData/SDKExplicitPrecompiledModules/CoreMedia-1AJVCUZNAO74KIKMFVFUUHWDI.pcm
SwiftExplicitDependencyGeneratePcm arm64_32 /Users/admin/builder/spi-builder-workspace/.derivedData/SDKExplicitPrecompiledModules/CoreMedia-AO387T8CHWTTZODD1DGT0UAFA.pcm
SwiftExplicitDependencyGeneratePcm arm64_32 /Users/admin/builder/spi-builder-workspace/.derivedData/SDKExplicitPrecompiledModules/UIUtilities-9YFVNIMRC5HRVOIARNWHP1E3H.pcm
SwiftExplicitDependencyGeneratePcm arm64_32 /Users/admin/builder/spi-builder-workspace/.derivedData/SDKExplicitPrecompiledModules/CoreData-7AU1AFQWUH88EAPDKVMLJPKVD.pcm
SwiftExplicitDependencyGeneratePcm arm64_32 /Users/admin/builder/spi-builder-workspace/.derivedData/SDKExplicitPrecompiledModules/OSLog-D9AVFY0KWO7RVBIQ73CBIJVCN.pcm
SwiftExplicitDependencyGeneratePcm arm64_32 /Users/admin/builder/spi-builder-workspace/.derivedData/SDKExplicitPrecompiledModules/Accessibility-F385OMZ5GYBUY5O4QAJB4NRII.pcm
SwiftExplicitDependencyGeneratePcm arm64_32 /Users/admin/builder/spi-builder-workspace/.derivedData/SDKExplicitPrecompiledModules/UserNotifications-6TBN8TEAKO014N1T2QD926XED.pcm
SwiftExplicitDependencyGeneratePcm arm64_32 /Users/admin/builder/spi-builder-workspace/.derivedData/SDKExplicitPrecompiledModules/QuartzCore-6375NPYACK5NYVHPMC1QQ8MC2.pcm
SwiftExplicitDependencyGeneratePcm arm64_32 /Users/admin/builder/spi-builder-workspace/.derivedData/SDKExplicitPrecompiledModules/UniformTypeIdentifiers-CJZ3NTHPSBH4XWX5EVOG56UZS.pcm
SwiftExplicitDependencyGeneratePcm arm64_32 /Users/admin/builder/spi-builder-workspace/.derivedData/SDKExplicitPrecompiledModules/DataDetection-U9BF7WHFVA6BZGFXXXP272PS.pcm
SwiftExplicitDependencyGeneratePcm arm64_32 /Users/admin/builder/spi-builder-workspace/.derivedData/SDKExplicitPrecompiledModules/SceneKit-DKNLHKM5FJBQ79LSNMSSMBUBR.pcm
SwiftExplicitDependencyGeneratePcm arm64_32 /Users/admin/builder/spi-builder-workspace/.derivedData/SDKExplicitPrecompiledModules/_LocationEssentials-AQ1OL9QKC3LQLY5CNSRM1HB53.pcm
SwiftExplicitDependencyGeneratePcm arm64 /Users/admin/builder/spi-builder-workspace/.derivedData/SDKExplicitPrecompiledModules/DataDetection-7BNVI1SZW5ISQL5SX4WL2X7I5.pcm
SwiftExplicitDependencyGeneratePcm arm64 /Users/admin/builder/spi-builder-workspace/.derivedData/SDKExplicitPrecompiledModules/Accessibility-27QMG6ZQ1NKYTNBYFPM1XKNFC.pcm
SwiftExplicitDependencyGeneratePcm arm64 /Users/admin/builder/spi-builder-workspace/.derivedData/SDKExplicitPrecompiledModules/Symbols-3EFABTJ9L5PQDJ7RQCYQWEJMM.pcm
SwiftExplicitDependencyGeneratePcm arm64 /Users/admin/builder/spi-builder-workspace/.derivedData/SDKExplicitPrecompiledModules/UIUtilities-IR7RNW23VAUKYI9MLCS9NL9A.pcm
SwiftExplicitDependencyGeneratePcm arm64 /Users/admin/builder/spi-builder-workspace/.derivedData/SDKExplicitPrecompiledModules/UniformTypeIdentifiers-8L08Q8DQJV8C4AW84YVGFGTRN.pcm
SwiftExplicitDependencyGeneratePcm arm64 /Users/admin/builder/spi-builder-workspace/.derivedData/SDKExplicitPrecompiledModules/CoreTransferable-9PPG3SLJ55T4LITIFYX2M0NOZ.pcm
SwiftExplicitDependencyGeneratePcm arm64_32 /Users/admin/builder/spi-builder-workspace/.derivedData/SDKExplicitPrecompiledModules/CoreLocation-8XU5YMYM4P11RQMYCQAG65ITK.pcm
SwiftExplicitDependencyGeneratePcm arm64 /Users/admin/builder/spi-builder-workspace/.derivedData/SDKExplicitPrecompiledModules/_LocationEssentials-5ZZDGDXB6HLQUC72SJW7YJ7MK.pcm
SwiftExplicitDependencyGeneratePcm arm64 /Users/admin/builder/spi-builder-workspace/.derivedData/SDKExplicitPrecompiledModules/SceneKit-5HZKIL7XETTTD8TOHYPN8JKRJ.pcm
SwiftExplicitDependencyGeneratePcm arm64 /Users/admin/builder/spi-builder-workspace/.derivedData/SDKExplicitPrecompiledModules/QuartzCore-94KFMWNOU7ZLUZNB4T5DLZC9D.pcm
SwiftExplicitDependencyGeneratePcm arm64 /Users/admin/builder/spi-builder-workspace/.derivedData/SDKExplicitPrecompiledModules/CoreData-9JFJC4UET8BAO5IPV2JU6W9V8.pcm
SwiftExplicitDependencyGeneratePcm arm64 /Users/admin/builder/spi-builder-workspace/.derivedData/SDKExplicitPrecompiledModules/OSLog-B7VGO357Y3GJG35TST7DKDSI3.pcm
SwiftExplicitDependencyGeneratePcm arm64_32 /Users/admin/builder/spi-builder-workspace/.derivedData/SDKExplicitPrecompiledModules/Symbols-1H97WMG76HU94F5VGJR19PXFY.pcm
SwiftExplicitDependencyGeneratePcm arm64 /Users/admin/builder/spi-builder-workspace/.derivedData/SDKExplicitPrecompiledModules/UserNotifications-ARAH8MEQ0C2L0FBO39HITJMAO.pcm
SwiftExplicitDependencyGeneratePcm arm64_32 /Users/admin/builder/spi-builder-workspace/.derivedData/SDKExplicitPrecompiledModules/SwiftUICore-3Q7WLRD8MR9R3NGIPUBQCP6F6.pcm
SwiftExplicitDependencyGeneratePcm arm64_32 /Users/admin/builder/spi-builder-workspace/.derivedData/SDKExplicitPrecompiledModules/CoreTransferable-5D4IR6X37682FPHJ5CBPTKQV6.pcm
SwiftExplicitDependencyGeneratePcm arm64 /Users/admin/builder/spi-builder-workspace/.derivedData/SDKExplicitPrecompiledModules/CoreLocation-ACKJ9K7ABI14F97Y46Y6SRR17.pcm
SwiftExplicitDependencyGeneratePcm arm64_32 /Users/admin/builder/spi-builder-workspace/.derivedData/SDKExplicitPrecompiledModules/CoreMotion-1XGTVTE5PP32UHME8AC63TL6.pcm
SwiftExplicitDependencyGeneratePcm arm64 /Users/admin/builder/spi-builder-workspace/.derivedData/SDKExplicitPrecompiledModules/SwiftUICore-C1DST1IX2Z0PTH5SJJZ1IULRB.pcm
SwiftExplicitDependencyGeneratePcm arm64_32 /Users/admin/builder/spi-builder-workspace/.derivedData/SDKExplicitPrecompiledModules/UIKit-6PPV7YPZ89CZPHYAP072QH8B6.pcm
SwiftExplicitDependencyGeneratePcm arm64 /Users/admin/builder/spi-builder-workspace/.derivedData/SDKExplicitPrecompiledModules/CoreMotion-6RD5K48QT1F4L9CATNFD2O7YB.pcm
SwiftExplicitDependencyGeneratePcm arm64 /Users/admin/builder/spi-builder-workspace/.derivedData/SDKExplicitPrecompiledModules/UIKit-27R3P1YMV4C6JLDT661G3MRIA.pcm
SwiftExplicitDependencyGeneratePcm arm64_32 /Users/admin/builder/spi-builder-workspace/.derivedData/SDKExplicitPrecompiledModules/MapKit-CWGB4YMP1VX1NYQN5FULFD5DR.pcm
SwiftExplicitDependencyGeneratePcm arm64_32 /Users/admin/builder/spi-builder-workspace/.derivedData/SDKExplicitPrecompiledModules/HomeKit-DUDZOMSN3UK8GNTNBNMPIWJRN.pcm
SwiftExplicitDependencyGeneratePcm arm64 /Users/admin/builder/spi-builder-workspace/.derivedData/SDKExplicitPrecompiledModules/HomeKit-DTS1N4AWILAL1URZ5IOXV5221.pcm
SwiftExplicitDependencyGeneratePcm arm64 /Users/admin/builder/spi-builder-workspace/.derivedData/SDKExplicitPrecompiledModules/MapKit-EJJWC7IL56MPLQMI93GJRE5OG.pcm
SwiftExplicitDependencyGeneratePcm arm64_32 /Users/admin/builder/spi-builder-workspace/.derivedData/SDKExplicitPrecompiledModules/WatchKit-FHF6WTKLC2APGK3LA2XJ6516.pcm
SwiftExplicitDependencyGeneratePcm arm64 /Users/admin/builder/spi-builder-workspace/.derivedData/SDKExplicitPrecompiledModules/WatchKit-3VT3K8YON6FJ6OWSUFJMFMP8J.pcm
SwiftExplicitDependencyGeneratePcm arm64_32 /Users/admin/builder/spi-builder-workspace/.derivedData/SDKExplicitPrecompiledModules/SwiftUI-9AYG9OCT5VOJK7V4MX1WYR86T.pcm
SwiftCompile normal arm64_32 Compiling\ luxeUI.swift /Users/admin/builder/spi-builder-workspace/Sources/luxeUI/luxeUI.swift (in target 'LuxeUI' from project 'LuxeUI')
SwiftCompile normal arm64_32 /Users/admin/builder/spi-builder-workspace/Sources/luxeUI/luxeUI.swift (in target 'LuxeUI' from project 'LuxeUI')
    cd /Users/admin/builder/spi-builder-workspace/.swiftpm/xcode
    builtin-SwiftPerFileCompile luxeUI.swift
SwiftCompile normal arm64_32 Compiling\ ThemeProvider.swift /Users/admin/builder/spi-builder-workspace/Sources/luxeUI/Theme/ThemeProvider.swift (in target 'LuxeUI' from project 'LuxeUI')
SwiftCompile normal arm64_32 /Users/admin/builder/spi-builder-workspace/Sources/luxeUI/Theme/ThemeProvider.swift (in target 'LuxeUI' from project 'LuxeUI')
    cd /Users/admin/builder/spi-builder-workspace/.swiftpm/xcode
    builtin-SwiftPerFileCompile ThemeProvider.swift
SwiftCompile normal arm64_32 Compiling\ LuxeSlider.swift,\ MultiThumbSlider.swift /Users/admin/builder/spi-builder-workspace/Sources/luxeUI/Components/Sliders/LuxeSlider.swift /Users/admin/builder/spi-builder-workspace/Sources/luxeUI/Components/Sliders/MultiThumbSlider.swift (in target 'LuxeUI' from project 'LuxeUI')
/Users/admin/builder/spi-builder-workspace/Sources/luxeUI/Components/Sliders/LuxeSlider.swift:121:38: error: 'ultraThinMaterial' is only available in watchOS 10.0 or newer
 36 |
 37 | /// A continuous single-value slider with premium feel.
 38 | public struct LuxeSlider: View {
    |               `- note: add '@available' attribute to enclosing struct
 39 |     @Binding var value: Double
 40 |     var range: ClosedRange<Double>
    :
 56 |     }
 57 |
 58 |     public var body: some View {
    |                `- note: add '@available' attribute to enclosing property
 59 |         GeometryReader { geometry in
 60 |             ZStack(alignment: .leading) {
    :
119 |                         .font(.caption.bold())
120 |                         .padding(6)
121 |                         .background(.ultraThinMaterial)
    |                                      |- error: 'ultraThinMaterial' is only available in watchOS 10.0 or newer
    |                                      `- note: add 'if #available' version check
122 |                         .cornerRadius(8)
123 |                         .shadow(radius: 4)
Failed frontend command:
/Applications/Xcode-27.0.0-Release.Candidate.app/Contents/Developer/Toolchains/XcodeDefault.xctoolchain/usr/bin/swift-frontend -frontend -c /Users/admin/builder/spi-builder-workspace/Sources/luxeUI/Components/Buttons/LiquidButton.swift /Users/admin/builder/spi-builder-workspace/Sources/luxeUI/Components/Containers/GlassmorphismContainer.swift /Users/admin/builder/spi-builder-workspace/Sources/luxeUI/Components/Containers/RefractiveGlassModifier.swift /Users/admin/builder/spi-builder-workspace/Sources/luxeUI/Components/Effects/LiquidBlob.swift /Users/admin/builder/spi-builder-workspace/Sources/luxeUI/Components/Interactions/PredictiveLayouts.swift /Users/admin/builder/spi-builder-workspace/Sources/luxeUI/Components/Interactions/SmartSpringEngine.swift /Users/admin/builder/spi-builder-workspace/Sources/luxeUI/Components/Loading/LiquidLoader.swift /Users/admin/builder/spi-builder-workspace/Sources/luxeUI/Components/Premium/PremiumComponents.swift /Users/admin/builder/spi-builder-workspace/Sources/luxeUI/Components/Progress/CircularProgressBar.swift /Users/admin/builder/spi-builder-workspace/Sources/luxeUI/Components/Progress/LiquidProgress.swift -primary-file /Users/admin/builder/spi-builder-workspace/Sources/luxeUI/Components/Sliders/LuxeSlider.swift -primary-file /Users/admin/builder/spi-builder-workspace/Sources/luxeUI/Components/Sliders/MultiThumbSlider.swift /Users/admin/builder/spi-builder-workspace/Sources/luxeUI/Extensions/View+Theme.swift /Users/admin/builder/spi-builder-workspace/Sources/luxeUI/Theme/Theme.swift /Users/admin/builder/spi-builder-workspace/Sources/luxeUI/Theme/ThemeEnvironment.swift /Users/admin/builder/spi-builder-workspace/Sources/luxeUI/Theme/ThemeProvider.swift /Users/admin/builder/spi-builder-workspace/Sources/luxeUI/luxeUI.swift -emit-dependencies-path /Users/admin/builder/spi-builder-workspace/.derivedData/Build/Intermediates.noindex/LuxeUI.build/Debug-watchos/LuxeUI-t.build/Objects-normal/arm64_32/LuxeSlider.d -emit-const-values-path /Users/admin/builder/spi-builder-workspace/.derivedData/Build/Intermediates.noindex/LuxeUI.build/Debug-watchos/LuxeUI-t.build/Objects-normal/arm64_32/LuxeSlider.swiftconstvalues -emit-reference-dependencies-path /Users/admin/builder/spi-builder-workspace/.derivedData/Build/Intermediates.noindex/LuxeUI.build/Debug-watchos/LuxeUI-t.build/Objects-normal/arm64_32/LuxeSlider.swiftdeps -serialize-diagnostics-path /Users/admin/builder/spi-builder-workspace/.derivedData/Build/Intermediates.noindex/LuxeUI.build/Debug-watchos/LuxeUI-t.build/Objects-normal/arm64_32/LuxeSlider.dia -emit-dependencies-path /Users/admin/builder/spi-builder-workspace/.derivedData/Build/Intermediates.noindex/LuxeUI.build/Debug-watchos/LuxeUI-t.build/Objects-normal/arm64_32/MultiThumbSlider.d -emit-const-values-path /Users/admin/builder/spi-builder-workspace/.derivedData/Build/Intermediates.noindex/LuxeUI.build/Debug-watchos/LuxeUI-t.build/Objects-normal/arm64_32/MultiThumbSlider.swiftconstvalues -emit-reference-dependencies-path /Users/admin/builder/spi-builder-workspace/.derivedData/Build/Intermediates.noindex/LuxeUI.build/Debug-watchos/LuxeUI-t.build/Objects-normal/arm64_32/MultiThumbSlider.swiftdeps -serialize-diagnostics-path /Users/admin/builder/spi-builder-workspace/.derivedData/Build/Intermediates.noindex/LuxeUI.build/Debug-watchos/LuxeUI-t.build/Objects-normal/arm64_32/MultiThumbSlider.dia -target arm64_32-apple-watchos9.0 -disable-cross-import-overlay-search -load-resolved-plugin /Applications/Xcode-27.0.0-Release.Candidate.app/Contents/Developer/Platforms/WatchOS.platform/Developer/usr/lib/swift/host/plugins/libFoundationMacros.dylib\#/Applications/Xcode-27.0.0-Release.Candidate.app/Contents/Developer/Platforms/WatchOS.platform/Developer/usr/bin/swift-plugin-server\#FoundationMacros -load-resolved-plugin /Applications/Xcode-27.0.0-Release.Candidate.app/Contents/Developer/Platforms/WatchOS.platform/Developer/usr/lib/swift/host/plugins/libObservationMacros.dylib\#/Applications/Xcode-27.0.0-Release.Candidate.app/Contents/Developer/Platforms/WatchOS.platform/Developer/usr/bin/swift-plugin-server\#ObservationMacros -load-resolved-plugin /Applications/Xcode-27.0.0-Release.Candidate.app/Contents/Developer/Platforms/WatchOS.platform/Developer/usr/lib/swift/host/plugins/libPreviewsMacros.dylib\#/Applications/Xcode-27.0.0-Release.Candidate.app/Contents/Developer/Platforms/WatchOS.platform/Developer/usr/bin/swift-plugin-server\#PreviewsMacros -load-resolved-plugin /Applications/Xcode-27.0.0-Release.Candidate.app/Contents/Developer/Platforms/WatchOS.platform/Developer/usr/lib/swift/host/plugins/libSwiftMacros.dylib\#/Applications/Xcode-27.0.0-Release.Candidate.app/Contents/Developer/Platforms/WatchOS.platform/Developer/usr/bin/swift-plugin-server\#SwiftMacros -load-resolved-plugin /Applications/Xcode-27.0.0-Release.Candidate.app/Contents/Developer/Platforms/WatchOS.platform/Developer/usr/lib/swift/host/plugins/libSwiftUIMacros.dylib\#/Applications/Xcode-27.0.0-Release.Candidate.app/Contents/Developer/Platforms/WatchOS.platform/Developer/usr/bin/swift-plugin-server\#SwiftUIMacros -disable-implicit-swift-modules -Xcc -fno-implicit-modules -Xcc -fno-implicit-module-maps -explicit-swift-module-map-file /Users/admin/builder/spi-builder-workspace/.derivedData/Build/Intermediates.noindex/LuxeUI.build/Debug-watchos/LuxeUI-t.build/Objects-normal/arm64_32/LuxeUI-dependencies-1.json -enable-objc-interop -sdk /Applications/Xcode-27.0.0-Release.Candidate.app/Contents/Developer/Platforms/WatchOS.platform/Developer/SDKs/WatchOS27.0.sdk -I /Users/admin/builder/spi-builder-workspace/.derivedData/Build/Products/Debug-watchos -Isystem /Applications/Xcode-27.0.0-Release.Candidate.app/Contents/Developer/Platforms/WatchOS.platform/Developer/usr/lib -F /Users/admin/builder/spi-builder-workspace/.derivedData/Build/Products/Debug-watchos -F /Applications/Xcode-27.0.0-Release.Candidate.app/Contents/Developer/Platforms/WatchOS.platform/Developer/Library/Frameworks -F /Applications/Xcode-27.0.0-Release.Candidate.app/Contents/Developer/Platforms/WatchOS.platform/Developer/SDKs/WatchOS27.0.sdk/Developer/Library/Frameworks -module-cache-path /Users/admin/builder/spi-builder-workspace/.derivedData/Build/Intermediates.noindex/SwiftExplicitPrecompiledModules -no-color-diagnostics -Xcc -fno-color-diagnostics -enable-testing -g -debug-info-format\=dwarf -dwarf-version\=4 -profile-generate -profile-coverage-mapping -swift-version 5 -Onone -D SWIFT_PACKAGE -D DEBUG -D SWIFT_MODULE_RESOURCE_BUNDLE_UNAVAILABLE -D Xcode -serialize-debugging-options -enable-experimental-feature DebugDescriptionMacro -empty-abi-descriptor -validate-clang-modules-once -clang-build-session-file /Users/admin/builder/spi-builder-workspace/.derivedData/ModuleCache.noindex/Session.modulevalidation -Xcc -working-directory -Xcc /Users/admin/builder/spi-builder-workspace/.swiftpm/xcode -enable-anonymous-context-mangled-names -file-compilation-dir /Users/admin/builder/spi-builder-workspace/.swiftpm/xcode -Xcc -D_LIBCPP_HARDENING_MODE\=_LIBCPP_HARDENING_MODE_DEBUG -Xcc -ivfsstatcache -Xcc /Users/admin/builder/spi-builder-workspace/.derivedData/SDKStatCaches.noindex/watchos27.0-24R360-e829b21a6f8c9b70876ba0858053c04477534ef55a1706bf4c1112bbb242f0a2.sdkstatcache -Xcc -fmodules-prune-interval\=86400 -Xcc -fmodules-prune-after\=345600 -Xcc -I/Users/admin/builder/spi-builder-workspace/.derivedData/Build/Products/Debug-watchos/include -Xcc -I/Users/admin/builder/spi-builder-workspace/.derivedData/Build/Intermediates.noindex/LuxeUI.build/Debug-watchos/LuxeUI-t.build/DerivedSources-normal/arm64_32 -Xcc -I/Users/admin/builder/spi-builder-workspace/.derivedData/Build/Intermediates.noindex/LuxeUI.build/Debug-watchos/LuxeUI-t.build/DerivedSources/arm64_32 -Xcc -I/Users/admin/builder/spi-builder-workspace/.derivedData/Build/Intermediates.noindex/LuxeUI.build/Debug-watchos/LuxeUI-t.build/DerivedSources -Xcc -DSWIFT_PACKAGE -Xcc -DDEBUG\=1 -no-auto-bridging-header-chaining -module-name LuxeUI -package-name spi_builder_workspace -const-gather-protocols-file /Users/admin/builder/spi-builder-workspace/.derivedData/Build/Intermediates.noindex/LuxeUI.build/Debug-watchos/LuxeUI-t.build/Objects-normal/arm64_32/LuxeUI_const_extract_protocols.json -disable-clang-spi -clang-target arm64_32-apple-watchos27.0 -target-sdk-version 27.0 -target-sdk-name watchos27.0 -in-process-plugin-server-path /Applications/Xcode-27.0.0-Release.Candidate.app/Contents/Developer/Toolchains/XcodeDefault.xctoolchain/usr/lib/swift/host/libSwiftInProcPluginServer.dylib -parse-as-library -o /Users/admin/builder/spi-builder-workspace/.derivedData/Build/Intermediates.noindex/LuxeUI.build/Debug-watchos/LuxeUI-t.build/Objects-normal/arm64_32/LuxeSlider.o -o /Users/admin/builder/spi-builder-workspace/.derivedData/Build/Intermediates.noindex/LuxeUI.build/Debug-watchos/LuxeUI-t.build/Objects-normal/arm64_32/MultiThumbSlider.o -debug-module-path /Users/admin/builder/spi-builder-workspace/.derivedData/Build/Intermediates.noindex/LuxeUI.build/Debug-watchos/LuxeUI-t.build/Objects-normal/arm64_32/LuxeUI.swiftmodule -index-unit-output-path /LuxeUI.build/Debug-watchos/LuxeUI-t.build/Objects-normal/arm64_32/LuxeSlider.o -index-unit-output-path /LuxeUI.build/Debug-watchos/LuxeUI-t.build/Objects-normal/arm64_32/MultiThumbSlider.o -index-store-path /Users/admin/builder/spi-builder-workspace/.derivedData/Index.noindex/DataStore -index-system-modules
SwiftCompile normal arm64_32 /Users/admin/builder/spi-builder-workspace/Sources/luxeUI/Components/Sliders/LuxeSlider.swift (in target 'LuxeUI' from project 'LuxeUI')
    cd /Users/admin/builder/spi-builder-workspace/.swiftpm/xcode
    builtin-SwiftPerFileCompile LuxeSlider.swift
SwiftCompile normal arm64_32 /Users/admin/builder/spi-builder-workspace/Sources/luxeUI/Components/Sliders/MultiThumbSlider.swift (in target 'LuxeUI' from project 'LuxeUI')
    cd /Users/admin/builder/spi-builder-workspace/.swiftpm/xcode
    builtin-SwiftPerFileCompile MultiThumbSlider.swift
SwiftCompile normal arm64_32 Compiling\ View+Theme.swift,\ Theme.swift /Users/admin/builder/spi-builder-workspace/Sources/luxeUI/Extensions/View+Theme.swift /Users/admin/builder/spi-builder-workspace/Sources/luxeUI/Theme/Theme.swift (in target 'LuxeUI' from project 'LuxeUI')
SwiftCompile normal arm64_32 /Users/admin/builder/spi-builder-workspace/Sources/luxeUI/Extensions/View+Theme.swift (in target 'LuxeUI' from project 'LuxeUI')
    cd /Users/admin/builder/spi-builder-workspace/.swiftpm/xcode
    builtin-SwiftPerFileCompile View+Theme.swift
SwiftCompile normal arm64_32 /Users/admin/builder/spi-builder-workspace/Sources/luxeUI/Theme/Theme.swift (in target 'LuxeUI' from project 'LuxeUI')
    cd /Users/admin/builder/spi-builder-workspace/.swiftpm/xcode
    builtin-SwiftPerFileCompile Theme.swift
SwiftCompile normal arm64_32 Compiling\ ThemeEnvironment.swift /Users/admin/builder/spi-builder-workspace/Sources/luxeUI/Theme/ThemeEnvironment.swift (in target 'LuxeUI' from project 'LuxeUI')
SwiftCompile normal arm64_32 /Users/admin/builder/spi-builder-workspace/Sources/luxeUI/Theme/ThemeEnvironment.swift (in target 'LuxeUI' from project 'LuxeUI')
    cd /Users/admin/builder/spi-builder-workspace/.swiftpm/xcode
    builtin-SwiftPerFileCompile ThemeEnvironment.swift
SwiftCompile normal arm64_32 Compiling\ CircularProgressBar.swift,\ LiquidProgress.swift /Users/admin/builder/spi-builder-workspace/Sources/luxeUI/Components/Progress/CircularProgressBar.swift /Users/admin/builder/spi-builder-workspace/Sources/luxeUI/Components/Progress/LiquidProgress.swift (in target 'LuxeUI' from project 'LuxeUI')
SwiftCompile normal arm64_32 /Users/admin/builder/spi-builder-workspace/Sources/luxeUI/Components/Progress/CircularProgressBar.swift (in target 'LuxeUI' from project 'LuxeUI')
    cd /Users/admin/builder/spi-builder-workspace/.swiftpm/xcode
    builtin-SwiftPerFileCompile CircularProgressBar.swift
SwiftCompile normal arm64_32 /Users/admin/builder/spi-builder-workspace/Sources/luxeUI/Components/Progress/LiquidProgress.swift (in target 'LuxeUI' from project 'LuxeUI')
    cd /Users/admin/builder/spi-builder-workspace/.swiftpm/xcode
    builtin-SwiftPerFileCompile LiquidProgress.swift
SwiftEmitModule normal arm64_32 Emitting\ module\ for\ LuxeUI (in target 'LuxeUI' from project 'LuxeUI')
SwiftCompile normal arm64_32 (in target 'LuxeUI' from project 'LuxeUI')
    cd /Users/admin/builder/spi-builder-workspace/.swiftpm/xcode

SwiftCompile normal arm64_32 Compiling\ LiquidLoader.swift,\ PremiumComponents.swift /Users/admin/builder/spi-builder-workspace/Sources/luxeUI/Components/Loading/LiquidLoader.swift /Users/admin/builder/spi-builder-workspace/Sources/luxeUI/Components/Premium/PremiumComponents.swift (in target 'LuxeUI' from project 'LuxeUI')
/Users/admin/builder/spi-builder-workspace/Sources/luxeUI/Components/Premium/PremiumComponents.swift:225:28: error: 'ultraThinMaterial' is only available in watchOS 10.0 or newer
 173 | /// }
 174 | /// ```
 175 | public struct LuxeCard<Content: View>: View {
     |               `- note: add '@available' attribute to enclosing generic struct
 176 |     private let content: Content
 177 |     private var configuration: LuxeCardConfiguration
     :
 218 |     }
 219 |
 220 |     public var body: some View {
     |                `- note: add '@available' attribute to enclosing property
 221 |         content
 222 |             .padding()
 223 |             .background(
 224 |                 RoundedRectangle(cornerRadius: configuration.cornerRadius)
 225 |                     .fill(.ultraThinMaterial)
     |                            |- error: 'ultraThinMaterial' is only available in watchOS 10.0 or newer
     |                            `- note: add 'if #available' version check
 226 |                     .background(
 227 |                         RoundedRectangle(cornerRadius: configuration.cornerRadius)
/Users/admin/builder/spi-builder-workspace/Sources/luxeUI/Components/Premium/PremiumComponents.swift:261:14: error: 'onHover(perform:)' is unavailable in watchOS
 259 |                 value: isPressed
 260 |             )
 261 |             .onHover { hovering in
     |              `- error: 'onHover(perform:)' is unavailable in watchOS
 262 |                 isHovered = hovering
 263 |                 if hovering {
SwiftUI.View.onHover:2:36: note: 'onHover(perform:)' has been explicitly marked unavailable here
1 | protocol View {
2 | @inlinable nonisolated public func onHover(perform action: @escaping (Bool) -> Void) -> some View
  |                                    `- note: 'onHover(perform:)' has been explicitly marked unavailable here
3 |   }
4 |
/Users/admin/builder/spi-builder-workspace/Sources/luxeUI/Components/Premium/PremiumComponents.swift:587:40: error: 'ultraThinMaterial' is only available in watchOS 10.0 or newer
 490 | /// }
 491 | /// ```
 492 | public struct LuxeButton: View {
     |               `- note: add '@available' attribute to enclosing struct
 493 |     private let title: String
 494 |     private let style: LuxeButtonStyle
     :
 569 |     }
 570 |
 571 |     public var body: some View {
     |                `- note: add '@available' attribute to enclosing property
 572 |         Button(action: {
 573 |             if configuration.enableHaptics {
     :
 585 |                         if case .glass = style {
 586 |                             RoundedRectangle(cornerRadius: configuration.cornerRadius)
 587 |                                 .fill(.ultraThinMaterial)
     |                                        |- error: 'ultraThinMaterial' is only available in watchOS 10.0 or newer
     |                                        `- note: add 'if #available' version check
 588 |                         } else {
 589 |                             LinearGradient(
Failed frontend command:
/Applications/Xcode-27.0.0-Release.Candidate.app/Contents/Developer/Toolchains/XcodeDefault.xctoolchain/usr/bin/swift-frontend -frontend -c /Users/admin/builder/spi-builder-workspace/Sources/luxeUI/Components/Buttons/LiquidButton.swift /Users/admin/builder/spi-builder-workspace/Sources/luxeUI/Components/Containers/GlassmorphismContainer.swift /Users/admin/builder/spi-builder-workspace/Sources/luxeUI/Components/Containers/RefractiveGlassModifier.swift /Users/admin/builder/spi-builder-workspace/Sources/luxeUI/Components/Effects/LiquidBlob.swift /Users/admin/builder/spi-builder-workspace/Sources/luxeUI/Components/Interactions/PredictiveLayouts.swift /Users/admin/builder/spi-builder-workspace/Sources/luxeUI/Components/Interactions/SmartSpringEngine.swift -primary-file /Users/admin/builder/spi-builder-workspace/Sources/luxeUI/Components/Loading/LiquidLoader.swift -primary-file /Users/admin/builder/spi-builder-workspace/Sources/luxeUI/Components/Premium/PremiumComponents.swift /Users/admin/builder/spi-builder-workspace/Sources/luxeUI/Components/Progress/CircularProgressBar.swift /Users/admin/builder/spi-builder-workspace/Sources/luxeUI/Components/Progress/LiquidProgress.swift /Users/admin/builder/spi-builder-workspace/Sources/luxeUI/Components/Sliders/LuxeSlider.swift /Users/admin/builder/spi-builder-workspace/Sources/luxeUI/Components/Sliders/MultiThumbSlider.swift /Users/admin/builder/spi-builder-workspace/Sources/luxeUI/Extensions/View+Theme.swift /Users/admin/builder/spi-builder-workspace/Sources/luxeUI/Theme/Theme.swift /Users/admin/builder/spi-builder-workspace/Sources/luxeUI/Theme/ThemeEnvironment.swift /Users/admin/builder/spi-builder-workspace/Sources/luxeUI/Theme/ThemeProvider.swift /Users/admin/builder/spi-builder-workspace/Sources/luxeUI/luxeUI.swift -emit-dependencies-path /Users/admin/builder/spi-builder-workspace/.derivedData/Build/Intermediates.noindex/LuxeUI.build/Debug-watchos/LuxeUI-t.build/Objects-normal/arm64_32/LiquidLoader.d -emit-const-values-path /Users/admin/builder/spi-builder-workspace/.derivedData/Build/Intermediates.noindex/LuxeUI.build/Debug-watchos/LuxeUI-t.build/Objects-normal/arm64_32/LiquidLoader.swiftconstvalues -emit-reference-dependencies-path /Users/admin/builder/spi-builder-workspace/.derivedData/Build/Intermediates.noindex/LuxeUI.build/Debug-watchos/LuxeUI-t.build/Objects-normal/arm64_32/LiquidLoader.swiftdeps -serialize-diagnostics-path /Users/admin/builder/spi-builder-workspace/.derivedData/Build/Intermediates.noindex/LuxeUI.build/Debug-watchos/LuxeUI-t.build/Objects-normal/arm64_32/LiquidLoader.dia -emit-dependencies-path /Users/admin/builder/spi-builder-workspace/.derivedData/Build/Intermediates.noindex/LuxeUI.build/Debug-watchos/LuxeUI-t.build/Objects-normal/arm64_32/PremiumComponents.d -emit-const-values-path /Users/admin/builder/spi-builder-workspace/.derivedData/Build/Intermediates.noindex/LuxeUI.build/Debug-watchos/LuxeUI-t.build/Objects-normal/arm64_32/PremiumComponents.swiftconstvalues -emit-reference-dependencies-path /Users/admin/builder/spi-builder-workspace/.derivedData/Build/Intermediates.noindex/LuxeUI.build/Debug-watchos/LuxeUI-t.build/Objects-normal/arm64_32/PremiumComponents.swiftdeps -serialize-diagnostics-path /Users/admin/builder/spi-builder-workspace/.derivedData/Build/Intermediates.noindex/LuxeUI.build/Debug-watchos/LuxeUI-t.build/Objects-normal/arm64_32/PremiumComponents.dia -target arm64_32-apple-watchos9.0 -disable-cross-import-overlay-search -load-resolved-plugin /Applications/Xcode-27.0.0-Release.Candidate.app/Contents/Developer/Platforms/WatchOS.platform/Developer/usr/lib/swift/host/plugins/libFoundationMacros.dylib\#/Applications/Xcode-27.0.0-Release.Candidate.app/Contents/Developer/Platforms/WatchOS.platform/Developer/usr/bin/swift-plugin-server\#FoundationMacros -load-resolved-plugin /Applications/Xcode-27.0.0-Release.Candidate.app/Contents/Developer/Platforms/WatchOS.platform/Developer/usr/lib/swift/host/plugins/libObservationMacros.dylib\#/Applications/Xcode-27.0.0-Release.Candidate.app/Contents/Developer/Platforms/WatchOS.platform/Developer/usr/bin/swift-plugin-server\#ObservationMacros -load-resolved-plugin /Applications/Xcode-27.0.0-Release.Candidate.app/Contents/Developer/Platforms/WatchOS.platform/Developer/usr/lib/swift/host/plugins/libPreviewsMacros.dylib\#/Applications/Xcode-27.0.0-Release.Candidate.app/Contents/Developer/Platforms/WatchOS.platform/Developer/usr/bin/swift-plugin-server\#PreviewsMacros -load-resolved-plugin /Applications/Xcode-27.0.0-Release.Candidate.app/Contents/Developer/Platforms/WatchOS.platform/Developer/usr/lib/swift/host/plugins/libSwiftMacros.dylib\#/Applications/Xcode-27.0.0-Release.Candidate.app/Contents/Developer/Platforms/WatchOS.platform/Developer/usr/bin/swift-plugin-server\#SwiftMacros -load-resolved-plugin /Applications/Xcode-27.0.0-Release.Candidate.app/Contents/Developer/Platforms/WatchOS.platform/Developer/usr/lib/swift/host/plugins/libSwiftUIMacros.dylib\#/Applications/Xcode-27.0.0-Release.Candidate.app/Contents/Developer/Platforms/WatchOS.platform/Developer/usr/bin/swift-plugin-server\#SwiftUIMacros -disable-implicit-swift-modules -Xcc -fno-implicit-modules -Xcc -fno-implicit-module-maps -explicit-swift-module-map-file /Users/admin/builder/spi-builder-workspace/.derivedData/Build/Intermediates.noindex/LuxeUI.build/Debug-watchos/LuxeUI-t.build/Objects-normal/arm64_32/LuxeUI-dependencies-1.json -enable-objc-interop -sdk /Applications/Xcode-27.0.0-Release.Candidate.app/Contents/Developer/Platforms/WatchOS.platform/Developer/SDKs/WatchOS27.0.sdk -I /Users/admin/builder/spi-builder-workspace/.derivedData/Build/Products/Debug-watchos -Isystem /Applications/Xcode-27.0.0-Release.Candidate.app/Contents/Developer/Platforms/WatchOS.platform/Developer/usr/lib -F /Users/admin/builder/spi-builder-workspace/.derivedData/Build/Products/Debug-watchos -F /Applications/Xcode-27.0.0-Release.Candidate.app/Contents/Developer/Platforms/WatchOS.platform/Developer/Library/Frameworks -F /Applications/Xcode-27.0.0-Release.Candidate.app/Contents/Developer/Platforms/WatchOS.platform/Developer/SDKs/WatchOS27.0.sdk/Developer/Library/Frameworks -module-cache-path /Users/admin/builder/spi-builder-workspace/.derivedData/Build/Intermediates.noindex/SwiftExplicitPrecompiledModules -no-color-diagnostics -Xcc -fno-color-diagnostics -enable-testing -g -debug-info-format\=dwarf -dwarf-version\=4 -profile-generate -profile-coverage-mapping -swift-version 5 -Onone -D SWIFT_PACKAGE -D DEBUG -D SWIFT_MODULE_RESOURCE_BUNDLE_UNAVAILABLE -D Xcode -serialize-debugging-options -enable-experimental-feature DebugDescriptionMacro -empty-abi-descriptor -validate-clang-modules-once -clang-build-session-file /Users/admin/builder/spi-builder-workspace/.derivedData/ModuleCache.noindex/Session.modulevalidation -Xcc -working-directory -Xcc /Users/admin/builder/spi-builder-workspace/.swiftpm/xcode -enable-anonymous-context-mangled-names -file-compilation-dir /Users/admin/builder/spi-builder-workspace/.swiftpm/xcode -Xcc -D_LIBCPP_HARDENING_MODE\=_LIBCPP_HARDENING_MODE_DEBUG -Xcc -ivfsstatcache -Xcc /Users/admin/builder/spi-builder-workspace/.derivedData/SDKStatCaches.noindex/watchos27.0-24R360-e829b21a6f8c9b70876ba0858053c04477534ef55a1706bf4c1112bbb242f0a2.sdkstatcache -Xcc -fmodules-prune-interval\=86400 -Xcc -fmodules-prune-after\=345600 -Xcc -I/Users/admin/builder/spi-builder-workspace/.derivedData/Build/Products/Debug-watchos/include -Xcc -I/Users/admin/builder/spi-builder-workspace/.derivedData/Build/Intermediates.noindex/LuxeUI.build/Debug-watchos/LuxeUI-t.build/DerivedSources-normal/arm64_32 -Xcc -I/Users/admin/builder/spi-builder-workspace/.derivedData/Build/Intermediates.noindex/LuxeUI.build/Debug-watchos/LuxeUI-t.build/DerivedSources/arm64_32 -Xcc -I/Users/admin/builder/spi-builder-workspace/.derivedData/Build/Intermediates.noindex/LuxeUI.build/Debug-watchos/LuxeUI-t.build/DerivedSources -Xcc -DSWIFT_PACKAGE -Xcc -DDEBUG\=1 -no-auto-bridging-header-chaining -module-name LuxeUI -package-name spi_builder_workspace -const-gather-protocols-file /Users/admin/builder/spi-builder-workspace/.derivedData/Build/Intermediates.noindex/LuxeUI.build/Debug-watchos/LuxeUI-t.build/Objects-normal/arm64_32/LuxeUI_const_extract_protocols.json -disable-clang-spi -clang-target arm64_32-apple-watchos27.0 -target-sdk-version 27.0 -target-sdk-name watchos27.0 -in-process-plugin-server-path /Applications/Xcode-27.0.0-Release.Candidate.app/Contents/Developer/Toolchains/XcodeDefault.xctoolchain/usr/lib/swift/host/libSwiftInProcPluginServer.dylib -parse-as-library -o /Users/admin/builder/spi-builder-workspace/.derivedData/Build/Intermediates.noindex/LuxeUI.build/Debug-watchos/LuxeUI-t.build/Objects-normal/arm64_32/LiquidLoader.o -o /Users/admin/builder/spi-builder-workspace/.derivedData/Build/Intermediates.noindex/LuxeUI.build/Debug-watchos/LuxeUI-t.build/Objects-normal/arm64_32/PremiumComponents.o -debug-module-path /Users/admin/builder/spi-builder-workspace/.derivedData/Build/Intermediates.noindex/LuxeUI.build/Debug-watchos/LuxeUI-t.build/Objects-normal/arm64_32/LuxeUI.swiftmodule -index-unit-output-path /LuxeUI.build/Debug-watchos/LuxeUI-t.build/Objects-normal/arm64_32/LiquidLoader.o -index-unit-output-path /LuxeUI.build/Debug-watchos/LuxeUI-t.build/Objects-normal/arm64_32/PremiumComponents.o -index-store-path /Users/admin/builder/spi-builder-workspace/.derivedData/Index.noindex/DataStore -index-system-modules
SwiftCompile normal arm64_32 /Users/admin/builder/spi-builder-workspace/Sources/luxeUI/Components/Loading/LiquidLoader.swift (in target 'LuxeUI' from project 'LuxeUI')
    cd /Users/admin/builder/spi-builder-workspace/.swiftpm/xcode
    builtin-SwiftPerFileCompile LiquidLoader.swift
SwiftCompile normal arm64_32 /Users/admin/builder/spi-builder-workspace/Sources/luxeUI/Components/Premium/PremiumComponents.swift (in target 'LuxeUI' from project 'LuxeUI')
    cd /Users/admin/builder/spi-builder-workspace/.swiftpm/xcode
    builtin-SwiftPerFileCompile PremiumComponents.swift
SwiftCompile normal arm64_32 Compiling\ RefractiveGlassModifier.swift,\ LiquidBlob.swift /Users/admin/builder/spi-builder-workspace/Sources/luxeUI/Components/Containers/RefractiveGlassModifier.swift /Users/admin/builder/spi-builder-workspace/Sources/luxeUI/Components/Effects/LiquidBlob.swift (in target 'LuxeUI' from project 'LuxeUI')
/Users/admin/builder/spi-builder-workspace/Sources/luxeUI/Components/Containers/RefractiveGlassModifier.swift:286:24: error: 'ultraThinMaterial' is only available in watchOS 10.0 or newer
270 | // MARK: - Refractive Layer
271 |
272 | private struct RefractiveLayer: View {
    |                `- note: add '@available' attribute to enclosing struct
273 |     let layer: Int
274 |     let totalLayers: Int
    :
280 |     }
281 |
282 |     var body: some View {
    |         `- note: add '@available' attribute to enclosing property
283 |         ZStack {
284 |             // Base glass material
285 |             RoundedRectangle(cornerRadius: configuration.cornerRadius)
286 |                 .fill(.ultraThinMaterial)
    |                        |- error: 'ultraThinMaterial' is only available in watchOS 10.0 or newer
    |                        `- note: add 'if #available' version check
287 |                 .opacity(0.3 + layerOffset * 0.2)
288 |
/Users/admin/builder/spi-builder-workspace/Sources/luxeUI/Components/Containers/RefractiveGlassModifier.swift:399:25: error: 'CATransform3DIdentity' is unavailable in watchOS
397 |         let perspective: CGFloat = 1 / (1 + CGFloat(intensity) * 0.5)
398 |
399 |         var transform = CATransform3DIdentity
    |                         `- error: 'CATransform3DIdentity' is unavailable in watchOS
400 |         transform.m34 = -1 / (size.width * 2)
401 |         transform = CATransform3DRotate(transform, CGFloat(intensity) * 0.1, 1, 0, 0)
/Applications/Xcode-27.0.0-Release.Candidate.app/Contents/Developer/Platforms/WatchOS.platform/Developer/SDKs/WatchOS27.0.sdk/System/Library/Frameworks/QuartzCore.framework/Headers/CATransform3D.h:31:31: note: 'CATransform3DIdentity' has been explicitly marked unavailable here
 29 | /* The identity transform: [1 0 0 0; 0 1 0 0; 0 0 1 0; 0 0 0 1]. */
 30 |
 31 | CA_EXTERN const CATransform3D CATransform3DIdentity
    |                               `- note: 'CATransform3DIdentity' has been explicitly marked unavailable here
 32 |     API_AVAILABLE(macos(10.5), ios(2.0), tvos(9.0)) API_UNAVAILABLE(watchos);
 33 |
/Users/admin/builder/spi-builder-workspace/Sources/luxeUI/Components/Containers/RefractiveGlassModifier.swift:401:21: error: 'CATransform3DRotate' is unavailable in watchOS
399 |         var transform = CATransform3DIdentity
400 |         transform.m34 = -1 / (size.width * 2)
401 |         transform = CATransform3DRotate(transform, CGFloat(intensity) * 0.1, 1, 0, 0)
    |                     `- error: 'CATransform3DRotate' is unavailable in watchOS
402 |         transform = CATransform3DRotate(transform, CGFloat(intensity) * 0.1, 0, 1, 0)
403 |         transform = CATransform3DScale(transform, perspective, perspective, 1)
/Applications/Xcode-27.0.0-Release.Candidate.app/Contents/Developer/Platforms/WatchOS.platform/Developer/SDKs/WatchOS27.0.sdk/System/Library/Frameworks/QuartzCore.framework/Headers/CATransform3D.h:85:25: note: 'CATransform3DRotate' has been explicitly marked unavailable here
 83 |  * t' = rotation(angle, x, y, z) * t. */
 84 |
 85 | CA_EXTERN CATransform3D CATransform3DRotate (CATransform3D t, CGFloat angle,
    |                         `- note: 'CATransform3DRotate' has been explicitly marked unavailable here
 86 |     CGFloat x, CGFloat y, CGFloat z)
 87 |     API_AVAILABLE(macos(10.5), ios(2.0), tvos(9.0)) API_UNAVAILABLE(watchos);
/Users/admin/builder/spi-builder-workspace/Sources/luxeUI/Components/Containers/RefractiveGlassModifier.swift:402:21: error: 'CATransform3DRotate' is unavailable in watchOS
400 |         transform.m34 = -1 / (size.width * 2)
401 |         transform = CATransform3DRotate(transform, CGFloat(intensity) * 0.1, 1, 0, 0)
402 |         transform = CATransform3DRotate(transform, CGFloat(intensity) * 0.1, 0, 1, 0)
    |                     `- error: 'CATransform3DRotate' is unavailable in watchOS
403 |         transform = CATransform3DScale(transform, perspective, perspective, 1)
404 |
/Applications/Xcode-27.0.0-Release.Candidate.app/Contents/Developer/Platforms/WatchOS.platform/Developer/SDKs/WatchOS27.0.sdk/System/Library/Frameworks/QuartzCore.framework/Headers/CATransform3D.h:85:25: note: 'CATransform3DRotate' has been explicitly marked unavailable here
 83 |  * t' = rotation(angle, x, y, z) * t. */
 84 |
 85 | CA_EXTERN CATransform3D CATransform3DRotate (CATransform3D t, CGFloat angle,
    |                         `- note: 'CATransform3DRotate' has been explicitly marked unavailable here
 86 |     CGFloat x, CGFloat y, CGFloat z)
 87 |     API_AVAILABLE(macos(10.5), ios(2.0), tvos(9.0)) API_UNAVAILABLE(watchos);
/Users/admin/builder/spi-builder-workspace/Sources/luxeUI/Components/Containers/RefractiveGlassModifier.swift:403:21: error: 'CATransform3DScale' is unavailable in watchOS
401 |         transform = CATransform3DRotate(transform, CGFloat(intensity) * 0.1, 1, 0, 0)
402 |         transform = CATransform3DRotate(transform, CGFloat(intensity) * 0.1, 0, 1, 0)
403 |         transform = CATransform3DScale(transform, perspective, perspective, 1)
    |                     `- error: 'CATransform3DScale' is unavailable in watchOS
404 |
405 |         let affine = CGAffineTransform(
/Applications/Xcode-27.0.0-Release.Candidate.app/Contents/Developer/Platforms/WatchOS.platform/Developer/SDKs/WatchOS27.0.sdk/System/Library/Frameworks/QuartzCore.framework/Headers/CATransform3D.h:77:25: note: 'CATransform3DScale' has been explicitly marked unavailable here
 75 |  * t' = scale(sx, sy, sz) * t. */
 76 |
 77 | CA_EXTERN CATransform3D CATransform3DScale (CATransform3D t, CGFloat sx,
    |                         `- note: 'CATransform3DScale' has been explicitly marked unavailable here
 78 |     CGFloat sy, CGFloat sz)
 79 |     API_AVAILABLE(macos(10.5), ios(2.0), tvos(9.0)) API_UNAVAILABLE(watchos);
/Users/admin/builder/spi-builder-workspace/Sources/luxeUI/Components/Containers/RefractiveGlassModifier.swift:549:10: error: 'onHover(perform:)' is unavailable in watchOS
547 |             value: isPressed
548 |         )
549 |         .onHover { hovering in
    |          `- error: 'onHover(perform:)' is unavailable in watchOS
550 |             isHovered = hovering
551 |             if hovering {
SwiftUI.View.onHover:2:36: note: 'onHover(perform:)' has been explicitly marked unavailable here
1 | protocol View {
2 | @inlinable nonisolated public func onHover(perform action: @escaping (Bool) -> Void) -> some View
  |                                    `- note: 'onHover(perform:)' has been explicitly marked unavailable here
3 |   }
4 |
Failed frontend command:
/Applications/Xcode-27.0.0-Release.Candidate.app/Contents/Developer/Toolchains/XcodeDefault.xctoolchain/usr/bin/swift-frontend -frontend -c /Users/admin/builder/spi-builder-workspace/Sources/luxeUI/Components/Buttons/LiquidButton.swift /Users/admin/builder/spi-builder-workspace/Sources/luxeUI/Components/Containers/GlassmorphismContainer.swift -primary-file /Users/admin/builder/spi-builder-workspace/Sources/luxeUI/Components/Containers/RefractiveGlassModifier.swift -primary-file /Users/admin/builder/spi-builder-workspace/Sources/luxeUI/Components/Effects/LiquidBlob.swift /Users/admin/builder/spi-builder-workspace/Sources/luxeUI/Components/Interactions/PredictiveLayouts.swift /Users/admin/builder/spi-builder-workspace/Sources/luxeUI/Components/Interactions/SmartSpringEngine.swift /Users/admin/builder/spi-builder-workspace/Sources/luxeUI/Components/Loading/LiquidLoader.swift /Users/admin/builder/spi-builder-workspace/Sources/luxeUI/Components/Premium/PremiumComponents.swift /Users/admin/builder/spi-builder-workspace/Sources/luxeUI/Components/Progress/CircularProgressBar.swift /Users/admin/builder/spi-builder-workspace/Sources/luxeUI/Components/Progress/LiquidProgress.swift /Users/admin/builder/spi-builder-workspace/Sources/luxeUI/Components/Sliders/LuxeSlider.swift /Users/admin/builder/spi-builder-workspace/Sources/luxeUI/Components/Sliders/MultiThumbSlider.swift /Users/admin/builder/spi-builder-workspace/Sources/luxeUI/Extensions/View+Theme.swift /Users/admin/builder/spi-builder-workspace/Sources/luxeUI/Theme/Theme.swift /Users/admin/builder/spi-builder-workspace/Sources/luxeUI/Theme/ThemeEnvironment.swift /Users/admin/builder/spi-builder-workspace/Sources/luxeUI/Theme/ThemeProvider.swift /Users/admin/builder/spi-builder-workspace/Sources/luxeUI/luxeUI.swift -emit-dependencies-path /Users/admin/builder/spi-builder-workspace/.derivedData/Build/Intermediates.noindex/LuxeUI.build/Debug-watchos/LuxeUI-t.build/Objects-normal/arm64_32/RefractiveGlassModifier.d -emit-const-values-path /Users/admin/builder/spi-builder-workspace/.derivedData/Build/Intermediates.noindex/LuxeUI.build/Debug-watchos/LuxeUI-t.build/Objects-normal/arm64_32/RefractiveGlassModifier.swiftconstvalues -emit-reference-dependencies-path /Users/admin/builder/spi-builder-workspace/.derivedData/Build/Intermediates.noindex/LuxeUI.build/Debug-watchos/LuxeUI-t.build/Objects-normal/arm64_32/RefractiveGlassModifier.swiftdeps -serialize-diagnostics-path /Users/admin/builder/spi-builder-workspace/.derivedData/Build/Intermediates.noindex/LuxeUI.build/Debug-watchos/LuxeUI-t.build/Objects-normal/arm64_32/RefractiveGlassModifier.dia -emit-dependencies-path /Users/admin/builder/spi-builder-workspace/.derivedData/Build/Intermediates.noindex/LuxeUI.build/Debug-watchos/LuxeUI-t.build/Objects-normal/arm64_32/LiquidBlob.d -emit-const-values-path /Users/admin/builder/spi-builder-workspace/.derivedData/Build/Intermediates.noindex/LuxeUI.build/Debug-watchos/LuxeUI-t.build/Objects-normal/arm64_32/LiquidBlob.swiftconstvalues -emit-reference-dependencies-path /Users/admin/builder/spi-builder-workspace/.derivedData/Build/Intermediates.noindex/LuxeUI.build/Debug-watchos/LuxeUI-t.build/Objects-normal/arm64_32/LiquidBlob.swiftdeps -serialize-diagnostics-path /Users/admin/builder/spi-builder-workspace/.derivedData/Build/Intermediates.noindex/LuxeUI.build/Debug-watchos/LuxeUI-t.build/Objects-normal/arm64_32/LiquidBlob.dia -target arm64_32-apple-watchos9.0 -disable-cross-import-overlay-search -load-resolved-plugin /Applications/Xcode-27.0.0-Release.Candidate.app/Contents/Developer/Platforms/WatchOS.platform/Developer/usr/lib/swift/host/plugins/libFoundationMacros.dylib\#/Applications/Xcode-27.0.0-Release.Candidate.app/Contents/Developer/Platforms/WatchOS.platform/Developer/usr/bin/swift-plugin-server\#FoundationMacros -load-resolved-plugin /Applications/Xcode-27.0.0-Release.Candidate.app/Contents/Developer/Platforms/WatchOS.platform/Developer/usr/lib/swift/host/plugins/libObservationMacros.dylib\#/Applications/Xcode-27.0.0-Release.Candidate.app/Contents/Developer/Platforms/WatchOS.platform/Developer/usr/bin/swift-plugin-server\#ObservationMacros -load-resolved-plugin /Applications/Xcode-27.0.0-Release.Candidate.app/Contents/Developer/Platforms/WatchOS.platform/Developer/usr/lib/swift/host/plugins/libPreviewsMacros.dylib\#/Applications/Xcode-27.0.0-Release.Candidate.app/Contents/Developer/Platforms/WatchOS.platform/Developer/usr/bin/swift-plugin-server\#PreviewsMacros -load-resolved-plugin /Applications/Xcode-27.0.0-Release.Candidate.app/Contents/Developer/Platforms/WatchOS.platform/Developer/usr/lib/swift/host/plugins/libSwiftMacros.dylib\#/Applications/Xcode-27.0.0-Release.Candidate.app/Contents/Developer/Platforms/WatchOS.platform/Developer/usr/bin/swift-plugin-server\#SwiftMacros -load-resolved-plugin /Applications/Xcode-27.0.0-Release.Candidate.app/Contents/Developer/Platforms/WatchOS.platform/Developer/usr/lib/swift/host/plugins/libSwiftUIMacros.dylib\#/Applications/Xcode-27.0.0-Release.Candidate.app/Contents/Developer/Platforms/WatchOS.platform/Developer/usr/bin/swift-plugin-server\#SwiftUIMacros -disable-implicit-swift-modules -Xcc -fno-implicit-modules -Xcc -fno-implicit-module-maps -explicit-swift-module-map-file /Users/admin/builder/spi-builder-workspace/.derivedData/Build/Intermediates.noindex/LuxeUI.build/Debug-watchos/LuxeUI-t.build/Objects-normal/arm64_32/LuxeUI-dependencies-1.json -enable-objc-interop -sdk /Applications/Xcode-27.0.0-Release.Candidate.app/Contents/Developer/Platforms/WatchOS.platform/Developer/SDKs/WatchOS27.0.sdk -I /Users/admin/builder/spi-builder-workspace/.derivedData/Build/Products/Debug-watchos -Isystem /Applications/Xcode-27.0.0-Release.Candidate.app/Contents/Developer/Platforms/WatchOS.platform/Developer/usr/lib -F /Users/admin/builder/spi-builder-workspace/.derivedData/Build/Products/Debug-watchos -F /Applications/Xcode-27.0.0-Release.Candidate.app/Contents/Developer/Platforms/WatchOS.platform/Developer/Library/Frameworks -F /Applications/Xcode-27.0.0-Release.Candidate.app/Contents/Developer/Platforms/WatchOS.platform/Developer/SDKs/WatchOS27.0.sdk/Developer/Library/Frameworks -module-cache-path /Users/admin/builder/spi-builder-workspace/.derivedData/Build/Intermediates.noindex/SwiftExplicitPrecompiledModules -no-color-diagnostics -Xcc -fno-color-diagnostics -enable-testing -g -debug-info-format\=dwarf -dwarf-version\=4 -profile-generate -profile-coverage-mapping -swift-version 5 -Onone -D SWIFT_PACKAGE -D DEBUG -D SWIFT_MODULE_RESOURCE_BUNDLE_UNAVAILABLE -D Xcode -serialize-debugging-options -enable-experimental-feature DebugDescriptionMacro -empty-abi-descriptor -validate-clang-modules-once -clang-build-session-file /Users/admin/builder/spi-builder-workspace/.derivedData/ModuleCache.noindex/Session.modulevalidation -Xcc -working-directory -Xcc /Users/admin/builder/spi-builder-workspace/.swiftpm/xcode -enable-anonymous-context-mangled-names -file-compilation-dir /Users/admin/builder/spi-builder-workspace/.swiftpm/xcode -Xcc -D_LIBCPP_HARDENING_MODE\=_LIBCPP_HARDENING_MODE_DEBUG -Xcc -ivfsstatcache -Xcc /Users/admin/builder/spi-builder-workspace/.derivedData/SDKStatCaches.noindex/watchos27.0-24R360-e829b21a6f8c9b70876ba0858053c04477534ef55a1706bf4c1112bbb242f0a2.sdkstatcache -Xcc -fmodules-prune-interval\=86400 -Xcc -fmodules-prune-after\=345600 -Xcc -I/Users/admin/builder/spi-builder-workspace/.derivedData/Build/Products/Debug-watchos/include -Xcc -I/Users/admin/builder/spi-builder-workspace/.derivedData/Build/Intermediates.noindex/LuxeUI.build/Debug-watchos/LuxeUI-t.build/DerivedSources-normal/arm64_32 -Xcc -I/Users/admin/builder/spi-builder-workspace/.derivedData/Build/Intermediates.noindex/LuxeUI.build/Debug-watchos/LuxeUI-t.build/DerivedSources/arm64_32 -Xcc -I/Users/admin/builder/spi-builder-workspace/.derivedData/Build/Intermediates.noindex/LuxeUI.build/Debug-watchos/LuxeUI-t.build/DerivedSources -Xcc -DSWIFT_PACKAGE -Xcc -DDEBUG\=1 -no-auto-bridging-header-chaining -module-name LuxeUI -package-name spi_builder_workspace -const-gather-protocols-file /Users/admin/builder/spi-builder-workspace/.derivedData/Build/Intermediates.noindex/LuxeUI.build/Debug-watchos/LuxeUI-t.build/Objects-normal/arm64_32/LuxeUI_const_extract_protocols.json -disable-clang-spi -clang-target arm64_32-apple-watchos27.0 -target-sdk-version 27.0 -target-sdk-name watchos27.0 -in-process-plugin-server-path /Applications/Xcode-27.0.0-Release.Candidate.app/Contents/Developer/Toolchains/XcodeDefault.xctoolchain/usr/lib/swift/host/libSwiftInProcPluginServer.dylib -parse-as-library -o /Users/admin/builder/spi-builder-workspace/.derivedData/Build/Intermediates.noindex/LuxeUI.build/Debug-watchos/LuxeUI-t.build/Objects-normal/arm64_32/RefractiveGlassModifier.o -o /Users/admin/builder/spi-builder-workspace/.derivedData/Build/Intermediates.noindex/LuxeUI.build/Debug-watchos/LuxeUI-t.build/Objects-normal/arm64_32/LiquidBlob.o -debug-module-path /Users/admin/builder/spi-builder-workspace/.derivedData/Build/Intermediates.noindex/LuxeUI.build/Debug-watchos/LuxeUI-t.build/Objects-normal/arm64_32/LuxeUI.swiftmodule -index-unit-output-path /LuxeUI.build/Debug-watchos/LuxeUI-t.build/Objects-normal/arm64_32/RefractiveGlassModifier.o -index-unit-output-path /LuxeUI.build/Debug-watchos/LuxeUI-t.build/Objects-normal/arm64_32/LiquidBlob.o -index-store-path /Users/admin/builder/spi-builder-workspace/.derivedData/Index.noindex/DataStore -index-system-modules
SwiftCompile normal arm64_32 /Users/admin/builder/spi-builder-workspace/Sources/luxeUI/Components/Containers/RefractiveGlassModifier.swift (in target 'LuxeUI' from project 'LuxeUI')
    cd /Users/admin/builder/spi-builder-workspace/.swiftpm/xcode
    builtin-SwiftPerFileCompile RefractiveGlassModifier.swift
SwiftCompile normal arm64_32 /Users/admin/builder/spi-builder-workspace/Sources/luxeUI/Components/Effects/LiquidBlob.swift (in target 'LuxeUI' from project 'LuxeUI')
    cd /Users/admin/builder/spi-builder-workspace/.swiftpm/xcode
    builtin-SwiftPerFileCompile LiquidBlob.swift
SwiftCompile normal arm64_32 Compiling\ PredictiveLayouts.swift,\ SmartSpringEngine.swift /Users/admin/builder/spi-builder-workspace/Sources/luxeUI/Components/Interactions/PredictiveLayouts.swift /Users/admin/builder/spi-builder-workspace/Sources/luxeUI/Components/Interactions/SmartSpringEngine.swift (in target 'LuxeUI' from project 'LuxeUI')
/Users/admin/builder/spi-builder-workspace/Sources/luxeUI/Components/Interactions/SmartSpringEngine.swift:323:14: error: 'onHover(perform:)' is unavailable in watchOS
321 |                 value: offset
322 |             )
323 |             .onHover { hovering in
    |              `- error: 'onHover(perform:)' is unavailable in watchOS
324 |                 // Fallback for platforms without onContinuousHover
325 |                 if !hovering {
SwiftUI.View.onHover:2:36: note: 'onHover(perform:)' has been explicitly marked unavailable here
1 | protocol View {
2 | @inlinable nonisolated public func onHover(perform action: @escaping (Bool) -> Void) -> some View
  |                                    `- note: 'onHover(perform:)' has been explicitly marked unavailable here
3 |   }
4 |
/Users/admin/builder/spi-builder-workspace/Sources/luxeUI/Components/Interactions/SmartSpringEngine.swift:533:10: error: 'onHover(perform:)' is unavailable in watchOS
531 |                 .onEnded { _ in isPressed = false }
532 |         )
533 |         .onHover { hovering in
    |          `- error: 'onHover(perform:)' is unavailable in watchOS
534 |             isHovered = hovering
535 |             if !hovering {
SwiftUI.View.onHover:2:36: note: 'onHover(perform:)' has been explicitly marked unavailable here
1 | protocol View {
2 | @inlinable nonisolated public func onHover(perform action: @escaping (Bool) -> Void) -> some View
  |                                    `- note: 'onHover(perform:)' has been explicitly marked unavailable here
3 |   }
4 |
Failed frontend command:
/Applications/Xcode-27.0.0-Release.Candidate.app/Contents/Developer/Toolchains/XcodeDefault.xctoolchain/usr/bin/swift-frontend -frontend -c /Users/admin/builder/spi-builder-workspace/Sources/luxeUI/Components/Buttons/LiquidButton.swift /Users/admin/builder/spi-builder-workspace/Sources/luxeUI/Components/Containers/GlassmorphismContainer.swift /Users/admin/builder/spi-builder-workspace/Sources/luxeUI/Components/Containers/RefractiveGlassModifier.swift /Users/admin/builder/spi-builder-workspace/Sources/luxeUI/Components/Effects/LiquidBlob.swift -primary-file /Users/admin/builder/spi-builder-workspace/Sources/luxeUI/Components/Interactions/PredictiveLayouts.swift -primary-file /Users/admin/builder/spi-builder-workspace/Sources/luxeUI/Components/Interactions/SmartSpringEngine.swift /Users/admin/builder/spi-builder-workspace/Sources/luxeUI/Components/Loading/LiquidLoader.swift /Users/admin/builder/spi-builder-workspace/Sources/luxeUI/Components/Premium/PremiumComponents.swift /Users/admin/builder/spi-builder-workspace/Sources/luxeUI/Components/Progress/CircularProgressBar.swift /Users/admin/builder/spi-builder-workspace/Sources/luxeUI/Components/Progress/LiquidProgress.swift /Users/admin/builder/spi-builder-workspace/Sources/luxeUI/Components/Sliders/LuxeSlider.swift /Users/admin/builder/spi-builder-workspace/Sources/luxeUI/Components/Sliders/MultiThumbSlider.swift /Users/admin/builder/spi-builder-workspace/Sources/luxeUI/Extensions/View+Theme.swift /Users/admin/builder/spi-builder-workspace/Sources/luxeUI/Theme/Theme.swift /Users/admin/builder/spi-builder-workspace/Sources/luxeUI/Theme/ThemeEnvironment.swift /Users/admin/builder/spi-builder-workspace/Sources/luxeUI/Theme/ThemeProvider.swift /Users/admin/builder/spi-builder-workspace/Sources/luxeUI/luxeUI.swift -emit-dependencies-path /Users/admin/builder/spi-builder-workspace/.derivedData/Build/Intermediates.noindex/LuxeUI.build/Debug-watchos/LuxeUI-t.build/Objects-normal/arm64_32/PredictiveLayouts.d -emit-const-values-path /Users/admin/builder/spi-builder-workspace/.derivedData/Build/Intermediates.noindex/LuxeUI.build/Debug-watchos/LuxeUI-t.build/Objects-normal/arm64_32/PredictiveLayouts.swiftconstvalues -emit-reference-dependencies-path /Users/admin/builder/spi-builder-workspace/.derivedData/Build/Intermediates.noindex/LuxeUI.build/Debug-watchos/LuxeUI-t.build/Objects-normal/arm64_32/PredictiveLayouts.swiftdeps -serialize-diagnostics-path /Users/admin/builder/spi-builder-workspace/.derivedData/Build/Intermediates.noindex/LuxeUI.build/Debug-watchos/LuxeUI-t.build/Objects-normal/arm64_32/PredictiveLayouts.dia -emit-dependencies-path /Users/admin/builder/spi-builder-workspace/.derivedData/Build/Intermediates.noindex/LuxeUI.build/Debug-watchos/LuxeUI-t.build/Objects-normal/arm64_32/SmartSpringEngine.d -emit-const-values-path /Users/admin/builder/spi-builder-workspace/.derivedData/Build/Intermediates.noindex/LuxeUI.build/Debug-watchos/LuxeUI-t.build/Objects-normal/arm64_32/SmartSpringEngine.swiftconstvalues -emit-reference-dependencies-path /Users/admin/builder/spi-builder-workspace/.derivedData/Build/Intermediates.noindex/LuxeUI.build/Debug-watchos/LuxeUI-t.build/Objects-normal/arm64_32/SmartSpringEngine.swiftdeps -serialize-diagnostics-path /Users/admin/builder/spi-builder-workspace/.derivedData/Build/Intermediates.noindex/LuxeUI.build/Debug-watchos/LuxeUI-t.build/Objects-normal/arm64_32/SmartSpringEngine.dia -target arm64_32-apple-watchos9.0 -disable-cross-import-overlay-search -load-resolved-plugin /Applications/Xcode-27.0.0-Release.Candidate.app/Contents/Developer/Platforms/WatchOS.platform/Developer/usr/lib/swift/host/plugins/libFoundationMacros.dylib\#/Applications/Xcode-27.0.0-Release.Candidate.app/Contents/Developer/Platforms/WatchOS.platform/Developer/usr/bin/swift-plugin-server\#FoundationMacros -load-resolved-plugin /Applications/Xcode-27.0.0-Release.Candidate.app/Contents/Developer/Platforms/WatchOS.platform/Developer/usr/lib/swift/host/plugins/libObservationMacros.dylib\#/Applications/Xcode-27.0.0-Release.Candidate.app/Contents/Developer/Platforms/WatchOS.platform/Developer/usr/bin/swift-plugin-server\#ObservationMacros -load-resolved-plugin /Applications/Xcode-27.0.0-Release.Candidate.app/Contents/Developer/Platforms/WatchOS.platform/Developer/usr/lib/swift/host/plugins/libPreviewsMacros.dylib\#/Applications/Xcode-27.0.0-Release.Candidate.app/Contents/Developer/Platforms/WatchOS.platform/Developer/usr/bin/swift-plugin-server\#PreviewsMacros -load-resolved-plugin /Applications/Xcode-27.0.0-Release.Candidate.app/Contents/Developer/Platforms/WatchOS.platform/Developer/usr/lib/swift/host/plugins/libSwiftMacros.dylib\#/Applications/Xcode-27.0.0-Release.Candidate.app/Contents/Developer/Platforms/WatchOS.platform/Developer/usr/bin/swift-plugin-server\#SwiftMacros -load-resolved-plugin /Applications/Xcode-27.0.0-Release.Candidate.app/Contents/Developer/Platforms/WatchOS.platform/Developer/usr/lib/swift/host/plugins/libSwiftUIMacros.dylib\#/Applications/Xcode-27.0.0-Release.Candidate.app/Contents/Developer/Platforms/WatchOS.platform/Developer/usr/bin/swift-plugin-server\#SwiftUIMacros -disable-implicit-swift-modules -Xcc -fno-implicit-modules -Xcc -fno-implicit-module-maps -explicit-swift-module-map-file /Users/admin/builder/spi-builder-workspace/.derivedData/Build/Intermediates.noindex/LuxeUI.build/Debug-watchos/LuxeUI-t.build/Objects-normal/arm64_32/LuxeUI-dependencies-1.json -enable-objc-interop -sdk /Applications/Xcode-27.0.0-Release.Candidate.app/Contents/Developer/Platforms/WatchOS.platform/Developer/SDKs/WatchOS27.0.sdk -I /Users/admin/builder/spi-builder-workspace/.derivedData/Build/Products/Debug-watchos -Isystem /Applications/Xcode-27.0.0-Release.Candidate.app/Contents/Developer/Platforms/WatchOS.platform/Developer/usr/lib -F /Users/admin/builder/spi-builder-workspace/.derivedData/Build/Products/Debug-watchos -F /Applications/Xcode-27.0.0-Release.Candidate.app/Contents/Developer/Platforms/WatchOS.platform/Developer/Library/Frameworks -F /Applications/Xcode-27.0.0-Release.Candidate.app/Contents/Developer/Platforms/WatchOS.platform/Developer/SDKs/WatchOS27.0.sdk/Developer/Library/Frameworks -module-cache-path /Users/admin/builder/spi-builder-workspace/.derivedData/Build/Intermediates.noindex/SwiftExplicitPrecompiledModules -no-color-diagnostics -Xcc -fno-color-diagnostics -enable-testing -g -debug-info-format\=dwarf -dwarf-version\=4 -profile-generate -profile-coverage-mapping -swift-version 5 -Onone -D SWIFT_PACKAGE -D DEBUG -D SWIFT_MODULE_RESOURCE_BUNDLE_UNAVAILABLE -D Xcode -serialize-debugging-options -enable-experimental-feature DebugDescriptionMacro -empty-abi-descriptor -validate-clang-modules-once -clang-build-session-file /Users/admin/builder/spi-builder-workspace/.derivedData/ModuleCache.noindex/Session.modulevalidation -Xcc -working-directory -Xcc /Users/admin/builder/spi-builder-workspace/.swiftpm/xcode -enable-anonymous-context-mangled-names -file-compilation-dir /Users/admin/builder/spi-builder-workspace/.swiftpm/xcode -Xcc -D_LIBCPP_HARDENING_MODE\=_LIBCPP_HARDENING_MODE_DEBUG -Xcc -ivfsstatcache -Xcc /Users/admin/builder/spi-builder-workspace/.derivedData/SDKStatCaches.noindex/watchos27.0-24R360-e829b21a6f8c9b70876ba0858053c04477534ef55a1706bf4c1112bbb242f0a2.sdkstatcache -Xcc -fmodules-prune-interval\=86400 -Xcc -fmodules-prune-after\=345600 -Xcc -I/Users/admin/builder/spi-builder-workspace/.derivedData/Build/Products/Debug-watchos/include -Xcc -I/Users/admin/builder/spi-builder-workspace/.derivedData/Build/Intermediates.noindex/LuxeUI.build/Debug-watchos/LuxeUI-t.build/DerivedSources-normal/arm64_32 -Xcc -I/Users/admin/builder/spi-builder-workspace/.derivedData/Build/Intermediates.noindex/LuxeUI.build/Debug-watchos/LuxeUI-t.build/DerivedSources/arm64_32 -Xcc -I/Users/admin/builder/spi-builder-workspace/.derivedData/Build/Intermediates.noindex/LuxeUI.build/Debug-watchos/LuxeUI-t.build/DerivedSources -Xcc -DSWIFT_PACKAGE -Xcc -DDEBUG\=1 -no-auto-bridging-header-chaining -module-name LuxeUI -package-name spi_builder_workspace -const-gather-protocols-file /Users/admin/builder/spi-builder-workspace/.derivedData/Build/Intermediates.noindex/LuxeUI.build/Debug-watchos/LuxeUI-t.build/Objects-normal/arm64_32/LuxeUI_const_extract_protocols.json -disable-clang-spi -clang-target arm64_32-apple-watchos27.0 -target-sdk-version 27.0 -target-sdk-name watchos27.0 -in-process-plugin-server-path /Applications/Xcode-27.0.0-Release.Candidate.app/Contents/Developer/Toolchains/XcodeDefault.xctoolchain/usr/lib/swift/host/libSwiftInProcPluginServer.dylib -parse-as-library -o /Users/admin/builder/spi-builder-workspace/.derivedData/Build/Intermediates.noindex/LuxeUI.build/Debug-watchos/LuxeUI-t.build/Objects-normal/arm64_32/PredictiveLayouts.o -o /Users/admin/builder/spi-builder-workspace/.derivedData/Build/Intermediates.noindex/LuxeUI.build/Debug-watchos/LuxeUI-t.build/Objects-normal/arm64_32/SmartSpringEngine.o -debug-module-path /Users/admin/builder/spi-builder-workspace/.derivedData/Build/Intermediates.noindex/LuxeUI.build/Debug-watchos/LuxeUI-t.build/Objects-normal/arm64_32/LuxeUI.swiftmodule -index-unit-output-path /LuxeUI.build/Debug-watchos/LuxeUI-t.build/Objects-normal/arm64_32/PredictiveLayouts.o -index-unit-output-path /LuxeUI.build/Debug-watchos/LuxeUI-t.build/Objects-normal/arm64_32/SmartSpringEngine.o -index-store-path /Users/admin/builder/spi-builder-workspace/.derivedData/Index.noindex/DataStore -index-system-modules
SwiftCompile normal arm64_32 /Users/admin/builder/spi-builder-workspace/Sources/luxeUI/Components/Interactions/PredictiveLayouts.swift (in target 'LuxeUI' from project 'LuxeUI')
    cd /Users/admin/builder/spi-builder-workspace/.swiftpm/xcode
    builtin-SwiftPerFileCompile PredictiveLayouts.swift
SwiftCompile normal arm64_32 /Users/admin/builder/spi-builder-workspace/Sources/luxeUI/Components/Interactions/SmartSpringEngine.swift (in target 'LuxeUI' from project 'LuxeUI')
    cd /Users/admin/builder/spi-builder-workspace/.swiftpm/xcode
    builtin-SwiftPerFileCompile SmartSpringEngine.swift
SwiftExplicitDependencyGeneratePcm arm64 /Users/admin/builder/spi-builder-workspace/.derivedData/SDKExplicitPrecompiledModules/SwiftUI-APXDH8ULYLM6FD17YRA73TULO.pcm
SwiftDriverJobDiscovery normal arm64_32 Emitting module for LuxeUI (in target 'LuxeUI' from project 'LuxeUI')
SwiftDriver\ Compilation\ Requirements LuxeUI normal arm64_32 com.apple.xcode.tools.swift.compiler (in target 'LuxeUI' from project 'LuxeUI')
    cd /Users/admin/builder/spi-builder-workspace/.swiftpm/xcode
    builtin-Swift-Compilation-Requirements -- /Applications/Xcode-27.0.0-Release.Candidate.app/Contents/Developer/Toolchains/XcodeDefault.xctoolchain/usr/bin/swiftc -parse-as-library -module-name LuxeUI -Onone @/Users/admin/builder/spi-builder-workspace/.derivedData/Build/Intermediates.noindex/LuxeUI.build/Debug-watchos/LuxeUI-t.build/Objects-normal/arm64_32/LuxeUI.SwiftFileList -DSWIFT_PACKAGE -DDEBUG -DSWIFT_MODULE_RESOURCE_BUNDLE_UNAVAILABLE -DXcode -plugin-path /Applications/Xcode-27.0.0-Release.Candidate.app/Contents/Developer/Toolchains/XcodeDefault.xctoolchain/usr/lib/swift/host/plugins/testing -enable-experimental-feature DebugDescriptionMacro -sdk /Applications/Xcode-27.0.0-Release.Candidate.app/Contents/Developer/Platforms/WatchOS.platform/Developer/SDKs/WatchOS27.0.sdk -target arm64_32-apple-watchos9.0 -g -module-cache-path /Users/admin/builder/spi-builder-workspace/.derivedData/ModuleCache.noindex -Xfrontend -serialize-debugging-options -profile-coverage-mapping -profile-generate -enable-testing -index-store-path /Users/admin/builder/spi-builder-workspace/.derivedData/Index.noindex/DataStore -Xcc -D_LIBCPP_HARDENING_MODE\=_LIBCPP_HARDENING_MODE_DEBUG -swift-version 5 -I /Users/admin/builder/spi-builder-workspace/.derivedData/Build/Products/Debug-watchos -Isystem /Applications/Xcode-27.0.0-Release.Candidate.app/Contents/Developer/Platforms/WatchOS.platform/Developer/usr/lib -F /Users/admin/builder/spi-builder-workspace/.derivedData/Build/Products/Debug-watchos -F /Applications/Xcode-27.0.0-Release.Candidate.app/Contents/Developer/Platforms/WatchOS.platform/Developer/Library/Frameworks -F /Applications/Xcode-27.0.0-Release.Candidate.app/Contents/Developer/Platforms/WatchOS.platform/Developer/SDKs/WatchOS27.0.sdk/Developer/Library/Frameworks -c -j10 -enable-batch-mode -incremental -Xcc -ivfsstatcache -Xcc /Users/admin/builder/spi-builder-workspace/.derivedData/SDKStatCaches.noindex/watchos27.0-24R360-e829b21a6f8c9b70876ba0858053c04477534ef55a1706bf4c1112bbb242f0a2.sdkstatcache -output-file-map /Users/admin/builder/spi-builder-workspace/.derivedData/Build/Intermediates.noindex/LuxeUI.build/Debug-watchos/LuxeUI-t.build/Objects-normal/arm64_32/LuxeUI-OutputFileMap.json -save-temps -no-color-diagnostics -explicit-module-build -module-cache-path /Users/admin/builder/spi-builder-workspace/.derivedData/Build/Intermediates.noindex/SwiftExplicitPrecompiledModules -clang-scanner-module-cache-path /Users/admin/builder/spi-builder-workspace/.derivedData/ModuleCache.noindex -sdk-module-cache-path /Users/admin/builder/spi-builder-workspace/.derivedData/SDKExplicitPrecompiledModules -emit-dependencies -emit-module -emit-module-path /Users/admin/builder/spi-builder-workspace/.derivedData/Build/Intermediates.noindex/LuxeUI.build/Debug-watchos/LuxeUI-t.build/Objects-normal/arm64_32/LuxeUI.swiftmodule -serialize-diagnostics -dependency-scan-serialize-diagnostics-path /Users/admin/builder/spi-builder-workspace/.derivedData/Build/Intermediates.noindex/LuxeUI.build/Debug-watchos/LuxeUI-t.build/Objects-normal/arm64_32/LuxeUI-dependency-scan.dia -validate-clang-modules-once -clang-build-session-file /Users/admin/builder/spi-builder-workspace/.derivedData/ModuleCache.noindex/Session.modulevalidation -Xcc -fmodules-prune-interval\=86400 -Xcc -fmodules-prune-after\=345600 -package-name spi_builder_workspace -emit-const-values -const-gather-protocols-list /Users/admin/builder/spi-builder-workspace/.derivedData/Build/Intermediates.noindex/LuxeUI.build/Debug-watchos/LuxeUI-t.build/Objects-normal/arm64_32/LuxeUI_const_extract_protocols.json -Xcc -I/Users/admin/builder/spi-builder-workspace/.derivedData/Build/Products/Debug-watchos/include -Xcc -I/Users/admin/builder/spi-builder-workspace/.derivedData/Build/Intermediates.noindex/LuxeUI.build/Debug-watchos/LuxeUI-t.build/DerivedSources-normal/arm64_32 -Xcc -I/Users/admin/builder/spi-builder-workspace/.derivedData/Build/Intermediates.noindex/LuxeUI.build/Debug-watchos/LuxeUI-t.build/DerivedSources/arm64_32 -Xcc -I/Users/admin/builder/spi-builder-workspace/.derivedData/Build/Intermediates.noindex/LuxeUI.build/Debug-watchos/LuxeUI-t.build/DerivedSources -Xcc -DSWIFT_PACKAGE -Xcc -DDEBUG\=1 -emit-objc-header -emit-objc-header-path /Users/admin/builder/spi-builder-workspace/.derivedData/Build/Intermediates.noindex/LuxeUI.build/Debug-watchos/LuxeUI-t.build/Objects-normal/arm64_32/LuxeUI-Swift.h -working-directory /Users/admin/builder/spi-builder-workspace/.swiftpm/xcode -experimental-emit-module-separately -disable-cmo
SwiftEmitModule normal arm64 Emitting\ module\ for\ LuxeUI (in target 'LuxeUI' from project 'LuxeUI')
SwiftCompile normal arm64 (in target 'LuxeUI' from project 'LuxeUI')
    cd /Users/admin/builder/spi-builder-workspace/.swiftpm/xcode

Copy /Users/admin/builder/spi-builder-workspace/.derivedData/Build/Products/Debug-watchos/LuxeUI.swiftmodule/arm64_32-apple-watchos.swiftmodule /Users/admin/builder/spi-builder-workspace/.derivedData/Build/Intermediates.noindex/LuxeUI.build/Debug-watchos/LuxeUI-t.build/Objects-normal/arm64_32/LuxeUI.swiftmodule (in target 'LuxeUI' from project 'LuxeUI')
    cd /Users/admin/builder/spi-builder-workspace
    builtin-copy -exclude .DS_Store -exclude CVS -exclude .svn -exclude .git -exclude .hg -resolve-src-symlinks -rename /Users/admin/builder/spi-builder-workspace/.derivedData/Build/Intermediates.noindex/LuxeUI.build/Debug-watchos/LuxeUI-t.build/Objects-normal/arm64_32/LuxeUI.swiftmodule /Users/admin/builder/spi-builder-workspace/.derivedData/Build/Products/Debug-watchos/LuxeUI.swiftmodule/arm64_32-apple-watchos.swiftmodule
SwiftDriverJobDiscovery normal arm64 Emitting module for LuxeUI (in target 'LuxeUI' from project 'LuxeUI')
SwiftDriver\ Compilation\ Requirements LuxeUI normal arm64 com.apple.xcode.tools.swift.compiler (in target 'LuxeUI' from project 'LuxeUI')
    cd /Users/admin/builder/spi-builder-workspace/.swiftpm/xcode
    builtin-Swift-Compilation-Requirements -- /Applications/Xcode-27.0.0-Release.Candidate.app/Contents/Developer/Toolchains/XcodeDefault.xctoolchain/usr/bin/swiftc -parse-as-library -module-name LuxeUI -Onone @/Users/admin/builder/spi-builder-workspace/.derivedData/Build/Intermediates.noindex/LuxeUI.build/Debug-watchos/LuxeUI-t.build/Objects-normal/arm64/LuxeUI.SwiftFileList -DSWIFT_PACKAGE -DDEBUG -DSWIFT_MODULE_RESOURCE_BUNDLE_UNAVAILABLE -DXcode -plugin-path /Applications/Xcode-27.0.0-Release.Candidate.app/Contents/Developer/Toolchains/XcodeDefault.xctoolchain/usr/lib/swift/host/plugins/testing -enable-experimental-feature DebugDescriptionMacro -sdk /Applications/Xcode-27.0.0-Release.Candidate.app/Contents/Developer/Platforms/WatchOS.platform/Developer/SDKs/WatchOS27.0.sdk -target arm64-apple-watchos9.0 -g -module-cache-path /Users/admin/builder/spi-builder-workspace/.derivedData/ModuleCache.noindex -Xfrontend -serialize-debugging-options -profile-coverage-mapping -profile-generate -enable-testing -index-store-path /Users/admin/builder/spi-builder-workspace/.derivedData/Index.noindex/DataStore -Xcc -D_LIBCPP_HARDENING_MODE\=_LIBCPP_HARDENING_MODE_DEBUG -swift-version 5 -I /Users/admin/builder/spi-builder-workspace/.derivedData/Build/Products/Debug-watchos -Isystem /Applications/Xcode-27.0.0-Release.Candidate.app/Contents/Developer/Platforms/WatchOS.platform/Developer/usr/lib -F /Users/admin/builder/spi-builder-workspace/.derivedData/Build/Products/Debug-watchos -F /Applications/Xcode-27.0.0-Release.Candidate.app/Contents/Developer/Platforms/WatchOS.platform/Developer/Library/Frameworks -F /Applications/Xcode-27.0.0-Release.Candidate.app/Contents/Developer/Platforms/WatchOS.platform/Developer/SDKs/WatchOS27.0.sdk/Developer/Library/Frameworks -c -j10 -enable-batch-mode -incremental -Xcc -ivfsstatcache -Xcc /Users/admin/builder/spi-builder-workspace/.derivedData/SDKStatCaches.noindex/watchos27.0-24R360-e829b21a6f8c9b70876ba0858053c04477534ef55a1706bf4c1112bbb242f0a2.sdkstatcache -output-file-map /Users/admin/builder/spi-builder-workspace/.derivedData/Build/Intermediates.noindex/LuxeUI.build/Debug-watchos/LuxeUI-t.build/Objects-normal/arm64/LuxeUI-OutputFileMap.json -save-temps -no-color-diagnostics -explicit-module-build -module-cache-path /Users/admin/builder/spi-builder-workspace/.derivedData/Build/Intermediates.noindex/SwiftExplicitPrecompiledModules -clang-scanner-module-cache-path /Users/admin/builder/spi-builder-workspace/.derivedData/ModuleCache.noindex -sdk-module-cache-path /Users/admin/builder/spi-builder-workspace/.derivedData/SDKExplicitPrecompiledModules -emit-dependencies -emit-module -emit-module-path /Users/admin/builder/spi-builder-workspace/.derivedData/Build/Intermediates.noindex/LuxeUI.build/Debug-watchos/LuxeUI-t.build/Objects-normal/arm64/LuxeUI.swiftmodule -serialize-diagnostics -dependency-scan-serialize-diagnostics-path /Users/admin/builder/spi-builder-workspace/.derivedData/Build/Intermediates.noindex/LuxeUI.build/Debug-watchos/LuxeUI-t.build/Objects-normal/arm64/LuxeUI-dependency-scan.dia -validate-clang-modules-once -clang-build-session-file /Users/admin/builder/spi-builder-workspace/.derivedData/ModuleCache.noindex/Session.modulevalidation -Xcc -fmodules-prune-interval\=86400 -Xcc -fmodules-prune-after\=345600 -package-name spi_builder_workspace -emit-const-values -const-gather-protocols-list /Users/admin/builder/spi-builder-workspace/.derivedData/Build/Intermediates.noindex/LuxeUI.build/Debug-watchos/LuxeUI-t.build/Objects-normal/arm64/LuxeUI_const_extract_protocols.json -Xcc -I/Users/admin/builder/spi-builder-workspace/.derivedData/Build/Products/Debug-watchos/include -Xcc -I/Users/admin/builder/spi-builder-workspace/.derivedData/Build/Intermediates.noindex/LuxeUI.build/Debug-watchos/LuxeUI-t.build/DerivedSources-normal/arm64 -Xcc -I/Users/admin/builder/spi-builder-workspace/.derivedData/Build/Intermediates.noindex/LuxeUI.build/Debug-watchos/LuxeUI-t.build/DerivedSources/arm64 -Xcc -I/Users/admin/builder/spi-builder-workspace/.derivedData/Build/Intermediates.noindex/LuxeUI.build/Debug-watchos/LuxeUI-t.build/DerivedSources -Xcc -DSWIFT_PACKAGE -Xcc -DDEBUG\=1 -emit-objc-header -emit-objc-header-path /Users/admin/builder/spi-builder-workspace/.derivedData/Build/Intermediates.noindex/LuxeUI.build/Debug-watchos/LuxeUI-t.build/Objects-normal/arm64/LuxeUI-Swift.h -working-directory /Users/admin/builder/spi-builder-workspace/.swiftpm/xcode -experimental-emit-module-separately -disable-cmo
Copy /Users/admin/builder/spi-builder-workspace/.derivedData/Build/Products/Debug-watchos/LuxeUI.swiftmodule/arm64_32-apple-watchos.swiftdoc /Users/admin/builder/spi-builder-workspace/.derivedData/Build/Intermediates.noindex/LuxeUI.build/Debug-watchos/LuxeUI-t.build/Objects-normal/arm64_32/LuxeUI.swiftdoc (in target 'LuxeUI' from project 'LuxeUI')
    cd /Users/admin/builder/spi-builder-workspace
    builtin-copy -exclude .DS_Store -exclude CVS -exclude .svn -exclude .git -exclude .hg -resolve-src-symlinks -rename /Users/admin/builder/spi-builder-workspace/.derivedData/Build/Intermediates.noindex/LuxeUI.build/Debug-watchos/LuxeUI-t.build/Objects-normal/arm64_32/LuxeUI.swiftdoc /Users/admin/builder/spi-builder-workspace/.derivedData/Build/Products/Debug-watchos/LuxeUI.swiftmodule/arm64_32-apple-watchos.swiftdoc
SwiftMergeGeneratedHeaders /Users/admin/builder/spi-builder-workspace/.derivedData/Build/Intermediates.noindex/GeneratedModuleMaps-watchos/LuxeUI-Swift.h /Users/admin/builder/spi-builder-workspace/.derivedData/Build/Intermediates.noindex/LuxeUI.build/Debug-watchos/LuxeUI-t.build/Objects-normal/arm64/LuxeUI-Swift.h /Users/admin/builder/spi-builder-workspace/.derivedData/Build/Intermediates.noindex/LuxeUI.build/Debug-watchos/LuxeUI-t.build/Objects-normal/arm64_32/LuxeUI-Swift.h (in target 'LuxeUI' from project 'LuxeUI')
    cd /Users/admin/builder/spi-builder-workspace
    builtin-swiftHeaderTool -arch arm64 /Users/admin/builder/spi-builder-workspace/.derivedData/Build/Intermediates.noindex/LuxeUI.build/Debug-watchos/LuxeUI-t.build/Objects-normal/arm64/LuxeUI-Swift.h -arch arm64_32 /Users/admin/builder/spi-builder-workspace/.derivedData/Build/Intermediates.noindex/LuxeUI.build/Debug-watchos/LuxeUI-t.build/Objects-normal/arm64_32/LuxeUI-Swift.h -o /Users/admin/builder/spi-builder-workspace/.derivedData/Build/Intermediates.noindex/GeneratedModuleMaps-watchos/LuxeUI-Swift.h
Copy /Users/admin/builder/spi-builder-workspace/.derivedData/Build/Products/Debug-watchos/LuxeUI.swiftmodule/arm64_32-apple-watchos.abi.json /Users/admin/builder/spi-builder-workspace/.derivedData/Build/Intermediates.noindex/LuxeUI.build/Debug-watchos/LuxeUI-t.build/Objects-normal/arm64_32/LuxeUI.abi.json (in target 'LuxeUI' from project 'LuxeUI')
    cd /Users/admin/builder/spi-builder-workspace
    builtin-copy -exclude .DS_Store -exclude CVS -exclude .svn -exclude .git -exclude .hg -resolve-src-symlinks -rename /Users/admin/builder/spi-builder-workspace/.derivedData/Build/Intermediates.noindex/LuxeUI.build/Debug-watchos/LuxeUI-t.build/Objects-normal/arm64_32/LuxeUI.abi.json /Users/admin/builder/spi-builder-workspace/.derivedData/Build/Products/Debug-watchos/LuxeUI.swiftmodule/arm64_32-apple-watchos.abi.json
Copy /Users/admin/builder/spi-builder-workspace/.derivedData/Build/Products/Debug-watchos/LuxeUI.swiftmodule/arm64-apple-watchos.swiftmodule /Users/admin/builder/spi-builder-workspace/.derivedData/Build/Intermediates.noindex/LuxeUI.build/Debug-watchos/LuxeUI-t.build/Objects-normal/arm64/LuxeUI.swiftmodule (in target 'LuxeUI' from project 'LuxeUI')
    cd /Users/admin/builder/spi-builder-workspace
    builtin-copy -exclude .DS_Store -exclude CVS -exclude .svn -exclude .git -exclude .hg -resolve-src-symlinks -rename /Users/admin/builder/spi-builder-workspace/.derivedData/Build/Intermediates.noindex/LuxeUI.build/Debug-watchos/LuxeUI-t.build/Objects-normal/arm64/LuxeUI.swiftmodule /Users/admin/builder/spi-builder-workspace/.derivedData/Build/Products/Debug-watchos/LuxeUI.swiftmodule/arm64-apple-watchos.swiftmodule
Copy /Users/admin/builder/spi-builder-workspace/.derivedData/Build/Products/Debug-watchos/LuxeUI.swiftmodule/arm64-apple-watchos.swiftdoc /Users/admin/builder/spi-builder-workspace/.derivedData/Build/Intermediates.noindex/LuxeUI.build/Debug-watchos/LuxeUI-t.build/Objects-normal/arm64/LuxeUI.swiftdoc (in target 'LuxeUI' from project 'LuxeUI')
    cd /Users/admin/builder/spi-builder-workspace
    builtin-copy -exclude .DS_Store -exclude CVS -exclude .svn -exclude .git -exclude .hg -resolve-src-symlinks -rename /Users/admin/builder/spi-builder-workspace/.derivedData/Build/Intermediates.noindex/LuxeUI.build/Debug-watchos/LuxeUI-t.build/Objects-normal/arm64/LuxeUI.swiftdoc /Users/admin/builder/spi-builder-workspace/.derivedData/Build/Products/Debug-watchos/LuxeUI.swiftmodule/arm64-apple-watchos.swiftdoc
Copy /Users/admin/builder/spi-builder-workspace/.derivedData/Build/Products/Debug-watchos/LuxeUI.swiftmodule/arm64-apple-watchos.abi.json /Users/admin/builder/spi-builder-workspace/.derivedData/Build/Intermediates.noindex/LuxeUI.build/Debug-watchos/LuxeUI-t.build/Objects-normal/arm64/LuxeUI.abi.json (in target 'LuxeUI' from project 'LuxeUI')
    cd /Users/admin/builder/spi-builder-workspace
    builtin-copy -exclude .DS_Store -exclude CVS -exclude .svn -exclude .git -exclude .hg -resolve-src-symlinks -rename /Users/admin/builder/spi-builder-workspace/.derivedData/Build/Intermediates.noindex/LuxeUI.build/Debug-watchos/LuxeUI-t.build/Objects-normal/arm64/LuxeUI.abi.json /Users/admin/builder/spi-builder-workspace/.derivedData/Build/Products/Debug-watchos/LuxeUI.swiftmodule/arm64-apple-watchos.abi.json
Copy /Users/admin/builder/spi-builder-workspace/.derivedData/Build/Products/Debug-watchos/LuxeUI.swiftmodule/Project/arm64_32-apple-watchos.swiftsourceinfo /Users/admin/builder/spi-builder-workspace/.derivedData/Build/Intermediates.noindex/LuxeUI.build/Debug-watchos/LuxeUI-t.build/Objects-normal/arm64_32/LuxeUI.swiftsourceinfo (in target 'LuxeUI' from project 'LuxeUI')
    cd /Users/admin/builder/spi-builder-workspace
    builtin-copy -exclude .DS_Store -exclude CVS -exclude .svn -exclude .git -exclude .hg -resolve-src-symlinks -rename /Users/admin/builder/spi-builder-workspace/.derivedData/Build/Intermediates.noindex/LuxeUI.build/Debug-watchos/LuxeUI-t.build/Objects-normal/arm64_32/LuxeUI.swiftsourceinfo /Users/admin/builder/spi-builder-workspace/.derivedData/Build/Products/Debug-watchos/LuxeUI.swiftmodule/Project/arm64_32-apple-watchos.swiftsourceinfo
Copy /Users/admin/builder/spi-builder-workspace/.derivedData/Build/Products/Debug-watchos/LuxeUI.swiftmodule/Project/arm64-apple-watchos.swiftsourceinfo /Users/admin/builder/spi-builder-workspace/.derivedData/Build/Intermediates.noindex/LuxeUI.build/Debug-watchos/LuxeUI-t.build/Objects-normal/arm64/LuxeUI.swiftsourceinfo (in target 'LuxeUI' from project 'LuxeUI')
    cd /Users/admin/builder/spi-builder-workspace
    builtin-copy -exclude .DS_Store -exclude CVS -exclude .svn -exclude .git -exclude .hg -resolve-src-symlinks -rename /Users/admin/builder/spi-builder-workspace/.derivedData/Build/Intermediates.noindex/LuxeUI.build/Debug-watchos/LuxeUI-t.build/Objects-normal/arm64/LuxeUI.swiftsourceinfo /Users/admin/builder/spi-builder-workspace/.derivedData/Build/Products/Debug-watchos/LuxeUI.swiftmodule/Project/arm64-apple-watchos.swiftsourceinfo
SwiftCompile normal arm64 Compiling\ ThemeEnvironment.swift /Users/admin/builder/spi-builder-workspace/Sources/luxeUI/Theme/ThemeEnvironment.swift (in target 'LuxeUI' from project 'LuxeUI')
SwiftCompile normal arm64 /Users/admin/builder/spi-builder-workspace/Sources/luxeUI/Theme/ThemeEnvironment.swift (in target 'LuxeUI' from project 'LuxeUI')
    cd /Users/admin/builder/spi-builder-workspace/.swiftpm/xcode
    builtin-SwiftPerFileCompile ThemeEnvironment.swift
SwiftCompile normal arm64 Compiling\ RefractiveGlassModifier.swift,\ LiquidBlob.swift /Users/admin/builder/spi-builder-workspace/Sources/luxeUI/Components/Containers/RefractiveGlassModifier.swift /Users/admin/builder/spi-builder-workspace/Sources/luxeUI/Components/Effects/LiquidBlob.swift (in target 'LuxeUI' from project 'LuxeUI')
SwiftCompile normal arm64 /Users/admin/builder/spi-builder-workspace/Sources/luxeUI/Components/Containers/RefractiveGlassModifier.swift (in target 'LuxeUI' from project 'LuxeUI')
    cd /Users/admin/builder/spi-builder-workspace/.swiftpm/xcode
    builtin-SwiftPerFileCompile RefractiveGlassModifier.swift
SwiftCompile normal arm64 /Users/admin/builder/spi-builder-workspace/Sources/luxeUI/Components/Effects/LiquidBlob.swift (in target 'LuxeUI' from project 'LuxeUI')
    cd /Users/admin/builder/spi-builder-workspace/.swiftpm/xcode
    builtin-SwiftPerFileCompile LiquidBlob.swift
PruneExplicitPrecompiledModules /Users/admin/builder/spi-builder-workspace/.derivedData/Build/Intermediates.noindex/ExplicitPrecompiledModules
PruneExplicitPrecompiledModules /Users/admin/builder/spi-builder-workspace/.derivedData/Build/Intermediates.noindex/SwiftExplicitPrecompiledModules
PruneExplicitPrecompiledModules /Users/admin/builder/spi-builder-workspace/.derivedData/SDKExplicitPrecompiledModules
2026-09-23 15:45:44.258 xcodebuild[623:3851] [MT] IDERunDestination: Supported platforms for the buildables in the current scheme is empty.
** BUILD FAILED **
The following build commands failed:
	SwiftCompile normal arm64_32 Compiling\ LuxeSlider.swift,\ MultiThumbSlider.swift /Users/admin/builder/spi-builder-workspace/Sources/luxeUI/Components/Sliders/LuxeSlider.swift /Users/admin/builder/spi-builder-workspace/Sources/luxeUI/Components/Sliders/MultiThumbSlider.swift (in target 'LuxeUI' from project 'LuxeUI')
	SwiftCompile normal arm64_32 /Users/admin/builder/spi-builder-workspace/Sources/luxeUI/Components/Sliders/LuxeSlider.swift (in target 'LuxeUI' from project 'LuxeUI')
	SwiftCompile normal arm64_32 Compiling\ LiquidLoader.swift,\ PremiumComponents.swift /Users/admin/builder/spi-builder-workspace/Sources/luxeUI/Components/Loading/LiquidLoader.swift /Users/admin/builder/spi-builder-workspace/Sources/luxeUI/Components/Premium/PremiumComponents.swift (in target 'LuxeUI' from project 'LuxeUI')
	SwiftCompile normal arm64_32 /Users/admin/builder/spi-builder-workspace/Sources/luxeUI/Components/Premium/PremiumComponents.swift (in target 'LuxeUI' from project 'LuxeUI')
	SwiftCompile normal arm64_32 Compiling\ RefractiveGlassModifier.swift,\ LiquidBlob.swift /Users/admin/builder/spi-builder-workspace/Sources/luxeUI/Components/Containers/RefractiveGlassModifier.swift /Users/admin/builder/spi-builder-workspace/Sources/luxeUI/Components/Effects/LiquidBlob.swift (in target 'LuxeUI' from project 'LuxeUI')
	SwiftCompile normal arm64_32 /Users/admin/builder/spi-builder-workspace/Sources/luxeUI/Components/Containers/RefractiveGlassModifier.swift (in target 'LuxeUI' from project 'LuxeUI')
	SwiftCompile normal arm64_32 Compiling\ PredictiveLayouts.swift,\ SmartSpringEngine.swift /Users/admin/builder/spi-builder-workspace/Sources/luxeUI/Components/Interactions/PredictiveLayouts.swift /Users/admin/builder/spi-builder-workspace/Sources/luxeUI/Components/Interactions/SmartSpringEngine.swift (in target 'LuxeUI' from project 'LuxeUI')
	SwiftCompile normal arm64_32 /Users/admin/builder/spi-builder-workspace/Sources/luxeUI/Components/Interactions/SmartSpringEngine.swift (in target 'LuxeUI' from project 'LuxeUI')
	Building workspace LuxeUI with scheme LuxeUI-Package
(9 failures)
Command line invocation:
    /Applications/Xcode-27.0.0-Release.Candidate.app/Contents/Developer/usr/bin/xcodebuild -IDEClonedSourcePackagesDirPathOverride=/Users/admin/builder/spi-builder-workspace/.dependencies -resolvePackageDependencies
Resolve Package Graph
the target name LuxeUI has different case on the filesystem and the Package.swift manifest file
Resolved source packages:
  LuxeUI: /Users/admin/builder/spi-builder-workspace
resolved source packages: LuxeUI
2026-09-23 15:45:55.504 xcodebuild[778:4453] [MT] IDERunDestination: Supported platforms for the buildables in the current scheme is empty.
{
  "dependencies" : [
  ],
  "manifest_display_name" : "LuxeUI",
  "name" : "LuxeUI",
  "path" : "/Users/admin/builder/spi-builder-workspace",
  "platforms" : [
    {
      "name" : "ios",
      "version" : "15.0"
    },
    {
      "name" : "macos",
      "version" : "12.0"
    }
  ],
  "products" : [
    {
      "name" : "LuxeUI",
      "targets" : [
        "LuxeUI"
      ],
      "type" : {
        "library" : [
          "automatic"
        ]
      }
    },
    {
      "name" : "CoreComponentsDemo",
      "targets" : [
        "CoreComponentsDemo"
      ],
      "type" : {
        "executable" : null
      }
    },
    {
      "name" : "LiquidUIDemo",
      "targets" : [
        "LiquidUIDemo"
      ],
      "type" : {
        "executable" : null
      }
    }
  ],
  "targets" : [
    {
      "c99name" : "LuxeUITests",
      "module_type" : "SwiftTarget",
      "name" : "LuxeUITests",
      "path" : "Tests",
      "sources" : [
        "luxeUITests/SmokeTests.swift",
        "luxeUITests/UITests.swift",
        "luxeUITests/luxeUITests.swift"
      ],
      "target_dependencies" : [
        "LuxeUI"
      ],
      "type" : "test"
    },
    {
      "c99name" : "LuxeUI",
      "module_type" : "SwiftTarget",
      "name" : "LuxeUI",
      "path" : "Sources/LuxeUI",
      "product_memberships" : [
        "LuxeUI",
        "CoreComponentsDemo",
        "LiquidUIDemo"
      ],
      "sources" : [
        "Components/Buttons/LiquidButton.swift",
        "Components/Containers/GlassmorphismContainer.swift",
        "Components/Containers/RefractiveGlassModifier.swift",
        "Components/Effects/LiquidBlob.swift",
        "Components/Interactions/PredictiveLayouts.swift",
        "Components/Interactions/SmartSpringEngine.swift",
        "Components/Loading/LiquidLoader.swift",
        "Components/Premium/PremiumComponents.swift",
        "Components/Progress/CircularProgressBar.swift",
        "Components/Progress/LiquidProgress.swift",
        "Components/Sliders/LuxeSlider.swift",
        "Components/Sliders/MultiThumbSlider.swift",
        "Extensions/View+Theme.swift",
        "Theme/Theme.swift",
        "Theme/ThemeEnvironment.swift",
        "Theme/ThemeProvider.swift",
        "luxeUI.swift"
      ],
      "type" : "library"
    },
    {
      "c99name" : "LiquidUIDemo",
      "module_type" : "SwiftTarget",
      "name" : "LiquidUIDemo",
      "path" : "Examples/LiquidUIDemo",
      "product_memberships" : [
        "LiquidUIDemo"
      ],
      "sources" : [
        "LiquidUIDemoApp.swift"
      ],
      "target_dependencies" : [
        "LuxeUI"
      ],
      "type" : "executable"
    },
    {
      "c99name" : "CoreComponentsDemo",
      "module_type" : "SwiftTarget",
      "name" : "CoreComponentsDemo",
      "path" : "Examples/CoreComponentsDemo",
      "product_memberships" : [
        "CoreComponentsDemo"
      ],
      "sources" : [
        "CoreComponentsDemoApp.swift"
      ],
      "target_dependencies" : [
        "LuxeUI"
      ],
      "type" : "executable"
    }
  ],
  "tools_version" : "5.9"
}
warning: 'spi-builder-workspace': the target name LuxeUI has different case on the filesystem and the Package.swift manifest file
{
  "workspace" : {
    "name" : "LuxeUI",
    "schemes" : [
      "CoreComponentsDemo",
      "LiquidUIDemo",
      "LuxeUI",
      "LuxeUI-Package"
    ]
  }
}
2026-09-23 15:45:56.659 xcodebuild[806:4696] [MT] IDERunDestination: Supported platforms for the buildables in the current scheme is empty.
Running build ...
env DEVELOPER_DIR=/Applications/Xcode-27.0.0-Release.Candidate.app xcrun xcodebuild -IDEClonedSourcePackagesDirPathOverride=$PWD/.dependencies -skipMacroValidation -skipPackagePluginValidation -derivedDataPath $PWD/.derivedData build -scheme LuxeUI-Package -destination generic/platform=watchOS
Command line invocation:
    /Applications/Xcode-27.0.0-Release.Candidate.app/Contents/Developer/usr/bin/xcodebuild -IDEClonedSourcePackagesDirPathOverride=/Users/admin/builder/spi-builder-workspace/.dependencies -skipMacroValidation -skipPackagePluginValidation -derivedDataPath /Users/admin/builder/spi-builder-workspace/.derivedData build -scheme LuxeUI-Package -destination generic/platform=watchOS
Resolve Package Graph
the target name LuxeUI has different case on the filesystem and the Package.swift manifest file
Resolved source packages:
  LuxeUI: /Users/admin/builder/spi-builder-workspace
ComputePackagePrebuildTargetDependencyGraph
Prepare packages
CreateBuildRequest
SendProjectDescription
CreateBuildOperation
ComputeTargetDependencyGraph
note: Building targets in dependency order
note: Target dependency graph (4 targets)
    Target 'LiquidUIDemo-product' in project 'LuxeUI'
        ➜ Explicit dependency on target 'LuxeUI' in project 'LuxeUI'
    Target 'CoreComponentsDemo-product' in project 'LuxeUI'
        ➜ Explicit dependency on target 'LuxeUI' in project 'LuxeUI'
    Target 'LuxeUI-product' in project 'LuxeUI'
        ➜ Explicit dependency on target 'LuxeUI' in project 'LuxeUI'
    Target 'LuxeUI' in project 'LuxeUI' (no dependencies)
GatherProvisioningInputs
CreateBuildDescription
ClangStatCache /Applications/Xcode-27.0.0-Release.Candidate.app/Contents/Developer/Toolchains/XcodeDefault.xctoolchain/usr/bin/clang-stat-cache /Applications/Xcode-27.0.0-Release.Candidate.app/Contents/Developer/Platforms/WatchOS.platform/Developer/SDKs/WatchOS27.0.sdk /Users/admin/builder/spi-builder-workspace/.derivedData/SDKStatCaches.noindex/watchos27.0-24R360-e829b21a6f8c9b70876ba0858053c04477534ef55a1706bf4c1112bbb242f0a2.sdkstatcache
    cd /Users/admin/builder/spi-builder-workspace/.swiftpm/xcode
    /Applications/Xcode-27.0.0-Release.Candidate.app/Contents/Developer/Toolchains/XcodeDefault.xctoolchain/usr/bin/clang-stat-cache /Applications/Xcode-27.0.0-Release.Candidate.app/Contents/Developer/Platforms/WatchOS.platform/Developer/SDKs/WatchOS27.0.sdk -o /Users/admin/builder/spi-builder-workspace/.derivedData/SDKStatCaches.noindex/watchos27.0-24R360-e829b21a6f8c9b70876ba0858053c04477534ef55a1706bf4c1112bbb242f0a2.sdkstatcache
SwiftDriver LuxeUI normal arm64 com.apple.xcode.tools.swift.compiler (in target 'LuxeUI' from project 'LuxeUI')
    cd /Users/admin/builder/spi-builder-workspace/.swiftpm/xcode
    builtin-SwiftDriver -- /Applications/Xcode-27.0.0-Release.Candidate.app/Contents/Developer/Toolchains/XcodeDefault.xctoolchain/usr/bin/swiftc -parse-as-library -module-name LuxeUI -Onone @/Users/admin/builder/spi-builder-workspace/.derivedData/Build/Intermediates.noindex/LuxeUI.build/Debug-watchos/LuxeUI-t.build/Objects-normal/arm64/LuxeUI.SwiftFileList -DSWIFT_PACKAGE -DDEBUG -DSWIFT_MODULE_RESOURCE_BUNDLE_UNAVAILABLE -DXcode -plugin-path /Applications/Xcode-27.0.0-Release.Candidate.app/Contents/Developer/Toolchains/XcodeDefault.xctoolchain/usr/lib/swift/host/plugins/testing -enable-experimental-feature DebugDescriptionMacro -sdk /Applications/Xcode-27.0.0-Release.Candidate.app/Contents/Developer/Platforms/WatchOS.platform/Developer/SDKs/WatchOS27.0.sdk -target arm64-apple-watchos9.0 -g -module-cache-path /Users/admin/builder/spi-builder-workspace/.derivedData/ModuleCache.noindex -Xfrontend -serialize-debugging-options -profile-coverage-mapping -profile-generate -enable-testing -index-store-path /Users/admin/builder/spi-builder-workspace/.derivedData/Index.noindex/DataStore -Xcc -D_LIBCPP_HARDENING_MODE\=_LIBCPP_HARDENING_MODE_DEBUG -swift-version 5 -I /Users/admin/builder/spi-builder-workspace/.derivedData/Build/Products/Debug-watchos -Isystem /Applications/Xcode-27.0.0-Release.Candidate.app/Contents/Developer/Platforms/WatchOS.platform/Developer/usr/lib -F /Users/admin/builder/spi-builder-workspace/.derivedData/Build/Products/Debug-watchos -F /Applications/Xcode-27.0.0-Release.Candidate.app/Contents/Developer/Platforms/WatchOS.platform/Developer/Library/Frameworks -F /Applications/Xcode-27.0.0-Release.Candidate.app/Contents/Developer/Platforms/WatchOS.platform/Developer/SDKs/WatchOS27.0.sdk/Developer/Library/Frameworks -c -j10 -enable-batch-mode -incremental -Xcc -ivfsstatcache -Xcc /Users/admin/builder/spi-builder-workspace/.derivedData/SDKStatCaches.noindex/watchos27.0-24R360-e829b21a6f8c9b70876ba0858053c04477534ef55a1706bf4c1112bbb242f0a2.sdkstatcache -output-file-map /Users/admin/builder/spi-builder-workspace/.derivedData/Build/Intermediates.noindex/LuxeUI.build/Debug-watchos/LuxeUI-t.build/Objects-normal/arm64/LuxeUI-OutputFileMap.json -save-temps -no-color-diagnostics -explicit-module-build -module-cache-path /Users/admin/builder/spi-builder-workspace/.derivedData/Build/Intermediates.noindex/SwiftExplicitPrecompiledModules -clang-scanner-module-cache-path /Users/admin/builder/spi-builder-workspace/.derivedData/ModuleCache.noindex -sdk-module-cache-path /Users/admin/builder/spi-builder-workspace/.derivedData/SDKExplicitPrecompiledModules -emit-dependencies -emit-module -emit-module-path /Users/admin/builder/spi-builder-workspace/.derivedData/Build/Intermediates.noindex/LuxeUI.build/Debug-watchos/LuxeUI-t.build/Objects-normal/arm64/LuxeUI.swiftmodule -serialize-diagnostics -dependency-scan-serialize-diagnostics-path /Users/admin/builder/spi-builder-workspace/.derivedData/Build/Intermediates.noindex/LuxeUI.build/Debug-watchos/LuxeUI-t.build/Objects-normal/arm64/LuxeUI-dependency-scan.dia -validate-clang-modules-once -clang-build-session-file /Users/admin/builder/spi-builder-workspace/.derivedData/ModuleCache.noindex/Session.modulevalidation -Xcc -fmodules-prune-interval\=86400 -Xcc -fmodules-prune-after\=345600 -package-name spi_builder_workspace -emit-const-values -const-gather-protocols-list /Users/admin/builder/spi-builder-workspace/.derivedData/Build/Intermediates.noindex/LuxeUI.build/Debug-watchos/LuxeUI-t.build/Objects-normal/arm64/LuxeUI_const_extract_protocols.json -Xcc -I/Users/admin/builder/spi-builder-workspace/.derivedData/Build/Products/Debug-watchos/include -Xcc -I/Users/admin/builder/spi-builder-workspace/.derivedData/Build/Intermediates.noindex/LuxeUI.build/Debug-watchos/LuxeUI-t.build/DerivedSources-normal/arm64 -Xcc -I/Users/admin/builder/spi-builder-workspace/.derivedData/Build/Intermediates.noindex/LuxeUI.build/Debug-watchos/LuxeUI-t.build/DerivedSources/arm64 -Xcc -I/Users/admin/builder/spi-builder-workspace/.derivedData/Build/Intermediates.noindex/LuxeUI.build/Debug-watchos/LuxeUI-t.build/DerivedSources -Xcc -DSWIFT_PACKAGE -Xcc -DDEBUG\=1 -emit-objc-header -emit-objc-header-path /Users/admin/builder/spi-builder-workspace/.derivedData/Build/Intermediates.noindex/LuxeUI.build/Debug-watchos/LuxeUI-t.build/Objects-normal/arm64/LuxeUI-Swift.h -working-directory /Users/admin/builder/spi-builder-workspace/.swiftpm/xcode -experimental-emit-module-separately -disable-cmo
SwiftDriver LuxeUI normal arm64_32 com.apple.xcode.tools.swift.compiler (in target 'LuxeUI' from project 'LuxeUI')
    cd /Users/admin/builder/spi-builder-workspace/.swiftpm/xcode
    builtin-SwiftDriver -- /Applications/Xcode-27.0.0-Release.Candidate.app/Contents/Developer/Toolchains/XcodeDefault.xctoolchain/usr/bin/swiftc -parse-as-library -module-name LuxeUI -Onone @/Users/admin/builder/spi-builder-workspace/.derivedData/Build/Intermediates.noindex/LuxeUI.build/Debug-watchos/LuxeUI-t.build/Objects-normal/arm64_32/LuxeUI.SwiftFileList -DSWIFT_PACKAGE -DDEBUG -DSWIFT_MODULE_RESOURCE_BUNDLE_UNAVAILABLE -DXcode -plugin-path /Applications/Xcode-27.0.0-Release.Candidate.app/Contents/Developer/Toolchains/XcodeDefault.xctoolchain/usr/lib/swift/host/plugins/testing -enable-experimental-feature DebugDescriptionMacro -sdk /Applications/Xcode-27.0.0-Release.Candidate.app/Contents/Developer/Platforms/WatchOS.platform/Developer/SDKs/WatchOS27.0.sdk -target arm64_32-apple-watchos9.0 -g -module-cache-path /Users/admin/builder/spi-builder-workspace/.derivedData/ModuleCache.noindex -Xfrontend -serialize-debugging-options -profile-coverage-mapping -profile-generate -enable-testing -index-store-path /Users/admin/builder/spi-builder-workspace/.derivedData/Index.noindex/DataStore -Xcc -D_LIBCPP_HARDENING_MODE\=_LIBCPP_HARDENING_MODE_DEBUG -swift-version 5 -I /Users/admin/builder/spi-builder-workspace/.derivedData/Build/Products/Debug-watchos -Isystem /Applications/Xcode-27.0.0-Release.Candidate.app/Contents/Developer/Platforms/WatchOS.platform/Developer/usr/lib -F /Users/admin/builder/spi-builder-workspace/.derivedData/Build/Products/Debug-watchos -F /Applications/Xcode-27.0.0-Release.Candidate.app/Contents/Developer/Platforms/WatchOS.platform/Developer/Library/Frameworks -F /Applications/Xcode-27.0.0-Release.Candidate.app/Contents/Developer/Platforms/WatchOS.platform/Developer/SDKs/WatchOS27.0.sdk/Developer/Library/Frameworks -c -j10 -enable-batch-mode -incremental -Xcc -ivfsstatcache -Xcc /Users/admin/builder/spi-builder-workspace/.derivedData/SDKStatCaches.noindex/watchos27.0-24R360-e829b21a6f8c9b70876ba0858053c04477534ef55a1706bf4c1112bbb242f0a2.sdkstatcache -output-file-map /Users/admin/builder/spi-builder-workspace/.derivedData/Build/Intermediates.noindex/LuxeUI.build/Debug-watchos/LuxeUI-t.build/Objects-normal/arm64_32/LuxeUI-OutputFileMap.json -save-temps -no-color-diagnostics -explicit-module-build -module-cache-path /Users/admin/builder/spi-builder-workspace/.derivedData/Build/Intermediates.noindex/SwiftExplicitPrecompiledModules -clang-scanner-module-cache-path /Users/admin/builder/spi-builder-workspace/.derivedData/ModuleCache.noindex -sdk-module-cache-path /Users/admin/builder/spi-builder-workspace/.derivedData/SDKExplicitPrecompiledModules -emit-dependencies -emit-module -emit-module-path /Users/admin/builder/spi-builder-workspace/.derivedData/Build/Intermediates.noindex/LuxeUI.build/Debug-watchos/LuxeUI-t.build/Objects-normal/arm64_32/LuxeUI.swiftmodule -serialize-diagnostics -dependency-scan-serialize-diagnostics-path /Users/admin/builder/spi-builder-workspace/.derivedData/Build/Intermediates.noindex/LuxeUI.build/Debug-watchos/LuxeUI-t.build/Objects-normal/arm64_32/LuxeUI-dependency-scan.dia -validate-clang-modules-once -clang-build-session-file /Users/admin/builder/spi-builder-workspace/.derivedData/ModuleCache.noindex/Session.modulevalidation -Xcc -fmodules-prune-interval\=86400 -Xcc -fmodules-prune-after\=345600 -package-name spi_builder_workspace -emit-const-values -const-gather-protocols-list /Users/admin/builder/spi-builder-workspace/.derivedData/Build/Intermediates.noindex/LuxeUI.build/Debug-watchos/LuxeUI-t.build/Objects-normal/arm64_32/LuxeUI_const_extract_protocols.json -Xcc -I/Users/admin/builder/spi-builder-workspace/.derivedData/Build/Products/Debug-watchos/include -Xcc -I/Users/admin/builder/spi-builder-workspace/.derivedData/Build/Intermediates.noindex/LuxeUI.build/Debug-watchos/LuxeUI-t.build/DerivedSources-normal/arm64_32 -Xcc -I/Users/admin/builder/spi-builder-workspace/.derivedData/Build/Intermediates.noindex/LuxeUI.build/Debug-watchos/LuxeUI-t.build/DerivedSources/arm64_32 -Xcc -I/Users/admin/builder/spi-builder-workspace/.derivedData/Build/Intermediates.noindex/LuxeUI.build/Debug-watchos/LuxeUI-t.build/DerivedSources -Xcc -DSWIFT_PACKAGE -Xcc -DDEBUG\=1 -emit-objc-header -emit-objc-header-path /Users/admin/builder/spi-builder-workspace/.derivedData/Build/Intermediates.noindex/LuxeUI.build/Debug-watchos/LuxeUI-t.build/Objects-normal/arm64_32/LuxeUI-Swift.h -working-directory /Users/admin/builder/spi-builder-workspace/.swiftpm/xcode -experimental-emit-module-separately -disable-cmo
SwiftDriver CoreComponentsDemo normal arm64 com.apple.xcode.tools.swift.compiler (in target 'CoreComponentsDemo-product' from project 'LuxeUI')
    cd /Users/admin/builder/spi-builder-workspace/.swiftpm/xcode
    builtin-SwiftDriver -- /Applications/Xcode-27.0.0-Release.Candidate.app/Contents/Developer/Toolchains/XcodeDefault.xctoolchain/usr/bin/swiftc -parse-as-library -module-name CoreComponentsDemo -Onone @/Users/admin/builder/spi-builder-workspace/.derivedData/Build/Intermediates.noindex/LuxeUI.build/Debug-watchos/CoreComponentsDemo-p.build/Objects-normal/arm64/CoreComponentsDemo.SwiftFileList -DSWIFT_PACKAGE -DDEBUG -DXcode -plugin-path /Applications/Xcode-27.0.0-Release.Candidate.app/Contents/Developer/Toolchains/XcodeDefault.xctoolchain/usr/lib/swift/host/plugins/testing -enable-experimental-feature DebugDescriptionMacro -sdk /Applications/Xcode-27.0.0-Release.Candidate.app/Contents/Developer/Platforms/WatchOS.platform/Developer/SDKs/WatchOS27.0.sdk -target arm64-apple-watchos9.0 -g -module-cache-path /Users/admin/builder/spi-builder-workspace/.derivedData/ModuleCache.noindex -Xfrontend -serialize-debugging-options -profile-coverage-mapping -profile-generate -enable-testing -index-store-path /Users/admin/builder/spi-builder-workspace/.derivedData/Index.noindex/DataStore -Xcc -D_LIBCPP_HARDENING_MODE\=_LIBCPP_HARDENING_MODE_DEBUG -swift-version 5 -I /Users/admin/builder/spi-builder-workspace/.derivedData/Build/Products/Debug-watchos -Isystem /Applications/Xcode-27.0.0-Release.Candidate.app/Contents/Developer/Platforms/WatchOS.platform/Developer/usr/lib -F /Users/admin/builder/spi-builder-workspace/.derivedData/Build/Products/Debug-watchos/PackageFrameworks -F /Users/admin/builder/spi-builder-workspace/.derivedData/Build/Products/Debug-watchos -F /Applications/Xcode-27.0.0-Release.Candidate.app/Contents/Developer/Platforms/WatchOS.platform/Developer/Library/Frameworks -F /Applications/Xcode-27.0.0-Release.Candidate.app/Contents/Developer/Platforms/WatchOS.platform/Developer/SDKs/WatchOS27.0.sdk/Developer/Library/Frameworks -c -j10 -enable-batch-mode -incremental -Xcc -ivfsstatcache -Xcc /Users/admin/builder/spi-builder-workspace/.derivedData/SDKStatCaches.noindex/watchos27.0-24R360-e829b21a6f8c9b70876ba0858053c04477534ef55a1706bf4c1112bbb242f0a2.sdkstatcache -output-file-map /Users/admin/builder/spi-builder-workspace/.derivedData/Build/Intermediates.noindex/LuxeUI.build/Debug-watchos/CoreComponentsDemo-p.build/Objects-normal/arm64/CoreComponentsDemo-OutputFileMap.json -save-temps -no-color-diagnostics -explicit-module-build -module-cache-path /Users/admin/builder/spi-builder-workspace/.derivedData/Build/Intermediates.noindex/SwiftExplicitPrecompiledModules -clang-scanner-module-cache-path /Users/admin/builder/spi-builder-workspace/.derivedData/ModuleCache.noindex -sdk-module-cache-path /Users/admin/builder/spi-builder-workspace/.derivedData/SDKExplicitPrecompiledModules -emit-dependencies -emit-module -emit-module-path /Users/admin/builder/spi-builder-workspace/.derivedData/Build/Intermediates.noindex/LuxeUI.build/Debug-watchos/CoreComponentsDemo-p.build/Objects-normal/arm64/CoreComponentsDemo.swiftmodule -serialize-diagnostics -dependency-scan-serialize-diagnostics-path /Users/admin/builder/spi-builder-workspace/.derivedData/Build/Intermediates.noindex/LuxeUI.build/Debug-watchos/CoreComponentsDemo-p.build/Objects-normal/arm64/CoreComponentsDemo-dependency-scan.dia -validate-clang-modules-once -clang-build-session-file /Users/admin/builder/spi-builder-workspace/.derivedData/ModuleCache.noindex/Session.modulevalidation -Xcc -fmodules-prune-interval\=86400 -Xcc -fmodules-prune-after\=345600 -package-name spi_builder_workspace -emit-const-values -const-gather-protocols-list /Users/admin/builder/spi-builder-workspace/.derivedData/Build/Intermediates.noindex/LuxeUI.build/Debug-watchos/CoreComponentsDemo-p.build/Objects-normal/arm64/CoreComponentsDemo_const_extract_protocols.json -Xcc -I/Users/admin/builder/spi-builder-workspace/.derivedData/Build/Products/Debug-watchos/include -Xcc -I/Users/admin/builder/spi-builder-workspace/.derivedData/Build/Intermediates.noindex/LuxeUI.build/Debug-watchos/CoreComponentsDemo-p.build/DerivedSources-normal/arm64 -Xcc -I/Users/admin/builder/spi-builder-workspace/.derivedData/Build/Intermediates.noindex/LuxeUI.build/Debug-watchos/CoreComponentsDemo-p.build/DerivedSources/arm64 -Xcc -I/Users/admin/builder/spi-builder-workspace/.derivedData/Build/Intermediates.noindex/LuxeUI.build/Debug-watchos/CoreComponentsDemo-p.build/DerivedSources -Xcc -DSWIFT_PACKAGE -Xcc -DDEBUG\=1 -working-directory /Users/admin/builder/spi-builder-workspace/.swiftpm/xcode -experimental-emit-module-separately -disable-cmo
SwiftDriver CoreComponentsDemo normal arm64_32 com.apple.xcode.tools.swift.compiler (in target 'CoreComponentsDemo-product' from project 'LuxeUI')
    cd /Users/admin/builder/spi-builder-workspace/.swiftpm/xcode
    builtin-SwiftDriver -- /Applications/Xcode-27.0.0-Release.Candidate.app/Contents/Developer/Toolchains/XcodeDefault.xctoolchain/usr/bin/swiftc -parse-as-library -module-name CoreComponentsDemo -Onone @/Users/admin/builder/spi-builder-workspace/.derivedData/Build/Intermediates.noindex/LuxeUI.build/Debug-watchos/CoreComponentsDemo-p.build/Objects-normal/arm64_32/CoreComponentsDemo.SwiftFileList -DSWIFT_PACKAGE -DDEBUG -DXcode -plugin-path /Applications/Xcode-27.0.0-Release.Candidate.app/Contents/Developer/Toolchains/XcodeDefault.xctoolchain/usr/lib/swift/host/plugins/testing -enable-experimental-feature DebugDescriptionMacro -sdk /Applications/Xcode-27.0.0-Release.Candidate.app/Contents/Developer/Platforms/WatchOS.platform/Developer/SDKs/WatchOS27.0.sdk -target arm64_32-apple-watchos9.0 -g -module-cache-path /Users/admin/builder/spi-builder-workspace/.derivedData/ModuleCache.noindex -Xfrontend -serialize-debugging-options -profile-coverage-mapping -profile-generate -enable-testing -index-store-path /Users/admin/builder/spi-builder-workspace/.derivedData/Index.noindex/DataStore -Xcc -D_LIBCPP_HARDENING_MODE\=_LIBCPP_HARDENING_MODE_DEBUG -swift-version 5 -I /Users/admin/builder/spi-builder-workspace/.derivedData/Build/Products/Debug-watchos -Isystem /Applications/Xcode-27.0.0-Release.Candidate.app/Contents/Developer/Platforms/WatchOS.platform/Developer/usr/lib -F /Users/admin/builder/spi-builder-workspace/.derivedData/Build/Products/Debug-watchos/PackageFrameworks -F /Users/admin/builder/spi-builder-workspace/.derivedData/Build/Products/Debug-watchos -F /Applications/Xcode-27.0.0-Release.Candidate.app/Contents/Developer/Platforms/WatchOS.platform/Developer/Library/Frameworks -F /Applications/Xcode-27.0.0-Release.Candidate.app/Contents/Developer/Platforms/WatchOS.platform/Developer/SDKs/WatchOS27.0.sdk/Developer/Library/Frameworks -c -j10 -enable-batch-mode -incremental -Xcc -ivfsstatcache -Xcc /Users/admin/builder/spi-builder-workspace/.derivedData/SDKStatCaches.noindex/watchos27.0-24R360-e829b21a6f8c9b70876ba0858053c04477534ef55a1706bf4c1112bbb242f0a2.sdkstatcache -output-file-map /Users/admin/builder/spi-builder-workspace/.derivedData/Build/Intermediates.noindex/LuxeUI.build/Debug-watchos/CoreComponentsDemo-p.build/Objects-normal/arm64_32/CoreComponentsDemo-OutputFileMap.json -save-temps -no-color-diagnostics -explicit-module-build -module-cache-path /Users/admin/builder/spi-builder-workspace/.derivedData/Build/Intermediates.noindex/SwiftExplicitPrecompiledModules -clang-scanner-module-cache-path /Users/admin/builder/spi-builder-workspace/.derivedData/ModuleCache.noindex -sdk-module-cache-path /Users/admin/builder/spi-builder-workspace/.derivedData/SDKExplicitPrecompiledModules -emit-dependencies -emit-module -emit-module-path /Users/admin/builder/spi-builder-workspace/.derivedData/Build/Intermediates.noindex/LuxeUI.build/Debug-watchos/CoreComponentsDemo-p.build/Objects-normal/arm64_32/CoreComponentsDemo.swiftmodule -serialize-diagnostics -dependency-scan-serialize-diagnostics-path /Users/admin/builder/spi-builder-workspace/.derivedData/Build/Intermediates.noindex/LuxeUI.build/Debug-watchos/CoreComponentsDemo-p.build/Objects-normal/arm64_32/CoreComponentsDemo-dependency-scan.dia -validate-clang-modules-once -clang-build-session-file /Users/admin/builder/spi-builder-workspace/.derivedData/ModuleCache.noindex/Session.modulevalidation -Xcc -fmodules-prune-interval\=86400 -Xcc -fmodules-prune-after\=345600 -package-name spi_builder_workspace -emit-const-values -const-gather-protocols-list /Users/admin/builder/spi-builder-workspace/.derivedData/Build/Intermediates.noindex/LuxeUI.build/Debug-watchos/CoreComponentsDemo-p.build/Objects-normal/arm64_32/CoreComponentsDemo_const_extract_protocols.json -Xcc -I/Users/admin/builder/spi-builder-workspace/.derivedData/Build/Products/Debug-watchos/include -Xcc -I/Users/admin/builder/spi-builder-workspace/.derivedData/Build/Intermediates.noindex/LuxeUI.build/Debug-watchos/CoreComponentsDemo-p.build/DerivedSources-normal/arm64_32 -Xcc -I/Users/admin/builder/spi-builder-workspace/.derivedData/Build/Intermediates.noindex/LuxeUI.build/Debug-watchos/CoreComponentsDemo-p.build/DerivedSources/arm64_32 -Xcc -I/Users/admin/builder/spi-builder-workspace/.derivedData/Build/Intermediates.noindex/LuxeUI.build/Debug-watchos/CoreComponentsDemo-p.build/DerivedSources -Xcc -DSWIFT_PACKAGE -Xcc -DDEBUG\=1 -working-directory /Users/admin/builder/spi-builder-workspace/.swiftpm/xcode -experimental-emit-module-separately -disable-cmo
SwiftDriver LiquidUIDemo normal arm64_32 com.apple.xcode.tools.swift.compiler (in target 'LiquidUIDemo-product' from project 'LuxeUI')
    cd /Users/admin/builder/spi-builder-workspace/.swiftpm/xcode
    builtin-SwiftDriver -- /Applications/Xcode-27.0.0-Release.Candidate.app/Contents/Developer/Toolchains/XcodeDefault.xctoolchain/usr/bin/swiftc -parse-as-library -module-name LiquidUIDemo -Onone @/Users/admin/builder/spi-builder-workspace/.derivedData/Build/Intermediates.noindex/LuxeUI.build/Debug-watchos/LiquidUIDemo-p.build/Objects-normal/arm64_32/LiquidUIDemo.SwiftFileList -DSWIFT_PACKAGE -DDEBUG -DXcode -plugin-path /Applications/Xcode-27.0.0-Release.Candidate.app/Contents/Developer/Toolchains/XcodeDefault.xctoolchain/usr/lib/swift/host/plugins/testing -enable-experimental-feature DebugDescriptionMacro -sdk /Applications/Xcode-27.0.0-Release.Candidate.app/Contents/Developer/Platforms/WatchOS.platform/Developer/SDKs/WatchOS27.0.sdk -target arm64_32-apple-watchos9.0 -g -module-cache-path /Users/admin/builder/spi-builder-workspace/.derivedData/ModuleCache.noindex -Xfrontend -serialize-debugging-options -profile-coverage-mapping -profile-generate -enable-testing -index-store-path /Users/admin/builder/spi-builder-workspace/.derivedData/Index.noindex/DataStore -Xcc -D_LIBCPP_HARDENING_MODE\=_LIBCPP_HARDENING_MODE_DEBUG -swift-version 5 -I /Users/admin/builder/spi-builder-workspace/.derivedData/Build/Products/Debug-watchos -Isystem /Applications/Xcode-27.0.0-Release.Candidate.app/Contents/Developer/Platforms/WatchOS.platform/Developer/usr/lib -F /Users/admin/builder/spi-builder-workspace/.derivedData/Build/Products/Debug-watchos/PackageFrameworks -F /Users/admin/builder/spi-builder-workspace/.derivedData/Build/Products/Debug-watchos -F /Applications/Xcode-27.0.0-Release.Candidate.app/Contents/Developer/Platforms/WatchOS.platform/Developer/Library/Frameworks -F /Applications/Xcode-27.0.0-Release.Candidate.app/Contents/Developer/Platforms/WatchOS.platform/Developer/SDKs/WatchOS27.0.sdk/Developer/Library/Frameworks -c -j10 -enable-batch-mode -incremental -Xcc -ivfsstatcache -Xcc /Users/admin/builder/spi-builder-workspace/.derivedData/SDKStatCaches.noindex/watchos27.0-24R360-e829b21a6f8c9b70876ba0858053c04477534ef55a1706bf4c1112bbb242f0a2.sdkstatcache -output-file-map /Users/admin/builder/spi-builder-workspace/.derivedData/Build/Intermediates.noindex/LuxeUI.build/Debug-watchos/LiquidUIDemo-p.build/Objects-normal/arm64_32/LiquidUIDemo-OutputFileMap.json -save-temps -no-color-diagnostics -explicit-module-build -module-cache-path /Users/admin/builder/spi-builder-workspace/.derivedData/Build/Intermediates.noindex/SwiftExplicitPrecompiledModules -clang-scanner-module-cache-path /Users/admin/builder/spi-builder-workspace/.derivedData/ModuleCache.noindex -sdk-module-cache-path /Users/admin/builder/spi-builder-workspace/.derivedData/SDKExplicitPrecompiledModules -emit-dependencies -emit-module -emit-module-path /Users/admin/builder/spi-builder-workspace/.derivedData/Build/Intermediates.noindex/LuxeUI.build/Debug-watchos/LiquidUIDemo-p.build/Objects-normal/arm64_32/LiquidUIDemo.swiftmodule -serialize-diagnostics -dependency-scan-serialize-diagnostics-path /Users/admin/builder/spi-builder-workspace/.derivedData/Build/Intermediates.noindex/LuxeUI.build/Debug-watchos/LiquidUIDemo-p.build/Objects-normal/arm64_32/LiquidUIDemo-dependency-scan.dia -validate-clang-modules-once -clang-build-session-file /Users/admin/builder/spi-builder-workspace/.derivedData/ModuleCache.noindex/Session.modulevalidation -Xcc -fmodules-prune-interval\=86400 -Xcc -fmodules-prune-after\=345600 -package-name spi_builder_workspace -emit-const-values -const-gather-protocols-list /Users/admin/builder/spi-builder-workspace/.derivedData/Build/Intermediates.noindex/LuxeUI.build/Debug-watchos/LiquidUIDemo-p.build/Objects-normal/arm64_32/LiquidUIDemo_const_extract_protocols.json -Xcc -I/Users/admin/builder/spi-builder-workspace/.derivedData/Build/Products/Debug-watchos/include -Xcc -I/Users/admin/builder/spi-builder-workspace/.derivedData/Build/Intermediates.noindex/LuxeUI.build/Debug-watchos/LiquidUIDemo-p.build/DerivedSources-normal/arm64_32 -Xcc -I/Users/admin/builder/spi-builder-workspace/.derivedData/Build/Intermediates.noindex/LuxeUI.build/Debug-watchos/LiquidUIDemo-p.build/DerivedSources/arm64_32 -Xcc -I/Users/admin/builder/spi-builder-workspace/.derivedData/Build/Intermediates.noindex/LuxeUI.build/Debug-watchos/LiquidUIDemo-p.build/DerivedSources -Xcc -DSWIFT_PACKAGE -Xcc -DDEBUG\=1 -working-directory /Users/admin/builder/spi-builder-workspace/.swiftpm/xcode -experimental-emit-module-separately -disable-cmo
SwiftDriver LiquidUIDemo normal arm64 com.apple.xcode.tools.swift.compiler (in target 'LiquidUIDemo-product' from project 'LuxeUI')
    cd /Users/admin/builder/spi-builder-workspace/.swiftpm/xcode
    builtin-SwiftDriver -- /Applications/Xcode-27.0.0-Release.Candidate.app/Contents/Developer/Toolchains/XcodeDefault.xctoolchain/usr/bin/swiftc -parse-as-library -module-name LiquidUIDemo -Onone @/Users/admin/builder/spi-builder-workspace/.derivedData/Build/Intermediates.noindex/LuxeUI.build/Debug-watchos/LiquidUIDemo-p.build/Objects-normal/arm64/LiquidUIDemo.SwiftFileList -DSWIFT_PACKAGE -DDEBUG -DXcode -plugin-path /Applications/Xcode-27.0.0-Release.Candidate.app/Contents/Developer/Toolchains/XcodeDefault.xctoolchain/usr/lib/swift/host/plugins/testing -enable-experimental-feature DebugDescriptionMacro -sdk /Applications/Xcode-27.0.0-Release.Candidate.app/Contents/Developer/Platforms/WatchOS.platform/Developer/SDKs/WatchOS27.0.sdk -target arm64-apple-watchos9.0 -g -module-cache-path /Users/admin/builder/spi-builder-workspace/.derivedData/ModuleCache.noindex -Xfrontend -serialize-debugging-options -profile-coverage-mapping -profile-generate -enable-testing -index-store-path /Users/admin/builder/spi-builder-workspace/.derivedData/Index.noindex/DataStore -Xcc -D_LIBCPP_HARDENING_MODE\=_LIBCPP_HARDENING_MODE_DEBUG -swift-version 5 -I /Users/admin/builder/spi-builder-workspace/.derivedData/Build/Products/Debug-watchos -Isystem /Applications/Xcode-27.0.0-Release.Candidate.app/Contents/Developer/Platforms/WatchOS.platform/Developer/usr/lib -F /Users/admin/builder/spi-builder-workspace/.derivedData/Build/Products/Debug-watchos/PackageFrameworks -F /Users/admin/builder/spi-builder-workspace/.derivedData/Build/Products/Debug-watchos -F /Applications/Xcode-27.0.0-Release.Candidate.app/Contents/Developer/Platforms/WatchOS.platform/Developer/Library/Frameworks -F /Applications/Xcode-27.0.0-Release.Candidate.app/Contents/Developer/Platforms/WatchOS.platform/Developer/SDKs/WatchOS27.0.sdk/Developer/Library/Frameworks -c -j10 -enable-batch-mode -incremental -Xcc -ivfsstatcache -Xcc /Users/admin/builder/spi-builder-workspace/.derivedData/SDKStatCaches.noindex/watchos27.0-24R360-e829b21a6f8c9b70876ba0858053c04477534ef55a1706bf4c1112bbb242f0a2.sdkstatcache -output-file-map /Users/admin/builder/spi-builder-workspace/.derivedData/Build/Intermediates.noindex/LuxeUI.build/Debug-watchos/LiquidUIDemo-p.build/Objects-normal/arm64/LiquidUIDemo-OutputFileMap.json -save-temps -no-color-diagnostics -explicit-module-build -module-cache-path /Users/admin/builder/spi-builder-workspace/.derivedData/Build/Intermediates.noindex/SwiftExplicitPrecompiledModules -clang-scanner-module-cache-path /Users/admin/builder/spi-builder-workspace/.derivedData/ModuleCache.noindex -sdk-module-cache-path /Users/admin/builder/spi-builder-workspace/.derivedData/SDKExplicitPrecompiledModules -emit-dependencies -emit-module -emit-module-path /Users/admin/builder/spi-builder-workspace/.derivedData/Build/Intermediates.noindex/LuxeUI.build/Debug-watchos/LiquidUIDemo-p.build/Objects-normal/arm64/LiquidUIDemo.swiftmodule -serialize-diagnostics -dependency-scan-serialize-diagnostics-path /Users/admin/builder/spi-builder-workspace/.derivedData/Build/Intermediates.noindex/LuxeUI.build/Debug-watchos/LiquidUIDemo-p.build/Objects-normal/arm64/LiquidUIDemo-dependency-scan.dia -validate-clang-modules-once -clang-build-session-file /Users/admin/builder/spi-builder-workspace/.derivedData/ModuleCache.noindex/Session.modulevalidation -Xcc -fmodules-prune-interval\=86400 -Xcc -fmodules-prune-after\=345600 -package-name spi_builder_workspace -emit-const-values -const-gather-protocols-list /Users/admin/builder/spi-builder-workspace/.derivedData/Build/Intermediates.noindex/LuxeUI.build/Debug-watchos/LiquidUIDemo-p.build/Objects-normal/arm64/LiquidUIDemo_const_extract_protocols.json -Xcc -I/Users/admin/builder/spi-builder-workspace/.derivedData/Build/Products/Debug-watchos/include -Xcc -I/Users/admin/builder/spi-builder-workspace/.derivedData/Build/Intermediates.noindex/LuxeUI.build/Debug-watchos/LiquidUIDemo-p.build/DerivedSources-normal/arm64 -Xcc -I/Users/admin/builder/spi-builder-workspace/.derivedData/Build/Intermediates.noindex/LuxeUI.build/Debug-watchos/LiquidUIDemo-p.build/DerivedSources/arm64 -Xcc -I/Users/admin/builder/spi-builder-workspace/.derivedData/Build/Intermediates.noindex/LuxeUI.build/Debug-watchos/LiquidUIDemo-p.build/DerivedSources -Xcc -DSWIFT_PACKAGE -Xcc -DDEBUG\=1 -working-directory /Users/admin/builder/spi-builder-workspace/.swiftpm/xcode -experimental-emit-module-separately -disable-cmo
SwiftCompile normal arm64_32 Compiling\ RefractiveGlassModifier.swift,\ LiquidBlob.swift /Users/admin/builder/spi-builder-workspace/Sources/luxeUI/Components/Containers/RefractiveGlassModifier.swift /Users/admin/builder/spi-builder-workspace/Sources/luxeUI/Components/Effects/LiquidBlob.swift (in target 'LuxeUI' from project 'LuxeUI')
SwiftCompile normal arm64_32 /Users/admin/builder/spi-builder-workspace/Sources/luxeUI/Components/Containers/RefractiveGlassModifier.swift (in target 'LuxeUI' from project 'LuxeUI')
    cd /Users/admin/builder/spi-builder-workspace/.swiftpm/xcode
    builtin-SwiftPerFileCompile RefractiveGlassModifier.swift
SwiftCompile normal arm64_32 /Users/admin/builder/spi-builder-workspace/Sources/luxeUI/Components/Effects/LiquidBlob.swift (in target 'LuxeUI' from project 'LuxeUI')
    cd /Users/admin/builder/spi-builder-workspace/.swiftpm/xcode
    builtin-SwiftPerFileCompile LiquidBlob.swift
SwiftCompile normal arm64_32 Compiling\ LiquidButton.swift,\ GlassmorphismContainer.swift /Users/admin/builder/spi-builder-workspace/Sources/luxeUI/Components/Buttons/LiquidButton.swift /Users/admin/builder/spi-builder-workspace/Sources/luxeUI/Components/Containers/GlassmorphismContainer.swift (in target 'LuxeUI' from project 'LuxeUI')
/Users/admin/builder/spi-builder-workspace/Sources/luxeUI/Components/Containers/GlassmorphismContainer.swift:205:32: error: 'ultraThinMaterial' is only available in watchOS 10.0 or newer
163 | /// }
164 | /// ```
165 | public struct GlassmorphismContainer<Content: View>: View {
    |               `- note: add '@available' attribute to enclosing generic struct
166 |     private let content: Content
167 |     private var configuration: GlassmorphismConfiguration
    :
197 |     }
198 |
199 |     public var body: some View {
    |                `- note: add '@available' attribute to enclosing property
200 |         content
201 |             .background(
    :
203 |                     // Blur background with material
204 |                     RoundedRectangle(cornerRadius: configuration.cornerRadius)
205 |                         .fill(.ultraThinMaterial)
    |                                |- error: 'ultraThinMaterial' is only available in watchOS 10.0 or newer
    |                                `- note: add 'if #available' version check
206 |
207 |                     // Very subtle gradient overlay for depth (much more transparent)
/Users/admin/builder/spi-builder-workspace/Sources/luxeUI/Components/Containers/GlassmorphismContainer.swift:265:14: error: 'onHover(perform:)' is unavailable in watchOS
263 |             .scaleEffect(isHovered ? 1.01 : 1.0)
264 |             .animation(.spring(response: 0.3), value: isHovered)
265 |             .onHover { hovering in
    |              `- error: 'onHover(perform:)' is unavailable in watchOS
266 |                 isHovered = hovering
267 |                 if hovering {
SwiftUI.View.onHover:2:36: note: 'onHover(perform:)' has been explicitly marked unavailable here
1 | protocol View {
2 | @inlinable nonisolated public func onHover(perform action: @escaping (Bool) -> Void) -> some View
  |                                    `- note: 'onHover(perform:)' has been explicitly marked unavailable here
3 |   }
4 |
/Users/admin/builder/spi-builder-workspace/Sources/luxeUI/Components/Containers/GlassmorphismContainer.swift:350:32: error: 'ultraThinMaterial' is only available in watchOS 10.0 or newer
336 | // MARK: - Glassmorphism Modifier
337 |
338 | public struct GlassmorphismModifier: ViewModifier {
    |               `- note: add '@available' attribute to enclosing struct
339 |     private let configuration: GlassmorphismConfiguration
340 |
    :
343 |     }
344 |
345 |     public func body(content: Content) -> some View {
    |                 `- note: add '@available' attribute to enclosing instance method
346 |         content
347 |             .background(
348 |                 ZStack {
349 |                     RoundedRectangle(cornerRadius: configuration.cornerRadius)
350 |                         .fill(.ultraThinMaterial)
    |                                |- error: 'ultraThinMaterial' is only available in watchOS 10.0 or newer
    |                                `- note: add 'if #available' version check
351 |
352 |                     RoundedRectangle(cornerRadius: configuration.cornerRadius)
Failed frontend command:
/Applications/Xcode-27.0.0-Release.Candidate.app/Contents/Developer/Toolchains/XcodeDefault.xctoolchain/usr/bin/swift-frontend -frontend -c -primary-file /Users/admin/builder/spi-builder-workspace/Sources/luxeUI/Components/Buttons/LiquidButton.swift -primary-file /Users/admin/builder/spi-builder-workspace/Sources/luxeUI/Components/Containers/GlassmorphismContainer.swift /Users/admin/builder/spi-builder-workspace/Sources/luxeUI/Components/Containers/RefractiveGlassModifier.swift /Users/admin/builder/spi-builder-workspace/Sources/luxeUI/Components/Effects/LiquidBlob.swift /Users/admin/builder/spi-builder-workspace/Sources/luxeUI/Components/Interactions/PredictiveLayouts.swift /Users/admin/builder/spi-builder-workspace/Sources/luxeUI/Components/Interactions/SmartSpringEngine.swift /Users/admin/builder/spi-builder-workspace/Sources/luxeUI/Components/Loading/LiquidLoader.swift /Users/admin/builder/spi-builder-workspace/Sources/luxeUI/Components/Premium/PremiumComponents.swift /Users/admin/builder/spi-builder-workspace/Sources/luxeUI/Components/Progress/CircularProgressBar.swift /Users/admin/builder/spi-builder-workspace/Sources/luxeUI/Components/Progress/LiquidProgress.swift /Users/admin/builder/spi-builder-workspace/Sources/luxeUI/Components/Sliders/LuxeSlider.swift /Users/admin/builder/spi-builder-workspace/Sources/luxeUI/Components/Sliders/MultiThumbSlider.swift /Users/admin/builder/spi-builder-workspace/Sources/luxeUI/Extensions/View+Theme.swift /Users/admin/builder/spi-builder-workspace/Sources/luxeUI/Theme/Theme.swift /Users/admin/builder/spi-builder-workspace/Sources/luxeUI/Theme/ThemeEnvironment.swift /Users/admin/builder/spi-builder-workspace/Sources/luxeUI/Theme/ThemeProvider.swift /Users/admin/builder/spi-builder-workspace/Sources/luxeUI/luxeUI.swift -emit-dependencies-path /Users/admin/builder/spi-builder-workspace/.derivedData/Build/Intermediates.noindex/LuxeUI.build/Debug-watchos/LuxeUI-t.build/Objects-normal/arm64_32/LiquidButton.d -emit-const-values-path /Users/admin/builder/spi-builder-workspace/.derivedData/Build/Intermediates.noindex/LuxeUI.build/Debug-watchos/LuxeUI-t.build/Objects-normal/arm64_32/LiquidButton.swiftconstvalues -emit-reference-dependencies-path /Users/admin/builder/spi-builder-workspace/.derivedData/Build/Intermediates.noindex/LuxeUI.build/Debug-watchos/LuxeUI-t.build/Objects-normal/arm64_32/LiquidButton.swiftdeps -serialize-diagnostics-path /Users/admin/builder/spi-builder-workspace/.derivedData/Build/Intermediates.noindex/LuxeUI.build/Debug-watchos/LuxeUI-t.build/Objects-normal/arm64_32/LiquidButton.dia -emit-dependencies-path /Users/admin/builder/spi-builder-workspace/.derivedData/Build/Intermediates.noindex/LuxeUI.build/Debug-watchos/LuxeUI-t.build/Objects-normal/arm64_32/GlassmorphismContainer.d -emit-const-values-path /Users/admin/builder/spi-builder-workspace/.derivedData/Build/Intermediates.noindex/LuxeUI.build/Debug-watchos/LuxeUI-t.build/Objects-normal/arm64_32/GlassmorphismContainer.swiftconstvalues -emit-reference-dependencies-path /Users/admin/builder/spi-builder-workspace/.derivedData/Build/Intermediates.noindex/LuxeUI.build/Debug-watchos/LuxeUI-t.build/Objects-normal/arm64_32/GlassmorphismContainer.swiftdeps -serialize-diagnostics-path /Users/admin/builder/spi-builder-workspace/.derivedData/Build/Intermediates.noindex/LuxeUI.build/Debug-watchos/LuxeUI-t.build/Objects-normal/arm64_32/GlassmorphismContainer.dia -target arm64_32-apple-watchos9.0 -disable-cross-import-overlay-search -load-resolved-plugin /Applications/Xcode-27.0.0-Release.Candidate.app/Contents/Developer/Platforms/WatchOS.platform/Developer/usr/lib/swift/host/plugins/libFoundationMacros.dylib\#/Applications/Xcode-27.0.0-Release.Candidate.app/Contents/Developer/Platforms/WatchOS.platform/Developer/usr/bin/swift-plugin-server\#FoundationMacros -load-resolved-plugin /Applications/Xcode-27.0.0-Release.Candidate.app/Contents/Developer/Platforms/WatchOS.platform/Developer/usr/lib/swift/host/plugins/libObservationMacros.dylib\#/Applications/Xcode-27.0.0-Release.Candidate.app/Contents/Developer/Platforms/WatchOS.platform/Developer/usr/bin/swift-plugin-server\#ObservationMacros -load-resolved-plugin /Applications/Xcode-27.0.0-Release.Candidate.app/Contents/Developer/Platforms/WatchOS.platform/Developer/usr/lib/swift/host/plugins/libPreviewsMacros.dylib\#/Applications/Xcode-27.0.0-Release.Candidate.app/Contents/Developer/Platforms/WatchOS.platform/Developer/usr/bin/swift-plugin-server\#PreviewsMacros -load-resolved-plugin /Applications/Xcode-27.0.0-Release.Candidate.app/Contents/Developer/Platforms/WatchOS.platform/Developer/usr/lib/swift/host/plugins/libSwiftMacros.dylib\#/Applications/Xcode-27.0.0-Release.Candidate.app/Contents/Developer/Platforms/WatchOS.platform/Developer/usr/bin/swift-plugin-server\#SwiftMacros -load-resolved-plugin /Applications/Xcode-27.0.0-Release.Candidate.app/Contents/Developer/Platforms/WatchOS.platform/Developer/usr/lib/swift/host/plugins/libSwiftUIMacros.dylib\#/Applications/Xcode-27.0.0-Release.Candidate.app/Contents/Developer/Platforms/WatchOS.platform/Developer/usr/bin/swift-plugin-server\#SwiftUIMacros -disable-implicit-swift-modules -Xcc -fno-implicit-modules -Xcc -fno-implicit-module-maps -explicit-swift-module-map-file /Users/admin/builder/spi-builder-workspace/.derivedData/Build/Intermediates.noindex/LuxeUI.build/Debug-watchos/LuxeUI-t.build/Objects-normal/arm64_32/LuxeUI-dependencies-2.json -enable-objc-interop -sdk /Applications/Xcode-27.0.0-Release.Candidate.app/Contents/Developer/Platforms/WatchOS.platform/Developer/SDKs/WatchOS27.0.sdk -I /Users/admin/builder/spi-builder-workspace/.derivedData/Build/Products/Debug-watchos -Isystem /Applications/Xcode-27.0.0-Release.Candidate.app/Contents/Developer/Platforms/WatchOS.platform/Developer/usr/lib -F /Users/admin/builder/spi-builder-workspace/.derivedData/Build/Products/Debug-watchos -F /Applications/Xcode-27.0.0-Release.Candidate.app/Contents/Developer/Platforms/WatchOS.platform/Developer/Library/Frameworks -F /Applications/Xcode-27.0.0-Release.Candidate.app/Contents/Developer/Platforms/WatchOS.platform/Developer/SDKs/WatchOS27.0.sdk/Developer/Library/Frameworks -module-cache-path /Users/admin/builder/spi-builder-workspace/.derivedData/Build/Intermediates.noindex/SwiftExplicitPrecompiledModules -no-color-diagnostics -Xcc -fno-color-diagnostics -enable-testing -g -debug-info-format\=dwarf -dwarf-version\=4 -profile-generate -profile-coverage-mapping -swift-version 5 -Onone -D SWIFT_PACKAGE -D DEBUG -D SWIFT_MODULE_RESOURCE_BUNDLE_UNAVAILABLE -D Xcode -serialize-debugging-options -enable-experimental-feature DebugDescriptionMacro -empty-abi-descriptor -validate-clang-modules-once -clang-build-session-file /Users/admin/builder/spi-builder-workspace/.derivedData/ModuleCache.noindex/Session.modulevalidation -Xcc -working-directory -Xcc /Users/admin/builder/spi-builder-workspace/.swiftpm/xcode -enable-anonymous-context-mangled-names -file-compilation-dir /Users/admin/builder/spi-builder-workspace/.swiftpm/xcode -Xcc -D_LIBCPP_HARDENING_MODE\=_LIBCPP_HARDENING_MODE_DEBUG -Xcc -ivfsstatcache -Xcc /Users/admin/builder/spi-builder-workspace/.derivedData/SDKStatCaches.noindex/watchos27.0-24R360-e829b21a6f8c9b70876ba0858053c04477534ef55a1706bf4c1112bbb242f0a2.sdkstatcache -Xcc -fmodules-prune-interval\=86400 -Xcc -fmodules-prune-after\=345600 -Xcc -I/Users/admin/builder/spi-builder-workspace/.derivedData/Build/Products/Debug-watchos/include -Xcc -I/Users/admin/builder/spi-builder-workspace/.derivedData/Build/Intermediates.noindex/LuxeUI.build/Debug-watchos/LuxeUI-t.build/DerivedSources-normal/arm64_32 -Xcc -I/Users/admin/builder/spi-builder-workspace/.derivedData/Build/Intermediates.noindex/LuxeUI.build/Debug-watchos/LuxeUI-t.build/DerivedSources/arm64_32 -Xcc -I/Users/admin/builder/spi-builder-workspace/.derivedData/Build/Intermediates.noindex/LuxeUI.build/Debug-watchos/LuxeUI-t.build/DerivedSources -Xcc -DSWIFT_PACKAGE -Xcc -DDEBUG\=1 -no-auto-bridging-header-chaining -module-name LuxeUI -package-name spi_builder_workspace -const-gather-protocols-file /Users/admin/builder/spi-builder-workspace/.derivedData/Build/Intermediates.noindex/LuxeUI.build/Debug-watchos/LuxeUI-t.build/Objects-normal/arm64_32/LuxeUI_const_extract_protocols.json -disable-clang-spi -clang-target arm64_32-apple-watchos27.0 -target-sdk-version 27.0 -target-sdk-name watchos27.0 -in-process-plugin-server-path /Applications/Xcode-27.0.0-Release.Candidate.app/Contents/Developer/Toolchains/XcodeDefault.xctoolchain/usr/lib/swift/host/libSwiftInProcPluginServer.dylib -parse-as-library -o /Users/admin/builder/spi-builder-workspace/.derivedData/Build/Intermediates.noindex/LuxeUI.build/Debug-watchos/LuxeUI-t.build/Objects-normal/arm64_32/LiquidButton.o -o /Users/admin/builder/spi-builder-workspace/.derivedData/Build/Intermediates.noindex/LuxeUI.build/Debug-watchos/LuxeUI-t.build/Objects-normal/arm64_32/GlassmorphismContainer.o -debug-module-path /Users/admin/builder/spi-builder-workspace/.derivedData/Build/Intermediates.noindex/LuxeUI.build/Debug-watchos/LuxeUI-t.build/Objects-normal/arm64_32/LuxeUI.swiftmodule -index-unit-output-path /LuxeUI.build/Debug-watchos/LuxeUI-t.build/Objects-normal/arm64_32/LiquidButton.o -index-unit-output-path /LuxeUI.build/Debug-watchos/LuxeUI-t.build/Objects-normal/arm64_32/GlassmorphismContainer.o -index-store-path /Users/admin/builder/spi-builder-workspace/.derivedData/Index.noindex/DataStore -index-system-modules
SwiftCompile normal arm64_32 /Users/admin/builder/spi-builder-workspace/Sources/luxeUI/Components/Buttons/LiquidButton.swift (in target 'LuxeUI' from project 'LuxeUI')
    cd /Users/admin/builder/spi-builder-workspace/.swiftpm/xcode
    builtin-SwiftPerFileCompile LiquidButton.swift
SwiftCompile normal arm64_32 /Users/admin/builder/spi-builder-workspace/Sources/luxeUI/Components/Containers/GlassmorphismContainer.swift (in target 'LuxeUI' from project 'LuxeUI')
    cd /Users/admin/builder/spi-builder-workspace/.swiftpm/xcode
    builtin-SwiftPerFileCompile GlassmorphismContainer.swift
SwiftEmitModule normal arm64_32 Emitting\ module\ for\ LuxeUI (in target 'LuxeUI' from project 'LuxeUI')
SwiftCompile normal arm64_32 (in target 'LuxeUI' from project 'LuxeUI')
    cd /Users/admin/builder/spi-builder-workspace/.swiftpm/xcode

SwiftCompile normal arm64_32 Compiling\ ThemeProvider.swift /Users/admin/builder/spi-builder-workspace/Sources/luxeUI/Theme/ThemeProvider.swift (in target 'LuxeUI' from project 'LuxeUI')
SwiftCompile normal arm64_32 /Users/admin/builder/spi-builder-workspace/Sources/luxeUI/Theme/ThemeProvider.swift (in target 'LuxeUI' from project 'LuxeUI')
    cd /Users/admin/builder/spi-builder-workspace/.swiftpm/xcode
    builtin-SwiftPerFileCompile ThemeProvider.swift
SwiftCompile normal arm64_32 Compiling\ CircularProgressBar.swift,\ LiquidProgress.swift /Users/admin/builder/spi-builder-workspace/Sources/luxeUI/Components/Progress/CircularProgressBar.swift /Users/admin/builder/spi-builder-workspace/Sources/luxeUI/Components/Progress/LiquidProgress.swift (in target 'LuxeUI' from project 'LuxeUI')
SwiftCompile normal arm64_32 /Users/admin/builder/spi-builder-workspace/Sources/luxeUI/Components/Progress/CircularProgressBar.swift (in target 'LuxeUI' from project 'LuxeUI')
    cd /Users/admin/builder/spi-builder-workspace/.swiftpm/xcode
    builtin-SwiftPerFileCompile CircularProgressBar.swift
SwiftCompile normal arm64_32 /Users/admin/builder/spi-builder-workspace/Sources/luxeUI/Components/Progress/LiquidProgress.swift (in target 'LuxeUI' from project 'LuxeUI')
    cd /Users/admin/builder/spi-builder-workspace/.swiftpm/xcode
    builtin-SwiftPerFileCompile LiquidProgress.swift
SwiftCompile normal arm64_32 Compiling\ LuxeSlider.swift,\ MultiThumbSlider.swift /Users/admin/builder/spi-builder-workspace/Sources/luxeUI/Components/Sliders/LuxeSlider.swift /Users/admin/builder/spi-builder-workspace/Sources/luxeUI/Components/Sliders/MultiThumbSlider.swift (in target 'LuxeUI' from project 'LuxeUI')
SwiftCompile normal arm64_32 /Users/admin/builder/spi-builder-workspace/Sources/luxeUI/Components/Sliders/LuxeSlider.swift (in target 'LuxeUI' from project 'LuxeUI')
    cd /Users/admin/builder/spi-builder-workspace/.swiftpm/xcode
    builtin-SwiftPerFileCompile LuxeSlider.swift
SwiftCompile normal arm64_32 /Users/admin/builder/spi-builder-workspace/Sources/luxeUI/Components/Sliders/MultiThumbSlider.swift (in target 'LuxeUI' from project 'LuxeUI')
    cd /Users/admin/builder/spi-builder-workspace/.swiftpm/xcode
    builtin-SwiftPerFileCompile MultiThumbSlider.swift
SwiftEmitModule normal arm64 Emitting\ module\ for\ LuxeUI (in target 'LuxeUI' from project 'LuxeUI')
SwiftCompile normal arm64 (in target 'LuxeUI' from project 'LuxeUI')
    cd /Users/admin/builder/spi-builder-workspace/.swiftpm/xcode

SwiftEmitModule normal arm64_32 Emitting\ module\ for\ LiquidUIDemo (in target 'LiquidUIDemo-product' from project 'LuxeUI')
SwiftCompile normal arm64_32 (in target 'LiquidUIDemo-product' from project 'LuxeUI')
    cd /Users/admin/builder/spi-builder-workspace/.swiftpm/xcode

SwiftCompile normal arm64 Compiling\ RefractiveGlassModifier.swift,\ LiquidBlob.swift /Users/admin/builder/spi-builder-workspace/Sources/luxeUI/Components/Containers/RefractiveGlassModifier.swift /Users/admin/builder/spi-builder-workspace/Sources/luxeUI/Components/Effects/LiquidBlob.swift (in target 'LuxeUI' from project 'LuxeUI')
SwiftCompile normal arm64 /Users/admin/builder/spi-builder-workspace/Sources/luxeUI/Components/Containers/RefractiveGlassModifier.swift (in target 'LuxeUI' from project 'LuxeUI')
    cd /Users/admin/builder/spi-builder-workspace/.swiftpm/xcode
    builtin-SwiftPerFileCompile RefractiveGlassModifier.swift
SwiftCompile normal arm64 /Users/admin/builder/spi-builder-workspace/Sources/luxeUI/Components/Effects/LiquidBlob.swift (in target 'LuxeUI' from project 'LuxeUI')
    cd /Users/admin/builder/spi-builder-workspace/.swiftpm/xcode
    builtin-SwiftPerFileCompile LiquidBlob.swift
SwiftCompile normal arm64 Compiling\ LuxeSlider.swift,\ MultiThumbSlider.swift /Users/admin/builder/spi-builder-workspace/Sources/luxeUI/Components/Sliders/LuxeSlider.swift /Users/admin/builder/spi-builder-workspace/Sources/luxeUI/Components/Sliders/MultiThumbSlider.swift (in target 'LuxeUI' from project 'LuxeUI')
SwiftCompile normal arm64 /Users/admin/builder/spi-builder-workspace/Sources/luxeUI/Components/Sliders/LuxeSlider.swift (in target 'LuxeUI' from project 'LuxeUI')
    cd /Users/admin/builder/spi-builder-workspace/.swiftpm/xcode
    builtin-SwiftPerFileCompile LuxeSlider.swift
SwiftCompile normal arm64 /Users/admin/builder/spi-builder-workspace/Sources/luxeUI/Components/Sliders/MultiThumbSlider.swift (in target 'LuxeUI' from project 'LuxeUI')
    cd /Users/admin/builder/spi-builder-workspace/.swiftpm/xcode
    builtin-SwiftPerFileCompile MultiThumbSlider.swift
SwiftEmitModule normal arm64 Emitting\ module\ for\ LiquidUIDemo (in target 'LiquidUIDemo-product' from project 'LuxeUI')
SwiftCompile normal arm64 (in target 'LiquidUIDemo-product' from project 'LuxeUI')
    cd /Users/admin/builder/spi-builder-workspace/.swiftpm/xcode

PruneExplicitPrecompiledModules /Users/admin/builder/spi-builder-workspace/.derivedData/Build/Intermediates.noindex/SwiftExplicitPrecompiledModules
PruneExplicitPrecompiledModules /Users/admin/builder/spi-builder-workspace/.derivedData/SDKExplicitPrecompiledModules
PruneExplicitPrecompiledModules /Users/admin/builder/spi-builder-workspace/.derivedData/Build/Intermediates.noindex/ExplicitPrecompiledModules
2026-09-23 15:45:57.587 xcodebuild[807:4723] [MT] IDERunDestination: Supported platforms for the buildables in the current scheme is empty.
** BUILD FAILED **
The following build commands failed:
	SwiftCompile normal arm64_32 Compiling\ LiquidButton.swift,\ GlassmorphismContainer.swift /Users/admin/builder/spi-builder-workspace/Sources/luxeUI/Components/Buttons/LiquidButton.swift /Users/admin/builder/spi-builder-workspace/Sources/luxeUI/Components/Containers/GlassmorphismContainer.swift (in target 'LuxeUI' from project 'LuxeUI')
	SwiftCompile normal arm64_32 /Users/admin/builder/spi-builder-workspace/Sources/luxeUI/Components/Containers/GlassmorphismContainer.swift (in target 'LuxeUI' from project 'LuxeUI')
	Building workspace LuxeUI with scheme LuxeUI-Package
(3 failures)
BUILD FAILURE 6.4 watchOS