Build Information
Failed to build SwiftCardanoChain, reference main (3c37e5), with Swift 6.2 for Wasm on 1 Oct 2026 06:18:30 UTC.
Build Command
bash -c docker run --pull=always --rm -v "checkouts-53886770-3":/host -w "$PWD" -e JAVA_HOME="/root/.sdkman/candidates/java/current" -e SPI_BUILD="1" -e SPI_PROCESSING="1" registry.gitlab.com/saguaro1/spi-images:wasm-6.2-latest swift build --swift-sdk swift-6.2-RELEASE_wasm 2>&1Build Log
/root/.swiftpm/swift-sdks/swift-6.2-RELEASE_wasm.artifactbundle/swift-6.2-RELEASE_wasm/wasm32-unknown-wasip1/WASI.sdk/include/wasm32-wasip1/signal.h:2:2: error: "wasm lacks signal support; to enable minimal signal emulation, compile with -D_WASI_EMULATED_SIGNAL and link with -lwasi-emulated-signal"
1 | #ifndef _WASI_EMULATED_SIGNAL
2 | #error "wasm lacks signal support; to enable minimal signal emulation, \
| `- error: "wasm lacks signal support; to enable minimal signal emulation, compile with -D_WASI_EMULATED_SIGNAL and link with -lwasi-emulated-signal"
3 | compile with -D_WASI_EMULATED_SIGNAL and link with -lwasi-emulated-signal"
4 | #else
<module-includes>:1:10: note: in file included from <module-includes>:1:
1 | #include "CoreFoundation.h"
| `- note: in file included from <module-includes>:1:
2 |
/root/.swiftpm/swift-sdks/swift-6.2-RELEASE_wasm.artifactbundle/swift-6.2-RELEASE_wasm/wasm32-unknown-wasip1/swift.xctoolchain/usr/lib/swift_static/CoreFoundation/CoreFoundation.h:28:10: error: could not build module 'wasi_emulated_signal'
26 | #include <setjmp.h>
27 | #endif
28 | #include <signal.h>
| `- error: could not build module 'wasi_emulated_signal'
29 | #include <stddef.h>
30 | #include <stdio.h>
/root/.swiftpm/swift-sdks/swift-6.2-RELEASE_wasm.artifactbundle/swift-6.2-RELEASE_wasm/wasm32-unknown-wasip1/swift.xctoolchain/usr/lib/swift_static/CoreFoundation/ForSwiftFoundationOnly.h:86:10: note: while building module 'wasi_emulated_mman' imported from /root/.swiftpm/swift-sdks/swift-6.2-RELEASE_wasm.artifactbundle/swift-6.2-RELEASE_wasm/wasm32-unknown-wasip1/swift.xctoolchain/usr/lib/swift_static/CoreFoundation/ForSwiftFoundationOnly.h:86:
84 | #undef _WASI_EMULATED_MMAN
85 | #define _WASI_EMULATED_MMAN
86 | #include <sys/mman.h>
| `- note: while building module 'wasi_emulated_mman' imported from /root/.swiftpm/swift-sdks/swift-6.2-RELEASE_wasm.artifactbundle/swift-6.2-RELEASE_wasm/wasm32-unknown-wasip1/swift.xctoolchain/usr/lib/swift_static/CoreFoundation/ForSwiftFoundationOnly.h:86:
87 | #elif TARGET_OS_LINUX
88 | #include <errno.h>
<module-includes>:1:10: note: in file included from <module-includes>:1:
1 | #include "sys/mman.h"
| `- note: in file included from <module-includes>:1:
2 |
/root/.swiftpm/swift-sdks/swift-6.2-RELEASE_wasm.artifactbundle/swift-6.2-RELEASE_wasm/wasm32-unknown-wasip1/WASI.sdk/include/wasm32-wasip1/sys/mman.h:2:2: error: "WASI lacks a true mmap; to enable minimal mmap emulation, compile with -D_WASI_EMULATED_MMAN and link with -lwasi-emulated-mman"
1 | #ifndef _WASI_EMULATED_MMAN
2 | #error "WASI lacks a true mmap; to enable minimal mmap emulation, \
| `- error: "WASI lacks a true mmap; to enable minimal mmap emulation, compile with -D_WASI_EMULATED_MMAN and link with -lwasi-emulated-mman"
3 | compile with -D_WASI_EMULATED_MMAN and link with -lwasi-emulated-mman"
4 | #else
/host/spi-builder-workspace/.build/checkouts/swift-openapi-runtime/Sources/OpenAPIRuntime/Base/OpenAPIValue.swift:22:8: error: could not build C module 'CoreFoundation'
20 |
21 | #if canImport(CoreFoundation) && (FullFoundation || canImport(Darwin))
22 | import CoreFoundation
| `- error: could not build C module 'CoreFoundation'
23 | #endif
24 |
[554/1490] Compiling OpenAPIRuntime JSONLinesDecoding.swift
/root/.swiftpm/swift-sdks/swift-6.2-RELEASE_wasm.artifactbundle/swift-6.2-RELEASE_wasm/wasm32-unknown-wasip1/swift.xctoolchain/usr/lib/swift_static/CoreFoundation/CoreFoundation.h:28:10: note: while building module 'wasi_emulated_signal' imported from /root/.swiftpm/swift-sdks/swift-6.2-RELEASE_wasm.artifactbundle/swift-6.2-RELEASE_wasm/wasm32-unknown-wasip1/swift.xctoolchain/usr/lib/swift_static/CoreFoundation/CoreFoundation.h:28:
26 | #include <setjmp.h>
27 | #endif
28 | #include <signal.h>
| `- note: while building module 'wasi_emulated_signal' imported from /root/.swiftpm/swift-sdks/swift-6.2-RELEASE_wasm.artifactbundle/swift-6.2-RELEASE_wasm/wasm32-unknown-wasip1/swift.xctoolchain/usr/lib/swift_static/CoreFoundation/CoreFoundation.h:28:
29 | #include <stddef.h>
30 | #include <stdio.h>
<module-includes>:1:10: note: in file included from <module-includes>:1:
1 | #include "signal.h"
| `- note: in file included from <module-includes>:1:
2 |
/root/.swiftpm/swift-sdks/swift-6.2-RELEASE_wasm.artifactbundle/swift-6.2-RELEASE_wasm/wasm32-unknown-wasip1/WASI.sdk/include/wasm32-wasip1/signal.h:2:2: error: "wasm lacks signal support; to enable minimal signal emulation, compile with -D_WASI_EMULATED_SIGNAL and link with -lwasi-emulated-signal"
1 | #ifndef _WASI_EMULATED_SIGNAL
2 | #error "wasm lacks signal support; to enable minimal signal emulation, \
| `- error: "wasm lacks signal support; to enable minimal signal emulation, compile with -D_WASI_EMULATED_SIGNAL and link with -lwasi-emulated-signal"
3 | compile with -D_WASI_EMULATED_SIGNAL and link with -lwasi-emulated-signal"
4 | #else
<module-includes>:1:10: note: in file included from <module-includes>:1:
1 | #include "CoreFoundation.h"
| `- note: in file included from <module-includes>:1:
2 |
/root/.swiftpm/swift-sdks/swift-6.2-RELEASE_wasm.artifactbundle/swift-6.2-RELEASE_wasm/wasm32-unknown-wasip1/swift.xctoolchain/usr/lib/swift_static/CoreFoundation/CoreFoundation.h:28:10: error: could not build module 'wasi_emulated_signal'
26 | #include <setjmp.h>
27 | #endif
28 | #include <signal.h>
| `- error: could not build module 'wasi_emulated_signal'
29 | #include <stddef.h>
30 | #include <stdio.h>
/root/.swiftpm/swift-sdks/swift-6.2-RELEASE_wasm.artifactbundle/swift-6.2-RELEASE_wasm/wasm32-unknown-wasip1/swift.xctoolchain/usr/lib/swift_static/CoreFoundation/ForSwiftFoundationOnly.h:86:10: note: while building module 'wasi_emulated_mman' imported from /root/.swiftpm/swift-sdks/swift-6.2-RELEASE_wasm.artifactbundle/swift-6.2-RELEASE_wasm/wasm32-unknown-wasip1/swift.xctoolchain/usr/lib/swift_static/CoreFoundation/ForSwiftFoundationOnly.h:86:
84 | #undef _WASI_EMULATED_MMAN
85 | #define _WASI_EMULATED_MMAN
86 | #include <sys/mman.h>
| `- note: while building module 'wasi_emulated_mman' imported from /root/.swiftpm/swift-sdks/swift-6.2-RELEASE_wasm.artifactbundle/swift-6.2-RELEASE_wasm/wasm32-unknown-wasip1/swift.xctoolchain/usr/lib/swift_static/CoreFoundation/ForSwiftFoundationOnly.h:86:
87 | #elif TARGET_OS_LINUX
88 | #include <errno.h>
<module-includes>:1:10: note: in file included from <module-includes>:1:
1 | #include "sys/mman.h"
| `- note: in file included from <module-includes>:1:
2 |
/root/.swiftpm/swift-sdks/swift-6.2-RELEASE_wasm.artifactbundle/swift-6.2-RELEASE_wasm/wasm32-unknown-wasip1/WASI.sdk/include/wasm32-wasip1/sys/mman.h:2:2: error: "WASI lacks a true mmap; to enable minimal mmap emulation, compile with -D_WASI_EMULATED_MMAN and link with -lwasi-emulated-mman"
1 | #ifndef _WASI_EMULATED_MMAN
2 | #error "WASI lacks a true mmap; to enable minimal mmap emulation, \
| `- error: "WASI lacks a true mmap; to enable minimal mmap emulation, compile with -D_WASI_EMULATED_MMAN and link with -lwasi-emulated-mman"
3 | compile with -D_WASI_EMULATED_MMAN and link with -lwasi-emulated-mman"
4 | #else
/host/spi-builder-workspace/.build/checkouts/swift-openapi-runtime/Sources/OpenAPIRuntime/Base/OpenAPIValue.swift:22:8: error: could not build C module 'CoreFoundation'
20 |
21 | #if canImport(CoreFoundation) && (FullFoundation || canImport(Darwin))
22 | import CoreFoundation
| `- error: could not build C module 'CoreFoundation'
23 | #endif
24 |
[555/1490] Compiling OpenAPIRuntime JSONLinesEncoding.swift
/root/.swiftpm/swift-sdks/swift-6.2-RELEASE_wasm.artifactbundle/swift-6.2-RELEASE_wasm/wasm32-unknown-wasip1/swift.xctoolchain/usr/lib/swift_static/CoreFoundation/CoreFoundation.h:28:10: note: while building module 'wasi_emulated_signal' imported from /root/.swiftpm/swift-sdks/swift-6.2-RELEASE_wasm.artifactbundle/swift-6.2-RELEASE_wasm/wasm32-unknown-wasip1/swift.xctoolchain/usr/lib/swift_static/CoreFoundation/CoreFoundation.h:28:
26 | #include <setjmp.h>
27 | #endif
28 | #include <signal.h>
| `- note: while building module 'wasi_emulated_signal' imported from /root/.swiftpm/swift-sdks/swift-6.2-RELEASE_wasm.artifactbundle/swift-6.2-RELEASE_wasm/wasm32-unknown-wasip1/swift.xctoolchain/usr/lib/swift_static/CoreFoundation/CoreFoundation.h:28:
29 | #include <stddef.h>
30 | #include <stdio.h>
<module-includes>:1:10: note: in file included from <module-includes>:1:
1 | #include "signal.h"
| `- note: in file included from <module-includes>:1:
2 |
/root/.swiftpm/swift-sdks/swift-6.2-RELEASE_wasm.artifactbundle/swift-6.2-RELEASE_wasm/wasm32-unknown-wasip1/WASI.sdk/include/wasm32-wasip1/signal.h:2:2: error: "wasm lacks signal support; to enable minimal signal emulation, compile with -D_WASI_EMULATED_SIGNAL and link with -lwasi-emulated-signal"
1 | #ifndef _WASI_EMULATED_SIGNAL
2 | #error "wasm lacks signal support; to enable minimal signal emulation, \
| `- error: "wasm lacks signal support; to enable minimal signal emulation, compile with -D_WASI_EMULATED_SIGNAL and link with -lwasi-emulated-signal"
3 | compile with -D_WASI_EMULATED_SIGNAL and link with -lwasi-emulated-signal"
4 | #else
<module-includes>:1:10: note: in file included from <module-includes>:1:
1 | #include "CoreFoundation.h"
| `- note: in file included from <module-includes>:1:
2 |
/root/.swiftpm/swift-sdks/swift-6.2-RELEASE_wasm.artifactbundle/swift-6.2-RELEASE_wasm/wasm32-unknown-wasip1/swift.xctoolchain/usr/lib/swift_static/CoreFoundation/CoreFoundation.h:28:10: error: could not build module 'wasi_emulated_signal'
26 | #include <setjmp.h>
27 | #endif
28 | #include <signal.h>
| `- error: could not build module 'wasi_emulated_signal'
29 | #include <stddef.h>
30 | #include <stdio.h>
/root/.swiftpm/swift-sdks/swift-6.2-RELEASE_wasm.artifactbundle/swift-6.2-RELEASE_wasm/wasm32-unknown-wasip1/swift.xctoolchain/usr/lib/swift_static/CoreFoundation/ForSwiftFoundationOnly.h:86:10: note: while building module 'wasi_emulated_mman' imported from /root/.swiftpm/swift-sdks/swift-6.2-RELEASE_wasm.artifactbundle/swift-6.2-RELEASE_wasm/wasm32-unknown-wasip1/swift.xctoolchain/usr/lib/swift_static/CoreFoundation/ForSwiftFoundationOnly.h:86:
84 | #undef _WASI_EMULATED_MMAN
85 | #define _WASI_EMULATED_MMAN
86 | #include <sys/mman.h>
| `- note: while building module 'wasi_emulated_mman' imported from /root/.swiftpm/swift-sdks/swift-6.2-RELEASE_wasm.artifactbundle/swift-6.2-RELEASE_wasm/wasm32-unknown-wasip1/swift.xctoolchain/usr/lib/swift_static/CoreFoundation/ForSwiftFoundationOnly.h:86:
87 | #elif TARGET_OS_LINUX
88 | #include <errno.h>
<module-includes>:1:10: note: in file included from <module-includes>:1:
1 | #include "sys/mman.h"
| `- note: in file included from <module-includes>:1:
2 |
/root/.swiftpm/swift-sdks/swift-6.2-RELEASE_wasm.artifactbundle/swift-6.2-RELEASE_wasm/wasm32-unknown-wasip1/WASI.sdk/include/wasm32-wasip1/sys/mman.h:2:2: error: "WASI lacks a true mmap; to enable minimal mmap emulation, compile with -D_WASI_EMULATED_MMAN and link with -lwasi-emulated-mman"
1 | #ifndef _WASI_EMULATED_MMAN
2 | #error "WASI lacks a true mmap; to enable minimal mmap emulation, \
| `- error: "WASI lacks a true mmap; to enable minimal mmap emulation, compile with -D_WASI_EMULATED_MMAN and link with -lwasi-emulated-mman"
3 | compile with -D_WASI_EMULATED_MMAN and link with -lwasi-emulated-mman"
4 | #else
/host/spi-builder-workspace/.build/checkouts/swift-openapi-runtime/Sources/OpenAPIRuntime/Base/OpenAPIValue.swift:22:8: error: could not build C module 'CoreFoundation'
20 |
21 | #if canImport(CoreFoundation) && (FullFoundation || canImport(Darwin))
22 | import CoreFoundation
| `- error: could not build C module 'CoreFoundation'
23 | #endif
24 |
[556/1490] Compiling OpenAPIRuntime JSONSequenceDecoding.swift
/root/.swiftpm/swift-sdks/swift-6.2-RELEASE_wasm.artifactbundle/swift-6.2-RELEASE_wasm/wasm32-unknown-wasip1/swift.xctoolchain/usr/lib/swift_static/CoreFoundation/CoreFoundation.h:28:10: note: while building module 'wasi_emulated_signal' imported from /root/.swiftpm/swift-sdks/swift-6.2-RELEASE_wasm.artifactbundle/swift-6.2-RELEASE_wasm/wasm32-unknown-wasip1/swift.xctoolchain/usr/lib/swift_static/CoreFoundation/CoreFoundation.h:28:
26 | #include <setjmp.h>
27 | #endif
28 | #include <signal.h>
| `- note: while building module 'wasi_emulated_signal' imported from /root/.swiftpm/swift-sdks/swift-6.2-RELEASE_wasm.artifactbundle/swift-6.2-RELEASE_wasm/wasm32-unknown-wasip1/swift.xctoolchain/usr/lib/swift_static/CoreFoundation/CoreFoundation.h:28:
29 | #include <stddef.h>
30 | #include <stdio.h>
<module-includes>:1:10: note: in file included from <module-includes>:1:
1 | #include "signal.h"
| `- note: in file included from <module-includes>:1:
2 |
/root/.swiftpm/swift-sdks/swift-6.2-RELEASE_wasm.artifactbundle/swift-6.2-RELEASE_wasm/wasm32-unknown-wasip1/WASI.sdk/include/wasm32-wasip1/signal.h:2:2: error: "wasm lacks signal support; to enable minimal signal emulation, compile with -D_WASI_EMULATED_SIGNAL and link with -lwasi-emulated-signal"
1 | #ifndef _WASI_EMULATED_SIGNAL
2 | #error "wasm lacks signal support; to enable minimal signal emulation, \
| `- error: "wasm lacks signal support; to enable minimal signal emulation, compile with -D_WASI_EMULATED_SIGNAL and link with -lwasi-emulated-signal"
3 | compile with -D_WASI_EMULATED_SIGNAL and link with -lwasi-emulated-signal"
4 | #else
<module-includes>:1:10: note: in file included from <module-includes>:1:
1 | #include "CoreFoundation.h"
| `- note: in file included from <module-includes>:1:
2 |
/root/.swiftpm/swift-sdks/swift-6.2-RELEASE_wasm.artifactbundle/swift-6.2-RELEASE_wasm/wasm32-unknown-wasip1/swift.xctoolchain/usr/lib/swift_static/CoreFoundation/CoreFoundation.h:28:10: error: could not build module 'wasi_emulated_signal'
26 | #include <setjmp.h>
27 | #endif
28 | #include <signal.h>
| `- error: could not build module 'wasi_emulated_signal'
29 | #include <stddef.h>
30 | #include <stdio.h>
/root/.swiftpm/swift-sdks/swift-6.2-RELEASE_wasm.artifactbundle/swift-6.2-RELEASE_wasm/wasm32-unknown-wasip1/swift.xctoolchain/usr/lib/swift_static/CoreFoundation/ForSwiftFoundationOnly.h:86:10: note: while building module 'wasi_emulated_mman' imported from /root/.swiftpm/swift-sdks/swift-6.2-RELEASE_wasm.artifactbundle/swift-6.2-RELEASE_wasm/wasm32-unknown-wasip1/swift.xctoolchain/usr/lib/swift_static/CoreFoundation/ForSwiftFoundationOnly.h:86:
84 | #undef _WASI_EMULATED_MMAN
85 | #define _WASI_EMULATED_MMAN
86 | #include <sys/mman.h>
| `- note: while building module 'wasi_emulated_mman' imported from /root/.swiftpm/swift-sdks/swift-6.2-RELEASE_wasm.artifactbundle/swift-6.2-RELEASE_wasm/wasm32-unknown-wasip1/swift.xctoolchain/usr/lib/swift_static/CoreFoundation/ForSwiftFoundationOnly.h:86:
87 | #elif TARGET_OS_LINUX
88 | #include <errno.h>
<module-includes>:1:10: note: in file included from <module-includes>:1:
1 | #include "sys/mman.h"
| `- note: in file included from <module-includes>:1:
2 |
/root/.swiftpm/swift-sdks/swift-6.2-RELEASE_wasm.artifactbundle/swift-6.2-RELEASE_wasm/wasm32-unknown-wasip1/WASI.sdk/include/wasm32-wasip1/sys/mman.h:2:2: error: "WASI lacks a true mmap; to enable minimal mmap emulation, compile with -D_WASI_EMULATED_MMAN and link with -lwasi-emulated-mman"
1 | #ifndef _WASI_EMULATED_MMAN
2 | #error "WASI lacks a true mmap; to enable minimal mmap emulation, \
| `- error: "WASI lacks a true mmap; to enable minimal mmap emulation, compile with -D_WASI_EMULATED_MMAN and link with -lwasi-emulated-mman"
3 | compile with -D_WASI_EMULATED_MMAN and link with -lwasi-emulated-mman"
4 | #else
/host/spi-builder-workspace/.build/checkouts/swift-openapi-runtime/Sources/OpenAPIRuntime/Base/OpenAPIValue.swift:22:8: error: could not build C module 'CoreFoundation'
20 |
21 | #if canImport(CoreFoundation) && (FullFoundation || canImport(Darwin))
22 | import CoreFoundation
| `- error: could not build C module 'CoreFoundation'
23 | #endif
24 |
[557/1490] Compiling OpenAPIRuntime JSONSequenceEncoding.swift
/root/.swiftpm/swift-sdks/swift-6.2-RELEASE_wasm.artifactbundle/swift-6.2-RELEASE_wasm/wasm32-unknown-wasip1/swift.xctoolchain/usr/lib/swift_static/CoreFoundation/CoreFoundation.h:28:10: note: while building module 'wasi_emulated_signal' imported from /root/.swiftpm/swift-sdks/swift-6.2-RELEASE_wasm.artifactbundle/swift-6.2-RELEASE_wasm/wasm32-unknown-wasip1/swift.xctoolchain/usr/lib/swift_static/CoreFoundation/CoreFoundation.h:28:
26 | #include <setjmp.h>
27 | #endif
28 | #include <signal.h>
| `- note: while building module 'wasi_emulated_signal' imported from /root/.swiftpm/swift-sdks/swift-6.2-RELEASE_wasm.artifactbundle/swift-6.2-RELEASE_wasm/wasm32-unknown-wasip1/swift.xctoolchain/usr/lib/swift_static/CoreFoundation/CoreFoundation.h:28:
29 | #include <stddef.h>
30 | #include <stdio.h>
<module-includes>:1:10: note: in file included from <module-includes>:1:
1 | #include "signal.h"
| `- note: in file included from <module-includes>:1:
2 |
/root/.swiftpm/swift-sdks/swift-6.2-RELEASE_wasm.artifactbundle/swift-6.2-RELEASE_wasm/wasm32-unknown-wasip1/WASI.sdk/include/wasm32-wasip1/signal.h:2:2: error: "wasm lacks signal support; to enable minimal signal emulation, compile with -D_WASI_EMULATED_SIGNAL and link with -lwasi-emulated-signal"
1 | #ifndef _WASI_EMULATED_SIGNAL
2 | #error "wasm lacks signal support; to enable minimal signal emulation, \
| `- error: "wasm lacks signal support; to enable minimal signal emulation, compile with -D_WASI_EMULATED_SIGNAL and link with -lwasi-emulated-signal"
3 | compile with -D_WASI_EMULATED_SIGNAL and link with -lwasi-emulated-signal"
4 | #else
<module-includes>:1:10: note: in file included from <module-includes>:1:
1 | #include "CoreFoundation.h"
| `- note: in file included from <module-includes>:1:
2 |
/root/.swiftpm/swift-sdks/swift-6.2-RELEASE_wasm.artifactbundle/swift-6.2-RELEASE_wasm/wasm32-unknown-wasip1/swift.xctoolchain/usr/lib/swift_static/CoreFoundation/CoreFoundation.h:28:10: error: could not build module 'wasi_emulated_signal'
26 | #include <setjmp.h>
27 | #endif
28 | #include <signal.h>
| `- error: could not build module 'wasi_emulated_signal'
29 | #include <stddef.h>
30 | #include <stdio.h>
/root/.swiftpm/swift-sdks/swift-6.2-RELEASE_wasm.artifactbundle/swift-6.2-RELEASE_wasm/wasm32-unknown-wasip1/swift.xctoolchain/usr/lib/swift_static/CoreFoundation/ForSwiftFoundationOnly.h:86:10: note: while building module 'wasi_emulated_mman' imported from /root/.swiftpm/swift-sdks/swift-6.2-RELEASE_wasm.artifactbundle/swift-6.2-RELEASE_wasm/wasm32-unknown-wasip1/swift.xctoolchain/usr/lib/swift_static/CoreFoundation/ForSwiftFoundationOnly.h:86:
84 | #undef _WASI_EMULATED_MMAN
85 | #define _WASI_EMULATED_MMAN
86 | #include <sys/mman.h>
| `- note: while building module 'wasi_emulated_mman' imported from /root/.swiftpm/swift-sdks/swift-6.2-RELEASE_wasm.artifactbundle/swift-6.2-RELEASE_wasm/wasm32-unknown-wasip1/swift.xctoolchain/usr/lib/swift_static/CoreFoundation/ForSwiftFoundationOnly.h:86:
87 | #elif TARGET_OS_LINUX
88 | #include <errno.h>
<module-includes>:1:10: note: in file included from <module-includes>:1:
1 | #include "sys/mman.h"
| `- note: in file included from <module-includes>:1:
2 |
/root/.swiftpm/swift-sdks/swift-6.2-RELEASE_wasm.artifactbundle/swift-6.2-RELEASE_wasm/wasm32-unknown-wasip1/WASI.sdk/include/wasm32-wasip1/sys/mman.h:2:2: error: "WASI lacks a true mmap; to enable minimal mmap emulation, compile with -D_WASI_EMULATED_MMAN and link with -lwasi-emulated-mman"
1 | #ifndef _WASI_EMULATED_MMAN
2 | #error "WASI lacks a true mmap; to enable minimal mmap emulation, \
| `- error: "WASI lacks a true mmap; to enable minimal mmap emulation, compile with -D_WASI_EMULATED_MMAN and link with -lwasi-emulated-mman"
3 | compile with -D_WASI_EMULATED_MMAN and link with -lwasi-emulated-mman"
4 | #else
/host/spi-builder-workspace/.build/checkouts/swift-openapi-runtime/Sources/OpenAPIRuntime/Base/OpenAPIValue.swift:22:8: error: could not build C module 'CoreFoundation'
20 |
21 | #if canImport(CoreFoundation) && (FullFoundation || canImport(Darwin))
22 | import CoreFoundation
| `- error: could not build C module 'CoreFoundation'
23 | #endif
24 |
[558/1490] Compiling OpenAPIRuntime ServerSentEvents.swift
/root/.swiftpm/swift-sdks/swift-6.2-RELEASE_wasm.artifactbundle/swift-6.2-RELEASE_wasm/wasm32-unknown-wasip1/swift.xctoolchain/usr/lib/swift_static/CoreFoundation/CoreFoundation.h:28:10: note: while building module 'wasi_emulated_signal' imported from /root/.swiftpm/swift-sdks/swift-6.2-RELEASE_wasm.artifactbundle/swift-6.2-RELEASE_wasm/wasm32-unknown-wasip1/swift.xctoolchain/usr/lib/swift_static/CoreFoundation/CoreFoundation.h:28:
26 | #include <setjmp.h>
27 | #endif
28 | #include <signal.h>
| `- note: while building module 'wasi_emulated_signal' imported from /root/.swiftpm/swift-sdks/swift-6.2-RELEASE_wasm.artifactbundle/swift-6.2-RELEASE_wasm/wasm32-unknown-wasip1/swift.xctoolchain/usr/lib/swift_static/CoreFoundation/CoreFoundation.h:28:
29 | #include <stddef.h>
30 | #include <stdio.h>
<module-includes>:1:10: note: in file included from <module-includes>:1:
1 | #include "signal.h"
| `- note: in file included from <module-includes>:1:
2 |
/root/.swiftpm/swift-sdks/swift-6.2-RELEASE_wasm.artifactbundle/swift-6.2-RELEASE_wasm/wasm32-unknown-wasip1/WASI.sdk/include/wasm32-wasip1/signal.h:2:2: error: "wasm lacks signal support; to enable minimal signal emulation, compile with -D_WASI_EMULATED_SIGNAL and link with -lwasi-emulated-signal"
1 | #ifndef _WASI_EMULATED_SIGNAL
2 | #error "wasm lacks signal support; to enable minimal signal emulation, \
| `- error: "wasm lacks signal support; to enable minimal signal emulation, compile with -D_WASI_EMULATED_SIGNAL and link with -lwasi-emulated-signal"
3 | compile with -D_WASI_EMULATED_SIGNAL and link with -lwasi-emulated-signal"
4 | #else
<module-includes>:1:10: note: in file included from <module-includes>:1:
1 | #include "CoreFoundation.h"
| `- note: in file included from <module-includes>:1:
2 |
/root/.swiftpm/swift-sdks/swift-6.2-RELEASE_wasm.artifactbundle/swift-6.2-RELEASE_wasm/wasm32-unknown-wasip1/swift.xctoolchain/usr/lib/swift_static/CoreFoundation/CoreFoundation.h:28:10: error: could not build module 'wasi_emulated_signal'
26 | #include <setjmp.h>
27 | #endif
28 | #include <signal.h>
| `- error: could not build module 'wasi_emulated_signal'
29 | #include <stddef.h>
30 | #include <stdio.h>
/root/.swiftpm/swift-sdks/swift-6.2-RELEASE_wasm.artifactbundle/swift-6.2-RELEASE_wasm/wasm32-unknown-wasip1/swift.xctoolchain/usr/lib/swift_static/CoreFoundation/ForSwiftFoundationOnly.h:86:10: note: while building module 'wasi_emulated_mman' imported from /root/.swiftpm/swift-sdks/swift-6.2-RELEASE_wasm.artifactbundle/swift-6.2-RELEASE_wasm/wasm32-unknown-wasip1/swift.xctoolchain/usr/lib/swift_static/CoreFoundation/ForSwiftFoundationOnly.h:86:
84 | #undef _WASI_EMULATED_MMAN
85 | #define _WASI_EMULATED_MMAN
86 | #include <sys/mman.h>
| `- note: while building module 'wasi_emulated_mman' imported from /root/.swiftpm/swift-sdks/swift-6.2-RELEASE_wasm.artifactbundle/swift-6.2-RELEASE_wasm/wasm32-unknown-wasip1/swift.xctoolchain/usr/lib/swift_static/CoreFoundation/ForSwiftFoundationOnly.h:86:
87 | #elif TARGET_OS_LINUX
88 | #include <errno.h>
<module-includes>:1:10: note: in file included from <module-includes>:1:
1 | #include "sys/mman.h"
| `- note: in file included from <module-includes>:1:
2 |
/root/.swiftpm/swift-sdks/swift-6.2-RELEASE_wasm.artifactbundle/swift-6.2-RELEASE_wasm/wasm32-unknown-wasip1/WASI.sdk/include/wasm32-wasip1/sys/mman.h:2:2: error: "WASI lacks a true mmap; to enable minimal mmap emulation, compile with -D_WASI_EMULATED_MMAN and link with -lwasi-emulated-mman"
1 | #ifndef _WASI_EMULATED_MMAN
2 | #error "WASI lacks a true mmap; to enable minimal mmap emulation, \
| `- error: "WASI lacks a true mmap; to enable minimal mmap emulation, compile with -D_WASI_EMULATED_MMAN and link with -lwasi-emulated-mman"
3 | compile with -D_WASI_EMULATED_MMAN and link with -lwasi-emulated-mman"
4 | #else
/host/spi-builder-workspace/.build/checkouts/swift-openapi-runtime/Sources/OpenAPIRuntime/Base/OpenAPIValue.swift:22:8: error: could not build C module 'CoreFoundation'
20 |
21 | #if canImport(CoreFoundation) && (FullFoundation || canImport(Darwin))
22 | import CoreFoundation
| `- error: could not build C module 'CoreFoundation'
23 | #endif
24 |
[559/1490] Compiling OpenAPIRuntime ServerSentEventsDecoding.swift
/root/.swiftpm/swift-sdks/swift-6.2-RELEASE_wasm.artifactbundle/swift-6.2-RELEASE_wasm/wasm32-unknown-wasip1/swift.xctoolchain/usr/lib/swift_static/CoreFoundation/CoreFoundation.h:28:10: note: while building module 'wasi_emulated_signal' imported from /root/.swiftpm/swift-sdks/swift-6.2-RELEASE_wasm.artifactbundle/swift-6.2-RELEASE_wasm/wasm32-unknown-wasip1/swift.xctoolchain/usr/lib/swift_static/CoreFoundation/CoreFoundation.h:28:
26 | #include <setjmp.h>
27 | #endif
28 | #include <signal.h>
| `- note: while building module 'wasi_emulated_signal' imported from /root/.swiftpm/swift-sdks/swift-6.2-RELEASE_wasm.artifactbundle/swift-6.2-RELEASE_wasm/wasm32-unknown-wasip1/swift.xctoolchain/usr/lib/swift_static/CoreFoundation/CoreFoundation.h:28:
29 | #include <stddef.h>
30 | #include <stdio.h>
<module-includes>:1:10: note: in file included from <module-includes>:1:
1 | #include "signal.h"
| `- note: in file included from <module-includes>:1:
2 |
/root/.swiftpm/swift-sdks/swift-6.2-RELEASE_wasm.artifactbundle/swift-6.2-RELEASE_wasm/wasm32-unknown-wasip1/WASI.sdk/include/wasm32-wasip1/signal.h:2:2: error: "wasm lacks signal support; to enable minimal signal emulation, compile with -D_WASI_EMULATED_SIGNAL and link with -lwasi-emulated-signal"
1 | #ifndef _WASI_EMULATED_SIGNAL
2 | #error "wasm lacks signal support; to enable minimal signal emulation, \
| `- error: "wasm lacks signal support; to enable minimal signal emulation, compile with -D_WASI_EMULATED_SIGNAL and link with -lwasi-emulated-signal"
3 | compile with -D_WASI_EMULATED_SIGNAL and link with -lwasi-emulated-signal"
4 | #else
<module-includes>:1:10: note: in file included from <module-includes>:1:
1 | #include "CoreFoundation.h"
| `- note: in file included from <module-includes>:1:
2 |
/root/.swiftpm/swift-sdks/swift-6.2-RELEASE_wasm.artifactbundle/swift-6.2-RELEASE_wasm/wasm32-unknown-wasip1/swift.xctoolchain/usr/lib/swift_static/CoreFoundation/CoreFoundation.h:28:10: error: could not build module 'wasi_emulated_signal'
26 | #include <setjmp.h>
27 | #endif
28 | #include <signal.h>
| `- error: could not build module 'wasi_emulated_signal'
29 | #include <stddef.h>
30 | #include <stdio.h>
/root/.swiftpm/swift-sdks/swift-6.2-RELEASE_wasm.artifactbundle/swift-6.2-RELEASE_wasm/wasm32-unknown-wasip1/swift.xctoolchain/usr/lib/swift_static/CoreFoundation/ForSwiftFoundationOnly.h:86:10: note: while building module 'wasi_emulated_mman' imported from /root/.swiftpm/swift-sdks/swift-6.2-RELEASE_wasm.artifactbundle/swift-6.2-RELEASE_wasm/wasm32-unknown-wasip1/swift.xctoolchain/usr/lib/swift_static/CoreFoundation/ForSwiftFoundationOnly.h:86:
84 | #undef _WASI_EMULATED_MMAN
85 | #define _WASI_EMULATED_MMAN
86 | #include <sys/mman.h>
| `- note: while building module 'wasi_emulated_mman' imported from /root/.swiftpm/swift-sdks/swift-6.2-RELEASE_wasm.artifactbundle/swift-6.2-RELEASE_wasm/wasm32-unknown-wasip1/swift.xctoolchain/usr/lib/swift_static/CoreFoundation/ForSwiftFoundationOnly.h:86:
87 | #elif TARGET_OS_LINUX
88 | #include <errno.h>
<module-includes>:1:10: note: in file included from <module-includes>:1:
1 | #include "sys/mman.h"
| `- note: in file included from <module-includes>:1:
2 |
/root/.swiftpm/swift-sdks/swift-6.2-RELEASE_wasm.artifactbundle/swift-6.2-RELEASE_wasm/wasm32-unknown-wasip1/WASI.sdk/include/wasm32-wasip1/sys/mman.h:2:2: error: "WASI lacks a true mmap; to enable minimal mmap emulation, compile with -D_WASI_EMULATED_MMAN and link with -lwasi-emulated-mman"
1 | #ifndef _WASI_EMULATED_MMAN
2 | #error "WASI lacks a true mmap; to enable minimal mmap emulation, \
| `- error: "WASI lacks a true mmap; to enable minimal mmap emulation, compile with -D_WASI_EMULATED_MMAN and link with -lwasi-emulated-mman"
3 | compile with -D_WASI_EMULATED_MMAN and link with -lwasi-emulated-mman"
4 | #else
/host/spi-builder-workspace/.build/checkouts/swift-openapi-runtime/Sources/OpenAPIRuntime/Base/OpenAPIValue.swift:22:8: error: could not build C module 'CoreFoundation'
20 |
21 | #if canImport(CoreFoundation) && (FullFoundation || canImport(Darwin))
22 | import CoreFoundation
| `- error: could not build C module 'CoreFoundation'
23 | #endif
24 |
[560/1490] Compiling OpenAPIRuntime ServerSentEventsEncoding.swift
/root/.swiftpm/swift-sdks/swift-6.2-RELEASE_wasm.artifactbundle/swift-6.2-RELEASE_wasm/wasm32-unknown-wasip1/swift.xctoolchain/usr/lib/swift_static/CoreFoundation/CoreFoundation.h:28:10: note: while building module 'wasi_emulated_signal' imported from /root/.swiftpm/swift-sdks/swift-6.2-RELEASE_wasm.artifactbundle/swift-6.2-RELEASE_wasm/wasm32-unknown-wasip1/swift.xctoolchain/usr/lib/swift_static/CoreFoundation/CoreFoundation.h:28:
26 | #include <setjmp.h>
27 | #endif
28 | #include <signal.h>
| `- note: while building module 'wasi_emulated_signal' imported from /root/.swiftpm/swift-sdks/swift-6.2-RELEASE_wasm.artifactbundle/swift-6.2-RELEASE_wasm/wasm32-unknown-wasip1/swift.xctoolchain/usr/lib/swift_static/CoreFoundation/CoreFoundation.h:28:
29 | #include <stddef.h>
30 | #include <stdio.h>
<module-includes>:1:10: note: in file included from <module-includes>:1:
1 | #include "signal.h"
| `- note: in file included from <module-includes>:1:
2 |
/root/.swiftpm/swift-sdks/swift-6.2-RELEASE_wasm.artifactbundle/swift-6.2-RELEASE_wasm/wasm32-unknown-wasip1/WASI.sdk/include/wasm32-wasip1/signal.h:2:2: error: "wasm lacks signal support; to enable minimal signal emulation, compile with -D_WASI_EMULATED_SIGNAL and link with -lwasi-emulated-signal"
1 | #ifndef _WASI_EMULATED_SIGNAL
2 | #error "wasm lacks signal support; to enable minimal signal emulation, \
| `- error: "wasm lacks signal support; to enable minimal signal emulation, compile with -D_WASI_EMULATED_SIGNAL and link with -lwasi-emulated-signal"
3 | compile with -D_WASI_EMULATED_SIGNAL and link with -lwasi-emulated-signal"
4 | #else
<module-includes>:1:10: note: in file included from <module-includes>:1:
1 | #include "CoreFoundation.h"
| `- note: in file included from <module-includes>:1:
2 |
/root/.swiftpm/swift-sdks/swift-6.2-RELEASE_wasm.artifactbundle/swift-6.2-RELEASE_wasm/wasm32-unknown-wasip1/swift.xctoolchain/usr/lib/swift_static/CoreFoundation/CoreFoundation.h:28:10: error: could not build module 'wasi_emulated_signal'
26 | #include <setjmp.h>
27 | #endif
28 | #include <signal.h>
| `- error: could not build module 'wasi_emulated_signal'
29 | #include <stddef.h>
30 | #include <stdio.h>
/root/.swiftpm/swift-sdks/swift-6.2-RELEASE_wasm.artifactbundle/swift-6.2-RELEASE_wasm/wasm32-unknown-wasip1/swift.xctoolchain/usr/lib/swift_static/CoreFoundation/ForSwiftFoundationOnly.h:86:10: note: while building module 'wasi_emulated_mman' imported from /root/.swiftpm/swift-sdks/swift-6.2-RELEASE_wasm.artifactbundle/swift-6.2-RELEASE_wasm/wasm32-unknown-wasip1/swift.xctoolchain/usr/lib/swift_static/CoreFoundation/ForSwiftFoundationOnly.h:86:
84 | #undef _WASI_EMULATED_MMAN
85 | #define _WASI_EMULATED_MMAN
86 | #include <sys/mman.h>
| `- note: while building module 'wasi_emulated_mman' imported from /root/.swiftpm/swift-sdks/swift-6.2-RELEASE_wasm.artifactbundle/swift-6.2-RELEASE_wasm/wasm32-unknown-wasip1/swift.xctoolchain/usr/lib/swift_static/CoreFoundation/ForSwiftFoundationOnly.h:86:
87 | #elif TARGET_OS_LINUX
88 | #include <errno.h>
<module-includes>:1:10: note: in file included from <module-includes>:1:
1 | #include "sys/mman.h"
| `- note: in file included from <module-includes>:1:
2 |
/root/.swiftpm/swift-sdks/swift-6.2-RELEASE_wasm.artifactbundle/swift-6.2-RELEASE_wasm/wasm32-unknown-wasip1/WASI.sdk/include/wasm32-wasip1/sys/mman.h:2:2: error: "WASI lacks a true mmap; to enable minimal mmap emulation, compile with -D_WASI_EMULATED_MMAN and link with -lwasi-emulated-mman"
1 | #ifndef _WASI_EMULATED_MMAN
2 | #error "WASI lacks a true mmap; to enable minimal mmap emulation, \
| `- error: "WASI lacks a true mmap; to enable minimal mmap emulation, compile with -D_WASI_EMULATED_MMAN and link with -lwasi-emulated-mman"
3 | compile with -D_WASI_EMULATED_MMAN and link with -lwasi-emulated-mman"
4 | #else
/host/spi-builder-workspace/.build/checkouts/swift-openapi-runtime/Sources/OpenAPIRuntime/Base/OpenAPIValue.swift:22:8: error: could not build C module 'CoreFoundation'
20 |
21 | #if canImport(CoreFoundation) && (FullFoundation || canImport(Darwin))
22 | import CoreFoundation
| `- error: could not build C module 'CoreFoundation'
23 | #endif
24 |
[561/1490] Compiling OpenAPIRuntime AsyncSequenceCommon.swift
/root/.swiftpm/swift-sdks/swift-6.2-RELEASE_wasm.artifactbundle/swift-6.2-RELEASE_wasm/wasm32-unknown-wasip1/swift.xctoolchain/usr/lib/swift_static/CoreFoundation/CoreFoundation.h:28:10: note: while building module 'wasi_emulated_signal' imported from /root/.swiftpm/swift-sdks/swift-6.2-RELEASE_wasm.artifactbundle/swift-6.2-RELEASE_wasm/wasm32-unknown-wasip1/swift.xctoolchain/usr/lib/swift_static/CoreFoundation/CoreFoundation.h:28:
26 | #include <setjmp.h>
27 | #endif
28 | #include <signal.h>
| `- note: while building module 'wasi_emulated_signal' imported from /root/.swiftpm/swift-sdks/swift-6.2-RELEASE_wasm.artifactbundle/swift-6.2-RELEASE_wasm/wasm32-unknown-wasip1/swift.xctoolchain/usr/lib/swift_static/CoreFoundation/CoreFoundation.h:28:
29 | #include <stddef.h>
30 | #include <stdio.h>
<module-includes>:1:10: note: in file included from <module-includes>:1:
1 | #include "signal.h"
| `- note: in file included from <module-includes>:1:
2 |
/root/.swiftpm/swift-sdks/swift-6.2-RELEASE_wasm.artifactbundle/swift-6.2-RELEASE_wasm/wasm32-unknown-wasip1/WASI.sdk/include/wasm32-wasip1/signal.h:2:2: error: "wasm lacks signal support; to enable minimal signal emulation, compile with -D_WASI_EMULATED_SIGNAL and link with -lwasi-emulated-signal"
1 | #ifndef _WASI_EMULATED_SIGNAL
2 | #error "wasm lacks signal support; to enable minimal signal emulation, \
| `- error: "wasm lacks signal support; to enable minimal signal emulation, compile with -D_WASI_EMULATED_SIGNAL and link with -lwasi-emulated-signal"
3 | compile with -D_WASI_EMULATED_SIGNAL and link with -lwasi-emulated-signal"
4 | #else
<module-includes>:1:10: note: in file included from <module-includes>:1:
1 | #include "CoreFoundation.h"
| `- note: in file included from <module-includes>:1:
2 |
/root/.swiftpm/swift-sdks/swift-6.2-RELEASE_wasm.artifactbundle/swift-6.2-RELEASE_wasm/wasm32-unknown-wasip1/swift.xctoolchain/usr/lib/swift_static/CoreFoundation/CoreFoundation.h:28:10: error: could not build module 'wasi_emulated_signal'
26 | #include <setjmp.h>
27 | #endif
28 | #include <signal.h>
| `- error: could not build module 'wasi_emulated_signal'
29 | #include <stddef.h>
30 | #include <stdio.h>
/root/.swiftpm/swift-sdks/swift-6.2-RELEASE_wasm.artifactbundle/swift-6.2-RELEASE_wasm/wasm32-unknown-wasip1/swift.xctoolchain/usr/lib/swift_static/CoreFoundation/ForSwiftFoundationOnly.h:86:10: note: while building module 'wasi_emulated_mman' imported from /root/.swiftpm/swift-sdks/swift-6.2-RELEASE_wasm.artifactbundle/swift-6.2-RELEASE_wasm/wasm32-unknown-wasip1/swift.xctoolchain/usr/lib/swift_static/CoreFoundation/ForSwiftFoundationOnly.h:86:
84 | #undef _WASI_EMULATED_MMAN
85 | #define _WASI_EMULATED_MMAN
86 | #include <sys/mman.h>
| `- note: while building module 'wasi_emulated_mman' imported from /root/.swiftpm/swift-sdks/swift-6.2-RELEASE_wasm.artifactbundle/swift-6.2-RELEASE_wasm/wasm32-unknown-wasip1/swift.xctoolchain/usr/lib/swift_static/CoreFoundation/ForSwiftFoundationOnly.h:86:
87 | #elif TARGET_OS_LINUX
88 | #include <errno.h>
<module-includes>:1:10: note: in file included from <module-includes>:1:
1 | #include "sys/mman.h"
| `- note: in file included from <module-includes>:1:
2 |
/root/.swiftpm/swift-sdks/swift-6.2-RELEASE_wasm.artifactbundle/swift-6.2-RELEASE_wasm/wasm32-unknown-wasip1/WASI.sdk/include/wasm32-wasip1/sys/mman.h:2:2: error: "WASI lacks a true mmap; to enable minimal mmap emulation, compile with -D_WASI_EMULATED_MMAN and link with -lwasi-emulated-mman"
1 | #ifndef _WASI_EMULATED_MMAN
2 | #error "WASI lacks a true mmap; to enable minimal mmap emulation, \
| `- error: "WASI lacks a true mmap; to enable minimal mmap emulation, compile with -D_WASI_EMULATED_MMAN and link with -lwasi-emulated-mman"
3 | compile with -D_WASI_EMULATED_MMAN and link with -lwasi-emulated-mman"
4 | #else
/host/spi-builder-workspace/.build/checkouts/swift-openapi-runtime/Sources/OpenAPIRuntime/Base/OpenAPIValue.swift:22:8: error: could not build C module 'CoreFoundation'
20 |
21 | #if canImport(CoreFoundation) && (FullFoundation || canImport(Darwin))
22 | import CoreFoundation
| `- error: could not build C module 'CoreFoundation'
23 | #endif
24 |
[562/1490] Compiling OpenAPIRuntime UndocumentedPayload.swift
/root/.swiftpm/swift-sdks/swift-6.2-RELEASE_wasm.artifactbundle/swift-6.2-RELEASE_wasm/wasm32-unknown-wasip1/swift.xctoolchain/usr/lib/swift_static/CoreFoundation/CoreFoundation.h:28:10: note: while building module 'wasi_emulated_signal' imported from /root/.swiftpm/swift-sdks/swift-6.2-RELEASE_wasm.artifactbundle/swift-6.2-RELEASE_wasm/wasm32-unknown-wasip1/swift.xctoolchain/usr/lib/swift_static/CoreFoundation/CoreFoundation.h:28:
26 | #include <setjmp.h>
27 | #endif
28 | #include <signal.h>
| `- note: while building module 'wasi_emulated_signal' imported from /root/.swiftpm/swift-sdks/swift-6.2-RELEASE_wasm.artifactbundle/swift-6.2-RELEASE_wasm/wasm32-unknown-wasip1/swift.xctoolchain/usr/lib/swift_static/CoreFoundation/CoreFoundation.h:28:
29 | #include <stddef.h>
30 | #include <stdio.h>
<module-includes>:1:10: note: in file included from <module-includes>:1:
1 | #include "signal.h"
| `- note: in file included from <module-includes>:1:
2 |
/root/.swiftpm/swift-sdks/swift-6.2-RELEASE_wasm.artifactbundle/swift-6.2-RELEASE_wasm/wasm32-unknown-wasip1/WASI.sdk/include/wasm32-wasip1/signal.h:2:2: error: "wasm lacks signal support; to enable minimal signal emulation, compile with -D_WASI_EMULATED_SIGNAL and link with -lwasi-emulated-signal"
1 | #ifndef _WASI_EMULATED_SIGNAL
2 | #error "wasm lacks signal support; to enable minimal signal emulation, \
| `- error: "wasm lacks signal support; to enable minimal signal emulation, compile with -D_WASI_EMULATED_SIGNAL and link with -lwasi-emulated-signal"
3 | compile with -D_WASI_EMULATED_SIGNAL and link with -lwasi-emulated-signal"
4 | #else
<module-includes>:1:10: note: in file included from <module-includes>:1:
1 | #include "CoreFoundation.h"
| `- note: in file included from <module-includes>:1:
2 |
/root/.swiftpm/swift-sdks/swift-6.2-RELEASE_wasm.artifactbundle/swift-6.2-RELEASE_wasm/wasm32-unknown-wasip1/swift.xctoolchain/usr/lib/swift_static/CoreFoundation/CoreFoundation.h:28:10: error: could not build module 'wasi_emulated_signal'
26 | #include <setjmp.h>
27 | #endif
28 | #include <signal.h>
| `- error: could not build module 'wasi_emulated_signal'
29 | #include <stddef.h>
30 | #include <stdio.h>
/root/.swiftpm/swift-sdks/swift-6.2-RELEASE_wasm.artifactbundle/swift-6.2-RELEASE_wasm/wasm32-unknown-wasip1/swift.xctoolchain/usr/lib/swift_static/CoreFoundation/ForSwiftFoundationOnly.h:86:10: note: while building module 'wasi_emulated_mman' imported from /root/.swiftpm/swift-sdks/swift-6.2-RELEASE_wasm.artifactbundle/swift-6.2-RELEASE_wasm/wasm32-unknown-wasip1/swift.xctoolchain/usr/lib/swift_static/CoreFoundation/ForSwiftFoundationOnly.h:86:
84 | #undef _WASI_EMULATED_MMAN
85 | #define _WASI_EMULATED_MMAN
86 | #include <sys/mman.h>
| `- note: while building module 'wasi_emulated_mman' imported from /root/.swiftpm/swift-sdks/swift-6.2-RELEASE_wasm.artifactbundle/swift-6.2-RELEASE_wasm/wasm32-unknown-wasip1/swift.xctoolchain/usr/lib/swift_static/CoreFoundation/ForSwiftFoundationOnly.h:86:
87 | #elif TARGET_OS_LINUX
88 | #include <errno.h>
<module-includes>:1:10: note: in file included from <module-includes>:1:
1 | #include "sys/mman.h"
| `- note: in file included from <module-includes>:1:
2 |
/root/.swiftpm/swift-sdks/swift-6.2-RELEASE_wasm.artifactbundle/swift-6.2-RELEASE_wasm/wasm32-unknown-wasip1/WASI.sdk/include/wasm32-wasip1/sys/mman.h:2:2: error: "WASI lacks a true mmap; to enable minimal mmap emulation, compile with -D_WASI_EMULATED_MMAN and link with -lwasi-emulated-mman"
1 | #ifndef _WASI_EMULATED_MMAN
2 | #error "WASI lacks a true mmap; to enable minimal mmap emulation, \
| `- error: "WASI lacks a true mmap; to enable minimal mmap emulation, compile with -D_WASI_EMULATED_MMAN and link with -lwasi-emulated-mman"
3 | compile with -D_WASI_EMULATED_MMAN and link with -lwasi-emulated-mman"
4 | #else
/host/spi-builder-workspace/.build/checkouts/swift-openapi-runtime/Sources/OpenAPIRuntime/Base/OpenAPIValue.swift:22:8: error: could not build C module 'CoreFoundation'
20 |
21 | #if canImport(CoreFoundation) && (FullFoundation || canImport(Darwin))
22 | import CoreFoundation
| `- error: could not build C module 'CoreFoundation'
23 | #endif
24 |
[563/1490] Compiling OpenAPIRuntime WarningSuppressingAnnotations.swift
/root/.swiftpm/swift-sdks/swift-6.2-RELEASE_wasm.artifactbundle/swift-6.2-RELEASE_wasm/wasm32-unknown-wasip1/swift.xctoolchain/usr/lib/swift_static/CoreFoundation/CoreFoundation.h:28:10: note: while building module 'wasi_emulated_signal' imported from /root/.swiftpm/swift-sdks/swift-6.2-RELEASE_wasm.artifactbundle/swift-6.2-RELEASE_wasm/wasm32-unknown-wasip1/swift.xctoolchain/usr/lib/swift_static/CoreFoundation/CoreFoundation.h:28:
26 | #include <setjmp.h>
27 | #endif
28 | #include <signal.h>
| `- note: while building module 'wasi_emulated_signal' imported from /root/.swiftpm/swift-sdks/swift-6.2-RELEASE_wasm.artifactbundle/swift-6.2-RELEASE_wasm/wasm32-unknown-wasip1/swift.xctoolchain/usr/lib/swift_static/CoreFoundation/CoreFoundation.h:28:
29 | #include <stddef.h>
30 | #include <stdio.h>
<module-includes>:1:10: note: in file included from <module-includes>:1:
1 | #include "signal.h"
| `- note: in file included from <module-includes>:1:
2 |
/root/.swiftpm/swift-sdks/swift-6.2-RELEASE_wasm.artifactbundle/swift-6.2-RELEASE_wasm/wasm32-unknown-wasip1/WASI.sdk/include/wasm32-wasip1/signal.h:2:2: error: "wasm lacks signal support; to enable minimal signal emulation, compile with -D_WASI_EMULATED_SIGNAL and link with -lwasi-emulated-signal"
1 | #ifndef _WASI_EMULATED_SIGNAL
2 | #error "wasm lacks signal support; to enable minimal signal emulation, \
| `- error: "wasm lacks signal support; to enable minimal signal emulation, compile with -D_WASI_EMULATED_SIGNAL and link with -lwasi-emulated-signal"
3 | compile with -D_WASI_EMULATED_SIGNAL and link with -lwasi-emulated-signal"
4 | #else
<module-includes>:1:10: note: in file included from <module-includes>:1:
1 | #include "CoreFoundation.h"
| `- note: in file included from <module-includes>:1:
2 |
/root/.swiftpm/swift-sdks/swift-6.2-RELEASE_wasm.artifactbundle/swift-6.2-RELEASE_wasm/wasm32-unknown-wasip1/swift.xctoolchain/usr/lib/swift_static/CoreFoundation/CoreFoundation.h:28:10: error: could not build module 'wasi_emulated_signal'
26 | #include <setjmp.h>
27 | #endif
28 | #include <signal.h>
| `- error: could not build module 'wasi_emulated_signal'
29 | #include <stddef.h>
30 | #include <stdio.h>
/root/.swiftpm/swift-sdks/swift-6.2-RELEASE_wasm.artifactbundle/swift-6.2-RELEASE_wasm/wasm32-unknown-wasip1/swift.xctoolchain/usr/lib/swift_static/CoreFoundation/ForSwiftFoundationOnly.h:86:10: note: while building module 'wasi_emulated_mman' imported from /root/.swiftpm/swift-sdks/swift-6.2-RELEASE_wasm.artifactbundle/swift-6.2-RELEASE_wasm/wasm32-unknown-wasip1/swift.xctoolchain/usr/lib/swift_static/CoreFoundation/ForSwiftFoundationOnly.h:86:
84 | #undef _WASI_EMULATED_MMAN
85 | #define _WASI_EMULATED_MMAN
86 | #include <sys/mman.h>
| `- note: while building module 'wasi_emulated_mman' imported from /root/.swiftpm/swift-sdks/swift-6.2-RELEASE_wasm.artifactbundle/swift-6.2-RELEASE_wasm/wasm32-unknown-wasip1/swift.xctoolchain/usr/lib/swift_static/CoreFoundation/ForSwiftFoundationOnly.h:86:
87 | #elif TARGET_OS_LINUX
88 | #include <errno.h>
<module-includes>:1:10: note: in file included from <module-includes>:1:
1 | #include "sys/mman.h"
| `- note: in file included from <module-includes>:1:
2 |
/root/.swiftpm/swift-sdks/swift-6.2-RELEASE_wasm.artifactbundle/swift-6.2-RELEASE_wasm/wasm32-unknown-wasip1/WASI.sdk/include/wasm32-wasip1/sys/mman.h:2:2: error: "WASI lacks a true mmap; to enable minimal mmap emulation, compile with -D_WASI_EMULATED_MMAN and link with -lwasi-emulated-mman"
1 | #ifndef _WASI_EMULATED_MMAN
2 | #error "WASI lacks a true mmap; to enable minimal mmap emulation, \
| `- error: "WASI lacks a true mmap; to enable minimal mmap emulation, compile with -D_WASI_EMULATED_MMAN and link with -lwasi-emulated-mman"
3 | compile with -D_WASI_EMULATED_MMAN and link with -lwasi-emulated-mman"
4 | #else
/host/spi-builder-workspace/.build/checkouts/swift-openapi-runtime/Sources/OpenAPIRuntime/Base/OpenAPIValue.swift:22:8: error: could not build C module 'CoreFoundation'
20 |
21 | #if canImport(CoreFoundation) && (FullFoundation || canImport(Darwin))
22 | import CoreFoundation
| `- error: could not build C module 'CoreFoundation'
23 | #endif
24 |
[564/1490] Compiling OpenAPIRuntime CodableExtensions.swift
/root/.swiftpm/swift-sdks/swift-6.2-RELEASE_wasm.artifactbundle/swift-6.2-RELEASE_wasm/wasm32-unknown-wasip1/swift.xctoolchain/usr/lib/swift_static/CoreFoundation/CoreFoundation.h:28:10: note: while building module 'wasi_emulated_signal' imported from /root/.swiftpm/swift-sdks/swift-6.2-RELEASE_wasm.artifactbundle/swift-6.2-RELEASE_wasm/wasm32-unknown-wasip1/swift.xctoolchain/usr/lib/swift_static/CoreFoundation/CoreFoundation.h:28:
26 | #include <setjmp.h>
27 | #endif
28 | #include <signal.h>
| `- note: while building module 'wasi_emulated_signal' imported from /root/.swiftpm/swift-sdks/swift-6.2-RELEASE_wasm.artifactbundle/swift-6.2-RELEASE_wasm/wasm32-unknown-wasip1/swift.xctoolchain/usr/lib/swift_static/CoreFoundation/CoreFoundation.h:28:
29 | #include <stddef.h>
30 | #include <stdio.h>
<module-includes>:1:10: note: in file included from <module-includes>:1:
1 | #include "signal.h"
| `- note: in file included from <module-includes>:1:
2 |
/root/.swiftpm/swift-sdks/swift-6.2-RELEASE_wasm.artifactbundle/swift-6.2-RELEASE_wasm/wasm32-unknown-wasip1/WASI.sdk/include/wasm32-wasip1/signal.h:2:2: error: "wasm lacks signal support; to enable minimal signal emulation, compile with -D_WASI_EMULATED_SIGNAL and link with -lwasi-emulated-signal"
1 | #ifndef _WASI_EMULATED_SIGNAL
2 | #error "wasm lacks signal support; to enable minimal signal emulation, \
| `- error: "wasm lacks signal support; to enable minimal signal emulation, compile with -D_WASI_EMULATED_SIGNAL and link with -lwasi-emulated-signal"
3 | compile with -D_WASI_EMULATED_SIGNAL and link with -lwasi-emulated-signal"
4 | #else
<module-includes>:1:10: note: in file included from <module-includes>:1:
1 | #include "CoreFoundation.h"
| `- note: in file included from <module-includes>:1:
2 |
/root/.swiftpm/swift-sdks/swift-6.2-RELEASE_wasm.artifactbundle/swift-6.2-RELEASE_wasm/wasm32-unknown-wasip1/swift.xctoolchain/usr/lib/swift_static/CoreFoundation/CoreFoundation.h:28:10: error: could not build module 'wasi_emulated_signal'
26 | #include <setjmp.h>
27 | #endif
28 | #include <signal.h>
| `- error: could not build module 'wasi_emulated_signal'
29 | #include <stddef.h>
30 | #include <stdio.h>
/root/.swiftpm/swift-sdks/swift-6.2-RELEASE_wasm.artifactbundle/swift-6.2-RELEASE_wasm/wasm32-unknown-wasip1/swift.xctoolchain/usr/lib/swift_static/CoreFoundation/ForSwiftFoundationOnly.h:86:10: note: while building module 'wasi_emulated_mman' imported from /root/.swiftpm/swift-sdks/swift-6.2-RELEASE_wasm.artifactbundle/swift-6.2-RELEASE_wasm/wasm32-unknown-wasip1/swift.xctoolchain/usr/lib/swift_static/CoreFoundation/ForSwiftFoundationOnly.h:86:
84 | #undef _WASI_EMULATED_MMAN
85 | #define _WASI_EMULATED_MMAN
86 | #include <sys/mman.h>
| `- note: while building module 'wasi_emulated_mman' imported from /root/.swiftpm/swift-sdks/swift-6.2-RELEASE_wasm.artifactbundle/swift-6.2-RELEASE_wasm/wasm32-unknown-wasip1/swift.xctoolchain/usr/lib/swift_static/CoreFoundation/ForSwiftFoundationOnly.h:86:
87 | #elif TARGET_OS_LINUX
88 | #include <errno.h>
<module-includes>:1:10: note: in file included from <module-includes>:1:
1 | #include "sys/mman.h"
| `- note: in file included from <module-includes>:1:
2 |
/root/.swiftpm/swift-sdks/swift-6.2-RELEASE_wasm.artifactbundle/swift-6.2-RELEASE_wasm/wasm32-unknown-wasip1/WASI.sdk/include/wasm32-wasip1/sys/mman.h:2:2: error: "WASI lacks a true mmap; to enable minimal mmap emulation, compile with -D_WASI_EMULATED_MMAN and link with -lwasi-emulated-mman"
1 | #ifndef _WASI_EMULATED_MMAN
2 | #error "WASI lacks a true mmap; to enable minimal mmap emulation, \
| `- error: "WASI lacks a true mmap; to enable minimal mmap emulation, compile with -D_WASI_EMULATED_MMAN and link with -lwasi-emulated-mman"
3 | compile with -D_WASI_EMULATED_MMAN and link with -lwasi-emulated-mman"
4 | #else
/host/spi-builder-workspace/.build/checkouts/swift-openapi-runtime/Sources/OpenAPIRuntime/Base/OpenAPIValue.swift:22:8: error: could not build C module 'CoreFoundation'
20 |
21 | #if canImport(CoreFoundation) && (FullFoundation || canImport(Darwin))
22 | import CoreFoundation
| `- error: could not build C module 'CoreFoundation'
23 | #endif
24 |
[565/1490] Compiling OpenAPIRuntime Configuration.swift
/root/.swiftpm/swift-sdks/swift-6.2-RELEASE_wasm.artifactbundle/swift-6.2-RELEASE_wasm/wasm32-unknown-wasip1/swift.xctoolchain/usr/lib/swift_static/CoreFoundation/CoreFoundation.h:28:10: note: while building module 'wasi_emulated_signal' imported from /root/.swiftpm/swift-sdks/swift-6.2-RELEASE_wasm.artifactbundle/swift-6.2-RELEASE_wasm/wasm32-unknown-wasip1/swift.xctoolchain/usr/lib/swift_static/CoreFoundation/CoreFoundation.h:28:
26 | #include <setjmp.h>
27 | #endif
28 | #include <signal.h>
| `- note: while building module 'wasi_emulated_signal' imported from /root/.swiftpm/swift-sdks/swift-6.2-RELEASE_wasm.artifactbundle/swift-6.2-RELEASE_wasm/wasm32-unknown-wasip1/swift.xctoolchain/usr/lib/swift_static/CoreFoundation/CoreFoundation.h:28:
29 | #include <stddef.h>
30 | #include <stdio.h>
<module-includes>:1:10: note: in file included from <module-includes>:1:
1 | #include "signal.h"
| `- note: in file included from <module-includes>:1:
2 |
/root/.swiftpm/swift-sdks/swift-6.2-RELEASE_wasm.artifactbundle/swift-6.2-RELEASE_wasm/wasm32-unknown-wasip1/WASI.sdk/include/wasm32-wasip1/signal.h:2:2: error: "wasm lacks signal support; to enable minimal signal emulation, compile with -D_WASI_EMULATED_SIGNAL and link with -lwasi-emulated-signal"
1 | #ifndef _WASI_EMULATED_SIGNAL
2 | #error "wasm lacks signal support; to enable minimal signal emulation, \
| `- error: "wasm lacks signal support; to enable minimal signal emulation, compile with -D_WASI_EMULATED_SIGNAL and link with -lwasi-emulated-signal"
3 | compile with -D_WASI_EMULATED_SIGNAL and link with -lwasi-emulated-signal"
4 | #else
<module-includes>:1:10: note: in file included from <module-includes>:1:
1 | #include "CoreFoundation.h"
| `- note: in file included from <module-includes>:1:
2 |
/root/.swiftpm/swift-sdks/swift-6.2-RELEASE_wasm.artifactbundle/swift-6.2-RELEASE_wasm/wasm32-unknown-wasip1/swift.xctoolchain/usr/lib/swift_static/CoreFoundation/CoreFoundation.h:28:10: error: could not build module 'wasi_emulated_signal'
26 | #include <setjmp.h>
27 | #endif
28 | #include <signal.h>
| `- error: could not build module 'wasi_emulated_signal'
29 | #include <stddef.h>
30 | #include <stdio.h>
/root/.swiftpm/swift-sdks/swift-6.2-RELEASE_wasm.artifactbundle/swift-6.2-RELEASE_wasm/wasm32-unknown-wasip1/swift.xctoolchain/usr/lib/swift_static/CoreFoundation/ForSwiftFoundationOnly.h:86:10: note: while building module 'wasi_emulated_mman' imported from /root/.swiftpm/swift-sdks/swift-6.2-RELEASE_wasm.artifactbundle/swift-6.2-RELEASE_wasm/wasm32-unknown-wasip1/swift.xctoolchain/usr/lib/swift_static/CoreFoundation/ForSwiftFoundationOnly.h:86:
84 | #undef _WASI_EMULATED_MMAN
85 | #define _WASI_EMULATED_MMAN
86 | #include <sys/mman.h>
| `- note: while building module 'wasi_emulated_mman' imported from /root/.swiftpm/swift-sdks/swift-6.2-RELEASE_wasm.artifactbundle/swift-6.2-RELEASE_wasm/wasm32-unknown-wasip1/swift.xctoolchain/usr/lib/swift_static/CoreFoundation/ForSwiftFoundationOnly.h:86:
87 | #elif TARGET_OS_LINUX
88 | #include <errno.h>
<module-includes>:1:10: note: in file included from <module-includes>:1:
1 | #include "sys/mman.h"
| `- note: in file included from <module-includes>:1:
2 |
/root/.swiftpm/swift-sdks/swift-6.2-RELEASE_wasm.artifactbundle/swift-6.2-RELEASE_wasm/wasm32-unknown-wasip1/WASI.sdk/include/wasm32-wasip1/sys/mman.h:2:2: error: "WASI lacks a true mmap; to enable minimal mmap emulation, compile with -D_WASI_EMULATED_MMAN and link with -lwasi-emulated-mman"
1 | #ifndef _WASI_EMULATED_MMAN
2 | #error "WASI lacks a true mmap; to enable minimal mmap emulation, \
| `- error: "WASI lacks a true mmap; to enable minimal mmap emulation, compile with -D_WASI_EMULATED_MMAN and link with -lwasi-emulated-mman"
3 | compile with -D_WASI_EMULATED_MMAN and link with -lwasi-emulated-mman"
4 | #else
/host/spi-builder-workspace/.build/checkouts/swift-openapi-runtime/Sources/OpenAPIRuntime/Base/OpenAPIValue.swift:22:8: error: could not build C module 'CoreFoundation'
20 |
21 | #if canImport(CoreFoundation) && (FullFoundation || canImport(Darwin))
22 | import CoreFoundation
| `- error: could not build C module 'CoreFoundation'
23 | #endif
24 |
[566/1490] Compiling OpenAPIRuntime Converter+Client.swift
/root/.swiftpm/swift-sdks/swift-6.2-RELEASE_wasm.artifactbundle/swift-6.2-RELEASE_wasm/wasm32-unknown-wasip1/swift.xctoolchain/usr/lib/swift_static/CoreFoundation/CoreFoundation.h:28:10: note: while building module 'wasi_emulated_signal' imported from /root/.swiftpm/swift-sdks/swift-6.2-RELEASE_wasm.artifactbundle/swift-6.2-RELEASE_wasm/wasm32-unknown-wasip1/swift.xctoolchain/usr/lib/swift_static/CoreFoundation/CoreFoundation.h:28:
26 | #include <setjmp.h>
27 | #endif
28 | #include <signal.h>
| `- note: while building module 'wasi_emulated_signal' imported from /root/.swiftpm/swift-sdks/swift-6.2-RELEASE_wasm.artifactbundle/swift-6.2-RELEASE_wasm/wasm32-unknown-wasip1/swift.xctoolchain/usr/lib/swift_static/CoreFoundation/CoreFoundation.h:28:
29 | #include <stddef.h>
30 | #include <stdio.h>
<module-includes>:1:10: note: in file included from <module-includes>:1:
1 | #include "signal.h"
| `- note: in file included from <module-includes>:1:
2 |
/root/.swiftpm/swift-sdks/swift-6.2-RELEASE_wasm.artifactbundle/swift-6.2-RELEASE_wasm/wasm32-unknown-wasip1/WASI.sdk/include/wasm32-wasip1/signal.h:2:2: error: "wasm lacks signal support; to enable minimal signal emulation, compile with -D_WASI_EMULATED_SIGNAL and link with -lwasi-emulated-signal"
1 | #ifndef _WASI_EMULATED_SIGNAL
2 | #error "wasm lacks signal support; to enable minimal signal emulation, \
| `- error: "wasm lacks signal support; to enable minimal signal emulation, compile with -D_WASI_EMULATED_SIGNAL and link with -lwasi-emulated-signal"
3 | compile with -D_WASI_EMULATED_SIGNAL and link with -lwasi-emulated-signal"
4 | #else
<module-includes>:1:10: note: in file included from <module-includes>:1:
1 | #include "CoreFoundation.h"
| `- note: in file included from <module-includes>:1:
2 |
/root/.swiftpm/swift-sdks/swift-6.2-RELEASE_wasm.artifactbundle/swift-6.2-RELEASE_wasm/wasm32-unknown-wasip1/swift.xctoolchain/usr/lib/swift_static/CoreFoundation/CoreFoundation.h:28:10: error: could not build module 'wasi_emulated_signal'
26 | #include <setjmp.h>
27 | #endif
28 | #include <signal.h>
| `- error: could not build module 'wasi_emulated_signal'
29 | #include <stddef.h>
30 | #include <stdio.h>
/root/.swiftpm/swift-sdks/swift-6.2-RELEASE_wasm.artifactbundle/swift-6.2-RELEASE_wasm/wasm32-unknown-wasip1/swift.xctoolchain/usr/lib/swift_static/CoreFoundation/ForSwiftFoundationOnly.h:86:10: note: while building module 'wasi_emulated_mman' imported from /root/.swiftpm/swift-sdks/swift-6.2-RELEASE_wasm.artifactbundle/swift-6.2-RELEASE_wasm/wasm32-unknown-wasip1/swift.xctoolchain/usr/lib/swift_static/CoreFoundation/ForSwiftFoundationOnly.h:86:
84 | #undef _WASI_EMULATED_MMAN
85 | #define _WASI_EMULATED_MMAN
86 | #include <sys/mman.h>
| `- note: while building module 'wasi_emulated_mman' imported from /root/.swiftpm/swift-sdks/swift-6.2-RELEASE_wasm.artifactbundle/swift-6.2-RELEASE_wasm/wasm32-unknown-wasip1/swift.xctoolchain/usr/lib/swift_static/CoreFoundation/ForSwiftFoundationOnly.h:86:
87 | #elif TARGET_OS_LINUX
88 | #include <errno.h>
<module-includes>:1:10: note: in file included from <module-includes>:1:
1 | #include "sys/mman.h"
| `- note: in file included from <module-includes>:1:
2 |
/root/.swiftpm/swift-sdks/swift-6.2-RELEASE_wasm.artifactbundle/swift-6.2-RELEASE_wasm/wasm32-unknown-wasip1/WASI.sdk/include/wasm32-wasip1/sys/mman.h:2:2: error: "WASI lacks a true mmap; to enable minimal mmap emulation, compile with -D_WASI_EMULATED_MMAN and link with -lwasi-emulated-mman"
1 | #ifndef _WASI_EMULATED_MMAN
2 | #error "WASI lacks a true mmap; to enable minimal mmap emulation, \
| `- error: "WASI lacks a true mmap; to enable minimal mmap emulation, compile with -D_WASI_EMULATED_MMAN and link with -lwasi-emulated-mman"
3 | compile with -D_WASI_EMULATED_MMAN and link with -lwasi-emulated-mman"
4 | #else
/host/spi-builder-workspace/.build/checkouts/swift-openapi-runtime/Sources/OpenAPIRuntime/Base/OpenAPIValue.swift:22:8: error: could not build C module 'CoreFoundation'
20 |
21 | #if canImport(CoreFoundation) && (FullFoundation || canImport(Darwin))
22 | import CoreFoundation
| `- error: could not build C module 'CoreFoundation'
23 | #endif
24 |
[567/1490] Compiling OpenAPIRuntime Converter+Common.swift
/root/.swiftpm/swift-sdks/swift-6.2-RELEASE_wasm.artifactbundle/swift-6.2-RELEASE_wasm/wasm32-unknown-wasip1/swift.xctoolchain/usr/lib/swift_static/CoreFoundation/CoreFoundation.h:28:10: note: while building module 'wasi_emulated_signal' imported from /root/.swiftpm/swift-sdks/swift-6.2-RELEASE_wasm.artifactbundle/swift-6.2-RELEASE_wasm/wasm32-unknown-wasip1/swift.xctoolchain/usr/lib/swift_static/CoreFoundation/CoreFoundation.h:28:
26 | #include <setjmp.h>
27 | #endif
28 | #include <signal.h>
| `- note: while building module 'wasi_emulated_signal' imported from /root/.swiftpm/swift-sdks/swift-6.2-RELEASE_wasm.artifactbundle/swift-6.2-RELEASE_wasm/wasm32-unknown-wasip1/swift.xctoolchain/usr/lib/swift_static/CoreFoundation/CoreFoundation.h:28:
29 | #include <stddef.h>
30 | #include <stdio.h>
<module-includes>:1:10: note: in file included from <module-includes>:1:
1 | #include "signal.h"
| `- note: in file included from <module-includes>:1:
2 |
/root/.swiftpm/swift-sdks/swift-6.2-RELEASE_wasm.artifactbundle/swift-6.2-RELEASE_wasm/wasm32-unknown-wasip1/WASI.sdk/include/wasm32-wasip1/signal.h:2:2: error: "wasm lacks signal support; to enable minimal signal emulation, compile with -D_WASI_EMULATED_SIGNAL and link with -lwasi-emulated-signal"
1 | #ifndef _WASI_EMULATED_SIGNAL
2 | #error "wasm lacks signal support; to enable minimal signal emulation, \
| `- error: "wasm lacks signal support; to enable minimal signal emulation, compile with -D_WASI_EMULATED_SIGNAL and link with -lwasi-emulated-signal"
3 | compile with -D_WASI_EMULATED_SIGNAL and link with -lwasi-emulated-signal"
4 | #else
<module-includes>:1:10: note: in file included from <module-includes>:1:
1 | #include "CoreFoundation.h"
| `- note: in file included from <module-includes>:1:
2 |
/root/.swiftpm/swift-sdks/swift-6.2-RELEASE_wasm.artifactbundle/swift-6.2-RELEASE_wasm/wasm32-unknown-wasip1/swift.xctoolchain/usr/lib/swift_static/CoreFoundation/CoreFoundation.h:28:10: error: could not build module 'wasi_emulated_signal'
26 | #include <setjmp.h>
27 | #endif
28 | #include <signal.h>
| `- error: could not build module 'wasi_emulated_signal'
29 | #include <stddef.h>
30 | #include <stdio.h>
/root/.swiftpm/swift-sdks/swift-6.2-RELEASE_wasm.artifactbundle/swift-6.2-RELEASE_wasm/wasm32-unknown-wasip1/swift.xctoolchain/usr/lib/swift_static/CoreFoundation/ForSwiftFoundationOnly.h:86:10: note: while building module 'wasi_emulated_mman' imported from /root/.swiftpm/swift-sdks/swift-6.2-RELEASE_wasm.artifactbundle/swift-6.2-RELEASE_wasm/wasm32-unknown-wasip1/swift.xctoolchain/usr/lib/swift_static/CoreFoundation/ForSwiftFoundationOnly.h:86:
84 | #undef _WASI_EMULATED_MMAN
85 | #define _WASI_EMULATED_MMAN
86 | #include <sys/mman.h>
| `- note: while building module 'wasi_emulated_mman' imported from /root/.swiftpm/swift-sdks/swift-6.2-RELEASE_wasm.artifactbundle/swift-6.2-RELEASE_wasm/wasm32-unknown-wasip1/swift.xctoolchain/usr/lib/swift_static/CoreFoundation/ForSwiftFoundationOnly.h:86:
87 | #elif TARGET_OS_LINUX
88 | #include <errno.h>
<module-includes>:1:10: note: in file included from <module-includes>:1:
1 | #include "sys/mman.h"
| `- note: in file included from <module-includes>:1:
2 |
/root/.swiftpm/swift-sdks/swift-6.2-RELEASE_wasm.artifactbundle/swift-6.2-RELEASE_wasm/wasm32-unknown-wasip1/WASI.sdk/include/wasm32-wasip1/sys/mman.h:2:2: error: "WASI lacks a true mmap; to enable minimal mmap emulation, compile with -D_WASI_EMULATED_MMAN and link with -lwasi-emulated-mman"
1 | #ifndef _WASI_EMULATED_MMAN
2 | #error "WASI lacks a true mmap; to enable minimal mmap emulation, \
| `- error: "WASI lacks a true mmap; to enable minimal mmap emulation, compile with -D_WASI_EMULATED_MMAN and link with -lwasi-emulated-mman"
3 | compile with -D_WASI_EMULATED_MMAN and link with -lwasi-emulated-mman"
4 | #else
/host/spi-builder-workspace/.build/checkouts/swift-openapi-runtime/Sources/OpenAPIRuntime/Base/OpenAPIValue.swift:22:8: error: could not build C module 'CoreFoundation'
20 |
21 | #if canImport(CoreFoundation) && (FullFoundation || canImport(Darwin))
22 | import CoreFoundation
| `- error: could not build C module 'CoreFoundation'
23 | #endif
24 |
[568/1490] Compiling OpenAPIRuntime Converter+Server.swift
/root/.swiftpm/swift-sdks/swift-6.2-RELEASE_wasm.artifactbundle/swift-6.2-RELEASE_wasm/wasm32-unknown-wasip1/swift.xctoolchain/usr/lib/swift_static/CoreFoundation/CoreFoundation.h:28:10: note: while building module 'wasi_emulated_signal' imported from /root/.swiftpm/swift-sdks/swift-6.2-RELEASE_wasm.artifactbundle/swift-6.2-RELEASE_wasm/wasm32-unknown-wasip1/swift.xctoolchain/usr/lib/swift_static/CoreFoundation/CoreFoundation.h:28:
26 | #include <setjmp.h>
27 | #endif
28 | #include <signal.h>
| `- note: while building module 'wasi_emulated_signal' imported from /root/.swiftpm/swift-sdks/swift-6.2-RELEASE_wasm.artifactbundle/swift-6.2-RELEASE_wasm/wasm32-unknown-wasip1/swift.xctoolchain/usr/lib/swift_static/CoreFoundation/CoreFoundation.h:28:
29 | #include <stddef.h>
30 | #include <stdio.h>
<module-includes>:1:10: note: in file included from <module-includes>:1:
1 | #include "signal.h"
| `- note: in file included from <module-includes>:1:
2 |
/root/.swiftpm/swift-sdks/swift-6.2-RELEASE_wasm.artifactbundle/swift-6.2-RELEASE_wasm/wasm32-unknown-wasip1/WASI.sdk/include/wasm32-wasip1/signal.h:2:2: error: "wasm lacks signal support; to enable minimal signal emulation, compile with -D_WASI_EMULATED_SIGNAL and link with -lwasi-emulated-signal"
1 | #ifndef _WASI_EMULATED_SIGNAL
2 | #error "wasm lacks signal support; to enable minimal signal emulation, \
| `- error: "wasm lacks signal support; to enable minimal signal emulation, compile with -D_WASI_EMULATED_SIGNAL and link with -lwasi-emulated-signal"
3 | compile with -D_WASI_EMULATED_SIGNAL and link with -lwasi-emulated-signal"
4 | #else
<module-includes>:1:10: note: in file included from <module-includes>:1:
1 | #include "CoreFoundation.h"
| `- note: in file included from <module-includes>:1:
2 |
/root/.swiftpm/swift-sdks/swift-6.2-RELEASE_wasm.artifactbundle/swift-6.2-RELEASE_wasm/wasm32-unknown-wasip1/swift.xctoolchain/usr/lib/swift_static/CoreFoundation/CoreFoundation.h:28:10: error: could not build module 'wasi_emulated_signal'
26 | #include <setjmp.h>
27 | #endif
28 | #include <signal.h>
| `- error: could not build module 'wasi_emulated_signal'
29 | #include <stddef.h>
30 | #include <stdio.h>
/root/.swiftpm/swift-sdks/swift-6.2-RELEASE_wasm.artifactbundle/swift-6.2-RELEASE_wasm/wasm32-unknown-wasip1/swift.xctoolchain/usr/lib/swift_static/CoreFoundation/ForSwiftFoundationOnly.h:86:10: note: while building module 'wasi_emulated_mman' imported from /root/.swiftpm/swift-sdks/swift-6.2-RELEASE_wasm.artifactbundle/swift-6.2-RELEASE_wasm/wasm32-unknown-wasip1/swift.xctoolchain/usr/lib/swift_static/CoreFoundation/ForSwiftFoundationOnly.h:86:
84 | #undef _WASI_EMULATED_MMAN
85 | #define _WASI_EMULATED_MMAN
86 | #include <sys/mman.h>
| `- note: while building module 'wasi_emulated_mman' imported from /root/.swiftpm/swift-sdks/swift-6.2-RELEASE_wasm.artifactbundle/swift-6.2-RELEASE_wasm/wasm32-unknown-wasip1/swift.xctoolchain/usr/lib/swift_static/CoreFoundation/ForSwiftFoundationOnly.h:86:
87 | #elif TARGET_OS_LINUX
88 | #include <errno.h>
<module-includes>:1:10: note: in file included from <module-includes>:1:
1 | #include "sys/mman.h"
| `- note: in file included from <module-includes>:1:
2 |
/root/.swiftpm/swift-sdks/swift-6.2-RELEASE_wasm.artifactbundle/swift-6.2-RELEASE_wasm/wasm32-unknown-wasip1/WASI.sdk/include/wasm32-wasip1/sys/mman.h:2:2: error: "WASI lacks a true mmap; to enable minimal mmap emulation, compile with -D_WASI_EMULATED_MMAN and link with -lwasi-emulated-mman"
1 | #ifndef _WASI_EMULATED_MMAN
2 | #error "WASI lacks a true mmap; to enable minimal mmap emulation, \
| `- error: "WASI lacks a true mmap; to enable minimal mmap emulation, compile with -D_WASI_EMULATED_MMAN and link with -lwasi-emulated-mman"
3 | compile with -D_WASI_EMULATED_MMAN and link with -lwasi-emulated-mman"
4 | #else
/host/spi-builder-workspace/.build/checkouts/swift-openapi-runtime/Sources/OpenAPIRuntime/Base/OpenAPIValue.swift:22:8: error: could not build C module 'CoreFoundation'
20 |
21 | #if canImport(CoreFoundation) && (FullFoundation || canImport(Darwin))
22 | import CoreFoundation
| `- error: could not build C module 'CoreFoundation'
23 | #endif
24 |
[569/1490] Compiling OpenAPIRuntime Converter.swift
/root/.swiftpm/swift-sdks/swift-6.2-RELEASE_wasm.artifactbundle/swift-6.2-RELEASE_wasm/wasm32-unknown-wasip1/swift.xctoolchain/usr/lib/swift_static/CoreFoundation/CoreFoundation.h:28:10: note: while building module 'wasi_emulated_signal' imported from /root/.swiftpm/swift-sdks/swift-6.2-RELEASE_wasm.artifactbundle/swift-6.2-RELEASE_wasm/wasm32-unknown-wasip1/swift.xctoolchain/usr/lib/swift_static/CoreFoundation/CoreFoundation.h:28:
26 | #include <setjmp.h>
27 | #endif
28 | #include <signal.h>
| `- note: while building module 'wasi_emulated_signal' imported from /root/.swiftpm/swift-sdks/swift-6.2-RELEASE_wasm.artifactbundle/swift-6.2-RELEASE_wasm/wasm32-unknown-wasip1/swift.xctoolchain/usr/lib/swift_static/CoreFoundation/CoreFoundation.h:28:
29 | #include <stddef.h>
30 | #include <stdio.h>
<module-includes>:1:10: note: in file included from <module-includes>:1:
1 | #include "signal.h"
| `- note: in file included from <module-includes>:1:
2 |
/root/.swiftpm/swift-sdks/swift-6.2-RELEASE_wasm.artifactbundle/swift-6.2-RELEASE_wasm/wasm32-unknown-wasip1/WASI.sdk/include/wasm32-wasip1/signal.h:2:2: error: "wasm lacks signal support; to enable minimal signal emulation, compile with -D_WASI_EMULATED_SIGNAL and link with -lwasi-emulated-signal"
1 | #ifndef _WASI_EMULATED_SIGNAL
2 | #error "wasm lacks signal support; to enable minimal signal emulation, \
| `- error: "wasm lacks signal support; to enable minimal signal emulation, compile with -D_WASI_EMULATED_SIGNAL and link with -lwasi-emulated-signal"
3 | compile with -D_WASI_EMULATED_SIGNAL and link with -lwasi-emulated-signal"
4 | #else
<module-includes>:1:10: note: in file included from <module-includes>:1:
1 | #include "CoreFoundation.h"
| `- note: in file included from <module-includes>:1:
2 |
/root/.swiftpm/swift-sdks/swift-6.2-RELEASE_wasm.artifactbundle/swift-6.2-RELEASE_wasm/wasm32-unknown-wasip1/swift.xctoolchain/usr/lib/swift_static/CoreFoundation/CoreFoundation.h:28:10: error: could not build module 'wasi_emulated_signal'
26 | #include <setjmp.h>
27 | #endif
28 | #include <signal.h>
| `- error: could not build module 'wasi_emulated_signal'
29 | #include <stddef.h>
30 | #include <stdio.h>
/root/.swiftpm/swift-sdks/swift-6.2-RELEASE_wasm.artifactbundle/swift-6.2-RELEASE_wasm/wasm32-unknown-wasip1/swift.xctoolchain/usr/lib/swift_static/CoreFoundation/ForSwiftFoundationOnly.h:86:10: note: while building module 'wasi_emulated_mman' imported from /root/.swiftpm/swift-sdks/swift-6.2-RELEASE_wasm.artifactbundle/swift-6.2-RELEASE_wasm/wasm32-unknown-wasip1/swift.xctoolchain/usr/lib/swift_static/CoreFoundation/ForSwiftFoundationOnly.h:86:
84 | #undef _WASI_EMULATED_MMAN
85 | #define _WASI_EMULATED_MMAN
86 | #include <sys/mman.h>
| `- note: while building module 'wasi_emulated_mman' imported from /root/.swiftpm/swift-sdks/swift-6.2-RELEASE_wasm.artifactbundle/swift-6.2-RELEASE_wasm/wasm32-unknown-wasip1/swift.xctoolchain/usr/lib/swift_static/CoreFoundation/ForSwiftFoundationOnly.h:86:
87 | #elif TARGET_OS_LINUX
88 | #include <errno.h>
<module-includes>:1:10: note: in file included from <module-includes>:1:
1 | #include "sys/mman.h"
| `- note: in file included from <module-includes>:1:
2 |
/root/.swiftpm/swift-sdks/swift-6.2-RELEASE_wasm.artifactbundle/swift-6.2-RELEASE_wasm/wasm32-unknown-wasip1/WASI.sdk/include/wasm32-wasip1/sys/mman.h:2:2: error: "WASI lacks a true mmap; to enable minimal mmap emulation, compile with -D_WASI_EMULATED_MMAN and link with -lwasi-emulated-mman"
1 | #ifndef _WASI_EMULATED_MMAN
2 | #error "WASI lacks a true mmap; to enable minimal mmap emulation, \
| `- error: "WASI lacks a true mmap; to enable minimal mmap emulation, compile with -D_WASI_EMULATED_MMAN and link with -lwasi-emulated-mman"
3 | compile with -D_WASI_EMULATED_MMAN and link with -lwasi-emulated-mman"
4 | #else
/host/spi-builder-workspace/.build/checkouts/swift-openapi-runtime/Sources/OpenAPIRuntime/Base/OpenAPIValue.swift:22:8: error: could not build C module 'CoreFoundation'
20 |
21 | #if canImport(CoreFoundation) && (FullFoundation || canImport(Darwin))
22 | import CoreFoundation
| `- error: could not build C module 'CoreFoundation'
23 | #endif
24 |
[570/1490] Compiling OpenAPIRuntime CurrencyExtensions.swift
/root/.swiftpm/swift-sdks/swift-6.2-RELEASE_wasm.artifactbundle/swift-6.2-RELEASE_wasm/wasm32-unknown-wasip1/swift.xctoolchain/usr/lib/swift_static/CoreFoundation/CoreFoundation.h:28:10: note: while building module 'wasi_emulated_signal' imported from /root/.swiftpm/swift-sdks/swift-6.2-RELEASE_wasm.artifactbundle/swift-6.2-RELEASE_wasm/wasm32-unknown-wasip1/swift.xctoolchain/usr/lib/swift_static/CoreFoundation/CoreFoundation.h:28:
26 | #include <setjmp.h>
27 | #endif
28 | #include <signal.h>
| `- note: while building module 'wasi_emulated_signal' imported from /root/.swiftpm/swift-sdks/swift-6.2-RELEASE_wasm.artifactbundle/swift-6.2-RELEASE_wasm/wasm32-unknown-wasip1/swift.xctoolchain/usr/lib/swift_static/CoreFoundation/CoreFoundation.h:28:
29 | #include <stddef.h>
30 | #include <stdio.h>
<module-includes>:1:10: note: in file included from <module-includes>:1:
1 | #include "signal.h"
| `- note: in file included from <module-includes>:1:
2 |
/root/.swiftpm/swift-sdks/swift-6.2-RELEASE_wasm.artifactbundle/swift-6.2-RELEASE_wasm/wasm32-unknown-wasip1/WASI.sdk/include/wasm32-wasip1/signal.h:2:2: error: "wasm lacks signal support; to enable minimal signal emulation, compile with -D_WASI_EMULATED_SIGNAL and link with -lwasi-emulated-signal"
1 | #ifndef _WASI_EMULATED_SIGNAL
2 | #error "wasm lacks signal support; to enable minimal signal emulation, \
| `- error: "wasm lacks signal support; to enable minimal signal emulation, compile with -D_WASI_EMULATED_SIGNAL and link with -lwasi-emulated-signal"
3 | compile with -D_WASI_EMULATED_SIGNAL and link with -lwasi-emulated-signal"
4 | #else
<module-includes>:1:10: note: in file included from <module-includes>:1:
1 | #include "CoreFoundation.h"
| `- note: in file included from <module-includes>:1:
2 |
/root/.swiftpm/swift-sdks/swift-6.2-RELEASE_wasm.artifactbundle/swift-6.2-RELEASE_wasm/wasm32-unknown-wasip1/swift.xctoolchain/usr/lib/swift_static/CoreFoundation/CoreFoundation.h:28:10: error: could not build module 'wasi_emulated_signal'
26 | #include <setjmp.h>
27 | #endif
28 | #include <signal.h>
| `- error: could not build module 'wasi_emulated_signal'
29 | #include <stddef.h>
30 | #include <stdio.h>
/root/.swiftpm/swift-sdks/swift-6.2-RELEASE_wasm.artifactbundle/swift-6.2-RELEASE_wasm/wasm32-unknown-wasip1/swift.xctoolchain/usr/lib/swift_static/CoreFoundation/ForSwiftFoundationOnly.h:86:10: note: while building module 'wasi_emulated_mman' imported from /root/.swiftpm/swift-sdks/swift-6.2-RELEASE_wasm.artifactbundle/swift-6.2-RELEASE_wasm/wasm32-unknown-wasip1/swift.xctoolchain/usr/lib/swift_static/CoreFoundation/ForSwiftFoundationOnly.h:86:
84 | #undef _WASI_EMULATED_MMAN
85 | #define _WASI_EMULATED_MMAN
86 | #include <sys/mman.h>
| `- note: while building module 'wasi_emulated_mman' imported from /root/.swiftpm/swift-sdks/swift-6.2-RELEASE_wasm.artifactbundle/swift-6.2-RELEASE_wasm/wasm32-unknown-wasip1/swift.xctoolchain/usr/lib/swift_static/CoreFoundation/ForSwiftFoundationOnly.h:86:
87 | #elif TARGET_OS_LINUX
88 | #include <errno.h>
<module-includes>:1:10: note: in file included from <module-includes>:1:
1 | #include "sys/mman.h"
| `- note: in file included from <module-includes>:1:
2 |
/root/.swiftpm/swift-sdks/swift-6.2-RELEASE_wasm.artifactbundle/swift-6.2-RELEASE_wasm/wasm32-unknown-wasip1/WASI.sdk/include/wasm32-wasip1/sys/mman.h:2:2: error: "WASI lacks a true mmap; to enable minimal mmap emulation, compile with -D_WASI_EMULATED_MMAN and link with -lwasi-emulated-mman"
1 | #ifndef _WASI_EMULATED_MMAN
2 | #error "WASI lacks a true mmap; to enable minimal mmap emulation, \
| `- error: "WASI lacks a true mmap; to enable minimal mmap emulation, compile with -D_WASI_EMULATED_MMAN and link with -lwasi-emulated-mman"
3 | compile with -D_WASI_EMULATED_MMAN and link with -lwasi-emulated-mman"
4 | #else
/host/spi-builder-workspace/.build/checkouts/swift-openapi-runtime/Sources/OpenAPIRuntime/Base/OpenAPIValue.swift:22:8: error: could not build C module 'CoreFoundation'
20 |
21 | #if canImport(CoreFoundation) && (FullFoundation || canImport(Darwin))
22 | import CoreFoundation
| `- error: could not build C module 'CoreFoundation'
23 | #endif
24 |
[571/1490] Compiling OpenAPIRuntime OpenAPIMIMEType+Multipart.swift
/root/.swiftpm/swift-sdks/swift-6.2-RELEASE_wasm.artifactbundle/swift-6.2-RELEASE_wasm/wasm32-unknown-wasip1/swift.xctoolchain/usr/lib/swift_static/CoreFoundation/CoreFoundation.h:28:10: note: while building module 'wasi_emulated_signal' imported from /root/.swiftpm/swift-sdks/swift-6.2-RELEASE_wasm.artifactbundle/swift-6.2-RELEASE_wasm/wasm32-unknown-wasip1/swift.xctoolchain/usr/lib/swift_static/CoreFoundation/CoreFoundation.h:28:
26 | #include <setjmp.h>
27 | #endif
28 | #include <signal.h>
| `- note: while building module 'wasi_emulated_signal' imported from /root/.swiftpm/swift-sdks/swift-6.2-RELEASE_wasm.artifactbundle/swift-6.2-RELEASE_wasm/wasm32-unknown-wasip1/swift.xctoolchain/usr/lib/swift_static/CoreFoundation/CoreFoundation.h:28:
29 | #include <stddef.h>
30 | #include <stdio.h>
<module-includes>:1:10: note: in file included from <module-includes>:1:
1 | #include "signal.h"
| `- note: in file included from <module-includes>:1:
2 |
/root/.swiftpm/swift-sdks/swift-6.2-RELEASE_wasm.artifactbundle/swift-6.2-RELEASE_wasm/wasm32-unknown-wasip1/WASI.sdk/include/wasm32-wasip1/signal.h:2:2: error: "wasm lacks signal support; to enable minimal signal emulation, compile with -D_WASI_EMULATED_SIGNAL and link with -lwasi-emulated-signal"
1 | #ifndef _WASI_EMULATED_SIGNAL
2 | #error "wasm lacks signal support; to enable minimal signal emulation, \
| `- error: "wasm lacks signal support; to enable minimal signal emulation, compile with -D_WASI_EMULATED_SIGNAL and link with -lwasi-emulated-signal"
3 | compile with -D_WASI_EMULATED_SIGNAL and link with -lwasi-emulated-signal"
4 | #else
<module-includes>:1:10: note: in file included from <module-includes>:1:
1 | #include "CoreFoundation.h"
| `- note: in file included from <module-includes>:1:
2 |
/root/.swiftpm/swift-sdks/swift-6.2-RELEASE_wasm.artifactbundle/swift-6.2-RELEASE_wasm/wasm32-unknown-wasip1/swift.xctoolchain/usr/lib/swift_static/CoreFoundation/CoreFoundation.h:28:10: error: could not build module 'wasi_emulated_signal'
26 | #include <setjmp.h>
27 | #endif
28 | #include <signal.h>
| `- error: could not build module 'wasi_emulated_signal'
29 | #include <stddef.h>
30 | #include <stdio.h>
/root/.swiftpm/swift-sdks/swift-6.2-RELEASE_wasm.artifactbundle/swift-6.2-RELEASE_wasm/wasm32-unknown-wasip1/swift.xctoolchain/usr/lib/swift_static/CoreFoundation/ForSwiftFoundationOnly.h:86:10: note: while building module 'wasi_emulated_mman' imported from /root/.swiftpm/swift-sdks/swift-6.2-RELEASE_wasm.artifactbundle/swift-6.2-RELEASE_wasm/wasm32-unknown-wasip1/swift.xctoolchain/usr/lib/swift_static/CoreFoundation/ForSwiftFoundationOnly.h:86:
84 | #undef _WASI_EMULATED_MMAN
85 | #define _WASI_EMULATED_MMAN
86 | #include <sys/mman.h>
| `- note: while building module 'wasi_emulated_mman' imported from /root/.swiftpm/swift-sdks/swift-6.2-RELEASE_wasm.artifactbundle/swift-6.2-RELEASE_wasm/wasm32-unknown-wasip1/swift.xctoolchain/usr/lib/swift_static/CoreFoundation/ForSwiftFoundationOnly.h:86:
87 | #elif TARGET_OS_LINUX
88 | #include <errno.h>
<module-includes>:1:10: note: in file included from <module-includes>:1:
1 | #include "sys/mman.h"
| `- note: in file included from <module-includes>:1:
2 |
/root/.swiftpm/swift-sdks/swift-6.2-RELEASE_wasm.artifactbundle/swift-6.2-RELEASE_wasm/wasm32-unknown-wasip1/WASI.sdk/include/wasm32-wasip1/sys/mman.h:2:2: error: "WASI lacks a true mmap; to enable minimal mmap emulation, compile with -D_WASI_EMULATED_MMAN and link with -lwasi-emulated-mman"
1 | #ifndef _WASI_EMULATED_MMAN
2 | #error "WASI lacks a true mmap; to enable minimal mmap emulation, \
| `- error: "WASI lacks a true mmap; to enable minimal mmap emulation, compile with -D_WASI_EMULATED_MMAN and link with -lwasi-emulated-mman"
3 | compile with -D_WASI_EMULATED_MMAN and link with -lwasi-emulated-mman"
4 | #else
/host/spi-builder-workspace/.build/checkouts/swift-openapi-runtime/Sources/OpenAPIRuntime/Base/OpenAPIValue.swift:22:8: error: could not build C module 'CoreFoundation'
20 |
21 | #if canImport(CoreFoundation) && (FullFoundation || canImport(Darwin))
22 | import CoreFoundation
| `- error: could not build C module 'CoreFoundation'
23 | #endif
24 |
[572/1490] Compiling OpenAPIRuntime URICodeCodingKey.swift
/root/.swiftpm/swift-sdks/swift-6.2-RELEASE_wasm.artifactbundle/swift-6.2-RELEASE_wasm/wasm32-unknown-wasip1/swift.xctoolchain/usr/lib/swift_static/CoreFoundation/CoreFoundation.h:28:10: note: while building module 'wasi_emulated_signal' imported from /root/.swiftpm/swift-sdks/swift-6.2-RELEASE_wasm.artifactbundle/swift-6.2-RELEASE_wasm/wasm32-unknown-wasip1/swift.xctoolchain/usr/lib/swift_static/CoreFoundation/CoreFoundation.h:28:
26 | #include <setjmp.h>
27 | #endif
28 | #include <signal.h>
| `- note: while building module 'wasi_emulated_signal' imported from /root/.swiftpm/swift-sdks/swift-6.2-RELEASE_wasm.artifactbundle/swift-6.2-RELEASE_wasm/wasm32-unknown-wasip1/swift.xctoolchain/usr/lib/swift_static/CoreFoundation/CoreFoundation.h:28:
29 | #include <stddef.h>
30 | #include <stdio.h>
<module-includes>:1:10: note: in file included from <module-includes>:1:
1 | #include "signal.h"
| `- note: in file included from <module-includes>:1:
2 |
/root/.swiftpm/swift-sdks/swift-6.2-RELEASE_wasm.artifactbundle/swift-6.2-RELEASE_wasm/wasm32-unknown-wasip1/WASI.sdk/include/wasm32-wasip1/signal.h:2:2: error: "wasm lacks signal support; to enable minimal signal emulation, compile with -D_WASI_EMULATED_SIGNAL and link with -lwasi-emulated-signal"
1 | #ifndef _WASI_EMULATED_SIGNAL
2 | #error "wasm lacks signal support; to enable minimal signal emulation, \
| `- error: "wasm lacks signal support; to enable minimal signal emulation, compile with -D_WASI_EMULATED_SIGNAL and link with -lwasi-emulated-signal"
3 | compile with -D_WASI_EMULATED_SIGNAL and link with -lwasi-emulated-signal"
4 | #else
<module-includes>:1:10: note: in file included from <module-includes>:1:
1 | #include "CoreFoundation.h"
| `- note: in file included from <module-includes>:1:
2 |
/root/.swiftpm/swift-sdks/swift-6.2-RELEASE_wasm.artifactbundle/swift-6.2-RELEASE_wasm/wasm32-unknown-wasip1/swift.xctoolchain/usr/lib/swift_static/CoreFoundation/CoreFoundation.h:28:10: error: could not build module 'wasi_emulated_signal'
26 | #include <setjmp.h>
27 | #endif
28 | #include <signal.h>
| `- error: could not build module 'wasi_emulated_signal'
29 | #include <stddef.h>
30 | #include <stdio.h>
/root/.swiftpm/swift-sdks/swift-6.2-RELEASE_wasm.artifactbundle/swift-6.2-RELEASE_wasm/wasm32-unknown-wasip1/swift.xctoolchain/usr/lib/swift_static/CoreFoundation/ForSwiftFoundationOnly.h:86:10: note: while building module 'wasi_emulated_mman' imported from /root/.swiftpm/swift-sdks/swift-6.2-RELEASE_wasm.artifactbundle/swift-6.2-RELEASE_wasm/wasm32-unknown-wasip1/swift.xctoolchain/usr/lib/swift_static/CoreFoundation/ForSwiftFoundationOnly.h:86:
84 | #undef _WASI_EMULATED_MMAN
85 | #define _WASI_EMULATED_MMAN
86 | #include <sys/mman.h>
| `- note: while building module 'wasi_emulated_mman' imported from /root/.swiftpm/swift-sdks/swift-6.2-RELEASE_wasm.artifactbundle/swift-6.2-RELEASE_wasm/wasm32-unknown-wasip1/swift.xctoolchain/usr/lib/swift_static/CoreFoundation/ForSwiftFoundationOnly.h:86:
87 | #elif TARGET_OS_LINUX
88 | #include <errno.h>
<module-includes>:1:10: note: in file included from <module-includes>:1:
1 | #include "sys/mman.h"
| `- note: in file included from <module-includes>:1:
2 |
/root/.swiftpm/swift-sdks/swift-6.2-RELEASE_wasm.artifactbundle/swift-6.2-RELEASE_wasm/wasm32-unknown-wasip1/WASI.sdk/include/wasm32-wasip1/sys/mman.h:2:2: error: "WASI lacks a true mmap; to enable minimal mmap emulation, compile with -D_WASI_EMULATED_MMAN and link with -lwasi-emulated-mman"
1 | #ifndef _WASI_EMULATED_MMAN
2 | #error "WASI lacks a true mmap; to enable minimal mmap emulation, \
| `- error: "WASI lacks a true mmap; to enable minimal mmap emulation, compile with -D_WASI_EMULATED_MMAN and link with -lwasi-emulated-mman"
3 | compile with -D_WASI_EMULATED_MMAN and link with -lwasi-emulated-mman"
4 | #else
/host/spi-builder-workspace/.build/checkouts/swift-openapi-runtime/Sources/OpenAPIRuntime/Base/OpenAPIValue.swift:22:8: error: could not build C module 'CoreFoundation'
20 |
21 | #if canImport(CoreFoundation) && (FullFoundation || canImport(Darwin))
22 | import CoreFoundation
| `- error: could not build C module 'CoreFoundation'
23 | #endif
24 |
[573/1490] Compiling OpenAPIRuntime URICoderConfiguration.swift
/root/.swiftpm/swift-sdks/swift-6.2-RELEASE_wasm.artifactbundle/swift-6.2-RELEASE_wasm/wasm32-unknown-wasip1/swift.xctoolchain/usr/lib/swift_static/CoreFoundation/CoreFoundation.h:28:10: note: while building module 'wasi_emulated_signal' imported from /root/.swiftpm/swift-sdks/swift-6.2-RELEASE_wasm.artifactbundle/swift-6.2-RELEASE_wasm/wasm32-unknown-wasip1/swift.xctoolchain/usr/lib/swift_static/CoreFoundation/CoreFoundation.h:28:
26 | #include <setjmp.h>
27 | #endif
28 | #include <signal.h>
| `- note: while building module 'wasi_emulated_signal' imported from /root/.swiftpm/swift-sdks/swift-6.2-RELEASE_wasm.artifactbundle/swift-6.2-RELEASE_wasm/wasm32-unknown-wasip1/swift.xctoolchain/usr/lib/swift_static/CoreFoundation/CoreFoundation.h:28:
29 | #include <stddef.h>
30 | #include <stdio.h>
<module-includes>:1:10: note: in file included from <module-includes>:1:
1 | #include "signal.h"
| `- note: in file included from <module-includes>:1:
2 |
/root/.swiftpm/swift-sdks/swift-6.2-RELEASE_wasm.artifactbundle/swift-6.2-RELEASE_wasm/wasm32-unknown-wasip1/WASI.sdk/include/wasm32-wasip1/signal.h:2:2: error: "wasm lacks signal support; to enable minimal signal emulation, compile with -D_WASI_EMULATED_SIGNAL and link with -lwasi-emulated-signal"
1 | #ifndef _WASI_EMULATED_SIGNAL
2 | #error "wasm lacks signal support; to enable minimal signal emulation, \
| `- error: "wasm lacks signal support; to enable minimal signal emulation, compile with -D_WASI_EMULATED_SIGNAL and link with -lwasi-emulated-signal"
3 | compile with -D_WASI_EMULATED_SIGNAL and link with -lwasi-emulated-signal"
4 | #else
<module-includes>:1:10: note: in file included from <module-includes>:1:
1 | #include "CoreFoundation.h"
| `- note: in file included from <module-includes>:1:
2 |
/root/.swiftpm/swift-sdks/swift-6.2-RELEASE_wasm.artifactbundle/swift-6.2-RELEASE_wasm/wasm32-unknown-wasip1/swift.xctoolchain/usr/lib/swift_static/CoreFoundation/CoreFoundation.h:28:10: error: could not build module 'wasi_emulated_signal'
26 | #include <setjmp.h>
27 | #endif
28 | #include <signal.h>
| `- error: could not build module 'wasi_emulated_signal'
29 | #include <stddef.h>
30 | #include <stdio.h>
/root/.swiftpm/swift-sdks/swift-6.2-RELEASE_wasm.artifactbundle/swift-6.2-RELEASE_wasm/wasm32-unknown-wasip1/swift.xctoolchain/usr/lib/swift_static/CoreFoundation/ForSwiftFoundationOnly.h:86:10: note: while building module 'wasi_emulated_mman' imported from /root/.swiftpm/swift-sdks/swift-6.2-RELEASE_wasm.artifactbundle/swift-6.2-RELEASE_wasm/wasm32-unknown-wasip1/swift.xctoolchain/usr/lib/swift_static/CoreFoundation/ForSwiftFoundationOnly.h:86:
84 | #undef _WASI_EMULATED_MMAN
85 | #define _WASI_EMULATED_MMAN
86 | #include <sys/mman.h>
| `- note: while building module 'wasi_emulated_mman' imported from /root/.swiftpm/swift-sdks/swift-6.2-RELEASE_wasm.artifactbundle/swift-6.2-RELEASE_wasm/wasm32-unknown-wasip1/swift.xctoolchain/usr/lib/swift_static/CoreFoundation/ForSwiftFoundationOnly.h:86:
87 | #elif TARGET_OS_LINUX
88 | #include <errno.h>
<module-includes>:1:10: note: in file included from <module-includes>:1:
1 | #include "sys/mman.h"
| `- note: in file included from <module-includes>:1:
2 |
/root/.swiftpm/swift-sdks/swift-6.2-RELEASE_wasm.artifactbundle/swift-6.2-RELEASE_wasm/wasm32-unknown-wasip1/WASI.sdk/include/wasm32-wasip1/sys/mman.h:2:2: error: "WASI lacks a true mmap; to enable minimal mmap emulation, compile with -D_WASI_EMULATED_MMAN and link with -lwasi-emulated-mman"
1 | #ifndef _WASI_EMULATED_MMAN
2 | #error "WASI lacks a true mmap; to enable minimal mmap emulation, \
| `- error: "WASI lacks a true mmap; to enable minimal mmap emulation, compile with -D_WASI_EMULATED_MMAN and link with -lwasi-emulated-mman"
3 | compile with -D_WASI_EMULATED_MMAN and link with -lwasi-emulated-mman"
4 | #else
/host/spi-builder-workspace/.build/checkouts/swift-openapi-runtime/Sources/OpenAPIRuntime/Base/OpenAPIValue.swift:22:8: error: could not build C module 'CoreFoundation'
20 |
21 | #if canImport(CoreFoundation) && (FullFoundation || canImport(Darwin))
22 | import CoreFoundation
| `- error: could not build C module 'CoreFoundation'
23 | #endif
24 |
[574/1490] Compiling OpenAPIRuntime URIEncodedNode.swift
/root/.swiftpm/swift-sdks/swift-6.2-RELEASE_wasm.artifactbundle/swift-6.2-RELEASE_wasm/wasm32-unknown-wasip1/swift.xctoolchain/usr/lib/swift_static/CoreFoundation/CoreFoundation.h:28:10: note: while building module 'wasi_emulated_signal' imported from /root/.swiftpm/swift-sdks/swift-6.2-RELEASE_wasm.artifactbundle/swift-6.2-RELEASE_wasm/wasm32-unknown-wasip1/swift.xctoolchain/usr/lib/swift_static/CoreFoundation/CoreFoundation.h:28:
26 | #include <setjmp.h>
27 | #endif
28 | #include <signal.h>
| `- note: while building module 'wasi_emulated_signal' imported from /root/.swiftpm/swift-sdks/swift-6.2-RELEASE_wasm.artifactbundle/swift-6.2-RELEASE_wasm/wasm32-unknown-wasip1/swift.xctoolchain/usr/lib/swift_static/CoreFoundation/CoreFoundation.h:28:
29 | #include <stddef.h>
30 | #include <stdio.h>
<module-includes>:1:10: note: in file included from <module-includes>:1:
1 | #include "signal.h"
| `- note: in file included from <module-includes>:1:
2 |
/root/.swiftpm/swift-sdks/swift-6.2-RELEASE_wasm.artifactbundle/swift-6.2-RELEASE_wasm/wasm32-unknown-wasip1/WASI.sdk/include/wasm32-wasip1/signal.h:2:2: error: "wasm lacks signal support; to enable minimal signal emulation, compile with -D_WASI_EMULATED_SIGNAL and link with -lwasi-emulated-signal"
1 | #ifndef _WASI_EMULATED_SIGNAL
2 | #error "wasm lacks signal support; to enable minimal signal emulation, \
| `- error: "wasm lacks signal support; to enable minimal signal emulation, compile with -D_WASI_EMULATED_SIGNAL and link with -lwasi-emulated-signal"
3 | compile with -D_WASI_EMULATED_SIGNAL and link with -lwasi-emulated-signal"
4 | #else
<module-includes>:1:10: note: in file included from <module-includes>:1:
1 | #include "CoreFoundation.h"
| `- note: in file included from <module-includes>:1:
2 |
/root/.swiftpm/swift-sdks/swift-6.2-RELEASE_wasm.artifactbundle/swift-6.2-RELEASE_wasm/wasm32-unknown-wasip1/swift.xctoolchain/usr/lib/swift_static/CoreFoundation/CoreFoundation.h:28:10: error: could not build module 'wasi_emulated_signal'
26 | #include <setjmp.h>
27 | #endif
28 | #include <signal.h>
| `- error: could not build module 'wasi_emulated_signal'
29 | #include <stddef.h>
30 | #include <stdio.h>
/root/.swiftpm/swift-sdks/swift-6.2-RELEASE_wasm.artifactbundle/swift-6.2-RELEASE_wasm/wasm32-unknown-wasip1/swift.xctoolchain/usr/lib/swift_static/CoreFoundation/ForSwiftFoundationOnly.h:86:10: note: while building module 'wasi_emulated_mman' imported from /root/.swiftpm/swift-sdks/swift-6.2-RELEASE_wasm.artifactbundle/swift-6.2-RELEASE_wasm/wasm32-unknown-wasip1/swift.xctoolchain/usr/lib/swift_static/CoreFoundation/ForSwiftFoundationOnly.h:86:
84 | #undef _WASI_EMULATED_MMAN
85 | #define _WASI_EMULATED_MMAN
86 | #include <sys/mman.h>
| `- note: while building module 'wasi_emulated_mman' imported from /root/.swiftpm/swift-sdks/swift-6.2-RELEASE_wasm.artifactbundle/swift-6.2-RELEASE_wasm/wasm32-unknown-wasip1/swift.xctoolchain/usr/lib/swift_static/CoreFoundation/ForSwiftFoundationOnly.h:86:
87 | #elif TARGET_OS_LINUX
88 | #include <errno.h>
<module-includes>:1:10: note: in file included from <module-includes>:1:
1 | #include "sys/mman.h"
| `- note: in file included from <module-includes>:1:
2 |
/root/.swiftpm/swift-sdks/swift-6.2-RELEASE_wasm.artifactbundle/swift-6.2-RELEASE_wasm/wasm32-unknown-wasip1/WASI.sdk/include/wasm32-wasip1/sys/mman.h:2:2: error: "WASI lacks a true mmap; to enable minimal mmap emulation, compile with -D_WASI_EMULATED_MMAN and link with -lwasi-emulated-mman"
1 | #ifndef _WASI_EMULATED_MMAN
2 | #error "WASI lacks a true mmap; to enable minimal mmap emulation, \
| `- error: "WASI lacks a true mmap; to enable minimal mmap emulation, compile with -D_WASI_EMULATED_MMAN and link with -lwasi-emulated-mman"
3 | compile with -D_WASI_EMULATED_MMAN and link with -lwasi-emulated-mman"
4 | #else
/host/spi-builder-workspace/.build/checkouts/swift-openapi-runtime/Sources/OpenAPIRuntime/Base/OpenAPIValue.swift:22:8: error: could not build C module 'CoreFoundation'
20 |
21 | #if canImport(CoreFoundation) && (FullFoundation || canImport(Darwin))
22 | import CoreFoundation
| `- error: could not build C module 'CoreFoundation'
23 | #endif
24 |
[575/1490] Compiling OpenAPIRuntime URIParsedTypes.swift
/root/.swiftpm/swift-sdks/swift-6.2-RELEASE_wasm.artifactbundle/swift-6.2-RELEASE_wasm/wasm32-unknown-wasip1/swift.xctoolchain/usr/lib/swift_static/CoreFoundation/CoreFoundation.h:28:10: note: while building module 'wasi_emulated_signal' imported from /root/.swiftpm/swift-sdks/swift-6.2-RELEASE_wasm.artifactbundle/swift-6.2-RELEASE_wasm/wasm32-unknown-wasip1/swift.xctoolchain/usr/lib/swift_static/CoreFoundation/CoreFoundation.h:28:
26 | #include <setjmp.h>
27 | #endif
28 | #include <signal.h>
| `- note: while building module 'wasi_emulated_signal' imported from /root/.swiftpm/swift-sdks/swift-6.2-RELEASE_wasm.artifactbundle/swift-6.2-RELEASE_wasm/wasm32-unknown-wasip1/swift.xctoolchain/usr/lib/swift_static/CoreFoundation/CoreFoundation.h:28:
29 | #include <stddef.h>
30 | #include <stdio.h>
<module-includes>:1:10: note: in file included from <module-includes>:1:
1 | #include "signal.h"
| `- note: in file included from <module-includes>:1:
2 |
/root/.swiftpm/swift-sdks/swift-6.2-RELEASE_wasm.artifactbundle/swift-6.2-RELEASE_wasm/wasm32-unknown-wasip1/WASI.sdk/include/wasm32-wasip1/signal.h:2:2: error: "wasm lacks signal support; to enable minimal signal emulation, compile with -D_WASI_EMULATED_SIGNAL and link with -lwasi-emulated-signal"
1 | #ifndef _WASI_EMULATED_SIGNAL
2 | #error "wasm lacks signal support; to enable minimal signal emulation, \
| `- error: "wasm lacks signal support; to enable minimal signal emulation, compile with -D_WASI_EMULATED_SIGNAL and link with -lwasi-emulated-signal"
3 | compile with -D_WASI_EMULATED_SIGNAL and link with -lwasi-emulated-signal"
4 | #else
<module-includes>:1:10: note: in file included from <module-includes>:1:
1 | #include "CoreFoundation.h"
| `- note: in file included from <module-includes>:1:
2 |
/root/.swiftpm/swift-sdks/swift-6.2-RELEASE_wasm.artifactbundle/swift-6.2-RELEASE_wasm/wasm32-unknown-wasip1/swift.xctoolchain/usr/lib/swift_static/CoreFoundation/CoreFoundation.h:28:10: error: could not build module 'wasi_emulated_signal'
26 | #include <setjmp.h>
27 | #endif
28 | #include <signal.h>
| `- error: could not build module 'wasi_emulated_signal'
29 | #include <stddef.h>
30 | #include <stdio.h>
/root/.swiftpm/swift-sdks/swift-6.2-RELEASE_wasm.artifactbundle/swift-6.2-RELEASE_wasm/wasm32-unknown-wasip1/swift.xctoolchain/usr/lib/swift_static/CoreFoundation/ForSwiftFoundationOnly.h:86:10: note: while building module 'wasi_emulated_mman' imported from /root/.swiftpm/swift-sdks/swift-6.2-RELEASE_wasm.artifactbundle/swift-6.2-RELEASE_wasm/wasm32-unknown-wasip1/swift.xctoolchain/usr/lib/swift_static/CoreFoundation/ForSwiftFoundationOnly.h:86:
84 | #undef _WASI_EMULATED_MMAN
85 | #define _WASI_EMULATED_MMAN
86 | #include <sys/mman.h>
| `- note: while building module 'wasi_emulated_mman' imported from /root/.swiftpm/swift-sdks/swift-6.2-RELEASE_wasm.artifactbundle/swift-6.2-RELEASE_wasm/wasm32-unknown-wasip1/swift.xctoolchain/usr/lib/swift_static/CoreFoundation/ForSwiftFoundationOnly.h:86:
87 | #elif TARGET_OS_LINUX
88 | #include <errno.h>
<module-includes>:1:10: note: in file included from <module-includes>:1:
1 | #include "sys/mman.h"
| `- note: in file included from <module-includes>:1:
2 |
/root/.swiftpm/swift-sdks/swift-6.2-RELEASE_wasm.artifactbundle/swift-6.2-RELEASE_wasm/wasm32-unknown-wasip1/WASI.sdk/include/wasm32-wasip1/sys/mman.h:2:2: error: "WASI lacks a true mmap; to enable minimal mmap emulation, compile with -D_WASI_EMULATED_MMAN and link with -lwasi-emulated-mman"
1 | #ifndef _WASI_EMULATED_MMAN
2 | #error "WASI lacks a true mmap; to enable minimal mmap emulation, \
| `- error: "WASI lacks a true mmap; to enable minimal mmap emulation, compile with -D_WASI_EMULATED_MMAN and link with -lwasi-emulated-mman"
3 | compile with -D_WASI_EMULATED_MMAN and link with -lwasi-emulated-mman"
4 | #else
/host/spi-builder-workspace/.build/checkouts/swift-openapi-runtime/Sources/OpenAPIRuntime/Base/OpenAPIValue.swift:22:8: error: could not build C module 'CoreFoundation'
20 |
21 | #if canImport(CoreFoundation) && (FullFoundation || canImport(Darwin))
22 | import CoreFoundation
| `- error: could not build C module 'CoreFoundation'
23 | #endif
24 |
[576/1490] Compiling OpenAPIRuntime URIDecoder.swift
/root/.swiftpm/swift-sdks/swift-6.2-RELEASE_wasm.artifactbundle/swift-6.2-RELEASE_wasm/wasm32-unknown-wasip1/swift.xctoolchain/usr/lib/swift_static/CoreFoundation/CoreFoundation.h:28:10: note: while building module 'wasi_emulated_signal' imported from /root/.swiftpm/swift-sdks/swift-6.2-RELEASE_wasm.artifactbundle/swift-6.2-RELEASE_wasm/wasm32-unknown-wasip1/swift.xctoolchain/usr/lib/swift_static/CoreFoundation/CoreFoundation.h:28:
26 | #include <setjmp.h>
27 | #endif
28 | #include <signal.h>
| `- note: while building module 'wasi_emulated_signal' imported from /root/.swiftpm/swift-sdks/swift-6.2-RELEASE_wasm.artifactbundle/swift-6.2-RELEASE_wasm/wasm32-unknown-wasip1/swift.xctoolchain/usr/lib/swift_static/CoreFoundation/CoreFoundation.h:28:
29 | #include <stddef.h>
30 | #include <stdio.h>
<module-includes>:1:10: note: in file included from <module-includes>:1:
1 | #include "signal.h"
| `- note: in file included from <module-includes>:1:
2 |
/root/.swiftpm/swift-sdks/swift-6.2-RELEASE_wasm.artifactbundle/swift-6.2-RELEASE_wasm/wasm32-unknown-wasip1/WASI.sdk/include/wasm32-wasip1/signal.h:2:2: error: "wasm lacks signal support; to enable minimal signal emulation, compile with -D_WASI_EMULATED_SIGNAL and link with -lwasi-emulated-signal"
1 | #ifndef _WASI_EMULATED_SIGNAL
2 | #error "wasm lacks signal support; to enable minimal signal emulation, \
| `- error: "wasm lacks signal support; to enable minimal signal emulation, compile with -D_WASI_EMULATED_SIGNAL and link with -lwasi-emulated-signal"
3 | compile with -D_WASI_EMULATED_SIGNAL and link with -lwasi-emulated-signal"
4 | #else
<module-includes>:1:10: note: in file included from <module-includes>:1:
1 | #include "CoreFoundation.h"
| `- note: in file included from <module-includes>:1:
2 |
/root/.swiftpm/swift-sdks/swift-6.2-RELEASE_wasm.artifactbundle/swift-6.2-RELEASE_wasm/wasm32-unknown-wasip1/swift.xctoolchain/usr/lib/swift_static/CoreFoundation/CoreFoundation.h:28:10: error: could not build module 'wasi_emulated_signal'
26 | #include <setjmp.h>
27 | #endif
28 | #include <signal.h>
| `- error: could not build module 'wasi_emulated_signal'
29 | #include <stddef.h>
30 | #include <stdio.h>
/root/.swiftpm/swift-sdks/swift-6.2-RELEASE_wasm.artifactbundle/swift-6.2-RELEASE_wasm/wasm32-unknown-wasip1/swift.xctoolchain/usr/lib/swift_static/CoreFoundation/ForSwiftFoundationOnly.h:86:10: note: while building module 'wasi_emulated_mman' imported from /root/.swiftpm/swift-sdks/swift-6.2-RELEASE_wasm.artifactbundle/swift-6.2-RELEASE_wasm/wasm32-unknown-wasip1/swift.xctoolchain/usr/lib/swift_static/CoreFoundation/ForSwiftFoundationOnly.h:86:
84 | #undef _WASI_EMULATED_MMAN
85 | #define _WASI_EMULATED_MMAN
86 | #include <sys/mman.h>
| `- note: while building module 'wasi_emulated_mman' imported from /root/.swiftpm/swift-sdks/swift-6.2-RELEASE_wasm.artifactbundle/swift-6.2-RELEASE_wasm/wasm32-unknown-wasip1/swift.xctoolchain/usr/lib/swift_static/CoreFoundation/ForSwiftFoundationOnly.h:86:
87 | #elif TARGET_OS_LINUX
88 | #include <errno.h>
<module-includes>:1:10: note: in file included from <module-includes>:1:
1 | #include "sys/mman.h"
| `- note: in file included from <module-includes>:1:
2 |
/root/.swiftpm/swift-sdks/swift-6.2-RELEASE_wasm.artifactbundle/swift-6.2-RELEASE_wasm/wasm32-unknown-wasip1/WASI.sdk/include/wasm32-wasip1/sys/mman.h:2:2: error: "WASI lacks a true mmap; to enable minimal mmap emulation, compile with -D_WASI_EMULATED_MMAN and link with -lwasi-emulated-mman"
1 | #ifndef _WASI_EMULATED_MMAN
2 | #error "WASI lacks a true mmap; to enable minimal mmap emulation, \
| `- error: "WASI lacks a true mmap; to enable minimal mmap emulation, compile with -D_WASI_EMULATED_MMAN and link with -lwasi-emulated-mman"
3 | compile with -D_WASI_EMULATED_MMAN and link with -lwasi-emulated-mman"
4 | #else
/host/spi-builder-workspace/.build/checkouts/swift-openapi-runtime/Sources/OpenAPIRuntime/Base/OpenAPIValue.swift:22:8: error: could not build C module 'CoreFoundation'
20 |
21 | #if canImport(CoreFoundation) && (FullFoundation || canImport(Darwin))
22 | import CoreFoundation
| `- error: could not build C module 'CoreFoundation'
23 | #endif
24 |
[577/1490] Compiling OpenAPIRuntime URIValueFromNodeDecoder+Keyed.swift
/root/.swiftpm/swift-sdks/swift-6.2-RELEASE_wasm.artifactbundle/swift-6.2-RELEASE_wasm/wasm32-unknown-wasip1/swift.xctoolchain/usr/lib/swift_static/CoreFoundation/CoreFoundation.h:28:10: note: while building module 'wasi_emulated_signal' imported from /root/.swiftpm/swift-sdks/swift-6.2-RELEASE_wasm.artifactbundle/swift-6.2-RELEASE_wasm/wasm32-unknown-wasip1/swift.xctoolchain/usr/lib/swift_static/CoreFoundation/CoreFoundation.h:28:
26 | #include <setjmp.h>
27 | #endif
28 | #include <signal.h>
| `- note: while building module 'wasi_emulated_signal' imported from /root/.swiftpm/swift-sdks/swift-6.2-RELEASE_wasm.artifactbundle/swift-6.2-RELEASE_wasm/wasm32-unknown-wasip1/swift.xctoolchain/usr/lib/swift_static/CoreFoundation/CoreFoundation.h:28:
29 | #include <stddef.h>
30 | #include <stdio.h>
<module-includes>:1:10: note: in file included from <module-includes>:1:
1 | #include "signal.h"
| `- note: in file included from <module-includes>:1:
2 |
/root/.swiftpm/swift-sdks/swift-6.2-RELEASE_wasm.artifactbundle/swift-6.2-RELEASE_wasm/wasm32-unknown-wasip1/WASI.sdk/include/wasm32-wasip1/signal.h:2:2: error: "wasm lacks signal support; to enable minimal signal emulation, compile with -D_WASI_EMULATED_SIGNAL and link with -lwasi-emulated-signal"
1 | #ifndef _WASI_EMULATED_SIGNAL
2 | #error "wasm lacks signal support; to enable minimal signal emulation, \
| `- error: "wasm lacks signal support; to enable minimal signal emulation, compile with -D_WASI_EMULATED_SIGNAL and link with -lwasi-emulated-signal"
3 | compile with -D_WASI_EMULATED_SIGNAL and link with -lwasi-emulated-signal"
4 | #else
<module-includes>:1:10: note: in file included from <module-includes>:1:
1 | #include "CoreFoundation.h"
| `- note: in file included from <module-includes>:1:
2 |
/root/.swiftpm/swift-sdks/swift-6.2-RELEASE_wasm.artifactbundle/swift-6.2-RELEASE_wasm/wasm32-unknown-wasip1/swift.xctoolchain/usr/lib/swift_static/CoreFoundation/CoreFoundation.h:28:10: error: could not build module 'wasi_emulated_signal'
26 | #include <setjmp.h>
27 | #endif
28 | #include <signal.h>
| `- error: could not build module 'wasi_emulated_signal'
29 | #include <stddef.h>
30 | #include <stdio.h>
/root/.swiftpm/swift-sdks/swift-6.2-RELEASE_wasm.artifactbundle/swift-6.2-RELEASE_wasm/wasm32-unknown-wasip1/swift.xctoolchain/usr/lib/swift_static/CoreFoundation/ForSwiftFoundationOnly.h:86:10: note: while building module 'wasi_emulated_mman' imported from /root/.swiftpm/swift-sdks/swift-6.2-RELEASE_wasm.artifactbundle/swift-6.2-RELEASE_wasm/wasm32-unknown-wasip1/swift.xctoolchain/usr/lib/swift_static/CoreFoundation/ForSwiftFoundationOnly.h:86:
84 | #undef _WASI_EMULATED_MMAN
85 | #define _WASI_EMULATED_MMAN
86 | #include <sys/mman.h>
| `- note: while building module 'wasi_emulated_mman' imported from /root/.swiftpm/swift-sdks/swift-6.2-RELEASE_wasm.artifactbundle/swift-6.2-RELEASE_wasm/wasm32-unknown-wasip1/swift.xctoolchain/usr/lib/swift_static/CoreFoundation/ForSwiftFoundationOnly.h:86:
87 | #elif TARGET_OS_LINUX
88 | #include <errno.h>
<module-includes>:1:10: note: in file included from <module-includes>:1:
1 | #include "sys/mman.h"
| `- note: in file included from <module-includes>:1:
2 |
/root/.swiftpm/swift-sdks/swift-6.2-RELEASE_wasm.artifactbundle/swift-6.2-RELEASE_wasm/wasm32-unknown-wasip1/WASI.sdk/include/wasm32-wasip1/sys/mman.h:2:2: error: "WASI lacks a true mmap; to enable minimal mmap emulation, compile with -D_WASI_EMULATED_MMAN and link with -lwasi-emulated-mman"
1 | #ifndef _WASI_EMULATED_MMAN
2 | #error "WASI lacks a true mmap; to enable minimal mmap emulation, \
| `- error: "WASI lacks a true mmap; to enable minimal mmap emulation, compile with -D_WASI_EMULATED_MMAN and link with -lwasi-emulated-mman"
3 | compile with -D_WASI_EMULATED_MMAN and link with -lwasi-emulated-mman"
4 | #else
/host/spi-builder-workspace/.build/checkouts/swift-openapi-runtime/Sources/OpenAPIRuntime/Base/OpenAPIValue.swift:22:8: error: could not build C module 'CoreFoundation'
20 |
21 | #if canImport(CoreFoundation) && (FullFoundation || canImport(Darwin))
22 | import CoreFoundation
| `- error: could not build C module 'CoreFoundation'
23 | #endif
24 |
[578/1490] Compiling OpenAPIRuntime URIValueFromNodeDecoder+Single.swift
/root/.swiftpm/swift-sdks/swift-6.2-RELEASE_wasm.artifactbundle/swift-6.2-RELEASE_wasm/wasm32-unknown-wasip1/swift.xctoolchain/usr/lib/swift_static/CoreFoundation/CoreFoundation.h:28:10: note: while building module 'wasi_emulated_signal' imported from /root/.swiftpm/swift-sdks/swift-6.2-RELEASE_wasm.artifactbundle/swift-6.2-RELEASE_wasm/wasm32-unknown-wasip1/swift.xctoolchain/usr/lib/swift_static/CoreFoundation/CoreFoundation.h:28:
26 | #include <setjmp.h>
27 | #endif
28 | #include <signal.h>
| `- note: while building module 'wasi_emulated_signal' imported from /root/.swiftpm/swift-sdks/swift-6.2-RELEASE_wasm.artifactbundle/swift-6.2-RELEASE_wasm/wasm32-unknown-wasip1/swift.xctoolchain/usr/lib/swift_static/CoreFoundation/CoreFoundation.h:28:
29 | #include <stddef.h>
30 | #include <stdio.h>
<module-includes>:1:10: note: in file included from <module-includes>:1:
1 | #include "signal.h"
| `- note: in file included from <module-includes>:1:
2 |
/root/.swiftpm/swift-sdks/swift-6.2-RELEASE_wasm.artifactbundle/swift-6.2-RELEASE_wasm/wasm32-unknown-wasip1/WASI.sdk/include/wasm32-wasip1/signal.h:2:2: error: "wasm lacks signal support; to enable minimal signal emulation, compile with -D_WASI_EMULATED_SIGNAL and link with -lwasi-emulated-signal"
1 | #ifndef _WASI_EMULATED_SIGNAL
2 | #error "wasm lacks signal support; to enable minimal signal emulation, \
| `- error: "wasm lacks signal support; to enable minimal signal emulation, compile with -D_WASI_EMULATED_SIGNAL and link with -lwasi-emulated-signal"
3 | compile with -D_WASI_EMULATED_SIGNAL and link with -lwasi-emulated-signal"
4 | #else
<module-includes>:1:10: note: in file included from <module-includes>:1:
1 | #include "CoreFoundation.h"
| `- note: in file included from <module-includes>:1:
2 |
/root/.swiftpm/swift-sdks/swift-6.2-RELEASE_wasm.artifactbundle/swift-6.2-RELEASE_wasm/wasm32-unknown-wasip1/swift.xctoolchain/usr/lib/swift_static/CoreFoundation/CoreFoundation.h:28:10: error: could not build module 'wasi_emulated_signal'
26 | #include <setjmp.h>
27 | #endif
28 | #include <signal.h>
| `- error: could not build module 'wasi_emulated_signal'
29 | #include <stddef.h>
30 | #include <stdio.h>
/root/.swiftpm/swift-sdks/swift-6.2-RELEASE_wasm.artifactbundle/swift-6.2-RELEASE_wasm/wasm32-unknown-wasip1/swift.xctoolchain/usr/lib/swift_static/CoreFoundation/ForSwiftFoundationOnly.h:86:10: note: while building module 'wasi_emulated_mman' imported from /root/.swiftpm/swift-sdks/swift-6.2-RELEASE_wasm.artifactbundle/swift-6.2-RELEASE_wasm/wasm32-unknown-wasip1/swift.xctoolchain/usr/lib/swift_static/CoreFoundation/ForSwiftFoundationOnly.h:86:
84 | #undef _WASI_EMULATED_MMAN
85 | #define _WASI_EMULATED_MMAN
86 | #include <sys/mman.h>
| `- note: while building module 'wasi_emulated_mman' imported from /root/.swiftpm/swift-sdks/swift-6.2-RELEASE_wasm.artifactbundle/swift-6.2-RELEASE_wasm/wasm32-unknown-wasip1/swift.xctoolchain/usr/lib/swift_static/CoreFoundation/ForSwiftFoundationOnly.h:86:
87 | #elif TARGET_OS_LINUX
88 | #include <errno.h>
<module-includes>:1:10: note: in file included from <module-includes>:1:
1 | #include "sys/mman.h"
| `- note: in file included from <module-includes>:1:
2 |
/root/.swiftpm/swift-sdks/swift-6.2-RELEASE_wasm.artifactbundle/swift-6.2-RELEASE_wasm/wasm32-unknown-wasip1/WASI.sdk/include/wasm32-wasip1/sys/mman.h:2:2: error: "WASI lacks a true mmap; to enable minimal mmap emulation, compile with -D_WASI_EMULATED_MMAN and link with -lwasi-emulated-mman"
1 | #ifndef _WASI_EMULATED_MMAN
2 | #error "WASI lacks a true mmap; to enable minimal mmap emulation, \
| `- error: "WASI lacks a true mmap; to enable minimal mmap emulation, compile with -D_WASI_EMULATED_MMAN and link with -lwasi-emulated-mman"
3 | compile with -D_WASI_EMULATED_MMAN and link with -lwasi-emulated-mman"
4 | #else
/host/spi-builder-workspace/.build/checkouts/swift-openapi-runtime/Sources/OpenAPIRuntime/Base/OpenAPIValue.swift:22:8: error: could not build C module 'CoreFoundation'
20 |
21 | #if canImport(CoreFoundation) && (FullFoundation || canImport(Darwin))
22 | import CoreFoundation
| `- error: could not build C module 'CoreFoundation'
23 | #endif
24 |
[579/1490] Compiling OpenAPIRuntime URIValueFromNodeDecoder+Unkeyed.swift
/root/.swiftpm/swift-sdks/swift-6.2-RELEASE_wasm.artifactbundle/swift-6.2-RELEASE_wasm/wasm32-unknown-wasip1/swift.xctoolchain/usr/lib/swift_static/CoreFoundation/CoreFoundation.h:28:10: note: while building module 'wasi_emulated_signal' imported from /root/.swiftpm/swift-sdks/swift-6.2-RELEASE_wasm.artifactbundle/swift-6.2-RELEASE_wasm/wasm32-unknown-wasip1/swift.xctoolchain/usr/lib/swift_static/CoreFoundation/CoreFoundation.h:28:
26 | #include <setjmp.h>
27 | #endif
28 | #include <signal.h>
| `- note: while building module 'wasi_emulated_signal' imported from /root/.swiftpm/swift-sdks/swift-6.2-RELEASE_wasm.artifactbundle/swift-6.2-RELEASE_wasm/wasm32-unknown-wasip1/swift.xctoolchain/usr/lib/swift_static/CoreFoundation/CoreFoundation.h:28:
29 | #include <stddef.h>
30 | #include <stdio.h>
<module-includes>:1:10: note: in file included from <module-includes>:1:
1 | #include "signal.h"
| `- note: in file included from <module-includes>:1:
2 |
/root/.swiftpm/swift-sdks/swift-6.2-RELEASE_wasm.artifactbundle/swift-6.2-RELEASE_wasm/wasm32-unknown-wasip1/WASI.sdk/include/wasm32-wasip1/signal.h:2:2: error: "wasm lacks signal support; to enable minimal signal emulation, compile with -D_WASI_EMULATED_SIGNAL and link with -lwasi-emulated-signal"
1 | #ifndef _WASI_EMULATED_SIGNAL
2 | #error "wasm lacks signal support; to enable minimal signal emulation, \
| `- error: "wasm lacks signal support; to enable minimal signal emulation, compile with -D_WASI_EMULATED_SIGNAL and link with -lwasi-emulated-signal"
3 | compile with -D_WASI_EMULATED_SIGNAL and link with -lwasi-emulated-signal"
4 | #else
<module-includes>:1:10: note: in file included from <module-includes>:1:
1 | #include "CoreFoundation.h"
| `- note: in file included from <module-includes>:1:
2 |
/root/.swiftpm/swift-sdks/swift-6.2-RELEASE_wasm.artifactbundle/swift-6.2-RELEASE_wasm/wasm32-unknown-wasip1/swift.xctoolchain/usr/lib/swift_static/CoreFoundation/CoreFoundation.h:28:10: error: could not build module 'wasi_emulated_signal'
26 | #include <setjmp.h>
27 | #endif
28 | #include <signal.h>
| `- error: could not build module 'wasi_emulated_signal'
29 | #include <stddef.h>
30 | #include <stdio.h>
/root/.swiftpm/swift-sdks/swift-6.2-RELEASE_wasm.artifactbundle/swift-6.2-RELEASE_wasm/wasm32-unknown-wasip1/swift.xctoolchain/usr/lib/swift_static/CoreFoundation/ForSwiftFoundationOnly.h:86:10: note: while building module 'wasi_emulated_mman' imported from /root/.swiftpm/swift-sdks/swift-6.2-RELEASE_wasm.artifactbundle/swift-6.2-RELEASE_wasm/wasm32-unknown-wasip1/swift.xctoolchain/usr/lib/swift_static/CoreFoundation/ForSwiftFoundationOnly.h:86:
84 | #undef _WASI_EMULATED_MMAN
85 | #define _WASI_EMULATED_MMAN
86 | #include <sys/mman.h>
| `- note: while building module 'wasi_emulated_mman' imported from /root/.swiftpm/swift-sdks/swift-6.2-RELEASE_wasm.artifactbundle/swift-6.2-RELEASE_wasm/wasm32-unknown-wasip1/swift.xctoolchain/usr/lib/swift_static/CoreFoundation/ForSwiftFoundationOnly.h:86:
87 | #elif TARGET_OS_LINUX
88 | #include <errno.h>
<module-includes>:1:10: note: in file included from <module-includes>:1:
1 | #include "sys/mman.h"
| `- note: in file included from <module-includes>:1:
2 |
/root/.swiftpm/swift-sdks/swift-6.2-RELEASE_wasm.artifactbundle/swift-6.2-RELEASE_wasm/wasm32-unknown-wasip1/WASI.sdk/include/wasm32-wasip1/sys/mman.h:2:2: error: "WASI lacks a true mmap; to enable minimal mmap emulation, compile with -D_WASI_EMULATED_MMAN and link with -lwasi-emulated-mman"
1 | #ifndef _WASI_EMULATED_MMAN
2 | #error "WASI lacks a true mmap; to enable minimal mmap emulation, \
| `- error: "WASI lacks a true mmap; to enable minimal mmap emulation, compile with -D_WASI_EMULATED_MMAN and link with -lwasi-emulated-mman"
3 | compile with -D_WASI_EMULATED_MMAN and link with -lwasi-emulated-mman"
4 | #else
/host/spi-builder-workspace/.build/checkouts/swift-openapi-runtime/Sources/OpenAPIRuntime/Base/OpenAPIValue.swift:22:8: error: could not build C module 'CoreFoundation'
20 |
21 | #if canImport(CoreFoundation) && (FullFoundation || canImport(Darwin))
22 | import CoreFoundation
| `- error: could not build C module 'CoreFoundation'
23 | #endif
24 |
[579/1490] Compiling crypto_scrypt-common.c
[581/1490] Compiling CBORCodable CBOREncoder.swift
[582/1490] Compiling CBORCodable CodingKey+CBOR.swift
[583/1490] Compiling CBORCodable DecodingContainers.swift
[584/1490] Compiling CBORCodable CBORTag.swift
[585/1490] Compiling CBORCodable Tagged.swift
[585/1490] Compiling crypto_pwhash.c
error: emit-module command failed with exit code 1 (use -v to see invocation)
[587/1490] Emitting module OpenAPIRuntime
/root/.swiftpm/swift-sdks/swift-6.2-RELEASE_wasm.artifactbundle/swift-6.2-RELEASE_wasm/wasm32-unknown-wasip1/swift.xctoolchain/usr/lib/swift_static/CoreFoundation/CoreFoundation.h:28:10: note: while building module 'wasi_emulated_signal' imported from /root/.swiftpm/swift-sdks/swift-6.2-RELEASE_wasm.artifactbundle/swift-6.2-RELEASE_wasm/wasm32-unknown-wasip1/swift.xctoolchain/usr/lib/swift_static/CoreFoundation/CoreFoundation.h:28:
26 | #include <setjmp.h>
27 | #endif
28 | #include <signal.h>
| `- note: while building module 'wasi_emulated_signal' imported from /root/.swiftpm/swift-sdks/swift-6.2-RELEASE_wasm.artifactbundle/swift-6.2-RELEASE_wasm/wasm32-unknown-wasip1/swift.xctoolchain/usr/lib/swift_static/CoreFoundation/CoreFoundation.h:28:
29 | #include <stddef.h>
30 | #include <stdio.h>
<module-includes>:1:10: note: in file included from <module-includes>:1:
1 | #include "signal.h"
| `- note: in file included from <module-includes>:1:
2 |
/root/.swiftpm/swift-sdks/swift-6.2-RELEASE_wasm.artifactbundle/swift-6.2-RELEASE_wasm/wasm32-unknown-wasip1/WASI.sdk/include/wasm32-wasip1/signal.h:2:2: error: "wasm lacks signal support; to enable minimal signal emulation, compile with -D_WASI_EMULATED_SIGNAL and link with -lwasi-emulated-signal"
1 | #ifndef _WASI_EMULATED_SIGNAL
2 | #error "wasm lacks signal support; to enable minimal signal emulation, \
| `- error: "wasm lacks signal support; to enable minimal signal emulation, compile with -D_WASI_EMULATED_SIGNAL and link with -lwasi-emulated-signal"
3 | compile with -D_WASI_EMULATED_SIGNAL and link with -lwasi-emulated-signal"
4 | #else
<module-includes>:1:10: note: in file included from <module-includes>:1:
1 | #include "CoreFoundation.h"
| `- note: in file included from <module-includes>:1:
2 |
/root/.swiftpm/swift-sdks/swift-6.2-RELEASE_wasm.artifactbundle/swift-6.2-RELEASE_wasm/wasm32-unknown-wasip1/swift.xctoolchain/usr/lib/swift_static/CoreFoundation/CoreFoundation.h:28:10: error: could not build module 'wasi_emulated_signal'
26 | #include <setjmp.h>
27 | #endif
28 | #include <signal.h>
| `- error: could not build module 'wasi_emulated_signal'
29 | #include <stddef.h>
30 | #include <stdio.h>
/root/.swiftpm/swift-sdks/swift-6.2-RELEASE_wasm.artifactbundle/swift-6.2-RELEASE_wasm/wasm32-unknown-wasip1/swift.xctoolchain/usr/lib/swift_static/CoreFoundation/ForSwiftFoundationOnly.h:86:10: note: while building module 'wasi_emulated_mman' imported from /root/.swiftpm/swift-sdks/swift-6.2-RELEASE_wasm.artifactbundle/swift-6.2-RELEASE_wasm/wasm32-unknown-wasip1/swift.xctoolchain/usr/lib/swift_static/CoreFoundation/ForSwiftFoundationOnly.h:86:
84 | #undef _WASI_EMULATED_MMAN
85 | #define _WASI_EMULATED_MMAN
86 | #include <sys/mman.h>
| `- note: while building module 'wasi_emulated_mman' imported from /root/.swiftpm/swift-sdks/swift-6.2-RELEASE_wasm.artifactbundle/swift-6.2-RELEASE_wasm/wasm32-unknown-wasip1/swift.xctoolchain/usr/lib/swift_static/CoreFoundation/ForSwiftFoundationOnly.h:86:
87 | #elif TARGET_OS_LINUX
88 | #include <errno.h>
<module-includes>:1:10: note: in file included from <module-includes>:1:
1 | #include "sys/mman.h"
| `- note: in file included from <module-includes>:1:
2 |
/root/.swiftpm/swift-sdks/swift-6.2-RELEASE_wasm.artifactbundle/swift-6.2-RELEASE_wasm/wasm32-unknown-wasip1/WASI.sdk/include/wasm32-wasip1/sys/mman.h:2:2: error: "WASI lacks a true mmap; to enable minimal mmap emulation, compile with -D_WASI_EMULATED_MMAN and link with -lwasi-emulated-mman"
1 | #ifndef _WASI_EMULATED_MMAN
2 | #error "WASI lacks a true mmap; to enable minimal mmap emulation, \
| `- error: "WASI lacks a true mmap; to enable minimal mmap emulation, compile with -D_WASI_EMULATED_MMAN and link with -lwasi-emulated-mman"
3 | compile with -D_WASI_EMULATED_MMAN and link with -lwasi-emulated-mman"
4 | #else
/host/spi-builder-workspace/.build/checkouts/swift-openapi-runtime/Sources/OpenAPIRuntime/Base/OpenAPIValue.swift:22:8: error: could not build C module 'CoreFoundation'
20 |
21 | #if canImport(CoreFoundation) && (FullFoundation || canImport(Darwin))
22 | import CoreFoundation
| `- error: could not build C module 'CoreFoundation'
23 | #endif
24 |
[587/1490] Compiling pwhash_argon2id.c
[589/1490] Compiling CryptoSwift Utils+Foundation.swift
[590/1490] Compiling CryptoSwift XChaCha20+Foundation.swift
[591/1490] Compiling CryptoSwift Generics.swift
[592/1490] Compiling CryptoSwift HKDF.swift
[593/1490] Compiling CryptoSwift HMAC.swift
[594/1490] Compiling CryptoSwift ISO10126Padding.swift
[595/1490] Compiling CryptoSwift ISO78164Padding.swift
[596/1490] Compiling CryptoSwift Int+Extension.swift
[597/1490] Compiling CryptoSwift MD5.swift
[598/1490] Compiling CryptoSwift NoPadding.swift
[599/1490] Compiling CryptoSwift Operators.swift
[600/1490] Compiling CryptoSwift DER.swift
[601/1490] Compiling CryptoSwift PBKDF1.swift
[602/1490] Compiling CryptoSwift PBKDF2.swift
[603/1490] Compiling CryptoSwift PKCS1v15.swift
[604/1490] Compiling CryptoSwift PKCS5.swift
[605/1490] Compiling CryptoSwift PKCS7.swift
[606/1490] Compiling CryptoSwift PKCS7Padding.swift
[607/1490] Compiling CryptoSwift Padding.swift
[608/1490] Compiling CryptoSwift Poly1305.swift
[609/1490] Compiling CryptoSwift RSA+Cipher.swift
[610/1490] Compiling CryptoSwift RSA+Signature.swift
[611/1490] Compiling CryptoSwift RSA.swift
[612/1490] Compiling CryptoSwift Rabbit.swift
[613/1490] Compiling CryptoSwift SHA1.swift
[614/1490] Compiling CryptoSwift SHA2.swift
[615/1490] Compiling CryptoSwift SHA3.swift
[616/1490] Compiling CryptoSwift Scrypt.swift
[616/1490] Compiling pwhash_argon2i.c
[618/1490] Emitting module DequeModule
[618/1490] Compiling blake2b-long.c
[620/1491] Compiling CBORCodable CBOR.swift
/root/.swiftpm/swift-sdks/swift-6.2-RELEASE_wasm.artifactbundle/swift-6.2-RELEASE_wasm/wasm32-unknown-wasip1/swift.xctoolchain/usr/lib/swift_static/CoreFoundation/CoreFoundation.h:28:10: note: while building module 'wasi_emulated_signal' imported from /root/.swiftpm/swift-sdks/swift-6.2-RELEASE_wasm.artifactbundle/swift-6.2-RELEASE_wasm/wasm32-unknown-wasip1/swift.xctoolchain/usr/lib/swift_static/CoreFoundation/CoreFoundation.h:28:
26 | #include <setjmp.h>
27 | #endif
28 | #include <signal.h>
| `- note: while building module 'wasi_emulated_signal' imported from /root/.swiftpm/swift-sdks/swift-6.2-RELEASE_wasm.artifactbundle/swift-6.2-RELEASE_wasm/wasm32-unknown-wasip1/swift.xctoolchain/usr/lib/swift_static/CoreFoundation/CoreFoundation.h:28:
29 | #include <stddef.h>
30 | #include <stdio.h>
<module-includes>:1:10: note: in file included from <module-includes>:1:
1 | #include "signal.h"
| `- note: in file included from <module-includes>:1:
2 |
/root/.swiftpm/swift-sdks/swift-6.2-RELEASE_wasm.artifactbundle/swift-6.2-RELEASE_wasm/wasm32-unknown-wasip1/WASI.sdk/include/wasm32-wasip1/signal.h:2:2: error: "wasm lacks signal support; to enable minimal signal emulation, compile with -D_WASI_EMULATED_SIGNAL and link with -lwasi-emulated-signal"
1 | #ifndef _WASI_EMULATED_SIGNAL
2 | #error "wasm lacks signal support; to enable minimal signal emulation, \
| `- error: "wasm lacks signal support; to enable minimal signal emulation, compile with -D_WASI_EMULATED_SIGNAL and link with -lwasi-emulated-signal"
3 | compile with -D_WASI_EMULATED_SIGNAL and link with -lwasi-emulated-signal"
4 | #else
<module-includes>:1:10: note: in file included from <module-includes>:1:
1 | #include "CoreFoundation.h"
| `- note: in file included from <module-includes>:1:
2 |
/root/.swiftpm/swift-sdks/swift-6.2-RELEASE_wasm.artifactbundle/swift-6.2-RELEASE_wasm/wasm32-unknown-wasip1/swift.xctoolchain/usr/lib/swift_static/CoreFoundation/CoreFoundation.h:28:10: error: could not build module 'wasi_emulated_signal'
26 | #include <setjmp.h>
27 | #endif
28 | #include <signal.h>
| `- error: could not build module 'wasi_emulated_signal'
29 | #include <stddef.h>
30 | #include <stdio.h>
/root/.swiftpm/swift-sdks/swift-6.2-RELEASE_wasm.artifactbundle/swift-6.2-RELEASE_wasm/wasm32-unknown-wasip1/swift.xctoolchain/usr/lib/swift_static/CoreFoundation/ForSwiftFoundationOnly.h:86:10: note: while building module 'wasi_emulated_mman' imported from /root/.swiftpm/swift-sdks/swift-6.2-RELEASE_wasm.artifactbundle/swift-6.2-RELEASE_wasm/wasm32-unknown-wasip1/swift.xctoolchain/usr/lib/swift_static/CoreFoundation/ForSwiftFoundationOnly.h:86:
84 | #undef _WASI_EMULATED_MMAN
85 | #define _WASI_EMULATED_MMAN
86 | #include <sys/mman.h>
| `- note: while building module 'wasi_emulated_mman' imported from /root/.swiftpm/swift-sdks/swift-6.2-RELEASE_wasm.artifactbundle/swift-6.2-RELEASE_wasm/wasm32-unknown-wasip1/swift.xctoolchain/usr/lib/swift_static/CoreFoundation/ForSwiftFoundationOnly.h:86:
87 | #elif TARGET_OS_LINUX
88 | #include <errno.h>
<module-includes>:1:10: note: in file included from <module-includes>:1:
1 | #include "sys/mman.h"
| `- note: in file included from <module-includes>:1:
2 |
/root/.swiftpm/swift-sdks/swift-6.2-RELEASE_wasm.artifactbundle/swift-6.2-RELEASE_wasm/wasm32-unknown-wasip1/WASI.sdk/include/wasm32-wasip1/sys/mman.h:2:2: error: "WASI lacks a true mmap; to enable minimal mmap emulation, compile with -D_WASI_EMULATED_MMAN and link with -lwasi-emulated-mman"
1 | #ifndef _WASI_EMULATED_MMAN
2 | #error "WASI lacks a true mmap; to enable minimal mmap emulation, \
| `- error: "WASI lacks a true mmap; to enable minimal mmap emulation, compile with -D_WASI_EMULATED_MMAN and link with -lwasi-emulated-mman"
3 | compile with -D_WASI_EMULATED_MMAN and link with -lwasi-emulated-mman"
4 | #else
/host/spi-builder-workspace/.build/checkouts/swift-openapi-runtime/Sources/OpenAPIRuntime/Base/OpenAPIValue.swift:22:8: error: could not build C module 'CoreFoundation'
20 |
21 | #if canImport(CoreFoundation) && (FullFoundation || canImport(Darwin))
22 | import CoreFoundation
| `- error: could not build C module 'CoreFoundation'
23 | #endif
24 |
[621/1491] Compiling CBORCodable CBORConvenience.swift
/root/.swiftpm/swift-sdks/swift-6.2-RELEASE_wasm.artifactbundle/swift-6.2-RELEASE_wasm/wasm32-unknown-wasip1/swift.xctoolchain/usr/lib/swift_static/CoreFoundation/CoreFoundation.h:28:10: note: while building module 'wasi_emulated_signal' imported from /root/.swiftpm/swift-sdks/swift-6.2-RELEASE_wasm.artifactbundle/swift-6.2-RELEASE_wasm/wasm32-unknown-wasip1/swift.xctoolchain/usr/lib/swift_static/CoreFoundation/CoreFoundation.h:28:
26 | #include <setjmp.h>
27 | #endif
28 | #include <signal.h>
| `- note: while building module 'wasi_emulated_signal' imported from /root/.swiftpm/swift-sdks/swift-6.2-RELEASE_wasm.artifactbundle/swift-6.2-RELEASE_wasm/wasm32-unknown-wasip1/swift.xctoolchain/usr/lib/swift_static/CoreFoundation/CoreFoundation.h:28:
29 | #include <stddef.h>
30 | #include <stdio.h>
<module-includes>:1:10: note: in file included from <module-includes>:1:
1 | #include "signal.h"
| `- note: in file included from <module-includes>:1:
2 |
/root/.swiftpm/swift-sdks/swift-6.2-RELEASE_wasm.artifactbundle/swift-6.2-RELEASE_wasm/wasm32-unknown-wasip1/WASI.sdk/include/wasm32-wasip1/signal.h:2:2: error: "wasm lacks signal support; to enable minimal signal emulation, compile with -D_WASI_EMULATED_SIGNAL and link with -lwasi-emulated-signal"
1 | #ifndef _WASI_EMULATED_SIGNAL
2 | #error "wasm lacks signal support; to enable minimal signal emulation, \
| `- error: "wasm lacks signal support; to enable minimal signal emulation, compile with -D_WASI_EMULATED_SIGNAL and link with -lwasi-emulated-signal"
3 | compile with -D_WASI_EMULATED_SIGNAL and link with -lwasi-emulated-signal"
4 | #else
<module-includes>:1:10: note: in file included from <module-includes>:1:
1 | #include "CoreFoundation.h"
| `- note: in file included from <module-includes>:1:
2 |
/root/.swiftpm/swift-sdks/swift-6.2-RELEASE_wasm.artifactbundle/swift-6.2-RELEASE_wasm/wasm32-unknown-wasip1/swift.xctoolchain/usr/lib/swift_static/CoreFoundation/CoreFoundation.h:28:10: error: could not build module 'wasi_emulated_signal'
26 | #include <setjmp.h>
27 | #endif
28 | #include <signal.h>
| `- error: could not build module 'wasi_emulated_signal'
29 | #include <stddef.h>
30 | #include <stdio.h>
/root/.swiftpm/swift-sdks/swift-6.2-RELEASE_wasm.artifactbundle/swift-6.2-RELEASE_wasm/wasm32-unknown-wasip1/swift.xctoolchain/usr/lib/swift_static/CoreFoundation/ForSwiftFoundationOnly.h:86:10: note: while building module 'wasi_emulated_mman' imported from /root/.swiftpm/swift-sdks/swift-6.2-RELEASE_wasm.artifactbundle/swift-6.2-RELEASE_wasm/wasm32-unknown-wasip1/swift.xctoolchain/usr/lib/swift_static/CoreFoundation/ForSwiftFoundationOnly.h:86:
84 | #undef _WASI_EMULATED_MMAN
85 | #define _WASI_EMULATED_MMAN
86 | #include <sys/mman.h>
| `- note: while building module 'wasi_emulated_mman' imported from /root/.swiftpm/swift-sdks/swift-6.2-RELEASE_wasm.artifactbundle/swift-6.2-RELEASE_wasm/wasm32-unknown-wasip1/swift.xctoolchain/usr/lib/swift_static/CoreFoundation/ForSwiftFoundationOnly.h:86:
87 | #elif TARGET_OS_LINUX
88 | #include <errno.h>
<module-includes>:1:10: note: in file included from <module-includes>:1:
1 | #include "sys/mman.h"
| `- note: in file included from <module-includes>:1:
2 |
/root/.swiftpm/swift-sdks/swift-6.2-RELEASE_wasm.artifactbundle/swift-6.2-RELEASE_wasm/wasm32-unknown-wasip1/WASI.sdk/include/wasm32-wasip1/sys/mman.h:2:2: error: "WASI lacks a true mmap; to enable minimal mmap emulation, compile with -D_WASI_EMULATED_MMAN and link with -lwasi-emulated-mman"
1 | #ifndef _WASI_EMULATED_MMAN
2 | #error "WASI lacks a true mmap; to enable minimal mmap emulation, \
| `- error: "WASI lacks a true mmap; to enable minimal mmap emulation, compile with -D_WASI_EMULATED_MMAN and link with -lwasi-emulated-mman"
3 | compile with -D_WASI_EMULATED_MMAN and link with -lwasi-emulated-mman"
4 | #else
/host/spi-builder-workspace/.build/checkouts/swift-openapi-runtime/Sources/OpenAPIRuntime/Base/OpenAPIValue.swift:22:8: error: could not build C module 'CoreFoundation'
20 |
21 | #if canImport(CoreFoundation) && (FullFoundation || canImport(Darwin))
22 | import CoreFoundation
| `- error: could not build C module 'CoreFoundation'
23 | #endif
24 |
[622/1491] Compiling CBORCodable CBORDiagnostic.swift
/root/.swiftpm/swift-sdks/swift-6.2-RELEASE_wasm.artifactbundle/swift-6.2-RELEASE_wasm/wasm32-unknown-wasip1/swift.xctoolchain/usr/lib/swift_static/CoreFoundation/CoreFoundation.h:28:10: note: while building module 'wasi_emulated_signal' imported from /root/.swiftpm/swift-sdks/swift-6.2-RELEASE_wasm.artifactbundle/swift-6.2-RELEASE_wasm/wasm32-unknown-wasip1/swift.xctoolchain/usr/lib/swift_static/CoreFoundation/CoreFoundation.h:28:
26 | #include <setjmp.h>
27 | #endif
28 | #include <signal.h>
| `- note: while building module 'wasi_emulated_signal' imported from /root/.swiftpm/swift-sdks/swift-6.2-RELEASE_wasm.artifactbundle/swift-6.2-RELEASE_wasm/wasm32-unknown-wasip1/swift.xctoolchain/usr/lib/swift_static/CoreFoundation/CoreFoundation.h:28:
29 | #include <stddef.h>
30 | #include <stdio.h>
<module-includes>:1:10: note: in file included from <module-includes>:1:
1 | #include "signal.h"
| `- note: in file included from <module-includes>:1:
2 |
/root/.swiftpm/swift-sdks/swift-6.2-RELEASE_wasm.artifactbundle/swift-6.2-RELEASE_wasm/wasm32-unknown-wasip1/WASI.sdk/include/wasm32-wasip1/signal.h:2:2: error: "wasm lacks signal support; to enable minimal signal emulation, compile with -D_WASI_EMULATED_SIGNAL and link with -lwasi-emulated-signal"
1 | #ifndef _WASI_EMULATED_SIGNAL
2 | #error "wasm lacks signal support; to enable minimal signal emulation, \
| `- error: "wasm lacks signal support; to enable minimal signal emulation, compile with -D_WASI_EMULATED_SIGNAL and link with -lwasi-emulated-signal"
3 | compile with -D_WASI_EMULATED_SIGNAL and link with -lwasi-emulated-signal"
4 | #else
<module-includes>:1:10: note: in file included from <module-includes>:1:
1 | #include "CoreFoundation.h"
| `- note: in file included from <module-includes>:1:
2 |
/root/.swiftpm/swift-sdks/swift-6.2-RELEASE_wasm.artifactbundle/swift-6.2-RELEASE_wasm/wasm32-unknown-wasip1/swift.xctoolchain/usr/lib/swift_static/CoreFoundation/CoreFoundation.h:28:10: error: could not build module 'wasi_emulated_signal'
26 | #include <setjmp.h>
27 | #endif
28 | #include <signal.h>
| `- error: could not build module 'wasi_emulated_signal'
29 | #include <stddef.h>
30 | #include <stdio.h>
/root/.swiftpm/swift-sdks/swift-6.2-RELEASE_wasm.artifactbundle/swift-6.2-RELEASE_wasm/wasm32-unknown-wasip1/swift.xctoolchain/usr/lib/swift_static/CoreFoundation/ForSwiftFoundationOnly.h:86:10: note: while building module 'wasi_emulated_mman' imported from /root/.swiftpm/swift-sdks/swift-6.2-RELEASE_wasm.artifactbundle/swift-6.2-RELEASE_wasm/wasm32-unknown-wasip1/swift.xctoolchain/usr/lib/swift_static/CoreFoundation/ForSwiftFoundationOnly.h:86:
84 | #undef _WASI_EMULATED_MMAN
85 | #define _WASI_EMULATED_MMAN
86 | #include <sys/mman.h>
| `- note: while building module 'wasi_emulated_mman' imported from /root/.swiftpm/swift-sdks/swift-6.2-RELEASE_wasm.artifactbundle/swift-6.2-RELEASE_wasm/wasm32-unknown-wasip1/swift.xctoolchain/usr/lib/swift_static/CoreFoundation/ForSwiftFoundationOnly.h:86:
87 | #elif TARGET_OS_LINUX
88 | #include <errno.h>
<module-includes>:1:10: note: in file included from <module-includes>:1:
1 | #include "sys/mman.h"
| `- note: in file included from <module-includes>:1:
2 |
/root/.swiftpm/swift-sdks/swift-6.2-RELEASE_wasm.artifactbundle/swift-6.2-RELEASE_wasm/wasm32-unknown-wasip1/WASI.sdk/include/wasm32-wasip1/sys/mman.h:2:2: error: "WASI lacks a true mmap; to enable minimal mmap emulation, compile with -D_WASI_EMULATED_MMAN and link with -lwasi-emulated-mman"
1 | #ifndef _WASI_EMULATED_MMAN
2 | #error "WASI lacks a true mmap; to enable minimal mmap emulation, \
| `- error: "WASI lacks a true mmap; to enable minimal mmap emulation, compile with -D_WASI_EMULATED_MMAN and link with -lwasi-emulated-mman"
3 | compile with -D_WASI_EMULATED_MMAN and link with -lwasi-emulated-mman"
4 | #else
/host/spi-builder-workspace/.build/checkouts/swift-openapi-runtime/Sources/OpenAPIRuntime/Base/OpenAPIValue.swift:22:8: error: could not build C module 'CoreFoundation'
20 |
21 | #if canImport(CoreFoundation) && (FullFoundation || canImport(Darwin))
22 | import CoreFoundation
| `- error: could not build C module 'CoreFoundation'
23 | #endif
24 |
/root/.swiftpm/swift-sdks/swift-6.2-RELEASE_wasm.artifactbundle/swift-6.2-RELEASE_wasm/wasm32-unknown-wasip1/swift.xctoolchain/usr/lib/swift_static/CoreFoundation/CoreFoundation.h:28:10: note: while building module 'wasi_emulated_signal' imported from /root/.swiftpm/swift-sdks/swift-6.2-RELEASE_wasm.artifactbundle/swift-6.2-RELEASE_wasm/wasm32-unknown-wasip1/swift.xctoolchain/usr/lib/swift_static/CoreFoundation/CoreFoundation.h:28:
26 | #include <setjmp.h>
27 | #endif
28 | #include <signal.h>
| `- note: while building module 'wasi_emulated_signal' imported from /root/.swiftpm/swift-sdks/swift-6.2-RELEASE_wasm.artifactbundle/swift-6.2-RELEASE_wasm/wasm32-unknown-wasip1/swift.xctoolchain/usr/lib/swift_static/CoreFoundation/CoreFoundation.h:28:
29 | #include <stddef.h>
30 | #include <stdio.h>
<module-includes>:1:10: note: in file included from <module-includes>:1:
1 | #include "signal.h"
| `- note: in file included from <module-includes>:1:
2 |
/root/.swiftpm/swift-sdks/swift-6.2-RELEASE_wasm.artifactbundle/swift-6.2-RELEASE_wasm/wasm32-unknown-wasip1/WASI.sdk/include/wasm32-wasip1/signal.h:2:2: error: "wasm lacks signal support; to enable minimal signal emulation, compile with -D_WASI_EMULATED_SIGNAL and link with -lwasi-emulated-signal"
1 | #ifndef _WASI_EMULATED_SIGNAL
2 | #error "wasm lacks signal support; to enable minimal signal emulation, \
| `- error: "wasm lacks signal support; to enable minimal signal emulation, compile with -D_WASI_EMULATED_SIGNAL and link with -lwasi-emulated-signal"
3 | compile with -D_WASI_EMULATED_SIGNAL and link with -lwasi-emulated-signal"
4 | #else
<module-includes>:1:10: note: in file included from <module-includes>:1:
1 | #include "CoreFoundation.h"
| `- note: in file included from <module-includes>:1:
2 |
/root/.swiftpm/swift-sdks/swift-6.2-RELEASE_wasm.artifactbundle/swift-6.2-RELEASE_wasm/wasm32-unknown-wasip1/swift.xctoolchain/usr/lib/swift_static/CoreFoundation/CoreFoundation.h:28:10: error: could not build module 'wasi_emulated_signal'
26 | #include <setjmp.h>
27 | #endif
28 | #include <signal.h>
| `- error: could not build module 'wasi_emulated_signal'
29 | #include <stddef.h>
30 | #include <stdio.h>
/root/.swiftpm/swift-sdks/swift-6.2-RELEASE_wasm.artifactbundle/swift-6.2-RELEASE_wasm/wasm32-unknown-wasip1/swift.xctoolchain/usr/lib/swift_static/CoreFoundation/ForSwiftFoundationOnly.h:86:10: note: while building module 'wasi_emulated_mman' imported from /root/.swiftpm/swift-sdks/swift-6.2-RELEASE_wasm.artifactbundle/swift-6.2-RELEASE_wasm/wasm32-unknown-wasip1/swift.xctoolchain/usr/lib/swift_static/CoreFoundation/ForSwiftFoundationOnly.h:86:
84 | #undef _WASI_EMULATED_MMAN
85 | #define _WASI_EMULATED_MMAN
86 | #include <sys/mman.h>
| `- note: while building module 'wasi_emulated_mman' imported from /root/.swiftpm/swift-sdks/swift-6.2-RELEASE_wasm.artifactbundle/swift-6.2-RELEASE_wasm/wasm32-unknown-wasip1/swift.xctoolchain/usr/lib/swift_static/CoreFoundation/ForSwiftFoundationOnly.h:86:
87 | #elif TARGET_OS_LINUX
88 | #include <errno.h>
<module-includes>:1:10: note: in file included from <module-includes>:1:
1 | #include "sys/mman.h"
| `- note: in file included from <module-includes>:1:
2 |
/root/.swiftpm/swift-sdks/swift-6.2-RELEASE_wasm.artifactbundle/swift-6.2-RELEASE_wasm/wasm32-unknown-wasip1/WASI.sdk/include/wasm32-wasip1/sys/mman.h:2:2: error: "WASI lacks a true mmap; to enable minimal mmap emulation, compile with -D_WASI_EMULATED_MMAN and link with -lwasi-emulated-mman"
1 | #ifndef _WASI_EMULATED_MMAN
2 | #error "WASI lacks a true mmap; to enable minimal mmap emulation, \
| `- error: "WASI lacks a true mmap; to enable minimal mmap emulation, compile with -D_WASI_EMULATED_MMAN and link with -lwasi-emulated-mman"
3 | compile with -D_WASI_EMULATED_MMAN and link with -lwasi-emulated-mman"
4 | #else
/host/spi-builder-workspace/.build/checkouts/swift-openapi-runtime/Sources/OpenAPIRuntime/Base/OpenAPIValue.swift:22:8: error: could not build C module 'CoreFoundation'
20 |
21 | #if canImport(CoreFoundation) && (FullFoundation || canImport(Darwin))
22 | import CoreFoundation
| `- error: could not build C module 'CoreFoundation'
23 | #endif
24 |
/root/.swiftpm/swift-sdks/swift-6.2-RELEASE_wasm.artifactbundle/swift-6.2-RELEASE_wasm/wasm32-unknown-wasip1/swift.xctoolchain/usr/lib/swift_static/CoreFoundation/CoreFoundation.h:28:10: note: while building module 'wasi_emulated_signal' imported from /root/.swiftpm/swift-sdks/swift-6.2-RELEASE_wasm.artifactbundle/swift-6.2-RELEASE_wasm/wasm32-unknown-wasip1/swift.xctoolchain/usr/lib/swift_static/CoreFoundation/CoreFoundation.h:28:
26 | #include <setjmp.h>
27 | #endif
28 | #include <signal.h>
| `- note: while building module 'wasi_emulated_signal' imported from /root/.swiftpm/swift-sdks/swift-6.2-RELEASE_wasm.artifactbundle/swift-6.2-RELEASE_wasm/wasm32-unknown-wasip1/swift.xctoolchain/usr/lib/swift_static/CoreFoundation/CoreFoundation.h:28:
29 | #include <stddef.h>
30 | #include <stdio.h>
<module-includes>:1:10: note: in file included from <module-includes>:1:
1 | #include "signal.h"
| `- note: in file included from <module-includes>:1:
2 |
/root/.swiftpm/swift-sdks/swift-6.2-RELEASE_wasm.artifactbundle/swift-6.2-RELEASE_wasm/wasm32-unknown-wasip1/WASI.sdk/include/wasm32-wasip1/signal.h:2:2: error: "wasm lacks signal support; to enable minimal signal emulation, compile with -D_WASI_EMULATED_SIGNAL and link with -lwasi-emulated-signal"
1 | #ifndef _WASI_EMULATED_SIGNAL
2 | #error "wasm lacks signal support; to enable minimal signal emulation, \
| `- error: "wasm lacks signal support; to enable minimal signal emulation, compile with -D_WASI_EMULATED_SIGNAL and link with -lwasi-emulated-signal"
3 | compile with -D_WASI_EMULATED_SIGNAL and link with -lwasi-emulated-signal"
4 | #else
<module-includes>:1:10: note: in file included from <module-includes>:1:
1 | #include "CoreFoundation.h"
| `- note: in file included from <module-includes>:1:
2 |
/root/.swiftpm/swift-sdks/swift-6.2-RELEASE_wasm.artifactbundle/swift-6.2-RELEASE_wasm/wasm32-unknown-wasip1/swift.xctoolchain/usr/lib/swift_static/CoreFoundation/CoreFoundation.h:28:10: error: could not build module 'wasi_emulated_signal'
26 | #include <setjmp.h>
27 | #endif
28 | #include <signal.h>
| `- error: could not build module 'wasi_emulated_signal'
29 | #include <stddef.h>
30 | #include <stdio.h>
/root/.swiftpm/swift-sdks/swift-6.2-RELEASE_wasm.artifactbundle/swift-6.2-RELEASE_wasm/wasm32-unknown-wasip1/swift.xctoolchain/usr/lib/swift_static/CoreFoundation/ForSwiftFoundationOnly.h:86:10: note: while building module 'wasi_emulated_mman' imported from /root/.swiftpm/swift-sdks/swift-6.2-RELEASE_wasm.artifactbundle/swift-6.2-RELEASE_wasm/wasm32-unknown-wasip1/swift.xctoolchain/usr/lib/swift_static/CoreFoundation/ForSwiftFoundationOnly.h:86:
84 | #undef _WASI_EMULATED_MMAN
85 | #define _WASI_EMULATED_MMAN
86 | #include <sys/mman.h>
| `- note: while building module 'wasi_emulated_mman' imported from /root/.swiftpm/swift-sdks/swift-6.2-RELEASE_wasm.artifactbundle/swift-6.2-RELEASE_wasm/wasm32-unknown-wasip1/swift.xctoolchain/usr/lib/swift_static/CoreFoundation/ForSwiftFoundationOnly.h:86:
87 | #elif TARGET_OS_LINUX
88 | #include <errno.h>
<module-includes>:1:10: note: in file included from <module-includes>:1:
1 | #include "sys/mman.h"
| `- note: in file included from <module-includes>:1:
2 |
/root/.swiftpm/swift-sdks/swift-6.2-RELEASE_wasm.artifactbundle/swift-6.2-RELEASE_wasm/wasm32-unknown-wasip1/WASI.sdk/include/wasm32-wasip1/sys/mman.h:2:2: error: "WASI lacks a true mmap; to enable minimal mmap emulation, compile with -D_WASI_EMULATED_MMAN and link with -lwasi-emulated-mman"
1 | #ifndef _WASI_EMULATED_MMAN
2 | #error "WASI lacks a true mmap; to enable minimal mmap emulation, \
| `- error: "WASI lacks a true mmap; to enable minimal mmap emulation, compile with -D_WASI_EMULATED_MMAN and link with -lwasi-emulated-mman"
3 | compile with -D_WASI_EMULATED_MMAN and link with -lwasi-emulated-mman"
4 | #else
/host/spi-builder-workspace/.build/checkouts/swift-openapi-runtime/Sources/OpenAPIRuntime/Base/OpenAPIValue.swift:22:8: error: could not build C module 'CoreFoundation'
20 |
21 | #if canImport(CoreFoundation) && (FullFoundation || canImport(Darwin))
22 | import CoreFoundation
| `- error: could not build C module 'CoreFoundation'
23 | #endif
24 |
/root/.swiftpm/swift-sdks/swift-6.2-RELEASE_wasm.artifactbundle/swift-6.2-RELEASE_wasm/wasm32-unknown-wasip1/swift.xctoolchain/usr/lib/swift_static/CoreFoundation/CoreFoundation.h:28:10: note: while building module 'wasi_emulated_signal' imported from /root/.swiftpm/swift-sdks/swift-6.2-RELEASE_wasm.artifactbundle/swift-6.2-RELEASE_wasm/wasm32-unknown-wasip1/swift.xctoolchain/usr/lib/swift_static/CoreFoundation/CoreFoundation.h:28:
26 | #include <setjmp.h>
27 | #endif
28 | #include <signal.h>
| `- note: while building module 'wasi_emulated_signal' imported from /root/.swiftpm/swift-sdks/swift-6.2-RELEASE_wasm.artifactbundle/swift-6.2-RELEASE_wasm/wasm32-unknown-wasip1/swift.xctoolchain/usr/lib/swift_static/CoreFoundation/CoreFoundation.h:28:
29 | #include <stddef.h>
30 | #include <stdio.h>
<module-includes>:1:10: note: in file included from <module-includes>:1:
1 | #include "signal.h"
| `- note: in file included from <module-includes>:1:
2 |
/root/.swiftpm/swift-sdks/swift-6.2-RELEASE_wasm.artifactbundle/swift-6.2-RELEASE_wasm/wasm32-unknown-wasip1/WASI.sdk/include/wasm32-wasip1/signal.h:2:2: error: "wasm lacks signal support; to enable minimal signal emulation, compile with -D_WASI_EMULATED_SIGNAL and link with -lwasi-emulated-signal"
1 | #ifndef _WASI_EMULATED_SIGNAL
2 | #error "wasm lacks signal support; to enable minimal signal emulation, \
| `- error: "wasm lacks signal support; to enable minimal signal emulation, compile with -D_WASI_EMULATED_SIGNAL and link with -lwasi-emulated-signal"
3 | compile with -D_WASI_EMULATED_SIGNAL and link with -lwasi-emulated-signal"
4 | #else
<module-includes>:1:10: note: in file included from <module-includes>:1:
1 | #include "CoreFoundation.h"
| `- note: in file included from <module-includes>:1:
2 |
/root/.swiftpm/swift-sdks/swift-6.2-RELEASE_wasm.artifactbundle/swift-6.2-RELEASE_wasm/wasm32-unknown-wasip1/swift.xctoolchain/usr/lib/swift_static/CoreFoundation/CoreFoundation.h:28:10: error: could not build module 'wasi_emulated_signal'
26 | #include <setjmp.h>
27 | #endif
28 | #include <signal.h>
| `- error: could not build module 'wasi_emulated_signal'
29 | #include <stddef.h>
30 | #include <stdio.h>
/root/.swiftpm/swift-sdks/swift-6.2-RELEASE_wasm.artifactbundle/swift-6.2-RELEASE_wasm/wasm32-unknown-wasip1/swift.xctoolchain/usr/lib/swift_static/CoreFoundation/ForSwiftFoundationOnly.h:86:10: note: while building module 'wasi_emulated_mman' imported from /root/.swiftpm/swift-sdks/swift-6.2-RELEASE_wasm.artifactbundle/swift-6.2-RELEASE_wasm/wasm32-unknown-wasip1/swift.xctoolchain/usr/lib/swift_static/CoreFoundation/ForSwiftFoundationOnly.h:86:
84 | #undef _WASI_EMULATED_MMAN
85 | #define _WASI_EMULATED_MMAN
86 | #include <sys/mman.h>
| `- note: while building module 'wasi_emulated_mman' imported from /root/.swiftpm/swift-sdks/swift-6.2-RELEASE_wasm.artifactbundle/swift-6.2-RELEASE_wasm/wasm32-unknown-wasip1/swift.xctoolchain/usr/lib/swift_static/CoreFoundation/ForSwiftFoundationOnly.h:86:
87 | #elif TARGET_OS_LINUX
88 | #include <errno.h>
<module-includes>:1:10: note: in file included from <module-includes>:1:
1 | #include "sys/mman.h"
| `- note: in file included from <module-includes>:1:
2 |
/root/.swiftpm/swift-sdks/swift-6.2-RELEASE_wasm.artifactbundle/swift-6.2-RELEASE_wasm/wasm32-unknown-wasip1/WASI.sdk/include/wasm32-wasip1/sys/mman.h:2:2: error: "WASI lacks a true mmap; to enable minimal mmap emulation, compile with -D_WASI_EMULATED_MMAN and link with -lwasi-emulated-mman"
1 | #ifndef _WASI_EMULATED_MMAN
2 | #error "WASI lacks a true mmap; to enable minimal mmap emulation, \
| `- error: "WASI lacks a true mmap; to enable minimal mmap emulation, compile with -D_WASI_EMULATED_MMAN and link with -lwasi-emulated-mman"
3 | compile with -D_WASI_EMULATED_MMAN and link with -lwasi-emulated-mman"
4 | #else
/host/spi-builder-workspace/.build/checkouts/swift-openapi-runtime/Sources/OpenAPIRuntime/Base/OpenAPIValue.swift:22:8: error: could not build C module 'CoreFoundation'
20 |
21 | #if canImport(CoreFoundation) && (FullFoundation || canImport(Darwin))
22 | import CoreFoundation
| `- error: could not build C module 'CoreFoundation'
23 | #endif
24 |
[626/1491] Compiling CBORCodable AnyValue.swift
/root/.swiftpm/swift-sdks/swift-6.2-RELEASE_wasm.artifactbundle/swift-6.2-RELEASE_wasm/wasm32-unknown-wasip1/swift.xctoolchain/usr/lib/swift_static/CoreFoundation/CoreFoundation.h:28:10: note: while building module 'wasi_emulated_signal' imported from /root/.swiftpm/swift-sdks/swift-6.2-RELEASE_wasm.artifactbundle/swift-6.2-RELEASE_wasm/wasm32-unknown-wasip1/swift.xctoolchain/usr/lib/swift_static/CoreFoundation/CoreFoundation.h:28:
26 | #include <setjmp.h>
27 | #endif
28 | #include <signal.h>
| `- note: while building module 'wasi_emulated_signal' imported from /root/.swiftpm/swift-sdks/swift-6.2-RELEASE_wasm.artifactbundle/swift-6.2-RELEASE_wasm/wasm32-unknown-wasip1/swift.xctoolchain/usr/lib/swift_static/CoreFoundation/CoreFoundation.h:28:
29 | #include <stddef.h>
30 | #include <stdio.h>
<module-includes>:1:10: note: in file included from <module-includes>:1:
1 | #include "signal.h"
| `- note: in file included from <module-includes>:1:
2 |
/root/.swiftpm/swift-sdks/swift-6.2-RELEASE_wasm.artifactbundle/swift-6.2-RELEASE_wasm/wasm32-unknown-wasip1/WASI.sdk/include/wasm32-wasip1/signal.h:2:2: error: "wasm lacks signal support; to enable minimal signal emulation, compile with -D_WASI_EMULATED_SIGNAL and link with -lwasi-emulated-signal"
1 | #ifndef _WASI_EMULATED_SIGNAL
2 | #error "wasm lacks signal support; to enable minimal signal emulation, \
| `- error: "wasm lacks signal support; to enable minimal signal emulation, compile with -D_WASI_EMULATED_SIGNAL and link with -lwasi-emulated-signal"
3 | compile with -D_WASI_EMULATED_SIGNAL and link with -lwasi-emulated-signal"
4 | #else
<module-includes>:1:10: note: in file included from <module-includes>:1:
1 | #include "CoreFoundation.h"
| `- note: in file included from <module-includes>:1:
2 |
/root/.swiftpm/swift-sdks/swift-6.2-RELEASE_wasm.artifactbundle/swift-6.2-RELEASE_wasm/wasm32-unknown-wasip1/swift.xctoolchain/usr/lib/swift_static/CoreFoundation/CoreFoundation.h:28:10: error: could not build module 'wasi_emulated_signal'
26 | #include <setjmp.h>
27 | #endif
28 | #include <signal.h>
| `- error: could not build module 'wasi_emulated_signal'
29 | #include <stddef.h>
30 | #include <stdio.h>
/root/.swiftpm/swift-sdks/swift-6.2-RELEASE_wasm.artifactbundle/swift-6.2-RELEASE_wasm/wasm32-unknown-wasip1/swift.xctoolchain/usr/lib/swift_static/CoreFoundation/ForSwiftFoundationOnly.h:86:10: note: while building module 'wasi_emulated_mman' imported from /root/.swiftpm/swift-sdks/swift-6.2-RELEASE_wasm.artifactbundle/swift-6.2-RELEASE_wasm/wasm32-unknown-wasip1/swift.xctoolchain/usr/lib/swift_static/CoreFoundation/ForSwiftFoundationOnly.h:86:
84 | #undef _WASI_EMULATED_MMAN
85 | #define _WASI_EMULATED_MMAN
86 | #include <sys/mman.h>
| `- note: while building module 'wasi_emulated_mman' imported from /root/.swiftpm/swift-sdks/swift-6.2-RELEASE_wasm.artifactbundle/swift-6.2-RELEASE_wasm/wasm32-unknown-wasip1/swift.xctoolchain/usr/lib/swift_static/CoreFoundation/ForSwiftFoundationOnly.h:86:
87 | #elif TARGET_OS_LINUX
88 | #include <errno.h>
<module-includes>:1:10: note: in file included from <module-includes>:1:
1 | #include "sys/mman.h"
| `- note: in file included from <module-includes>:1:
2 |
/root/.swiftpm/swift-sdks/swift-6.2-RELEASE_wasm.artifactbundle/swift-6.2-RELEASE_wasm/wasm32-unknown-wasip1/WASI.sdk/include/wasm32-wasip1/sys/mman.h:2:2: error: "WASI lacks a true mmap; to enable minimal mmap emulation, compile with -D_WASI_EMULATED_MMAN and link with -lwasi-emulated-mman"
1 | #ifndef _WASI_EMULATED_MMAN
2 | #error "WASI lacks a true mmap; to enable minimal mmap emulation, \
| `- error: "WASI lacks a true mmap; to enable minimal mmap emulation, compile with -D_WASI_EMULATED_MMAN and link with -lwasi-emulated-mman"
3 | compile with -D_WASI_EMULATED_MMAN and link with -lwasi-emulated-mman"
4 | #else
/host/spi-builder-workspace/.build/checkouts/swift-openapi-runtime/Sources/OpenAPIRuntime/Base/OpenAPIValue.swift:22:8: error: could not build C module 'CoreFoundation'
20 |
21 | #if canImport(CoreFoundation) && (FullFoundation || canImport(Darwin))
22 | import CoreFoundation
| `- error: could not build C module 'CoreFoundation'
23 | #endif
24 |
[627/1491] Compiling CBORCodable AnyValueDecoder.swift
/root/.swiftpm/swift-sdks/swift-6.2-RELEASE_wasm.artifactbundle/swift-6.2-RELEASE_wasm/wasm32-unknown-wasip1/swift.xctoolchain/usr/lib/swift_static/CoreFoundation/CoreFoundation.h:28:10: note: while building module 'wasi_emulated_signal' imported from /root/.swiftpm/swift-sdks/swift-6.2-RELEASE_wasm.artifactbundle/swift-6.2-RELEASE_wasm/wasm32-unknown-wasip1/swift.xctoolchain/usr/lib/swift_static/CoreFoundation/CoreFoundation.h:28:
26 | #include <setjmp.h>
27 | #endif
28 | #include <signal.h>
| `- note: while building module 'wasi_emulated_signal' imported from /root/.swiftpm/swift-sdks/swift-6.2-RELEASE_wasm.artifactbundle/swift-6.2-RELEASE_wasm/wasm32-unknown-wasip1/swift.xctoolchain/usr/lib/swift_static/CoreFoundation/CoreFoundation.h:28:
29 | #include <stddef.h>
30 | #include <stdio.h>
<module-includes>:1:10: note: in file included from <module-includes>:1:
1 | #include "signal.h"
| `- note: in file included from <module-includes>:1:
2 |
/root/.swiftpm/swift-sdks/swift-6.2-RELEASE_wasm.artifactbundle/swift-6.2-RELEASE_wasm/wasm32-unknown-wasip1/WASI.sdk/include/wasm32-wasip1/signal.h:2:2: error: "wasm lacks signal support; to enable minimal signal emulation, compile with -D_WASI_EMULATED_SIGNAL and link with -lwasi-emulated-signal"
1 | #ifndef _WASI_EMULATED_SIGNAL
2 | #error "wasm lacks signal support; to enable minimal signal emulation, \
| `- error: "wasm lacks signal support; to enable minimal signal emulation, compile with -D_WASI_EMULATED_SIGNAL and link with -lwasi-emulated-signal"
3 | compile with -D_WASI_EMULATED_SIGNAL and link with -lwasi-emulated-signal"
4 | #else
<module-includes>:1:10: note: in file included from <module-includes>:1:
1 | #include "CoreFoundation.h"
| `- note: in file included from <module-includes>:1:
2 |
/root/.swiftpm/swift-sdks/swift-6.2-RELEASE_wasm.artifactbundle/swift-6.2-RELEASE_wasm/wasm32-unknown-wasip1/swift.xctoolchain/usr/lib/swift_static/CoreFoundation/CoreFoundation.h:28:10: error: could not build module 'wasi_emulated_signal'
26 | #include <setjmp.h>
27 | #endif
28 | #include <signal.h>
| `- error: could not build module 'wasi_emulated_signal'
29 | #include <stddef.h>
30 | #include <stdio.h>
/root/.swiftpm/swift-sdks/swift-6.2-RELEASE_wasm.artifactbundle/swift-6.2-RELEASE_wasm/wasm32-unknown-wasip1/swift.xctoolchain/usr/lib/swift_static/CoreFoundation/ForSwiftFoundationOnly.h:86:10: note: while building module 'wasi_emulated_mman' imported from /root/.swiftpm/swift-sdks/swift-6.2-RELEASE_wasm.artifactbundle/swift-6.2-RELEASE_wasm/wasm32-unknown-wasip1/swift.xctoolchain/usr/lib/swift_static/CoreFoundation/ForSwiftFoundationOnly.h:86:
84 | #undef _WASI_EMULATED_MMAN
85 | #define _WASI_EMULATED_MMAN
86 | #include <sys/mman.h>
| `- note: while building module 'wasi_emulated_mman' imported from /root/.swiftpm/swift-sdks/swift-6.2-RELEASE_wasm.artifactbundle/swift-6.2-RELEASE_wasm/wasm32-unknown-wasip1/swift.xctoolchain/usr/lib/swift_static/CoreFoundation/ForSwiftFoundationOnly.h:86:
87 | #elif TARGET_OS_LINUX
88 | #include <errno.h>
<module-includes>:1:10: note: in file included from <module-includes>:1:
1 | #include "sys/mman.h"
| `- note: in file included from <module-includes>:1:
2 |
/root/.swiftpm/swift-sdks/swift-6.2-RELEASE_wasm.artifactbundle/swift-6.2-RELEASE_wasm/wasm32-unknown-wasip1/WASI.sdk/include/wasm32-wasip1/sys/mman.h:2:2: error: "WASI lacks a true mmap; to enable minimal mmap emulation, compile with -D_WASI_EMULATED_MMAN and link with -lwasi-emulated-mman"
1 | #ifndef _WASI_EMULATED_MMAN
2 | #error "WASI lacks a true mmap; to enable minimal mmap emulation, \
| `- error: "WASI lacks a true mmap; to enable minimal mmap emulation, compile with -D_WASI_EMULATED_MMAN and link with -lwasi-emulated-mman"
3 | compile with -D_WASI_EMULATED_MMAN and link with -lwasi-emulated-mman"
4 | #else
/host/spi-builder-workspace/.build/checkouts/swift-openapi-runtime/Sources/OpenAPIRuntime/Base/OpenAPIValue.swift:22:8: error: could not build C module 'CoreFoundation'
20 |
21 | #if canImport(CoreFoundation) && (FullFoundation || canImport(Darwin))
22 | import CoreFoundation
| `- error: could not build C module 'CoreFoundation'
23 | #endif
24 |
[628/1491] Compiling CBORCodable AnyValueEncoder.swift
/root/.swiftpm/swift-sdks/swift-6.2-RELEASE_wasm.artifactbundle/swift-6.2-RELEASE_wasm/wasm32-unknown-wasip1/swift.xctoolchain/usr/lib/swift_static/CoreFoundation/CoreFoundation.h:28:10: note: while building module 'wasi_emulated_signal' imported from /root/.swiftpm/swift-sdks/swift-6.2-RELEASE_wasm.artifactbundle/swift-6.2-RELEASE_wasm/wasm32-unknown-wasip1/swift.xctoolchain/usr/lib/swift_static/CoreFoundation/CoreFoundation.h:28:
26 | #include <setjmp.h>
27 | #endif
28 | #include <signal.h>
| `- note: while building module 'wasi_emulated_signal' imported from /root/.swiftpm/swift-sdks/swift-6.2-RELEASE_wasm.artifactbundle/swift-6.2-RELEASE_wasm/wasm32-unknown-wasip1/swift.xctoolchain/usr/lib/swift_static/CoreFoundation/CoreFoundation.h:28:
29 | #include <stddef.h>
30 | #include <stdio.h>
<module-includes>:1:10: note: in file included from <module-includes>:1:
1 | #include "signal.h"
| `- note: in file included from <module-includes>:1:
2 |
/root/.swiftpm/swift-sdks/swift-6.2-RELEASE_wasm.artifactbundle/swift-6.2-RELEASE_wasm/wasm32-unknown-wasip1/WASI.sdk/include/wasm32-wasip1/signal.h:2:2: error: "wasm lacks signal support; to enable minimal signal emulation, compile with -D_WASI_EMULATED_SIGNAL and link with -lwasi-emulated-signal"
1 | #ifndef _WASI_EMULATED_SIGNAL
2 | #error "wasm lacks signal support; to enable minimal signal emulation, \
| `- error: "wasm lacks signal support; to enable minimal signal emulation, compile with -D_WASI_EMULATED_SIGNAL and link with -lwasi-emulated-signal"
3 | compile with -D_WASI_EMULATED_SIGNAL and link with -lwasi-emulated-signal"
4 | #else
<module-includes>:1:10: note: in file included from <module-includes>:1:
1 | #include "CoreFoundation.h"
| `- note: in file included from <module-includes>:1:
2 |
/root/.swiftpm/swift-sdks/swift-6.2-RELEASE_wasm.artifactbundle/swift-6.2-RELEASE_wasm/wasm32-unknown-wasip1/swift.xctoolchain/usr/lib/swift_static/CoreFoundation/CoreFoundation.h:28:10: error: could not build module 'wasi_emulated_signal'
26 | #include <setjmp.h>
27 | #endif
28 | #include <signal.h>
| `- error: could not build module 'wasi_emulated_signal'
29 | #include <stddef.h>
30 | #include <stdio.h>
/root/.swiftpm/swift-sdks/swift-6.2-RELEASE_wasm.artifactbundle/swift-6.2-RELEASE_wasm/wasm32-unknown-wasip1/swift.xctoolchain/usr/lib/swift_static/CoreFoundation/ForSwiftFoundationOnly.h:86:10: note: while building module 'wasi_emulated_mman' imported from /root/.swiftpm/swift-sdks/swift-6.2-RELEASE_wasm.artifactbundle/swift-6.2-RELEASE_wasm/wasm32-unknown-wasip1/swift.xctoolchain/usr/lib/swift_static/CoreFoundation/ForSwiftFoundationOnly.h:86:
84 | #undef _WASI_EMULATED_MMAN
85 | #define _WASI_EMULATED_MMAN
86 | #include <sys/mman.h>
| `- note: while building module 'wasi_emulated_mman' imported from /root/.swiftpm/swift-sdks/swift-6.2-RELEASE_wasm.artifactbundle/swift-6.2-RELEASE_wasm/wasm32-unknown-wasip1/swift.xctoolchain/usr/lib/swift_static/CoreFoundation/ForSwiftFoundationOnly.h:86:
87 | #elif TARGET_OS_LINUX
88 | #include <errno.h>
<module-includes>:1:10: note: in file included from <module-includes>:1:
1 | #include "sys/mman.h"
| `- note: in file included from <module-includes>:1:
2 |
/root/.swiftpm/swift-sdks/swift-6.2-RELEASE_wasm.artifactbundle/swift-6.2-RELEASE_wasm/wasm32-unknown-wasip1/WASI.sdk/include/wasm32-wasip1/sys/mman.h:2:2: error: "WASI lacks a true mmap; to enable minimal mmap emulation, compile with -D_WASI_EMULATED_MMAN and link with -lwasi-emulated-mman"
1 | #ifndef _WASI_EMULATED_MMAN
2 | #error "WASI lacks a true mmap; to enable minimal mmap emulation, \
| `- error: "WASI lacks a true mmap; to enable minimal mmap emulation, compile with -D_WASI_EMULATED_MMAN and link with -lwasi-emulated-mman"
3 | compile with -D_WASI_EMULATED_MMAN and link with -lwasi-emulated-mman"
4 | #else
/host/spi-builder-workspace/.build/checkouts/swift-openapi-runtime/Sources/OpenAPIRuntime/Base/OpenAPIValue.swift:22:8: error: could not build C module 'CoreFoundation'
20 |
21 | #if canImport(CoreFoundation) && (FullFoundation || canImport(Darwin))
22 | import CoreFoundation
| `- error: could not build C module 'CoreFoundation'
23 | #endif
24 |
[635/1491] Compiling OpenAPIRuntime URIValueFromNodeDecoder.swift
/root/.swiftpm/swift-sdks/swift-6.2-RELEASE_wasm.artifactbundle/swift-6.2-RELEASE_wasm/wasm32-unknown-wasip1/swift.xctoolchain/usr/lib/swift_static/CoreFoundation/CoreFoundation.h:28:10: note: while building module 'wasi_emulated_signal' imported from /root/.swiftpm/swift-sdks/swift-6.2-RELEASE_wasm.artifactbundle/swift-6.2-RELEASE_wasm/wasm32-unknown-wasip1/swift.xctoolchain/usr/lib/swift_static/CoreFoundation/CoreFoundation.h:28:
26 | #include <setjmp.h>
27 | #endif
28 | #include <signal.h>
| `- note: while building module 'wasi_emulated_signal' imported from /root/.swiftpm/swift-sdks/swift-6.2-RELEASE_wasm.artifactbundle/swift-6.2-RELEASE_wasm/wasm32-unknown-wasip1/swift.xctoolchain/usr/lib/swift_static/CoreFoundation/CoreFoundation.h:28:
29 | #include <stddef.h>
30 | #include <stdio.h>
<module-includes>:1:10: note: in file included from <module-includes>:1:
1 | #include "signal.h"
| `- note: in file included from <module-includes>:1:
2 |
/root/.swiftpm/swift-sdks/swift-6.2-RELEASE_wasm.artifactbundle/swift-6.2-RELEASE_wasm/wasm32-unknown-wasip1/WASI.sdk/include/wasm32-wasip1/signal.h:2:2: error: "wasm lacks signal support; to enable minimal signal emulation, compile with -D_WASI_EMULATED_SIGNAL and link with -lwasi-emulated-signal"
1 | #ifndef _WASI_EMULATED_SIGNAL
2 | #error "wasm lacks signal support; to enable minimal signal emulation, \
| `- error: "wasm lacks signal support; to enable minimal signal emulation, compile with -D_WASI_EMULATED_SIGNAL and link with -lwasi-emulated-signal"
3 | compile with -D_WASI_EMULATED_SIGNAL and link with -lwasi-emulated-signal"
4 | #else
<module-includes>:1:10: note: in file included from <module-includes>:1:
1 | #include "CoreFoundation.h"
| `- note: in file included from <module-includes>:1:
2 |
/root/.swiftpm/swift-sdks/swift-6.2-RELEASE_wasm.artifactbundle/swift-6.2-RELEASE_wasm/wasm32-unknown-wasip1/swift.xctoolchain/usr/lib/swift_static/CoreFoundation/CoreFoundation.h:28:10: error: could not build module 'wasi_emulated_signal'
26 | #include <setjmp.h>
27 | #endif
28 | #include <signal.h>
| `- error: could not build module 'wasi_emulated_signal'
29 | #include <stddef.h>
30 | #include <stdio.h>
/root/.swiftpm/swift-sdks/swift-6.2-RELEASE_wasm.artifactbundle/swift-6.2-RELEASE_wasm/wasm32-unknown-wasip1/swift.xctoolchain/usr/lib/swift_static/CoreFoundation/ForSwiftFoundationOnly.h:86:10: note: while building module 'wasi_emulated_mman' imported from /root/.swiftpm/swift-sdks/swift-6.2-RELEASE_wasm.artifactbundle/swift-6.2-RELEASE_wasm/wasm32-unknown-wasip1/swift.xctoolchain/usr/lib/swift_static/CoreFoundation/ForSwiftFoundationOnly.h:86:
84 | #undef _WASI_EMULATED_MMAN
85 | #define _WASI_EMULATED_MMAN
86 | #include <sys/mman.h>
| `- note: while building module 'wasi_emulated_mman' imported from /root/.swiftpm/swift-sdks/swift-6.2-RELEASE_wasm.artifactbundle/swift-6.2-RELEASE_wasm/wasm32-unknown-wasip1/swift.xctoolchain/usr/lib/swift_static/CoreFoundation/ForSwiftFoundationOnly.h:86:
87 | #elif TARGET_OS_LINUX
88 | #include <errno.h>
<module-includes>:1:10: note: in file included from <module-includes>:1:
1 | #include "sys/mman.h"
| `- note: in file included from <module-includes>:1:
2 |
/root/.swiftpm/swift-sdks/swift-6.2-RELEASE_wasm.artifactbundle/swift-6.2-RELEASE_wasm/wasm32-unknown-wasip1/WASI.sdk/include/wasm32-wasip1/sys/mman.h:2:2: error: "WASI lacks a true mmap; to enable minimal mmap emulation, compile with -D_WASI_EMULATED_MMAN and link with -lwasi-emulated-mman"
1 | #ifndef _WASI_EMULATED_MMAN
2 | #error "WASI lacks a true mmap; to enable minimal mmap emulation, \
| `- error: "WASI lacks a true mmap; to enable minimal mmap emulation, compile with -D_WASI_EMULATED_MMAN and link with -lwasi-emulated-mman"
3 | compile with -D_WASI_EMULATED_MMAN and link with -lwasi-emulated-mman"
4 | #else
/host/spi-builder-workspace/.build/checkouts/swift-openapi-runtime/Sources/OpenAPIRuntime/Base/OpenAPIValue.swift:22:8: error: could not build C module 'CoreFoundation'
20 |
21 | #if canImport(CoreFoundation) && (FullFoundation || canImport(Darwin))
22 | import CoreFoundation
| `- error: could not build C module 'CoreFoundation'
23 | #endif
24 |
[636/1491] Compiling OpenAPIRuntime URIEncoder.swift
/root/.swiftpm/swift-sdks/swift-6.2-RELEASE_wasm.artifactbundle/swift-6.2-RELEASE_wasm/wasm32-unknown-wasip1/swift.xctoolchain/usr/lib/swift_static/CoreFoundation/CoreFoundation.h:28:10: note: while building module 'wasi_emulated_signal' imported from /root/.swiftpm/swift-sdks/swift-6.2-RELEASE_wasm.artifactbundle/swift-6.2-RELEASE_wasm/wasm32-unknown-wasip1/swift.xctoolchain/usr/lib/swift_static/CoreFoundation/CoreFoundation.h:28:
26 | #include <setjmp.h>
27 | #endif
28 | #include <signal.h>
| `- note: while building module 'wasi_emulated_signal' imported from /root/.swiftpm/swift-sdks/swift-6.2-RELEASE_wasm.artifactbundle/swift-6.2-RELEASE_wasm/wasm32-unknown-wasip1/swift.xctoolchain/usr/lib/swift_static/CoreFoundation/CoreFoundation.h:28:
29 | #include <stddef.h>
30 | #include <stdio.h>
<module-includes>:1:10: note: in file included from <module-includes>:1:
1 | #include "signal.h"
| `- note: in file included from <module-includes>:1:
2 |
/root/.swiftpm/swift-sdks/swift-6.2-RELEASE_wasm.artifactbundle/swift-6.2-RELEASE_wasm/wasm32-unknown-wasip1/WASI.sdk/include/wasm32-wasip1/signal.h:2:2: error: "wasm lacks signal support; to enable minimal signal emulation, compile with -D_WASI_EMULATED_SIGNAL and link with -lwasi-emulated-signal"
1 | #ifndef _WASI_EMULATED_SIGNAL
2 | #error "wasm lacks signal support; to enable minimal signal emulation, \
| `- error: "wasm lacks signal support; to enable minimal signal emulation, compile with -D_WASI_EMULATED_SIGNAL and link with -lwasi-emulated-signal"
3 | compile with -D_WASI_EMULATED_SIGNAL and link with -lwasi-emulated-signal"
4 | #else
<module-includes>:1:10: note: in file included from <module-includes>:1:
1 | #include "CoreFoundation.h"
| `- note: in file included from <module-includes>:1:
2 |
/root/.swiftpm/swift-sdks/swift-6.2-RELEASE_wasm.artifactbundle/swift-6.2-RELEASE_wasm/wasm32-unknown-wasip1/swift.xctoolchain/usr/lib/swift_static/CoreFoundation/CoreFoundation.h:28:10: error: could not build module 'wasi_emulated_signal'
26 | #include <setjmp.h>
27 | #endif
28 | #include <signal.h>
| `- error: could not build module 'wasi_emulated_signal'
29 | #include <stddef.h>
30 | #include <stdio.h>
/root/.swiftpm/swift-sdks/swift-6.2-RELEASE_wasm.artifactbundle/swift-6.2-RELEASE_wasm/wasm32-unknown-wasip1/swift.xctoolchain/usr/lib/swift_static/CoreFoundation/ForSwiftFoundationOnly.h:86:10: note: while building module 'wasi_emulated_mman' imported from /root/.swiftpm/swift-sdks/swift-6.2-RELEASE_wasm.artifactbundle/swift-6.2-RELEASE_wasm/wasm32-unknown-wasip1/swift.xctoolchain/usr/lib/swift_static/CoreFoundation/ForSwiftFoundationOnly.h:86:
84 | #undef _WASI_EMULATED_MMAN
85 | #define _WASI_EMULATED_MMAN
86 | #include <sys/mman.h>
| `- note: while building module 'wasi_emulated_mman' imported from /root/.swiftpm/swift-sdks/swift-6.2-RELEASE_wasm.artifactbundle/swift-6.2-RELEASE_wasm/wasm32-unknown-wasip1/swift.xctoolchain/usr/lib/swift_static/CoreFoundation/ForSwiftFoundationOnly.h:86:
87 | #elif TARGET_OS_LINUX
88 | #include <errno.h>
<module-includes>:1:10: note: in file included from <module-includes>:1:
1 | #include "sys/mman.h"
| `- note: in file included from <module-includes>:1:
2 |
/root/.swiftpm/swift-sdks/swift-6.2-RELEASE_wasm.artifactbundle/swift-6.2-RELEASE_wasm/wasm32-unknown-wasip1/WASI.sdk/include/wasm32-wasip1/sys/mman.h:2:2: error: "WASI lacks a true mmap; to enable minimal mmap emulation, compile with -D_WASI_EMULATED_MMAN and link with -lwasi-emulated-mman"
1 | #ifndef _WASI_EMULATED_MMAN
2 | #error "WASI lacks a true mmap; to enable minimal mmap emulation, \
| `- error: "WASI lacks a true mmap; to enable minimal mmap emulation, compile with -D_WASI_EMULATED_MMAN and link with -lwasi-emulated-mman"
3 | compile with -D_WASI_EMULATED_MMAN and link with -lwasi-emulated-mman"
4 | #else
/host/spi-builder-workspace/.build/checkouts/swift-openapi-runtime/Sources/OpenAPIRuntime/Base/OpenAPIValue.swift:22:8: error: could not build C module 'CoreFoundation'
20 |
21 | #if canImport(CoreFoundation) && (FullFoundation || canImport(Darwin))
22 | import CoreFoundation
| `- error: could not build C module 'CoreFoundation'
23 | #endif
24 |
[637/1491] Compiling OpenAPIRuntime URIValueToNodeEncoder+Keyed.swift
/root/.swiftpm/swift-sdks/swift-6.2-RELEASE_wasm.artifactbundle/swift-6.2-RELEASE_wasm/wasm32-unknown-wasip1/swift.xctoolchain/usr/lib/swift_static/CoreFoundation/CoreFoundation.h:28:10: note: while building module 'wasi_emulated_signal' imported from /root/.swiftpm/swift-sdks/swift-6.2-RELEASE_wasm.artifactbundle/swift-6.2-RELEASE_wasm/wasm32-unknown-wasip1/swift.xctoolchain/usr/lib/swift_static/CoreFoundation/CoreFoundation.h:28:
26 | #include <setjmp.h>
27 | #endif
28 | #include <signal.h>
| `- note: while building module 'wasi_emulated_signal' imported from /root/.swiftpm/swift-sdks/swift-6.2-RELEASE_wasm.artifactbundle/swift-6.2-RELEASE_wasm/wasm32-unknown-wasip1/swift.xctoolchain/usr/lib/swift_static/CoreFoundation/CoreFoundation.h:28:
29 | #include <stddef.h>
30 | #include <stdio.h>
<module-includes>:1:10: note: in file included from <module-includes>:1:
1 | #include "signal.h"
| `- note: in file included from <module-includes>:1:
2 |
/root/.swiftpm/swift-sdks/swift-6.2-RELEASE_wasm.artifactbundle/swift-6.2-RELEASE_wasm/wasm32-unknown-wasip1/WASI.sdk/include/wasm32-wasip1/signal.h:2:2: error: "wasm lacks signal support; to enable minimal signal emulation, compile with -D_WASI_EMULATED_SIGNAL and link with -lwasi-emulated-signal"
1 | #ifndef _WASI_EMULATED_SIGNAL
2 | #error "wasm lacks signal support; to enable minimal signal emulation, \
| `- error: "wasm lacks signal support; to enable minimal signal emulation, compile with -D_WASI_EMULATED_SIGNAL and link with -lwasi-emulated-signal"
3 | compile with -D_WASI_EMULATED_SIGNAL and link with -lwasi-emulated-signal"
4 | #else
<module-includes>:1:10: note: in file included from <module-includes>:1:
1 | #include "CoreFoundation.h"
| `- note: in file included from <module-includes>:1:
2 |
/root/.swiftpm/swift-sdks/swift-6.2-RELEASE_wasm.artifactbundle/swift-6.2-RELEASE_wasm/wasm32-unknown-wasip1/swift.xctoolchain/usr/lib/swift_static/CoreFoundation/CoreFoundation.h:28:10: error: could not build module 'wasi_emulated_signal'
26 | #include <setjmp.h>
27 | #endif
28 | #include <signal.h>
| `- error: could not build module 'wasi_emulated_signal'
29 | #include <stddef.h>
30 | #include <stdio.h>
/root/.swiftpm/swift-sdks/swift-6.2-RELEASE_wasm.artifactbundle/swift-6.2-RELEASE_wasm/wasm32-unknown-wasip1/swift.xctoolchain/usr/lib/swift_static/CoreFoundation/ForSwiftFoundationOnly.h:86:10: note: while building module 'wasi_emulated_mman' imported from /root/.swiftpm/swift-sdks/swift-6.2-RELEASE_wasm.artifactbundle/swift-6.2-RELEASE_wasm/wasm32-unknown-wasip1/swift.xctoolchain/usr/lib/swift_static/CoreFoundation/ForSwiftFoundationOnly.h:86:
84 | #undef _WASI_EMULATED_MMAN
85 | #define _WASI_EMULATED_MMAN
86 | #include <sys/mman.h>
| `- note: while building module 'wasi_emulated_mman' imported from /root/.swiftpm/swift-sdks/swift-6.2-RELEASE_wasm.artifactbundle/swift-6.2-RELEASE_wasm/wasm32-unknown-wasip1/swift.xctoolchain/usr/lib/swift_static/CoreFoundation/ForSwiftFoundationOnly.h:86:
87 | #elif TARGET_OS_LINUX
88 | #include <errno.h>
<module-includes>:1:10: note: in file included from <module-includes>:1:
1 | #include "sys/mman.h"
| `- note: in file included from <module-includes>:1:
2 |
/root/.swiftpm/swift-sdks/swift-6.2-RELEASE_wasm.artifactbundle/swift-6.2-RELEASE_wasm/wasm32-unknown-wasip1/WASI.sdk/include/wasm32-wasip1/sys/mman.h:2:2: error: "WASI lacks a true mmap; to enable minimal mmap emulation, compile with -D_WASI_EMULATED_MMAN and link with -lwasi-emulated-mman"
1 | #ifndef _WASI_EMULATED_MMAN
2 | #error "WASI lacks a true mmap; to enable minimal mmap emulation, \
| `- error: "WASI lacks a true mmap; to enable minimal mmap emulation, compile with -D_WASI_EMULATED_MMAN and link with -lwasi-emulated-mman"
3 | compile with -D_WASI_EMULATED_MMAN and link with -lwasi-emulated-mman"
4 | #else
/host/spi-builder-workspace/.build/checkouts/swift-openapi-runtime/Sources/OpenAPIRuntime/Base/OpenAPIValue.swift:22:8: error: could not build C module 'CoreFoundation'
20 |
21 | #if canImport(CoreFoundation) && (FullFoundation || canImport(Darwin))
22 | import CoreFoundation
| `- error: could not build C module 'CoreFoundation'
23 | #endif
24 |
[638/1491] Compiling OpenAPIRuntime URIValueToNodeEncoder+Single.swift
/root/.swiftpm/swift-sdks/swift-6.2-RELEASE_wasm.artifactbundle/swift-6.2-RELEASE_wasm/wasm32-unknown-wasip1/swift.xctoolchain/usr/lib/swift_static/CoreFoundation/CoreFoundation.h:28:10: note: while building module 'wasi_emulated_signal' imported from /root/.swiftpm/swift-sdks/swift-6.2-RELEASE_wasm.artifactbundle/swift-6.2-RELEASE_wasm/wasm32-unknown-wasip1/swift.xctoolchain/usr/lib/swift_static/CoreFoundation/CoreFoundation.h:28:
26 | #include <setjmp.h>
27 | #endif
28 | #include <signal.h>
| `- note: while building module 'wasi_emulated_signal' imported from /root/.swiftpm/swift-sdks/swift-6.2-RELEASE_wasm.artifactbundle/swift-6.2-RELEASE_wasm/wasm32-unknown-wasip1/swift.xctoolchain/usr/lib/swift_static/CoreFoundation/CoreFoundation.h:28:
29 | #include <stddef.h>
30 | #include <stdio.h>
<module-includes>:1:10: note: in file included from <module-includes>:1:
1 | #include "signal.h"
| `- note: in file included from <module-includes>:1:
2 |
/root/.swiftpm/swift-sdks/swift-6.2-RELEASE_wasm.artifactbundle/swift-6.2-RELEASE_wasm/wasm32-unknown-wasip1/WASI.sdk/include/wasm32-wasip1/signal.h:2:2: error: "wasm lacks signal support; to enable minimal signal emulation, compile with -D_WASI_EMULATED_SIGNAL and link with -lwasi-emulated-signal"
1 | #ifndef _WASI_EMULATED_SIGNAL
2 | #error "wasm lacks signal support; to enable minimal signal emulation, \
| `- error: "wasm lacks signal support; to enable minimal signal emulation, compile with -D_WASI_EMULATED_SIGNAL and link with -lwasi-emulated-signal"
3 | compile with -D_WASI_EMULATED_SIGNAL and link with -lwasi-emulated-signal"
4 | #else
<module-includes>:1:10: note: in file included from <module-includes>:1:
1 | #include "CoreFoundation.h"
| `- note: in file included from <module-includes>:1:
2 |
/root/.swiftpm/swift-sdks/swift-6.2-RELEASE_wasm.artifactbundle/swift-6.2-RELEASE_wasm/wasm32-unknown-wasip1/swift.xctoolchain/usr/lib/swift_static/CoreFoundation/CoreFoundation.h:28:10: error: could not build module 'wasi_emulated_signal'
26 | #include <setjmp.h>
27 | #endif
28 | #include <signal.h>
| `- error: could not build module 'wasi_emulated_signal'
29 | #include <stddef.h>
30 | #include <stdio.h>
/root/.swiftpm/swift-sdks/swift-6.2-RELEASE_wasm.artifactbundle/swift-6.2-RELEASE_wasm/wasm32-unknown-wasip1/swift.xctoolchain/usr/lib/swift_static/CoreFoundation/ForSwiftFoundationOnly.h:86:10: note: while building module 'wasi_emulated_mman' imported from /root/.swiftpm/swift-sdks/swift-6.2-RELEASE_wasm.artifactbundle/swift-6.2-RELEASE_wasm/wasm32-unknown-wasip1/swift.xctoolchain/usr/lib/swift_static/CoreFoundation/ForSwiftFoundationOnly.h:86:
84 | #undef _WASI_EMULATED_MMAN
85 | #define _WASI_EMULATED_MMAN
86 | #include <sys/mman.h>
| `- note: while building module 'wasi_emulated_mman' imported from /root/.swiftpm/swift-sdks/swift-6.2-RELEASE_wasm.artifactbundle/swift-6.2-RELEASE_wasm/wasm32-unknown-wasip1/swift.xctoolchain/usr/lib/swift_static/CoreFoundation/ForSwiftFoundationOnly.h:86:
87 | #elif TARGET_OS_LINUX
88 | #include <errno.h>
<module-includes>:1:10: note: in file included from <module-includes>:1:
1 | #include "sys/mman.h"
| `- note: in file included from <module-includes>:1:
2 |
/root/.swiftpm/swift-sdks/swift-6.2-RELEASE_wasm.artifactbundle/swift-6.2-RELEASE_wasm/wasm32-unknown-wasip1/WASI.sdk/include/wasm32-wasip1/sys/mman.h:2:2: error: "WASI lacks a true mmap; to enable minimal mmap emulation, compile with -D_WASI_EMULATED_MMAN and link with -lwasi-emulated-mman"
1 | #ifndef _WASI_EMULATED_MMAN
2 | #error "WASI lacks a true mmap; to enable minimal mmap emulation, \
| `- error: "WASI lacks a true mmap; to enable minimal mmap emulation, compile with -D_WASI_EMULATED_MMAN and link with -lwasi-emulated-mman"
3 | compile with -D_WASI_EMULATED_MMAN and link with -lwasi-emulated-mman"
4 | #else
/host/spi-builder-workspace/.build/checkouts/swift-openapi-runtime/Sources/OpenAPIRuntime/Base/OpenAPIValue.swift:22:8: error: could not build C module 'CoreFoundation'
20 |
21 | #if canImport(CoreFoundation) && (FullFoundation || canImport(Darwin))
22 | import CoreFoundation
| `- error: could not build C module 'CoreFoundation'
23 | #endif
24 |
[639/1491] Compiling OpenAPIRuntime URIValueToNodeEncoder+Unkeyed.swift
/root/.swiftpm/swift-sdks/swift-6.2-RELEASE_wasm.artifactbundle/swift-6.2-RELEASE_wasm/wasm32-unknown-wasip1/swift.xctoolchain/usr/lib/swift_static/CoreFoundation/CoreFoundation.h:28:10: note: while building module 'wasi_emulated_signal' imported from /root/.swiftpm/swift-sdks/swift-6.2-RELEASE_wasm.artifactbundle/swift-6.2-RELEASE_wasm/wasm32-unknown-wasip1/swift.xctoolchain/usr/lib/swift_static/CoreFoundation/CoreFoundation.h:28:
26 | #include <setjmp.h>
27 | #endif
28 | #include <signal.h>
| `- note: while building module 'wasi_emulated_signal' imported from /root/.swiftpm/swift-sdks/swift-6.2-RELEASE_wasm.artifactbundle/swift-6.2-RELEASE_wasm/wasm32-unknown-wasip1/swift.xctoolchain/usr/lib/swift_static/CoreFoundation/CoreFoundation.h:28:
29 | #include <stddef.h>
30 | #include <stdio.h>
<module-includes>:1:10: note: in file included from <module-includes>:1:
1 | #include "signal.h"
| `- note: in file included from <module-includes>:1:
2 |
/root/.swiftpm/swift-sdks/swift-6.2-RELEASE_wasm.artifactbundle/swift-6.2-RELEASE_wasm/wasm32-unknown-wasip1/WASI.sdk/include/wasm32-wasip1/signal.h:2:2: error: "wasm lacks signal support; to enable minimal signal emulation, compile with -D_WASI_EMULATED_SIGNAL and link with -lwasi-emulated-signal"
1 | #ifndef _WASI_EMULATED_SIGNAL
2 | #error "wasm lacks signal support; to enable minimal signal emulation, \
| `- error: "wasm lacks signal support; to enable minimal signal emulation, compile with -D_WASI_EMULATED_SIGNAL and link with -lwasi-emulated-signal"
3 | compile with -D_WASI_EMULATED_SIGNAL and link with -lwasi-emulated-signal"
4 | #else
<module-includes>:1:10: note: in file included from <module-includes>:1:
1 | #include "CoreFoundation.h"
| `- note: in file included from <module-includes>:1:
2 |
/root/.swiftpm/swift-sdks/swift-6.2-RELEASE_wasm.artifactbundle/swift-6.2-RELEASE_wasm/wasm32-unknown-wasip1/swift.xctoolchain/usr/lib/swift_static/CoreFoundation/CoreFoundation.h:28:10: error: could not build module 'wasi_emulated_signal'
26 | #include <setjmp.h>
27 | #endif
28 | #include <signal.h>
| `- error: could not build module 'wasi_emulated_signal'
29 | #include <stddef.h>
30 | #include <stdio.h>
/root/.swiftpm/swift-sdks/swift-6.2-RELEASE_wasm.artifactbundle/swift-6.2-RELEASE_wasm/wasm32-unknown-wasip1/swift.xctoolchain/usr/lib/swift_static/CoreFoundation/ForSwiftFoundationOnly.h:86:10: note: while building module 'wasi_emulated_mman' imported from /root/.swiftpm/swift-sdks/swift-6.2-RELEASE_wasm.artifactbundle/swift-6.2-RELEASE_wasm/wasm32-unknown-wasip1/swift.xctoolchain/usr/lib/swift_static/CoreFoundation/ForSwiftFoundationOnly.h:86:
84 | #undef _WASI_EMULATED_MMAN
85 | #define _WASI_EMULATED_MMAN
86 | #include <sys/mman.h>
| `- note: while building module 'wasi_emulated_mman' imported from /root/.swiftpm/swift-sdks/swift-6.2-RELEASE_wasm.artifactbundle/swift-6.2-RELEASE_wasm/wasm32-unknown-wasip1/swift.xctoolchain/usr/lib/swift_static/CoreFoundation/ForSwiftFoundationOnly.h:86:
87 | #elif TARGET_OS_LINUX
88 | #include <errno.h>
<module-includes>:1:10: note: in file included from <module-includes>:1:
1 | #include "sys/mman.h"
| `- note: in file included from <module-includes>:1:
2 |
/root/.swiftpm/swift-sdks/swift-6.2-RELEASE_wasm.artifactbundle/swift-6.2-RELEASE_wasm/wasm32-unknown-wasip1/WASI.sdk/include/wasm32-wasip1/sys/mman.h:2:2: error: "WASI lacks a true mmap; to enable minimal mmap emulation, compile with -D_WASI_EMULATED_MMAN and link with -lwasi-emulated-mman"
1 | #ifndef _WASI_EMULATED_MMAN
2 | #error "WASI lacks a true mmap; to enable minimal mmap emulation, \
| `- error: "WASI lacks a true mmap; to enable minimal mmap emulation, compile with -D_WASI_EMULATED_MMAN and link with -lwasi-emulated-mman"
3 | compile with -D_WASI_EMULATED_MMAN and link with -lwasi-emulated-mman"
4 | #else
/host/spi-builder-workspace/.build/checkouts/swift-openapi-runtime/Sources/OpenAPIRuntime/Base/OpenAPIValue.swift:22:8: error: could not build C module 'CoreFoundation'
20 |
21 | #if canImport(CoreFoundation) && (FullFoundation || canImport(Darwin))
22 | import CoreFoundation
| `- error: could not build C module 'CoreFoundation'
23 | #endif
24 |
[640/1491] Compiling OpenAPIRuntime URIValueToNodeEncoder.swift
/root/.swiftpm/swift-sdks/swift-6.2-RELEASE_wasm.artifactbundle/swift-6.2-RELEASE_wasm/wasm32-unknown-wasip1/swift.xctoolchain/usr/lib/swift_static/CoreFoundation/CoreFoundation.h:28:10: note: while building module 'wasi_emulated_signal' imported from /root/.swiftpm/swift-sdks/swift-6.2-RELEASE_wasm.artifactbundle/swift-6.2-RELEASE_wasm/wasm32-unknown-wasip1/swift.xctoolchain/usr/lib/swift_static/CoreFoundation/CoreFoundation.h:28:
26 | #include <setjmp.h>
27 | #endif
28 | #include <signal.h>
| `- note: while building module 'wasi_emulated_signal' imported from /root/.swiftpm/swift-sdks/swift-6.2-RELEASE_wasm.artifactbundle/swift-6.2-RELEASE_wasm/wasm32-unknown-wasip1/swift.xctoolchain/usr/lib/swift_static/CoreFoundation/CoreFoundation.h:28:
29 | #include <stddef.h>
30 | #include <stdio.h>
<module-includes>:1:10: note: in file included from <module-includes>:1:
1 | #include "signal.h"
| `- note: in file included from <module-includes>:1:
2 |
/root/.swiftpm/swift-sdks/swift-6.2-RELEASE_wasm.artifactbundle/swift-6.2-RELEASE_wasm/wasm32-unknown-wasip1/WASI.sdk/include/wasm32-wasip1/signal.h:2:2: error: "wasm lacks signal support; to enable minimal signal emulation, compile with -D_WASI_EMULATED_SIGNAL and link with -lwasi-emulated-signal"
1 | #ifndef _WASI_EMULATED_SIGNAL
2 | #error "wasm lacks signal support; to enable minimal signal emulation, \
| `- error: "wasm lacks signal support; to enable minimal signal emulation, compile with -D_WASI_EMULATED_SIGNAL and link with -lwasi-emulated-signal"
3 | compile with -D_WASI_EMULATED_SIGNAL and link with -lwasi-emulated-signal"
4 | #else
<module-includes>:1:10: note: in file included from <module-includes>:1:
1 | #include "CoreFoundation.h"
| `- note: in file included from <module-includes>:1:
2 |
/root/.swiftpm/swift-sdks/swift-6.2-RELEASE_wasm.artifactbundle/swift-6.2-RELEASE_wasm/wasm32-unknown-wasip1/swift.xctoolchain/usr/lib/swift_static/CoreFoundation/CoreFoundation.h:28:10: error: could not build module 'wasi_emulated_signal'
26 | #include <setjmp.h>
27 | #endif
28 | #include <signal.h>
| `- error: could not build module 'wasi_emulated_signal'
29 | #include <stddef.h>
30 | #include <stdio.h>
/root/.swiftpm/swift-sdks/swift-6.2-RELEASE_wasm.artifactbundle/swift-6.2-RELEASE_wasm/wasm32-unknown-wasip1/swift.xctoolchain/usr/lib/swift_static/CoreFoundation/ForSwiftFoundationOnly.h:86:10: note: while building module 'wasi_emulated_mman' imported from /root/.swiftpm/swift-sdks/swift-6.2-RELEASE_wasm.artifactbundle/swift-6.2-RELEASE_wasm/wasm32-unknown-wasip1/swift.xctoolchain/usr/lib/swift_static/CoreFoundation/ForSwiftFoundationOnly.h:86:
84 | #undef _WASI_EMULATED_MMAN
85 | #define _WASI_EMULATED_MMAN
86 | #include <sys/mman.h>
| `- note: while building module 'wasi_emulated_mman' imported from /root/.swiftpm/swift-sdks/swift-6.2-RELEASE_wasm.artifactbundle/swift-6.2-RELEASE_wasm/wasm32-unknown-wasip1/swift.xctoolchain/usr/lib/swift_static/CoreFoundation/ForSwiftFoundationOnly.h:86:
87 | #elif TARGET_OS_LINUX
88 | #include <errno.h>
<module-includes>:1:10: note: in file included from <module-includes>:1:
1 | #include "sys/mman.h"
| `- note: in file included from <module-includes>:1:
2 |
/root/.swiftpm/swift-sdks/swift-6.2-RELEASE_wasm.artifactbundle/swift-6.2-RELEASE_wasm/wasm32-unknown-wasip1/WASI.sdk/include/wasm32-wasip1/sys/mman.h:2:2: error: "WASI lacks a true mmap; to enable minimal mmap emulation, compile with -D_WASI_EMULATED_MMAN and link with -lwasi-emulated-mman"
1 | #ifndef _WASI_EMULATED_MMAN
2 | #error "WASI lacks a true mmap; to enable minimal mmap emulation, \
| `- error: "WASI lacks a true mmap; to enable minimal mmap emulation, compile with -D_WASI_EMULATED_MMAN and link with -lwasi-emulated-mman"
3 | compile with -D_WASI_EMULATED_MMAN and link with -lwasi-emulated-mman"
4 | #else
/host/spi-builder-workspace/.build/checkouts/swift-openapi-runtime/Sources/OpenAPIRuntime/Base/OpenAPIValue.swift:22:8: error: could not build C module 'CoreFoundation'
20 |
21 | #if canImport(CoreFoundation) && (FullFoundation || canImport(Darwin))
22 | import CoreFoundation
| `- error: could not build C module 'CoreFoundation'
23 | #endif
24 |
[641/1491] Compiling OpenAPIRuntime URIParser.swift
/root/.swiftpm/swift-sdks/swift-6.2-RELEASE_wasm.artifactbundle/swift-6.2-RELEASE_wasm/wasm32-unknown-wasip1/swift.xctoolchain/usr/lib/swift_static/CoreFoundation/CoreFoundation.h:28:10: note: while building module 'wasi_emulated_signal' imported from /root/.swiftpm/swift-sdks/swift-6.2-RELEASE_wasm.artifactbundle/swift-6.2-RELEASE_wasm/wasm32-unknown-wasip1/swift.xctoolchain/usr/lib/swift_static/CoreFoundation/CoreFoundation.h:28:
26 | #include <setjmp.h>
27 | #endif
28 | #include <signal.h>
| `- note: while building module 'wasi_emulated_signal' imported from /root/.swiftpm/swift-sdks/swift-6.2-RELEASE_wasm.artifactbundle/swift-6.2-RELEASE_wasm/wasm32-unknown-wasip1/swift.xctoolchain/usr/lib/swift_static/CoreFoundation/CoreFoundation.h:28:
29 | #include <stddef.h>
30 | #include <stdio.h>
<module-includes>:1:10: note: in file included from <module-includes>:1:
1 | #include "signal.h"
| `- note: in file included from <module-includes>:1:
2 |
/root/.swiftpm/swift-sdks/swift-6.2-RELEASE_wasm.artifactbundle/swift-6.2-RELEASE_wasm/wasm32-unknown-wasip1/WASI.sdk/include/wasm32-wasip1/signal.h:2:2: error: "wasm lacks signal support; to enable minimal signal emulation, compile with -D_WASI_EMULATED_SIGNAL and link with -lwasi-emulated-signal"
1 | #ifndef _WASI_EMULATED_SIGNAL
2 | #error "wasm lacks signal support; to enable minimal signal emulation, \
| `- error: "wasm lacks signal support; to enable minimal signal emulation, compile with -D_WASI_EMULATED_SIGNAL and link with -lwasi-emulated-signal"
3 | compile with -D_WASI_EMULATED_SIGNAL and link with -lwasi-emulated-signal"
4 | #else
<module-includes>:1:10: note: in file included from <module-includes>:1:
1 | #include "CoreFoundation.h"
| `- note: in file included from <module-includes>:1:
2 |
/root/.swiftpm/swift-sdks/swift-6.2-RELEASE_wasm.artifactbundle/swift-6.2-RELEASE_wasm/wasm32-unknown-wasip1/swift.xctoolchain/usr/lib/swift_static/CoreFoundation/CoreFoundation.h:28:10: error: could not build module 'wasi_emulated_signal'
26 | #include <setjmp.h>
27 | #endif
28 | #include <signal.h>
| `- error: could not build module 'wasi_emulated_signal'
29 | #include <stddef.h>
30 | #include <stdio.h>
/root/.swiftpm/swift-sdks/swift-6.2-RELEASE_wasm.artifactbundle/swift-6.2-RELEASE_wasm/wasm32-unknown-wasip1/swift.xctoolchain/usr/lib/swift_static/CoreFoundation/ForSwiftFoundationOnly.h:86:10: note: while building module 'wasi_emulated_mman' imported from /root/.swiftpm/swift-sdks/swift-6.2-RELEASE_wasm.artifactbundle/swift-6.2-RELEASE_wasm/wasm32-unknown-wasip1/swift.xctoolchain/usr/lib/swift_static/CoreFoundation/ForSwiftFoundationOnly.h:86:
84 | #undef _WASI_EMULATED_MMAN
85 | #define _WASI_EMULATED_MMAN
86 | #include <sys/mman.h>
| `- note: while building module 'wasi_emulated_mman' imported from /root/.swiftpm/swift-sdks/swift-6.2-RELEASE_wasm.artifactbundle/swift-6.2-RELEASE_wasm/wasm32-unknown-wasip1/swift.xctoolchain/usr/lib/swift_static/CoreFoundation/ForSwiftFoundationOnly.h:86:
87 | #elif TARGET_OS_LINUX
88 | #include <errno.h>
<module-includes>:1:10: note: in file included from <module-includes>:1:
1 | #include "sys/mman.h"
| `- note: in file included from <module-includes>:1:
2 |
/root/.swiftpm/swift-sdks/swift-6.2-RELEASE_wasm.artifactbundle/swift-6.2-RELEASE_wasm/wasm32-unknown-wasip1/WASI.sdk/include/wasm32-wasip1/sys/mman.h:2:2: error: "WASI lacks a true mmap; to enable minimal mmap emulation, compile with -D_WASI_EMULATED_MMAN and link with -lwasi-emulated-mman"
1 | #ifndef _WASI_EMULATED_MMAN
2 | #error "WASI lacks a true mmap; to enable minimal mmap emulation, \
| `- error: "WASI lacks a true mmap; to enable minimal mmap emulation, compile with -D_WASI_EMULATED_MMAN and link with -lwasi-emulated-mman"
3 | compile with -D_WASI_EMULATED_MMAN and link with -lwasi-emulated-mman"
4 | #else
/host/spi-builder-workspace/.build/checkouts/swift-openapi-runtime/Sources/OpenAPIRuntime/Base/OpenAPIValue.swift:22:8: error: could not build C module 'CoreFoundation'
20 |
21 | #if canImport(CoreFoundation) && (FullFoundation || canImport(Darwin))
22 | import CoreFoundation
| `- error: could not build C module 'CoreFoundation'
23 | #endif
24 |
[642/1491] Compiling OpenAPIRuntime URISerializer.swift
/root/.swiftpm/swift-sdks/swift-6.2-RELEASE_wasm.artifactbundle/swift-6.2-RELEASE_wasm/wasm32-unknown-wasip1/swift.xctoolchain/usr/lib/swift_static/CoreFoundation/CoreFoundation.h:28:10: note: while building module 'wasi_emulated_signal' imported from /root/.swiftpm/swift-sdks/swift-6.2-RELEASE_wasm.artifactbundle/swift-6.2-RELEASE_wasm/wasm32-unknown-wasip1/swift.xctoolchain/usr/lib/swift_static/CoreFoundation/CoreFoundation.h:28:
26 | #include <setjmp.h>
27 | #endif
28 | #include <signal.h>
| `- note: while building module 'wasi_emulated_signal' imported from /root/.swiftpm/swift-sdks/swift-6.2-RELEASE_wasm.artifactbundle/swift-6.2-RELEASE_wasm/wasm32-unknown-wasip1/swift.xctoolchain/usr/lib/swift_static/CoreFoundation/CoreFoundation.h:28:
29 | #include <stddef.h>
30 | #include <stdio.h>
<module-includes>:1:10: note: in file included from <module-includes>:1:
1 | #include "signal.h"
| `- note: in file included from <module-includes>:1:
2 |
/root/.swiftpm/swift-sdks/swift-6.2-RELEASE_wasm.artifactbundle/swift-6.2-RELEASE_wasm/wasm32-unknown-wasip1/WASI.sdk/include/wasm32-wasip1/signal.h:2:2: error: "wasm lacks signal support; to enable minimal signal emulation, compile with -D_WASI_EMULATED_SIGNAL and link with -lwasi-emulated-signal"
1 | #ifndef _WASI_EMULATED_SIGNAL
2 | #error "wasm lacks signal support; to enable minimal signal emulation, \
| `- error: "wasm lacks signal support; to enable minimal signal emulation, compile with -D_WASI_EMULATED_SIGNAL and link with -lwasi-emulated-signal"
3 | compile with -D_WASI_EMULATED_SIGNAL and link with -lwasi-emulated-signal"
4 | #else
<module-includes>:1:10: note: in file included from <module-includes>:1:
1 | #include "CoreFoundation.h"
| `- note: in file included from <module-includes>:1:
2 |
/root/.swiftpm/swift-sdks/swift-6.2-RELEASE_wasm.artifactbundle/swift-6.2-RELEASE_wasm/wasm32-unknown-wasip1/swift.xctoolchain/usr/lib/swift_static/CoreFoundation/CoreFoundation.h:28:10: error: could not build module 'wasi_emulated_signal'
26 | #include <setjmp.h>
27 | #endif
28 | #include <signal.h>
| `- error: could not build module 'wasi_emulated_signal'
29 | #include <stddef.h>
30 | #include <stdio.h>
/root/.swiftpm/swift-sdks/swift-6.2-RELEASE_wasm.artifactbundle/swift-6.2-RELEASE_wasm/wasm32-unknown-wasip1/swift.xctoolchain/usr/lib/swift_static/CoreFoundation/ForSwiftFoundationOnly.h:86:10: note: while building module 'wasi_emulated_mman' imported from /root/.swiftpm/swift-sdks/swift-6.2-RELEASE_wasm.artifactbundle/swift-6.2-RELEASE_wasm/wasm32-unknown-wasip1/swift.xctoolchain/usr/lib/swift_static/CoreFoundation/ForSwiftFoundationOnly.h:86:
84 | #undef _WASI_EMULATED_MMAN
85 | #define _WASI_EMULATED_MMAN
86 | #include <sys/mman.h>
| `- note: while building module 'wasi_emulated_mman' imported from /root/.swiftpm/swift-sdks/swift-6.2-RELEASE_wasm.artifactbundle/swift-6.2-RELEASE_wasm/wasm32-unknown-wasip1/swift.xctoolchain/usr/lib/swift_static/CoreFoundation/ForSwiftFoundationOnly.h:86:
87 | #elif TARGET_OS_LINUX
88 | #include <errno.h>
<module-includes>:1:10: note: in file included from <module-includes>:1:
1 | #include "sys/mman.h"
| `- note: in file included from <module-includes>:1:
2 |
/root/.swiftpm/swift-sdks/swift-6.2-RELEASE_wasm.artifactbundle/swift-6.2-RELEASE_wasm/wasm32-unknown-wasip1/WASI.sdk/include/wasm32-wasip1/sys/mman.h:2:2: error: "WASI lacks a true mmap; to enable minimal mmap emulation, compile with -D_WASI_EMULATED_MMAN and link with -lwasi-emulated-mman"
1 | #ifndef _WASI_EMULATED_MMAN
2 | #error "WASI lacks a true mmap; to enable minimal mmap emulation, \
| `- error: "WASI lacks a true mmap; to enable minimal mmap emulation, compile with -D_WASI_EMULATED_MMAN and link with -lwasi-emulated-mman"
3 | compile with -D_WASI_EMULATED_MMAN and link with -lwasi-emulated-mman"
4 | #else
/host/spi-builder-workspace/.build/checkouts/swift-openapi-runtime/Sources/OpenAPIRuntime/Base/OpenAPIValue.swift:22:8: error: could not build C module 'CoreFoundation'
20 |
21 | #if canImport(CoreFoundation) && (FullFoundation || canImport(Darwin))
22 | import CoreFoundation
| `- error: could not build C module 'CoreFoundation'
23 | #endif
24 |
[643/1491] Compiling argon2.c
[644/1491] Compiling argon2-fill-block-ref.c
Swift OpenAPI Generator is running with the following configuration:
- OpenAPI document path: /host/spi-builder-workspace/.build/checkouts/swift-koios/Sources/SwiftKoios/openapi.yaml
- Configuration path: /host/spi-builder-workspace/.build/checkouts/swift-koios/Sources/SwiftKoios/openapi-generator-config.yaml
- Generator modes: types, client
- Access modifier: public
- Naming strategy: idiomatic
- Name overrides: <none>
- Type overrides: <none>
- Feature flags: <none>
- Output file names: Types.swift, Types+Components.swift, Types+Operations.swift, Types+Components+Schemas.swift, Types+Components+Parameters.swift, Types+Components+RequestBodies.swift, Types+Components+Responses.swift, Types+Components+Headers.swift, Client.swift
- Output directory: /host/spi-builder-workspace/.build/plugins/outputs/swift-koios/SwiftKoios/destination/OpenAPIGenerator/GeneratedSources
- Diagnostics output path: <none - logs to stderr>
- Current directory: /host/spi-builder-workspace
- Plugin source: build
- Is dry run: false
- Additional imports: <none>
- Additional file comments: swift-format-ignore-file, swiftlint:disable all[644/1491] Running swift-openapi-generator
Swift OpenAPI Generator is running with the following configuration:
- OpenAPI document path: /host/spi-builder-workspace/.build/checkouts/swift-yaci-api/Sources/SwiftYaciAPI/openapi.yaml
- Configuration path: /host/spi-builder-workspace/.build/checkouts/swift-yaci-api/Sources/SwiftYaciAPI/openapi-generator-config.yaml
- Generator modes: types, client
- Access modifier: public
- Naming strategy: idiomatic
- Name overrides: <none>
- Type overrides: <none>
- Feature flags: <none>
- Output file names: Types.swift, Types+Components.swift, Types+Operations.swift, Types+Components+Schemas.swift, Types+Components+Parameters.swift, Types+Components+RequestBodies.swift, Types+Components+Responses.swift, Types+Components+Headers.swift, Client.swift
- Output directory: /host/spi-builder-workspace/.build/plugins/outputs/swift-yaci-api/SwiftYaciAPI/destination/OpenAPIGenerator/GeneratedSources
- Diagnostics output path: <none - logs to stderr>
- Current directory: /host/spi-builder-workspace
- Plugin source: build
- Is dry run: false
- Additional imports: <none>
- Additional file comments: swift-format-ignore-file, swiftlint:disable allSwift OpenAPI Generator is running with the following configuration:
- OpenAPI document path: /host/spi-builder-workspace/.build/checkouts/swift-blockfrost-api/Sources/SwiftBlockfrostAPI/openapi.yaml
- Configuration path: /host/spi-builder-workspace/.build/checkouts/swift-blockfrost-api/Sources/SwiftBlockfrostAPI/openapi-generator-config.yaml
- Generator modes: types, client
- Access modifier: public
- Naming strategy: idiomatic
- Name overrides: <none>
- Type overrides: <none>
- Feature flags: <none>
- Output file names: Types.swift, Types+Components.swift, Types+Operations.swift, Types+Components+Schemas.swift, Types+Components+Parameters.swift, Types+Components+RequestBodies.swift, Types+Components+Responses.swift, Types+Components+Headers.swift, Client.swift
- Output directory: /host/spi-builder-workspace/.build/plugins/outputs/swift-blockfrost-api/SwiftBlockfrostAPI/destination/OpenAPIGenerator/GeneratedSources
- Diagnostics output path: <none - logs to stderr>
- Current directory: /host/spi-builder-workspace
- Plugin source: build
- Is dry run: false
- Additional imports: <none>
- Additional file comments: <none>
BUILD FAILURE 6.2 wasm