Build Information
Failed to build WWMachineLearning_ImageColorizer, reference 1.1.2 (c5433d), with Swift 6.4 for watchOS using Xcode 27.0 on 23 Sep 2026 10:40:43 UTC.
Build Command
env DEVELOPER_DIR=/Applications/Xcode-27.0.0-Release.Candidate.app xcrun xcodebuild -IDEClonedSourcePackagesDirPathOverride=$PWD/.dependencies -skipMacroValidation -skipPackagePluginValidation -derivedDataPath $PWD/.derivedData build -scheme WWMachineLearning_ImageColorizer -destination generic/platform=watchOSBuild Log
CompileC /Users/admin/builder/spi-builder-workspace/.derivedData/Build/Intermediates.noindex/WWMachineLearning_ImageColorizer.build/Debug-watchos/CLittleCMS-t.build/Objects-normal/arm64/cmsgmt.o /Users/admin/builder/spi-builder-workspace/Sources/CLittleCMS/littlecms/cmsgmt.c normal arm64 c com.apple.compilers.llvm.clang.1_0.compiler (in target 'CLittleCMS' from project 'WWMachineLearning_ImageColorizer')
cd /Users/admin/builder/spi-builder-workspace/.swiftpm/xcode
Using response file: /Users/admin/builder/spi-builder-workspace/.derivedData/Build/Intermediates.noindex/WWMachineLearning_ImageColorizer.build/Debug-watchos/CLittleCMS-t.build/Objects-normal/arm64/7187679823f38a2a940e0043cdf9d637-common-args.resp
/Applications/Xcode-27.0.0-Release.Candidate.app/Contents/Developer/Toolchains/XcodeDefault.xctoolchain/usr/bin/clang -x c -ivfsstatcache /Users/admin/builder/spi-builder-workspace/.derivedData/SDKStatCaches.noindex/watchos27.0-24R360-e829b21a6f8c9b70876ba0858053c04477534ef55a1706bf4c1112bbb242f0a2.sdkstatcache -target arm64-apple-watchos9.0 -fmessage-length\=0 -fdiagnostics-show-note-include-stack -fmacro-backtrace-limit\=0 -fno-color-diagnostics -fmodules-prune-interval\=86400 -fmodules-prune-after\=345600 -fbuild-session-file\=/Users/admin/builder/spi-builder-workspace/.derivedData/ModuleCache.noindex/Session.modulevalidation -fmodules-validate-once-per-build-session -Wnon-modular-include-in-framework-module -Werror\=non-modular-include-in-framework-module -Wno-trigraphs -Wno-missing-field-initializers -Wno-missing-prototypes -Wno-return-type -Wno-missing-braces -Wparentheses -Wswitch -Wno-unused-function -Wno-unused-label -Wno-unused-parameter -Wno-unused-variable -Wunused-value -Wno-empty-body -Wno-uninitialized -Wno-unknown-pragmas -Wno-shadow -Wno-four-char-constants -Wno-conversion -Wno-constant-conversion -Wno-int-conversion -Wno-bool-conversion -Wno-enum-conversion -Wno-float-conversion -Wno-non-literal-null-conversion -Wno-objc-literal-conversion -Wshorten-64-to-32 -Wpointer-sign -Wno-newline-eof -Wno-implicit-fallthrough -isysroot /Applications/Xcode-27.0.0-Release.Candidate.app/Contents/Developer/Platforms/WatchOS.platform/Developer/SDKs/WatchOS27.0.sdk -fstrict-aliasing -Wdeprecated-declarations -Wno-sign-conversion -Wno-infinite-recursion -Wno-comma -Wno-block-capture-autoreleasing -Wno-strict-prototypes -Wno-semicolon-before-method-body -index-store-path /Users/admin/builder/spi-builder-workspace/.derivedData/Index.noindex/DataStore @/Users/admin/builder/spi-builder-workspace/.derivedData/Build/Intermediates.noindex/WWMachineLearning_ImageColorizer.build/Debug-watchos/CLittleCMS-t.build/Objects-normal/arm64/7187679823f38a2a940e0043cdf9d637-common-args.resp -MMD -MT dependencies -MF /Users/admin/builder/spi-builder-workspace/.derivedData/Build/Intermediates.noindex/WWMachineLearning_ImageColorizer.build/Debug-watchos/CLittleCMS-t.build/Objects-normal/arm64/cmsgmt.d --serialize-diagnostics /Users/admin/builder/spi-builder-workspace/.derivedData/Build/Intermediates.noindex/WWMachineLearning_ImageColorizer.build/Debug-watchos/CLittleCMS-t.build/Objects-normal/arm64/cmsgmt.dia -c /Users/admin/builder/spi-builder-workspace/Sources/CLittleCMS/littlecms/cmsgmt.c -o /Users/admin/builder/spi-builder-workspace/.derivedData/Build/Intermediates.noindex/WWMachineLearning_ImageColorizer.build/Debug-watchos/CLittleCMS-t.build/Objects-normal/arm64/cmsgmt.o -index-unit-output-path /WWMachineLearning_ImageColorizer.build/Debug-watchos/CLittleCMS-t.build/Objects-normal/arm64/cmsgmt.o
CompileC /Users/admin/builder/spi-builder-workspace/.derivedData/Build/Intermediates.noindex/WWMachineLearning_ImageColorizer.build/Debug-watchos/CLittleCMS-t.build/Objects-normal/arm64/cmserr.o /Users/admin/builder/spi-builder-workspace/Sources/CLittleCMS/littlecms/cmserr.c normal arm64 c com.apple.compilers.llvm.clang.1_0.compiler (in target 'CLittleCMS' from project 'WWMachineLearning_ImageColorizer')
cd /Users/admin/builder/spi-builder-workspace/.swiftpm/xcode
Using response file: /Users/admin/builder/spi-builder-workspace/.derivedData/Build/Intermediates.noindex/WWMachineLearning_ImageColorizer.build/Debug-watchos/CLittleCMS-t.build/Objects-normal/arm64/7187679823f38a2a940e0043cdf9d637-common-args.resp
/Applications/Xcode-27.0.0-Release.Candidate.app/Contents/Developer/Toolchains/XcodeDefault.xctoolchain/usr/bin/clang -x c -ivfsstatcache /Users/admin/builder/spi-builder-workspace/.derivedData/SDKStatCaches.noindex/watchos27.0-24R360-e829b21a6f8c9b70876ba0858053c04477534ef55a1706bf4c1112bbb242f0a2.sdkstatcache -target arm64-apple-watchos9.0 -fmessage-length\=0 -fdiagnostics-show-note-include-stack -fmacro-backtrace-limit\=0 -fno-color-diagnostics -fmodules-prune-interval\=86400 -fmodules-prune-after\=345600 -fbuild-session-file\=/Users/admin/builder/spi-builder-workspace/.derivedData/ModuleCache.noindex/Session.modulevalidation -fmodules-validate-once-per-build-session -Wnon-modular-include-in-framework-module -Werror\=non-modular-include-in-framework-module -Wno-trigraphs -Wno-missing-field-initializers -Wno-missing-prototypes -Wno-return-type -Wno-missing-braces -Wparentheses -Wswitch -Wno-unused-function -Wno-unused-label -Wno-unused-parameter -Wno-unused-variable -Wunused-value -Wno-empty-body -Wno-uninitialized -Wno-unknown-pragmas -Wno-shadow -Wno-four-char-constants -Wno-conversion -Wno-constant-conversion -Wno-int-conversion -Wno-bool-conversion -Wno-enum-conversion -Wno-float-conversion -Wno-non-literal-null-conversion -Wno-objc-literal-conversion -Wshorten-64-to-32 -Wpointer-sign -Wno-newline-eof -Wno-implicit-fallthrough -isysroot /Applications/Xcode-27.0.0-Release.Candidate.app/Contents/Developer/Platforms/WatchOS.platform/Developer/SDKs/WatchOS27.0.sdk -fstrict-aliasing -Wdeprecated-declarations -Wno-sign-conversion -Wno-infinite-recursion -Wno-comma -Wno-block-capture-autoreleasing -Wno-strict-prototypes -Wno-semicolon-before-method-body -index-store-path /Users/admin/builder/spi-builder-workspace/.derivedData/Index.noindex/DataStore @/Users/admin/builder/spi-builder-workspace/.derivedData/Build/Intermediates.noindex/WWMachineLearning_ImageColorizer.build/Debug-watchos/CLittleCMS-t.build/Objects-normal/arm64/7187679823f38a2a940e0043cdf9d637-common-args.resp -MMD -MT dependencies -MF /Users/admin/builder/spi-builder-workspace/.derivedData/Build/Intermediates.noindex/WWMachineLearning_ImageColorizer.build/Debug-watchos/CLittleCMS-t.build/Objects-normal/arm64/cmserr.d --serialize-diagnostics /Users/admin/builder/spi-builder-workspace/.derivedData/Build/Intermediates.noindex/WWMachineLearning_ImageColorizer.build/Debug-watchos/CLittleCMS-t.build/Objects-normal/arm64/cmserr.dia -c /Users/admin/builder/spi-builder-workspace/Sources/CLittleCMS/littlecms/cmserr.c -o /Users/admin/builder/spi-builder-workspace/.derivedData/Build/Intermediates.noindex/WWMachineLearning_ImageColorizer.build/Debug-watchos/CLittleCMS-t.build/Objects-normal/arm64/cmserr.o -index-unit-output-path /WWMachineLearning_ImageColorizer.build/Debug-watchos/CLittleCMS-t.build/Objects-normal/arm64/cmserr.o
CompileC /Users/admin/builder/spi-builder-workspace/.derivedData/Build/Intermediates.noindex/WWMachineLearning_ImageColorizer.build/Debug-watchos/CLittleCMS-t.build/Objects-normal/arm64/cmscnvrt.o /Users/admin/builder/spi-builder-workspace/Sources/CLittleCMS/littlecms/cmscnvrt.c normal arm64 c com.apple.compilers.llvm.clang.1_0.compiler (in target 'CLittleCMS' from project 'WWMachineLearning_ImageColorizer')
cd /Users/admin/builder/spi-builder-workspace/.swiftpm/xcode
Using response file: /Users/admin/builder/spi-builder-workspace/.derivedData/Build/Intermediates.noindex/WWMachineLearning_ImageColorizer.build/Debug-watchos/CLittleCMS-t.build/Objects-normal/arm64/7187679823f38a2a940e0043cdf9d637-common-args.resp
/Applications/Xcode-27.0.0-Release.Candidate.app/Contents/Developer/Toolchains/XcodeDefault.xctoolchain/usr/bin/clang -x c -ivfsstatcache /Users/admin/builder/spi-builder-workspace/.derivedData/SDKStatCaches.noindex/watchos27.0-24R360-e829b21a6f8c9b70876ba0858053c04477534ef55a1706bf4c1112bbb242f0a2.sdkstatcache -target arm64-apple-watchos9.0 -fmessage-length\=0 -fdiagnostics-show-note-include-stack -fmacro-backtrace-limit\=0 -fno-color-diagnostics -fmodules-prune-interval\=86400 -fmodules-prune-after\=345600 -fbuild-session-file\=/Users/admin/builder/spi-builder-workspace/.derivedData/ModuleCache.noindex/Session.modulevalidation -fmodules-validate-once-per-build-session -Wnon-modular-include-in-framework-module -Werror\=non-modular-include-in-framework-module -Wno-trigraphs -Wno-missing-field-initializers -Wno-missing-prototypes -Wno-return-type -Wno-missing-braces -Wparentheses -Wswitch -Wno-unused-function -Wno-unused-label -Wno-unused-parameter -Wno-unused-variable -Wunused-value -Wno-empty-body -Wno-uninitialized -Wno-unknown-pragmas -Wno-shadow -Wno-four-char-constants -Wno-conversion -Wno-constant-conversion -Wno-int-conversion -Wno-bool-conversion -Wno-enum-conversion -Wno-float-conversion -Wno-non-literal-null-conversion -Wno-objc-literal-conversion -Wshorten-64-to-32 -Wpointer-sign -Wno-newline-eof -Wno-implicit-fallthrough -isysroot /Applications/Xcode-27.0.0-Release.Candidate.app/Contents/Developer/Platforms/WatchOS.platform/Developer/SDKs/WatchOS27.0.sdk -fstrict-aliasing -Wdeprecated-declarations -Wno-sign-conversion -Wno-infinite-recursion -Wno-comma -Wno-block-capture-autoreleasing -Wno-strict-prototypes -Wno-semicolon-before-method-body -index-store-path /Users/admin/builder/spi-builder-workspace/.derivedData/Index.noindex/DataStore @/Users/admin/builder/spi-builder-workspace/.derivedData/Build/Intermediates.noindex/WWMachineLearning_ImageColorizer.build/Debug-watchos/CLittleCMS-t.build/Objects-normal/arm64/7187679823f38a2a940e0043cdf9d637-common-args.resp -MMD -MT dependencies -MF /Users/admin/builder/spi-builder-workspace/.derivedData/Build/Intermediates.noindex/WWMachineLearning_ImageColorizer.build/Debug-watchos/CLittleCMS-t.build/Objects-normal/arm64/cmscnvrt.d --serialize-diagnostics /Users/admin/builder/spi-builder-workspace/.derivedData/Build/Intermediates.noindex/WWMachineLearning_ImageColorizer.build/Debug-watchos/CLittleCMS-t.build/Objects-normal/arm64/cmscnvrt.dia -c /Users/admin/builder/spi-builder-workspace/Sources/CLittleCMS/littlecms/cmscnvrt.c -o /Users/admin/builder/spi-builder-workspace/.derivedData/Build/Intermediates.noindex/WWMachineLearning_ImageColorizer.build/Debug-watchos/CLittleCMS-t.build/Objects-normal/arm64/cmscnvrt.o -index-unit-output-path /WWMachineLearning_ImageColorizer.build/Debug-watchos/CLittleCMS-t.build/Objects-normal/arm64/cmscnvrt.o
CompileC /Users/admin/builder/spi-builder-workspace/.derivedData/Build/Intermediates.noindex/WWMachineLearning_ImageColorizer.build/Debug-watchos/CLittleCMS-t.build/Objects-normal/arm64/cmscgats.o /Users/admin/builder/spi-builder-workspace/Sources/CLittleCMS/littlecms/cmscgats.c normal arm64 c com.apple.compilers.llvm.clang.1_0.compiler (in target 'CLittleCMS' from project 'WWMachineLearning_ImageColorizer')
cd /Users/admin/builder/spi-builder-workspace/.swiftpm/xcode
Using response file: /Users/admin/builder/spi-builder-workspace/.derivedData/Build/Intermediates.noindex/WWMachineLearning_ImageColorizer.build/Debug-watchos/CLittleCMS-t.build/Objects-normal/arm64/7187679823f38a2a940e0043cdf9d637-common-args.resp
/Applications/Xcode-27.0.0-Release.Candidate.app/Contents/Developer/Toolchains/XcodeDefault.xctoolchain/usr/bin/clang -x c -ivfsstatcache /Users/admin/builder/spi-builder-workspace/.derivedData/SDKStatCaches.noindex/watchos27.0-24R360-e829b21a6f8c9b70876ba0858053c04477534ef55a1706bf4c1112bbb242f0a2.sdkstatcache -target arm64-apple-watchos9.0 -fmessage-length\=0 -fdiagnostics-show-note-include-stack -fmacro-backtrace-limit\=0 -fno-color-diagnostics -fmodules-prune-interval\=86400 -fmodules-prune-after\=345600 -fbuild-session-file\=/Users/admin/builder/spi-builder-workspace/.derivedData/ModuleCache.noindex/Session.modulevalidation -fmodules-validate-once-per-build-session -Wnon-modular-include-in-framework-module -Werror\=non-modular-include-in-framework-module -Wno-trigraphs -Wno-missing-field-initializers -Wno-missing-prototypes -Wno-return-type -Wno-missing-braces -Wparentheses -Wswitch -Wno-unused-function -Wno-unused-label -Wno-unused-parameter -Wno-unused-variable -Wunused-value -Wno-empty-body -Wno-uninitialized -Wno-unknown-pragmas -Wno-shadow -Wno-four-char-constants -Wno-conversion -Wno-constant-conversion -Wno-int-conversion -Wno-bool-conversion -Wno-enum-conversion -Wno-float-conversion -Wno-non-literal-null-conversion -Wno-objc-literal-conversion -Wshorten-64-to-32 -Wpointer-sign -Wno-newline-eof -Wno-implicit-fallthrough -isysroot /Applications/Xcode-27.0.0-Release.Candidate.app/Contents/Developer/Platforms/WatchOS.platform/Developer/SDKs/WatchOS27.0.sdk -fstrict-aliasing -Wdeprecated-declarations -Wno-sign-conversion -Wno-infinite-recursion -Wno-comma -Wno-block-capture-autoreleasing -Wno-strict-prototypes -Wno-semicolon-before-method-body -index-store-path /Users/admin/builder/spi-builder-workspace/.derivedData/Index.noindex/DataStore @/Users/admin/builder/spi-builder-workspace/.derivedData/Build/Intermediates.noindex/WWMachineLearning_ImageColorizer.build/Debug-watchos/CLittleCMS-t.build/Objects-normal/arm64/7187679823f38a2a940e0043cdf9d637-common-args.resp -MMD -MT dependencies -MF /Users/admin/builder/spi-builder-workspace/.derivedData/Build/Intermediates.noindex/WWMachineLearning_ImageColorizer.build/Debug-watchos/CLittleCMS-t.build/Objects-normal/arm64/cmscgats.d --serialize-diagnostics /Users/admin/builder/spi-builder-workspace/.derivedData/Build/Intermediates.noindex/WWMachineLearning_ImageColorizer.build/Debug-watchos/CLittleCMS-t.build/Objects-normal/arm64/cmscgats.dia -c /Users/admin/builder/spi-builder-workspace/Sources/CLittleCMS/littlecms/cmscgats.c -o /Users/admin/builder/spi-builder-workspace/.derivedData/Build/Intermediates.noindex/WWMachineLearning_ImageColorizer.build/Debug-watchos/CLittleCMS-t.build/Objects-normal/arm64/cmscgats.o -index-unit-output-path /WWMachineLearning_ImageColorizer.build/Debug-watchos/CLittleCMS-t.build/Objects-normal/arm64/cmscgats.o
CompileC /Users/admin/builder/spi-builder-workspace/.derivedData/Build/Intermediates.noindex/WWMachineLearning_ImageColorizer.build/Debug-watchos/CLittleCMS-t.build/Objects-normal/arm64/cmsalpha.o /Users/admin/builder/spi-builder-workspace/Sources/CLittleCMS/littlecms/cmsalpha.c normal arm64 c com.apple.compilers.llvm.clang.1_0.compiler (in target 'CLittleCMS' from project 'WWMachineLearning_ImageColorizer')
cd /Users/admin/builder/spi-builder-workspace/.swiftpm/xcode
Using response file: /Users/admin/builder/spi-builder-workspace/.derivedData/Build/Intermediates.noindex/WWMachineLearning_ImageColorizer.build/Debug-watchos/CLittleCMS-t.build/Objects-normal/arm64/7187679823f38a2a940e0043cdf9d637-common-args.resp
/Applications/Xcode-27.0.0-Release.Candidate.app/Contents/Developer/Toolchains/XcodeDefault.xctoolchain/usr/bin/clang -x c -ivfsstatcache /Users/admin/builder/spi-builder-workspace/.derivedData/SDKStatCaches.noindex/watchos27.0-24R360-e829b21a6f8c9b70876ba0858053c04477534ef55a1706bf4c1112bbb242f0a2.sdkstatcache -target arm64-apple-watchos9.0 -fmessage-length\=0 -fdiagnostics-show-note-include-stack -fmacro-backtrace-limit\=0 -fno-color-diagnostics -fmodules-prune-interval\=86400 -fmodules-prune-after\=345600 -fbuild-session-file\=/Users/admin/builder/spi-builder-workspace/.derivedData/ModuleCache.noindex/Session.modulevalidation -fmodules-validate-once-per-build-session -Wnon-modular-include-in-framework-module -Werror\=non-modular-include-in-framework-module -Wno-trigraphs -Wno-missing-field-initializers -Wno-missing-prototypes -Wno-return-type -Wno-missing-braces -Wparentheses -Wswitch -Wno-unused-function -Wno-unused-label -Wno-unused-parameter -Wno-unused-variable -Wunused-value -Wno-empty-body -Wno-uninitialized -Wno-unknown-pragmas -Wno-shadow -Wno-four-char-constants -Wno-conversion -Wno-constant-conversion -Wno-int-conversion -Wno-bool-conversion -Wno-enum-conversion -Wno-float-conversion -Wno-non-literal-null-conversion -Wno-objc-literal-conversion -Wshorten-64-to-32 -Wpointer-sign -Wno-newline-eof -Wno-implicit-fallthrough -isysroot /Applications/Xcode-27.0.0-Release.Candidate.app/Contents/Developer/Platforms/WatchOS.platform/Developer/SDKs/WatchOS27.0.sdk -fstrict-aliasing -Wdeprecated-declarations -Wno-sign-conversion -Wno-infinite-recursion -Wno-comma -Wno-block-capture-autoreleasing -Wno-strict-prototypes -Wno-semicolon-before-method-body -index-store-path /Users/admin/builder/spi-builder-workspace/.derivedData/Index.noindex/DataStore @/Users/admin/builder/spi-builder-workspace/.derivedData/Build/Intermediates.noindex/WWMachineLearning_ImageColorizer.build/Debug-watchos/CLittleCMS-t.build/Objects-normal/arm64/7187679823f38a2a940e0043cdf9d637-common-args.resp -MMD -MT dependencies -MF /Users/admin/builder/spi-builder-workspace/.derivedData/Build/Intermediates.noindex/WWMachineLearning_ImageColorizer.build/Debug-watchos/CLittleCMS-t.build/Objects-normal/arm64/cmsalpha.d --serialize-diagnostics /Users/admin/builder/spi-builder-workspace/.derivedData/Build/Intermediates.noindex/WWMachineLearning_ImageColorizer.build/Debug-watchos/CLittleCMS-t.build/Objects-normal/arm64/cmsalpha.dia -c /Users/admin/builder/spi-builder-workspace/Sources/CLittleCMS/littlecms/cmsalpha.c -o /Users/admin/builder/spi-builder-workspace/.derivedData/Build/Intermediates.noindex/WWMachineLearning_ImageColorizer.build/Debug-watchos/CLittleCMS-t.build/Objects-normal/arm64/cmsalpha.o -index-unit-output-path /WWMachineLearning_ImageColorizer.build/Debug-watchos/CLittleCMS-t.build/Objects-normal/arm64/cmsalpha.o
SwiftExplicitDependencyGeneratePcm arm64_32 /Users/admin/builder/spi-builder-workspace/.derivedData/SDKExplicitPrecompiledModules/ptrauth-BFXF358ME5AK535N5A9Z766WU.pcm
SwiftExplicitDependencyGeneratePcm arm64_32 /Users/admin/builder/spi-builder-workspace/.derivedData/SDKExplicitPrecompiledModules/_Builtin_stdarg-D305JG44A2WPI6CJY37X3QJE8.pcm
SwiftExplicitDependencyGeneratePcm arm64_32 /Users/admin/builder/spi-builder-workspace/.derivedData/SDKExplicitPrecompiledModules/ptrcheck-7ELIH9BTIGVKX3UBITM9N72WD.pcm
SwiftExplicitDependencyGeneratePcm arm64_32 /Users/admin/builder/spi-builder-workspace/.derivedData/SDKExplicitPrecompiledModules/_AvailabilityInternal-244WAN3Z1QBT7PIA64EZEFY1R.pcm
SwiftExplicitDependencyGeneratePcm arm64_32 /Users/admin/builder/spi-builder-workspace/.derivedData/SDKExplicitPrecompiledModules/SwiftShims-9CQQGWTSNTN9EB5NSHDWUJICH.pcm
SwiftExplicitDependencyGeneratePcm arm64_32 /Users/admin/builder/spi-builder-workspace/.derivedData/SDKExplicitPrecompiledModules/DeveloperToolsSupport-DZU5G1OCMNWU0AQRULIFHUJ1Z.pcm
SwiftExplicitDependencyGeneratePcm arm64 /Users/admin/builder/spi-builder-workspace/.derivedData/SDKExplicitPrecompiledModules/ptrauth-3TZ9WJCGLYD25HQPWH4968ONX.pcm
SwiftExplicitDependencyGeneratePcm arm64 /Users/admin/builder/spi-builder-workspace/.derivedData/SDKExplicitPrecompiledModules/_SwiftConcurrencyShims-659N52XSKR5F0QSB880BH2FJR.pcm
SwiftExplicitDependencyGeneratePcm arm64 /Users/admin/builder/spi-builder-workspace/.derivedData/SDKExplicitPrecompiledModules/_Builtin_stdbool-83J96QSOFE9VX04AAS6310UAE.pcm
SwiftExplicitDependencyGeneratePcm arm64 /Users/admin/builder/spi-builder-workspace/.derivedData/SDKExplicitPrecompiledModules/_Builtin_float-C0CW5Q4HGBQYKE77TC42IAFB5.pcm
SwiftExplicitDependencyGeneratePcm arm64_32 /Users/admin/builder/spi-builder-workspace/.derivedData/SDKExplicitPrecompiledModules/_SwiftConcurrencyShims-6RTBPQ03V7BM9SPRK8SUE055H.pcm
SwiftExplicitDependencyGeneratePcm arm64 /Users/admin/builder/spi-builder-workspace/.derivedData/SDKExplicitPrecompiledModules/ptrcheck-AIF0NDOYZ8ORBNHQAQR5NNB8M.pcm
SwiftExplicitDependencyGeneratePcm arm64 /Users/admin/builder/spi-builder-workspace/.derivedData/SDKExplicitPrecompiledModules/SwiftShims-4MXFZPV6FEB0XBYXCGPWAMQGL.pcm
SwiftExplicitDependencyGeneratePcm arm64_32 /Users/admin/builder/spi-builder-workspace/.derivedData/SDKExplicitPrecompiledModules/_Builtin_stdbool-A967K8W8YUYEC9SN52KJ7OO88.pcm
Ld /Users/admin/builder/spi-builder-workspace/.derivedData/Build/Intermediates.noindex/WWMachineLearning_ImageColorizer.build/Debug-watchos/CLittleCMS-t.build/Objects-normal/arm64/Binary/CLittleCMS.o normal arm64 (in target 'CLittleCMS' from project 'WWMachineLearning_ImageColorizer')
cd /Users/admin/builder/spi-builder-workspace
/Applications/Xcode-27.0.0-Release.Candidate.app/Contents/Developer/Toolchains/XcodeDefault.xctoolchain/usr/bin/clang -Xlinker -reproducible -target arm64-apple-watchos9.0 -r -isysroot /Applications/Xcode-27.0.0-Release.Candidate.app/Contents/Developer/Platforms/WatchOS.platform/Developer/SDKs/WatchOS27.0.sdk -O0 -Xlinker -no_warn_duplicate_libraries -F/Users/admin/builder/spi-builder-workspace/.derivedData/Build/Intermediates.noindex/EagerLinkingTBDs/Debug-watchos -F/Users/admin/builder/spi-builder-workspace/.derivedData/Build/Products/Debug-watchos -iframework /Applications/Xcode-27.0.0-Release.Candidate.app/Contents/Developer/Platforms/WatchOS.platform/Developer/Library/Frameworks -iframework /Applications/Xcode-27.0.0-Release.Candidate.app/Contents/Developer/Platforms/WatchOS.platform/Developer/SDKs/WatchOS27.0.sdk/Developer/Library/Frameworks -filelist /Users/admin/builder/spi-builder-workspace/.derivedData/Build/Intermediates.noindex/WWMachineLearning_ImageColorizer.build/Debug-watchos/CLittleCMS-t.build/Objects-normal/arm64/CLittleCMS.LinkFileList -nostdlib -Xlinker -object_path_lto -Xlinker /Users/admin/builder/spi-builder-workspace/.derivedData/Build/Intermediates.noindex/WWMachineLearning_ImageColorizer.build/Debug-watchos/CLittleCMS-t.build/Objects-normal/arm64/CLittleCMS_lto.o -Xlinker -no_deduplicate -Xlinker -dependency_info -Xlinker /Users/admin/builder/spi-builder-workspace/.derivedData/Build/Intermediates.noindex/WWMachineLearning_ImageColorizer.build/Debug-watchos/CLittleCMS-t.build/Objects-normal/arm64/CLittleCMS_dependency_info.dat -o /Users/admin/builder/spi-builder-workspace/.derivedData/Build/Intermediates.noindex/WWMachineLearning_ImageColorizer.build/Debug-watchos/CLittleCMS-t.build/Objects-normal/arm64/Binary/CLittleCMS.o
SwiftExplicitDependencyGeneratePcm arm64 /Users/admin/builder/spi-builder-workspace/.derivedData/SDKExplicitPrecompiledModules/_AvailabilityInternal-BUNV3UXM65NT37THI4W1AM0SF.pcm
SwiftExplicitDependencyGeneratePcm arm64_32 /Users/admin/builder/spi-builder-workspace/.derivedData/SDKExplicitPrecompiledModules/_Builtin_stddef-H44EFHQX6XSS5MZ7QP6YJZ76.pcm
SwiftExplicitDependencyGeneratePcm arm64 /Users/admin/builder/spi-builder-workspace/.derivedData/SDKExplicitPrecompiledModules/_Builtin_stdarg-A7UU8LE6MP85SM26YO7PBZNUQ.pcm
SwiftExplicitDependencyGeneratePcm arm64 /Users/admin/builder/spi-builder-workspace/.derivedData/SDKExplicitPrecompiledModules/_Builtin_stddef-1FU30Y8SWFB7OUUHMJQH5J6FM.pcm
SwiftExplicitDependencyGeneratePcm arm64 /Users/admin/builder/spi-builder-workspace/.derivedData/SDKExplicitPrecompiledModules/DeveloperToolsSupport-E7CNISCB36UE8XQ9IOHK9XDX1.pcm
CreateUniversalBinary /Users/admin/builder/spi-builder-workspace/.derivedData/Build/Products/Debug-watchos/CLittleCMS.o normal arm64\ arm64_32 (in target 'CLittleCMS' from project 'WWMachineLearning_ImageColorizer')
cd /Users/admin/builder/spi-builder-workspace
/Applications/Xcode-27.0.0-Release.Candidate.app/Contents/Developer/Toolchains/XcodeDefault.xctoolchain/usr/bin/lipo -create /Users/admin/builder/spi-builder-workspace/.derivedData/Build/Intermediates.noindex/WWMachineLearning_ImageColorizer.build/Debug-watchos/CLittleCMS-t.build/Objects-normal/arm64/Binary/CLittleCMS.o /Users/admin/builder/spi-builder-workspace/.derivedData/Build/Intermediates.noindex/WWMachineLearning_ImageColorizer.build/Debug-watchos/CLittleCMS-t.build/Objects-normal/arm64_32/Binary/CLittleCMS.o -output /Users/admin/builder/spi-builder-workspace/.derivedData/Build/Products/Debug-watchos/CLittleCMS.o
SwiftExplicitDependencyGeneratePcm arm64_32 /Users/admin/builder/spi-builder-workspace/.derivedData/SDKExplicitPrecompiledModules/_Builtin_float-6KO8O3PEWRCA4WC6PPLOYO6WJ.pcm
SwiftExplicitDependencyGeneratePcm arm64 /Users/admin/builder/spi-builder-workspace/.derivedData/SDKExplicitPrecompiledModules/_DarwinFoundation1-7SPX3MD0HMP55E4OLNCPNDQ53.pcm
SwiftExplicitDependencyGeneratePcm arm64_32 /Users/admin/builder/spi-builder-workspace/.derivedData/SDKExplicitPrecompiledModules/_DarwinFoundation1-2GWF9RFMPLQW4PDHS3NARVI3G.pcm
SwiftExplicitDependencyGeneratePcm arm64 /Users/admin/builder/spi-builder-workspace/.derivedData/SDKExplicitPrecompiledModules/_DarwinFoundation2-D0XAPJU49S5E9XMKYOFGSTB1Q.pcm
SwiftExplicitDependencyGeneratePcm arm64 /Users/admin/builder/spi-builder-workspace/.derivedData/SDKExplicitPrecompiledModules/_Builtin_limits-9GWPA2B0H20DYUNYHYCWKABJG.pcm
SwiftExplicitDependencyGeneratePcm arm64_32 /Users/admin/builder/spi-builder-workspace/.derivedData/SDKExplicitPrecompiledModules/_DarwinFoundation2-9MY8GOSYRO0M9MKNXF6D3MBNK.pcm
SwiftExplicitDependencyGeneratePcm arm64_32 /Users/admin/builder/spi-builder-workspace/.derivedData/SDKExplicitPrecompiledModules/_Builtin_limits-3VKBU2AFTD65PAJZ5CJ3LHFM2.pcm
SwiftExplicitDependencyGeneratePcm arm64 /Users/admin/builder/spi-builder-workspace/.derivedData/SDKExplicitPrecompiledModules/_Builtin_stdint-8XMILLJZEGRN2XG7XZUXZ5RLX.pcm
SwiftExplicitDependencyGeneratePcm arm64 /Users/admin/builder/spi-builder-workspace/.derivedData/SDKExplicitPrecompiledModules/string_h-E6PRXK75PHIPCZFWOFCQ3QBMK.pcm
SwiftExplicitDependencyGeneratePcm arm64 /Users/admin/builder/spi-builder-workspace/.derivedData/SDKExplicitPrecompiledModules/_Builtin_tgmath-8NQ96OZ0YHXEC24JI95P01UF8.pcm
SwiftExplicitDependencyGeneratePcm arm64 /Users/admin/builder/spi-builder-workspace/.derivedData/SDKExplicitPrecompiledModules/sys_types-2KXQLI78OUCDP779AE68GZJ2.pcm
SwiftExplicitDependencyGeneratePcm arm64_32 /Users/admin/builder/spi-builder-workspace/.derivedData/SDKExplicitPrecompiledModules/string_h-BFVLUQUSBZWYMLCU9QI7VZALW.pcm
SwiftExplicitDependencyGeneratePcm arm64_32 /Users/admin/builder/spi-builder-workspace/.derivedData/SDKExplicitPrecompiledModules/sys_types-8TLLMW08ZJWDGIIPKOYFGHHZW.pcm
SwiftExplicitDependencyGeneratePcm arm64_32 /Users/admin/builder/spi-builder-workspace/.derivedData/SDKExplicitPrecompiledModules/_Builtin_tgmath-23PGCKURCQILXMK0MYZRYDCOU.pcm
SwiftExplicitDependencyGeneratePcm arm64_32 /Users/admin/builder/spi-builder-workspace/.derivedData/SDKExplicitPrecompiledModules/_Builtin_stdint-1HMXWI3V0V4TXHRWZOMZGZ80Y.pcm
SwiftExplicitDependencyGeneratePcm arm64 /Users/admin/builder/spi-builder-workspace/.derivedData/SDKExplicitPrecompiledModules/_Builtin_intrinsics-75960HIPCIYA06IUW8FIIPQT.pcm
SwiftExplicitDependencyGeneratePcm arm64 /Users/admin/builder/spi-builder-workspace/.derivedData/SDKExplicitPrecompiledModules/_DarwinFoundation3-B97LRG0E9GON2NUE65TVG81HU.pcm
SwiftExplicitDependencyGeneratePcm arm64 /Users/admin/builder/spi-builder-workspace/.derivedData/SDKExplicitPrecompiledModules/_Builtin_stdatomic-7JEFA3KBJJJN6TKJWY3OG1VG5.pcm
SwiftExplicitDependencyGeneratePcm arm64_32 /Users/admin/builder/spi-builder-workspace/.derivedData/SDKExplicitPrecompiledModules/_Builtin_stdatomic-1TY035TURL76BF2U98PZPPZRX.pcm
SwiftExplicitDependencyGeneratePcm arm64_32 /Users/admin/builder/spi-builder-workspace/.derivedData/SDKExplicitPrecompiledModules/_Builtin_intrinsics-196IIAKDQVU42DLOZP9OQCV76.pcm
SwiftExplicitDependencyGeneratePcm arm64_32 /Users/admin/builder/spi-builder-workspace/.derivedData/SDKExplicitPrecompiledModules/_DarwinFoundation3-3DUTYQDQSD9HUAAVY947NMWOI.pcm
SwiftExplicitDependencyGeneratePcm arm64 /Users/admin/builder/spi-builder-workspace/.derivedData/SDKExplicitPrecompiledModules/_Builtin_inttypes-3UQSCM7WNM9EK4HZML8TY5J3D.pcm
SwiftExplicitDependencyGeneratePcm arm64_32 /Users/admin/builder/spi-builder-workspace/.derivedData/SDKExplicitPrecompiledModules/_Builtin_inttypes-D2KPCR4PEX9AQA33NGLUT5SBR.pcm
SwiftExplicitDependencyGeneratePcm arm64 /Users/admin/builder/spi-builder-workspace/.derivedData/SDKExplicitPrecompiledModules/Darwin-3984OXKFNSPE77NT743WK8SEX.pcm
SwiftExplicitDependencyGeneratePcm arm64_32 /Users/admin/builder/spi-builder-workspace/.derivedData/SDKExplicitPrecompiledModules/Darwin-3FVT1SKLN2ZQ5RVOABMTQBB34.pcm
SwiftExplicitDependencyGeneratePcm arm64 /Users/admin/builder/spi-builder-workspace/.derivedData/SDKExplicitPrecompiledModules/simd-EH08NODU6574T74ZKU61VP9BW.pcm
SwiftExplicitDependencyGeneratePcm arm64_32 /Users/admin/builder/spi-builder-workspace/.derivedData/SDKExplicitPrecompiledModules/simd-21UNWYOBUZI1LVSQ99S1XBLMO.pcm
SwiftExplicitDependencyGeneratePcm arm64 /Users/admin/builder/spi-builder-workspace/.derivedData/SDKExplicitPrecompiledModules/MachO-2U90NNSAQILBNBPS1SA4F8TYP.pcm
SwiftExplicitDependencyGeneratePcm arm64 /Users/admin/builder/spi-builder-workspace/.derivedData/SDKExplicitPrecompiledModules/ObjectiveC-72IVD3VS2RS8Q28D9PIMY0KQP.pcm
SwiftExplicitDependencyGeneratePcm arm64_32 /Users/admin/builder/spi-builder-workspace/.derivedData/SDKExplicitPrecompiledModules/MachO-56838ZJ0NC1EBAJ0O6O8QMPDX.pcm
SwiftExplicitDependencyGeneratePcm arm64_32 /Users/admin/builder/spi-builder-workspace/.derivedData/SDKExplicitPrecompiledModules/ObjectiveC-6IJNELR2E80E7LUKESVCP2KET.pcm
SwiftExplicitDependencyGeneratePcm arm64 /Users/admin/builder/spi-builder-workspace/.derivedData/SDKExplicitPrecompiledModules/os_object-3SDKD7F87FTZ26OON37DRYT6O.pcm
SwiftExplicitDependencyGeneratePcm arm64_32 /Users/admin/builder/spi-builder-workspace/.derivedData/SDKExplicitPrecompiledModules/os_object-5YWTC6L4756IWSTPGXS5NM0D0.pcm
SwiftExplicitDependencyGeneratePcm arm64 /Users/admin/builder/spi-builder-workspace/.derivedData/SDKExplicitPrecompiledModules/os_workgroup-89GG5G7YC2D0ZTK6AZXXQ20DH.pcm
SwiftExplicitDependencyGeneratePcm arm64_32 /Users/admin/builder/spi-builder-workspace/.derivedData/SDKExplicitPrecompiledModules/os_workgroup-5JHTPDMNBUNHLJI8LPHKQK1JK.pcm
SwiftExplicitDependencyGeneratePcm arm64 /Users/admin/builder/spi-builder-workspace/.derivedData/SDKExplicitPrecompiledModules/Spatial-44FJGYXFAT2AQAW9Z6T7YS02U.pcm
SwiftExplicitDependencyGeneratePcm arm64_32 /Users/admin/builder/spi-builder-workspace/.derivedData/SDKExplicitPrecompiledModules/Spatial-CWVWNML3T0NXVHZDKVLD3X1YZ.pcm
SwiftExplicitDependencyGeneratePcm arm64 /Users/admin/builder/spi-builder-workspace/.derivedData/SDKExplicitPrecompiledModules/Dispatch-1NLJOVAK60XP0DUB05XA59EIM.pcm
SwiftExplicitDependencyGeneratePcm arm64_32 /Users/admin/builder/spi-builder-workspace/.derivedData/SDKExplicitPrecompiledModules/Dispatch-2P62F1T4XV63S4P99TUDTOK2Q.pcm
SwiftExplicitDependencyGeneratePcm arm64 /Users/admin/builder/spi-builder-workspace/.derivedData/SDKExplicitPrecompiledModules/XPC-40DR0X1DHKGCV4J1IOLFS8MOU.pcm
SwiftExplicitDependencyGeneratePcm arm64 /Users/admin/builder/spi-builder-workspace/.derivedData/SDKExplicitPrecompiledModules/CoreFoundation-8T2L24YC5NU7WO6WQJWRY7W08.pcm
SwiftExplicitDependencyGeneratePcm arm64_32 /Users/admin/builder/spi-builder-workspace/.derivedData/SDKExplicitPrecompiledModules/XPC-81Y45QFY96XYYFCW2GT6FY8S4.pcm
SwiftExplicitDependencyGeneratePcm arm64_32 /Users/admin/builder/spi-builder-workspace/.derivedData/SDKExplicitPrecompiledModules/CoreFoundation-8E6Y4BA3EXYKUGJ24GT9LGV3N.pcm
SwiftExplicitDependencyGeneratePcm arm64 /Users/admin/builder/spi-builder-workspace/.derivedData/SDKExplicitPrecompiledModules/os-5DIL6Z9LFIGLMZAHM7X2T5435.pcm
SwiftExplicitDependencyGeneratePcm arm64_32 /Users/admin/builder/spi-builder-workspace/.derivedData/SDKExplicitPrecompiledModules/os-E5IGB442IA6SBB25TTCOLK2OC.pcm
SwiftExplicitDependencyGeneratePcm arm64 /Users/admin/builder/spi-builder-workspace/.derivedData/SDKExplicitPrecompiledModules/Security-6RZ6YBRU8WCUHRFFRVUK5WKMM.pcm
SwiftExplicitDependencyGeneratePcm arm64 /Users/admin/builder/spi-builder-workspace/.derivedData/SDKExplicitPrecompiledModules/CoreGraphics-DWNZ73GEH98SBJXZ7DEXB420K.pcm
SwiftExplicitDependencyGeneratePcm arm64_32 /Users/admin/builder/spi-builder-workspace/.derivedData/SDKExplicitPrecompiledModules/CoreGraphics-9FDXYX6BKBUT6TJ2VF819E7T5.pcm
SwiftExplicitDependencyGeneratePcm arm64_32 /Users/admin/builder/spi-builder-workspace/.derivedData/SDKExplicitPrecompiledModules/Security-D7TOWF88VWF67TB9HAFP5UWB1.pcm
SwiftExplicitDependencyGeneratePcm arm64 /Users/admin/builder/spi-builder-workspace/.derivedData/SDKExplicitPrecompiledModules/Foundation-DLBKUSGXN8QHAT8W0OARR9S8A.pcm
SwiftExplicitDependencyGeneratePcm arm64_32 /Users/admin/builder/spi-builder-workspace/.derivedData/SDKExplicitPrecompiledModules/Foundation-BJ2VQGI3OGR34500MEQ1VKHPH.pcm
SwiftExplicitDependencyGeneratePcm arm64 /Users/admin/builder/spi-builder-workspace/.derivedData/SDKExplicitPrecompiledModules/CoreVideo-8MRR5MNWUOAW2DBPGUQ8FKK4.pcm
SwiftExplicitDependencyGeneratePcm arm64 /Users/admin/builder/spi-builder-workspace/.derivedData/SDKExplicitPrecompiledModules/CoreText-970YJN6NIYGK1316L35Z0O8QT.pcm
SwiftExplicitDependencyGeneratePcm arm64_32 /Users/admin/builder/spi-builder-workspace/.derivedData/SDKExplicitPrecompiledModules/CoreText-C9X2REPZN2V5BSU4G80FCETDR.pcm
SwiftExplicitDependencyGeneratePcm arm64_32 /Users/admin/builder/spi-builder-workspace/.derivedData/SDKExplicitPrecompiledModules/CoreVideo-2P8HI0403J99LBDPKNFJ5D4DL.pcm
SwiftExplicitDependencyGeneratePcm arm64 /Users/admin/builder/spi-builder-workspace/.derivedData/SDKExplicitPrecompiledModules/OSLog-B7VGO357Y3GJG35TST7DKDSI3.pcm
SwiftExplicitDependencyGeneratePcm arm64 /Users/admin/builder/spi-builder-workspace/.derivedData/SDKExplicitPrecompiledModules/UniformTypeIdentifiers-8L08Q8DQJV8C4AW84YVGFGTRN.pcm
SwiftExplicitDependencyGeneratePcm arm64 /Users/admin/builder/spi-builder-workspace/.derivedData/SDKExplicitPrecompiledModules/UIUtilities-IR7RNW23VAUKYI9MLCS9NL9A.pcm
SwiftExplicitDependencyGeneratePcm arm64 /Users/admin/builder/spi-builder-workspace/.derivedData/SDKExplicitPrecompiledModules/QuartzCore-94KFMWNOU7ZLUZNB4T5DLZC9D.pcm
SwiftExplicitDependencyGeneratePcm arm64 /Users/admin/builder/spi-builder-workspace/.derivedData/SDKExplicitPrecompiledModules/DataDetection-7BNVI1SZW5ISQL5SX4WL2X7I5.pcm
SwiftExplicitDependencyGeneratePcm arm64 /Users/admin/builder/spi-builder-workspace/.derivedData/SDKExplicitPrecompiledModules/UserNotifications-ARAH8MEQ0C2L0FBO39HITJMAO.pcm
SwiftExplicitDependencyGeneratePcm arm64 /Users/admin/builder/spi-builder-workspace/.derivedData/SDKExplicitPrecompiledModules/_LocationEssentials-5ZZDGDXB6HLQUC72SJW7YJ7MK.pcm
SwiftExplicitDependencyGeneratePcm arm64 /Users/admin/builder/spi-builder-workspace/.derivedData/SDKExplicitPrecompiledModules/Accessibility-27QMG6ZQ1NKYTNBYFPM1XKNFC.pcm
SwiftExplicitDependencyGeneratePcm arm64 /Users/admin/builder/spi-builder-workspace/.derivedData/SDKExplicitPrecompiledModules/Symbols-3EFABTJ9L5PQDJ7RQCYQWEJMM.pcm
SwiftExplicitDependencyGeneratePcm arm64 /Users/admin/builder/spi-builder-workspace/.derivedData/SDKExplicitPrecompiledModules/CoreTransferable-9PPG3SLJ55T4LITIFYX2M0NOZ.pcm
SwiftExplicitDependencyGeneratePcm arm64_32 /Users/admin/builder/spi-builder-workspace/.derivedData/SDKExplicitPrecompiledModules/Accessibility-F385OMZ5GYBUY5O4QAJB4NRII.pcm
SwiftExplicitDependencyGeneratePcm arm64_32 /Users/admin/builder/spi-builder-workspace/.derivedData/SDKExplicitPrecompiledModules/Symbols-1H97WMG76HU94F5VGJR19PXFY.pcm
SwiftExplicitDependencyGeneratePcm arm64 /Users/admin/builder/spi-builder-workspace/.derivedData/SDKExplicitPrecompiledModules/CoreLocation-ACKJ9K7ABI14F97Y46Y6SRR17.pcm
SwiftExplicitDependencyGeneratePcm arm64_32 /Users/admin/builder/spi-builder-workspace/.derivedData/SDKExplicitPrecompiledModules/_LocationEssentials-AQ1OL9QKC3LQLY5CNSRM1HB53.pcm
SwiftExplicitDependencyGeneratePcm arm64_32 /Users/admin/builder/spi-builder-workspace/.derivedData/SDKExplicitPrecompiledModules/CoreTransferable-5D4IR6X37682FPHJ5CBPTKQV6.pcm
SwiftExplicitDependencyGeneratePcm arm64_32 /Users/admin/builder/spi-builder-workspace/.derivedData/SDKExplicitPrecompiledModules/DataDetection-U9BF7WHFVA6BZGFXXXP272PS.pcm
SwiftExplicitDependencyGeneratePcm arm64_32 /Users/admin/builder/spi-builder-workspace/.derivedData/SDKExplicitPrecompiledModules/UniformTypeIdentifiers-CJZ3NTHPSBH4XWX5EVOG56UZS.pcm
SwiftExplicitDependencyGeneratePcm arm64_32 /Users/admin/builder/spi-builder-workspace/.derivedData/SDKExplicitPrecompiledModules/UIUtilities-9YFVNIMRC5HRVOIARNWHP1E3H.pcm
SwiftExplicitDependencyGeneratePcm arm64_32 /Users/admin/builder/spi-builder-workspace/.derivedData/SDKExplicitPrecompiledModules/UserNotifications-6TBN8TEAKO014N1T2QD926XED.pcm
SwiftExplicitDependencyGeneratePcm arm64_32 /Users/admin/builder/spi-builder-workspace/.derivedData/SDKExplicitPrecompiledModules/QuartzCore-6375NPYACK5NYVHPMC1QQ8MC2.pcm
SwiftExplicitDependencyGeneratePcm arm64 /Users/admin/builder/spi-builder-workspace/.derivedData/SDKExplicitPrecompiledModules/SwiftUICore-C1DST1IX2Z0PTH5SJJZ1IULRB.pcm
SwiftExplicitDependencyGeneratePcm arm64_32 /Users/admin/builder/spi-builder-workspace/.derivedData/SDKExplicitPrecompiledModules/OSLog-D9AVFY0KWO7RVBIQ73CBIJVCN.pcm
SwiftExplicitDependencyGeneratePcm arm64_32 /Users/admin/builder/spi-builder-workspace/.derivedData/SDKExplicitPrecompiledModules/CoreLocation-8XU5YMYM4P11RQMYCQAG65ITK.pcm
SwiftExplicitDependencyGeneratePcm arm64 /Users/admin/builder/spi-builder-workspace/.derivedData/SDKExplicitPrecompiledModules/CoreMotion-6RD5K48QT1F4L9CATNFD2O7YB.pcm
SwiftExplicitDependencyGeneratePcm arm64_32 /Users/admin/builder/spi-builder-workspace/.derivedData/SDKExplicitPrecompiledModules/SwiftUICore-3Q7WLRD8MR9R3NGIPUBQCP6F6.pcm
SwiftExplicitDependencyGeneratePcm arm64_32 /Users/admin/builder/spi-builder-workspace/.derivedData/SDKExplicitPrecompiledModules/CoreMotion-1XGTVTE5PP32UHME8AC63TL6.pcm
SwiftExplicitDependencyGeneratePcm arm64 /Users/admin/builder/spi-builder-workspace/.derivedData/SDKExplicitPrecompiledModules/UIKit-27R3P1YMV4C6JLDT661G3MRIA.pcm
SwiftExplicitDependencyGeneratePcm arm64_32 /Users/admin/builder/spi-builder-workspace/.derivedData/SDKExplicitPrecompiledModules/UIKit-6PPV7YPZ89CZPHYAP072QH8B6.pcm
SwiftEmitModule normal arm64 Emitting\ module\ for\ WWNetworking (in target 'WWNetworking' from project 'WWNetworking')
SwiftCompile normal arm64 (in target 'WWNetworking' from project 'WWNetworking')
cd /Users/admin/builder/spi-builder-workspace/.swiftpm/xcode
SwiftCompile normal arm64 Compiling\ Extension.swift /Users/admin/builder/spi-builder-workspace/.dependencies/checkouts/WWNetworking/Sources/WWNetworking/Utility/Extension.swift (in target 'WWNetworking' from project 'WWNetworking')
SwiftCompile normal arm64 /Users/admin/builder/spi-builder-workspace/.dependencies/checkouts/WWNetworking/Sources/WWNetworking/Utility/Extension.swift (in target 'WWNetworking' from project 'WWNetworking')
cd /Users/admin/builder/spi-builder-workspace/.swiftpm/xcode
builtin-SwiftPerFileCompile Extension.swift
SwiftCompile normal arm64 Compiling\ Constant.swift /Users/admin/builder/spi-builder-workspace/.dependencies/checkouts/WWNetworking/Sources/WWNetworking/Utility/Constant.swift (in target 'WWNetworking' from project 'WWNetworking')
SwiftCompile normal arm64 /Users/admin/builder/spi-builder-workspace/.dependencies/checkouts/WWNetworking/Sources/WWNetworking/Utility/Constant.swift (in target 'WWNetworking' from project 'WWNetworking')
cd /Users/admin/builder/spi-builder-workspace/.swiftpm/xcode
builtin-SwiftPerFileCompile Constant.swift
SwiftCompile normal arm64 Compiling\ resource_bundle_accessor.swift /Users/admin/builder/spi-builder-workspace/.derivedData/Build/Intermediates.noindex/WWNetworking.build/Debug-watchos/WWNetworking-t.build/DerivedSources/resource_bundle_accessor.swift (in target 'WWNetworking' from project 'WWNetworking')
SwiftCompile normal arm64 /Users/admin/builder/spi-builder-workspace/.derivedData/Build/Intermediates.noindex/WWNetworking.build/Debug-watchos/WWNetworking-t.build/DerivedSources/resource_bundle_accessor.swift (in target 'WWNetworking' from project 'WWNetworking')
cd /Users/admin/builder/spi-builder-workspace/.swiftpm/xcode
builtin-SwiftPerFileCompile resource_bundle_accessor.swift
SwiftCompile normal arm64 Compiling\ Model.swift /Users/admin/builder/spi-builder-workspace/.dependencies/checkouts/WWNetworking/Sources/WWNetworking/Utility/Model.swift (in target 'WWNetworking' from project 'WWNetworking')
SwiftCompile normal arm64 /Users/admin/builder/spi-builder-workspace/.dependencies/checkouts/WWNetworking/Sources/WWNetworking/Utility/Model.swift (in target 'WWNetworking' from project 'WWNetworking')
cd /Users/admin/builder/spi-builder-workspace/.swiftpm/xcode
builtin-SwiftPerFileCompile Model.swift
SwiftCompile normal arm64 Compiling\ Networking.swift /Users/admin/builder/spi-builder-workspace/.dependencies/checkouts/WWNetworking/Sources/WWNetworking/Networking.swift (in target 'WWNetworking' from project 'WWNetworking')
SwiftCompile normal arm64 /Users/admin/builder/spi-builder-workspace/.dependencies/checkouts/WWNetworking/Sources/WWNetworking/Networking.swift (in target 'WWNetworking' from project 'WWNetworking')
cd /Users/admin/builder/spi-builder-workspace/.swiftpm/xcode
builtin-SwiftPerFileCompile Networking.swift
SwiftCompile normal arm64_32 Compiling\ Extension.swift /Users/admin/builder/spi-builder-workspace/.dependencies/checkouts/WWNetworking/Sources/WWNetworking/Utility/Extension.swift (in target 'WWNetworking' from project 'WWNetworking')
SwiftCompile normal arm64_32 /Users/admin/builder/spi-builder-workspace/.dependencies/checkouts/WWNetworking/Sources/WWNetworking/Utility/Extension.swift (in target 'WWNetworking' from project 'WWNetworking')
cd /Users/admin/builder/spi-builder-workspace/.swiftpm/xcode
builtin-SwiftPerFileCompile Extension.swift
SwiftEmitModule normal arm64_32 Emitting\ module\ for\ WWNetworking (in target 'WWNetworking' from project 'WWNetworking')
SwiftCompile normal arm64_32 (in target 'WWNetworking' from project 'WWNetworking')
cd /Users/admin/builder/spi-builder-workspace/.swiftpm/xcode
SwiftCompile normal arm64_32 Compiling\ Constant.swift /Users/admin/builder/spi-builder-workspace/.dependencies/checkouts/WWNetworking/Sources/WWNetworking/Utility/Constant.swift (in target 'WWNetworking' from project 'WWNetworking')
SwiftCompile normal arm64_32 /Users/admin/builder/spi-builder-workspace/.dependencies/checkouts/WWNetworking/Sources/WWNetworking/Utility/Constant.swift (in target 'WWNetworking' from project 'WWNetworking')
cd /Users/admin/builder/spi-builder-workspace/.swiftpm/xcode
builtin-SwiftPerFileCompile Constant.swift
SwiftCompile normal arm64_32 Compiling\ resource_bundle_accessor.swift /Users/admin/builder/spi-builder-workspace/.derivedData/Build/Intermediates.noindex/WWNetworking.build/Debug-watchos/WWNetworking-t.build/DerivedSources/resource_bundle_accessor.swift (in target 'WWNetworking' from project 'WWNetworking')
SwiftCompile normal arm64_32 /Users/admin/builder/spi-builder-workspace/.derivedData/Build/Intermediates.noindex/WWNetworking.build/Debug-watchos/WWNetworking-t.build/DerivedSources/resource_bundle_accessor.swift (in target 'WWNetworking' from project 'WWNetworking')
cd /Users/admin/builder/spi-builder-workspace/.swiftpm/xcode
builtin-SwiftPerFileCompile resource_bundle_accessor.swift
SwiftCompile normal arm64_32 Compiling\ Networking.swift /Users/admin/builder/spi-builder-workspace/.dependencies/checkouts/WWNetworking/Sources/WWNetworking/Networking.swift (in target 'WWNetworking' from project 'WWNetworking')
SwiftCompile normal arm64_32 /Users/admin/builder/spi-builder-workspace/.dependencies/checkouts/WWNetworking/Sources/WWNetworking/Networking.swift (in target 'WWNetworking' from project 'WWNetworking')
cd /Users/admin/builder/spi-builder-workspace/.swiftpm/xcode
builtin-SwiftPerFileCompile Networking.swift
SwiftDriverJobDiscovery normal arm64 Emitting module for WWNetworking (in target 'WWNetworking' from project 'WWNetworking')
SwiftDriver\ Compilation\ Requirements WWNetworking normal arm64 com.apple.xcode.tools.swift.compiler (in target 'WWNetworking' from project 'WWNetworking')
cd /Users/admin/builder/spi-builder-workspace/.swiftpm/xcode
builtin-Swift-Compilation-Requirements -- /Applications/Xcode-27.0.0-Release.Candidate.app/Contents/Developer/Toolchains/XcodeDefault.xctoolchain/usr/bin/swiftc -parse-as-library -module-name WWNetworking -Onone @/Users/admin/builder/spi-builder-workspace/.derivedData/Build/Intermediates.noindex/WWNetworking.build/Debug-watchos/WWNetworking-t.build/Objects-normal/arm64/WWNetworking.SwiftFileList -DSWIFT_PACKAGE -DDEBUG -DSWIFT_MODULE_RESOURCE_BUNDLE_AVAILABLE -DXcode -plugin-path /Applications/Xcode-27.0.0-Release.Candidate.app/Contents/Developer/Toolchains/XcodeDefault.xctoolchain/usr/lib/swift/host/plugins/testing -enable-experimental-feature DebugDescriptionMacro -sdk /Applications/Xcode-27.0.0-Release.Candidate.app/Contents/Developer/Platforms/WatchOS.platform/Developer/SDKs/WatchOS27.0.sdk -target arm64-apple-watchos9.0 -g -module-cache-path /Users/admin/builder/spi-builder-workspace/.derivedData/ModuleCache.noindex -Xfrontend -serialize-debugging-options -enable-testing -suppress-warnings -index-store-path /Users/admin/builder/spi-builder-workspace/.derivedData/Index.noindex/DataStore -Xcc -D_LIBCPP_HARDENING_MODE\=_LIBCPP_HARDENING_MODE_DEBUG -swift-version 5 -I /Users/admin/builder/spi-builder-workspace/.derivedData/Build/Products/Debug-watchos -Isystem /Applications/Xcode-27.0.0-Release.Candidate.app/Contents/Developer/Platforms/WatchOS.platform/Developer/usr/lib -F /Users/admin/builder/spi-builder-workspace/.derivedData/Build/Products/Debug-watchos -F /Applications/Xcode-27.0.0-Release.Candidate.app/Contents/Developer/Platforms/WatchOS.platform/Developer/Library/Frameworks -F /Applications/Xcode-27.0.0-Release.Candidate.app/Contents/Developer/Platforms/WatchOS.platform/Developer/SDKs/WatchOS27.0.sdk/Developer/Library/Frameworks -c -j10 -enable-batch-mode -incremental -Xcc -ivfsstatcache -Xcc /Users/admin/builder/spi-builder-workspace/.derivedData/SDKStatCaches.noindex/watchos27.0-24R360-e829b21a6f8c9b70876ba0858053c04477534ef55a1706bf4c1112bbb242f0a2.sdkstatcache -output-file-map /Users/admin/builder/spi-builder-workspace/.derivedData/Build/Intermediates.noindex/WWNetworking.build/Debug-watchos/WWNetworking-t.build/Objects-normal/arm64/WWNetworking-OutputFileMap.json -save-temps -no-color-diagnostics -explicit-module-build -module-cache-path /Users/admin/builder/spi-builder-workspace/.derivedData/Build/Intermediates.noindex/SwiftExplicitPrecompiledModules -clang-scanner-module-cache-path /Users/admin/builder/spi-builder-workspace/.derivedData/ModuleCache.noindex -sdk-module-cache-path /Users/admin/builder/spi-builder-workspace/.derivedData/SDKExplicitPrecompiledModules -emit-dependencies -emit-module -emit-module-path /Users/admin/builder/spi-builder-workspace/.derivedData/Build/Intermediates.noindex/WWNetworking.build/Debug-watchos/WWNetworking-t.build/Objects-normal/arm64/WWNetworking.swiftmodule -serialize-diagnostics -dependency-scan-serialize-diagnostics-path /Users/admin/builder/spi-builder-workspace/.derivedData/Build/Intermediates.noindex/WWNetworking.build/Debug-watchos/WWNetworking-t.build/Objects-normal/arm64/WWNetworking-dependency-scan.dia -validate-clang-modules-once -clang-build-session-file /Users/admin/builder/spi-builder-workspace/.derivedData/ModuleCache.noindex/Session.modulevalidation -Xcc -fmodules-prune-interval\=86400 -Xcc -fmodules-prune-after\=345600 -emit-const-values -const-gather-protocols-list /Users/admin/builder/spi-builder-workspace/.derivedData/Build/Intermediates.noindex/WWNetworking.build/Debug-watchos/WWNetworking-t.build/Objects-normal/arm64/WWNetworking_const_extract_protocols.json -Xcc -I/Users/admin/builder/spi-builder-workspace/.derivedData/Build/Products/Debug-watchos/include -Xcc -I/Users/admin/builder/spi-builder-workspace/.derivedData/Build/Intermediates.noindex/WWNetworking.build/Debug-watchos/WWNetworking-t.build/DerivedSources-normal/arm64 -Xcc -I/Users/admin/builder/spi-builder-workspace/.derivedData/Build/Intermediates.noindex/WWNetworking.build/Debug-watchos/WWNetworking-t.build/DerivedSources/arm64 -Xcc -I/Users/admin/builder/spi-builder-workspace/.derivedData/Build/Intermediates.noindex/WWNetworking.build/Debug-watchos/WWNetworking-t.build/DerivedSources -Xcc -DSWIFT_PACKAGE -Xcc -DDEBUG\=1 -emit-objc-header -emit-objc-header-path /Users/admin/builder/spi-builder-workspace/.derivedData/Build/Intermediates.noindex/WWNetworking.build/Debug-watchos/WWNetworking-t.build/Objects-normal/arm64/WWNetworking-Swift.h -working-directory /Users/admin/builder/spi-builder-workspace/.swiftpm/xcode -experimental-emit-module-separately -disable-cmo
SwiftDriverJobDiscovery normal arm64_32 Emitting module for WWNetworking (in target 'WWNetworking' from project 'WWNetworking')
SwiftDriver\ Compilation\ Requirements WWNetworking normal arm64_32 com.apple.xcode.tools.swift.compiler (in target 'WWNetworking' from project 'WWNetworking')
cd /Users/admin/builder/spi-builder-workspace/.swiftpm/xcode
builtin-Swift-Compilation-Requirements -- /Applications/Xcode-27.0.0-Release.Candidate.app/Contents/Developer/Toolchains/XcodeDefault.xctoolchain/usr/bin/swiftc -parse-as-library -module-name WWNetworking -Onone @/Users/admin/builder/spi-builder-workspace/.derivedData/Build/Intermediates.noindex/WWNetworking.build/Debug-watchos/WWNetworking-t.build/Objects-normal/arm64_32/WWNetworking.SwiftFileList -DSWIFT_PACKAGE -DDEBUG -DSWIFT_MODULE_RESOURCE_BUNDLE_AVAILABLE -DXcode -plugin-path /Applications/Xcode-27.0.0-Release.Candidate.app/Contents/Developer/Toolchains/XcodeDefault.xctoolchain/usr/lib/swift/host/plugins/testing -enable-experimental-feature DebugDescriptionMacro -sdk /Applications/Xcode-27.0.0-Release.Candidate.app/Contents/Developer/Platforms/WatchOS.platform/Developer/SDKs/WatchOS27.0.sdk -target arm64_32-apple-watchos9.0 -g -module-cache-path /Users/admin/builder/spi-builder-workspace/.derivedData/ModuleCache.noindex -Xfrontend -serialize-debugging-options -enable-testing -suppress-warnings -index-store-path /Users/admin/builder/spi-builder-workspace/.derivedData/Index.noindex/DataStore -Xcc -D_LIBCPP_HARDENING_MODE\=_LIBCPP_HARDENING_MODE_DEBUG -swift-version 5 -I /Users/admin/builder/spi-builder-workspace/.derivedData/Build/Products/Debug-watchos -Isystem /Applications/Xcode-27.0.0-Release.Candidate.app/Contents/Developer/Platforms/WatchOS.platform/Developer/usr/lib -F /Users/admin/builder/spi-builder-workspace/.derivedData/Build/Products/Debug-watchos -F /Applications/Xcode-27.0.0-Release.Candidate.app/Contents/Developer/Platforms/WatchOS.platform/Developer/Library/Frameworks -F /Applications/Xcode-27.0.0-Release.Candidate.app/Contents/Developer/Platforms/WatchOS.platform/Developer/SDKs/WatchOS27.0.sdk/Developer/Library/Frameworks -c -j10 -enable-batch-mode -incremental -Xcc -ivfsstatcache -Xcc /Users/admin/builder/spi-builder-workspace/.derivedData/SDKStatCaches.noindex/watchos27.0-24R360-e829b21a6f8c9b70876ba0858053c04477534ef55a1706bf4c1112bbb242f0a2.sdkstatcache -output-file-map /Users/admin/builder/spi-builder-workspace/.derivedData/Build/Intermediates.noindex/WWNetworking.build/Debug-watchos/WWNetworking-t.build/Objects-normal/arm64_32/WWNetworking-OutputFileMap.json -save-temps -no-color-diagnostics -explicit-module-build -module-cache-path /Users/admin/builder/spi-builder-workspace/.derivedData/Build/Intermediates.noindex/SwiftExplicitPrecompiledModules -clang-scanner-module-cache-path /Users/admin/builder/spi-builder-workspace/.derivedData/ModuleCache.noindex -sdk-module-cache-path /Users/admin/builder/spi-builder-workspace/.derivedData/SDKExplicitPrecompiledModules -emit-dependencies -emit-module -emit-module-path /Users/admin/builder/spi-builder-workspace/.derivedData/Build/Intermediates.noindex/WWNetworking.build/Debug-watchos/WWNetworking-t.build/Objects-normal/arm64_32/WWNetworking.swiftmodule -serialize-diagnostics -dependency-scan-serialize-diagnostics-path /Users/admin/builder/spi-builder-workspace/.derivedData/Build/Intermediates.noindex/WWNetworking.build/Debug-watchos/WWNetworking-t.build/Objects-normal/arm64_32/WWNetworking-dependency-scan.dia -validate-clang-modules-once -clang-build-session-file /Users/admin/builder/spi-builder-workspace/.derivedData/ModuleCache.noindex/Session.modulevalidation -Xcc -fmodules-prune-interval\=86400 -Xcc -fmodules-prune-after\=345600 -emit-const-values -const-gather-protocols-list /Users/admin/builder/spi-builder-workspace/.derivedData/Build/Intermediates.noindex/WWNetworking.build/Debug-watchos/WWNetworking-t.build/Objects-normal/arm64_32/WWNetworking_const_extract_protocols.json -Xcc -I/Users/admin/builder/spi-builder-workspace/.derivedData/Build/Products/Debug-watchos/include -Xcc -I/Users/admin/builder/spi-builder-workspace/.derivedData/Build/Intermediates.noindex/WWNetworking.build/Debug-watchos/WWNetworking-t.build/DerivedSources-normal/arm64_32 -Xcc -I/Users/admin/builder/spi-builder-workspace/.derivedData/Build/Intermediates.noindex/WWNetworking.build/Debug-watchos/WWNetworking-t.build/DerivedSources/arm64_32 -Xcc -I/Users/admin/builder/spi-builder-workspace/.derivedData/Build/Intermediates.noindex/WWNetworking.build/Debug-watchos/WWNetworking-t.build/DerivedSources -Xcc -DSWIFT_PACKAGE -Xcc -DDEBUG\=1 -emit-objc-header -emit-objc-header-path /Users/admin/builder/spi-builder-workspace/.derivedData/Build/Intermediates.noindex/WWNetworking.build/Debug-watchos/WWNetworking-t.build/Objects-normal/arm64_32/WWNetworking-Swift.h -working-directory /Users/admin/builder/spi-builder-workspace/.swiftpm/xcode -experimental-emit-module-separately -disable-cmo
Copy /Users/admin/builder/spi-builder-workspace/.derivedData/Build/Products/Debug-watchos/WWNetworking.swiftmodule/arm64-apple-watchos.swiftmodule /Users/admin/builder/spi-builder-workspace/.derivedData/Build/Intermediates.noindex/WWNetworking.build/Debug-watchos/WWNetworking-t.build/Objects-normal/arm64/WWNetworking.swiftmodule (in target 'WWNetworking' from project 'WWNetworking')
cd /Users/admin/builder/spi-builder-workspace/.dependencies/checkouts/WWNetworking
builtin-copy -exclude .DS_Store -exclude CVS -exclude .svn -exclude .git -exclude .hg -resolve-src-symlinks -rename /Users/admin/builder/spi-builder-workspace/.derivedData/Build/Intermediates.noindex/WWNetworking.build/Debug-watchos/WWNetworking-t.build/Objects-normal/arm64/WWNetworking.swiftmodule /Users/admin/builder/spi-builder-workspace/.derivedData/Build/Products/Debug-watchos/WWNetworking.swiftmodule/arm64-apple-watchos.swiftmodule
SwiftMergeGeneratedHeaders /Users/admin/builder/spi-builder-workspace/.derivedData/Build/Intermediates.noindex/GeneratedModuleMaps-watchos/WWNetworking-Swift.h /Users/admin/builder/spi-builder-workspace/.derivedData/Build/Intermediates.noindex/WWNetworking.build/Debug-watchos/WWNetworking-t.build/Objects-normal/arm64/WWNetworking-Swift.h /Users/admin/builder/spi-builder-workspace/.derivedData/Build/Intermediates.noindex/WWNetworking.build/Debug-watchos/WWNetworking-t.build/Objects-normal/arm64_32/WWNetworking-Swift.h (in target 'WWNetworking' from project 'WWNetworking')
cd /Users/admin/builder/spi-builder-workspace/.dependencies/checkouts/WWNetworking
builtin-swiftHeaderTool -arch arm64 /Users/admin/builder/spi-builder-workspace/.derivedData/Build/Intermediates.noindex/WWNetworking.build/Debug-watchos/WWNetworking-t.build/Objects-normal/arm64/WWNetworking-Swift.h -arch arm64_32 /Users/admin/builder/spi-builder-workspace/.derivedData/Build/Intermediates.noindex/WWNetworking.build/Debug-watchos/WWNetworking-t.build/Objects-normal/arm64_32/WWNetworking-Swift.h -o /Users/admin/builder/spi-builder-workspace/.derivedData/Build/Intermediates.noindex/GeneratedModuleMaps-watchos/WWNetworking-Swift.h
Copy /Users/admin/builder/spi-builder-workspace/.derivedData/Build/Products/Debug-watchos/WWNetworking.swiftmodule/arm64_32-apple-watchos.swiftmodule /Users/admin/builder/spi-builder-workspace/.derivedData/Build/Intermediates.noindex/WWNetworking.build/Debug-watchos/WWNetworking-t.build/Objects-normal/arm64_32/WWNetworking.swiftmodule (in target 'WWNetworking' from project 'WWNetworking')
cd /Users/admin/builder/spi-builder-workspace/.dependencies/checkouts/WWNetworking
builtin-copy -exclude .DS_Store -exclude CVS -exclude .svn -exclude .git -exclude .hg -resolve-src-symlinks -rename /Users/admin/builder/spi-builder-workspace/.derivedData/Build/Intermediates.noindex/WWNetworking.build/Debug-watchos/WWNetworking-t.build/Objects-normal/arm64_32/WWNetworking.swiftmodule /Users/admin/builder/spi-builder-workspace/.derivedData/Build/Products/Debug-watchos/WWNetworking.swiftmodule/arm64_32-apple-watchos.swiftmodule
Copy /Users/admin/builder/spi-builder-workspace/.derivedData/Build/Products/Debug-watchos/WWNetworking.swiftmodule/arm64_32-apple-watchos.swiftdoc /Users/admin/builder/spi-builder-workspace/.derivedData/Build/Intermediates.noindex/WWNetworking.build/Debug-watchos/WWNetworking-t.build/Objects-normal/arm64_32/WWNetworking.swiftdoc (in target 'WWNetworking' from project 'WWNetworking')
cd /Users/admin/builder/spi-builder-workspace/.dependencies/checkouts/WWNetworking
builtin-copy -exclude .DS_Store -exclude CVS -exclude .svn -exclude .git -exclude .hg -resolve-src-symlinks -rename /Users/admin/builder/spi-builder-workspace/.derivedData/Build/Intermediates.noindex/WWNetworking.build/Debug-watchos/WWNetworking-t.build/Objects-normal/arm64_32/WWNetworking.swiftdoc /Users/admin/builder/spi-builder-workspace/.derivedData/Build/Products/Debug-watchos/WWNetworking.swiftmodule/arm64_32-apple-watchos.swiftdoc
Copy /Users/admin/builder/spi-builder-workspace/.derivedData/Build/Products/Debug-watchos/WWNetworking.swiftmodule/arm64_32-apple-watchos.abi.json /Users/admin/builder/spi-builder-workspace/.derivedData/Build/Intermediates.noindex/WWNetworking.build/Debug-watchos/WWNetworking-t.build/Objects-normal/arm64_32/WWNetworking.abi.json (in target 'WWNetworking' from project 'WWNetworking')
cd /Users/admin/builder/spi-builder-workspace/.dependencies/checkouts/WWNetworking
builtin-copy -exclude .DS_Store -exclude CVS -exclude .svn -exclude .git -exclude .hg -resolve-src-symlinks -rename /Users/admin/builder/spi-builder-workspace/.derivedData/Build/Intermediates.noindex/WWNetworking.build/Debug-watchos/WWNetworking-t.build/Objects-normal/arm64_32/WWNetworking.abi.json /Users/admin/builder/spi-builder-workspace/.derivedData/Build/Products/Debug-watchos/WWNetworking.swiftmodule/arm64_32-apple-watchos.abi.json
Copy /Users/admin/builder/spi-builder-workspace/.derivedData/Build/Products/Debug-watchos/WWNetworking.swiftmodule/arm64-apple-watchos.swiftdoc /Users/admin/builder/spi-builder-workspace/.derivedData/Build/Intermediates.noindex/WWNetworking.build/Debug-watchos/WWNetworking-t.build/Objects-normal/arm64/WWNetworking.swiftdoc (in target 'WWNetworking' from project 'WWNetworking')
cd /Users/admin/builder/spi-builder-workspace/.dependencies/checkouts/WWNetworking
builtin-copy -exclude .DS_Store -exclude CVS -exclude .svn -exclude .git -exclude .hg -resolve-src-symlinks -rename /Users/admin/builder/spi-builder-workspace/.derivedData/Build/Intermediates.noindex/WWNetworking.build/Debug-watchos/WWNetworking-t.build/Objects-normal/arm64/WWNetworking.swiftdoc /Users/admin/builder/spi-builder-workspace/.derivedData/Build/Products/Debug-watchos/WWNetworking.swiftmodule/arm64-apple-watchos.swiftdoc
Copy /Users/admin/builder/spi-builder-workspace/.derivedData/Build/Products/Debug-watchos/WWNetworking.swiftmodule/arm64-apple-watchos.abi.json /Users/admin/builder/spi-builder-workspace/.derivedData/Build/Intermediates.noindex/WWNetworking.build/Debug-watchos/WWNetworking-t.build/Objects-normal/arm64/WWNetworking.abi.json (in target 'WWNetworking' from project 'WWNetworking')
cd /Users/admin/builder/spi-builder-workspace/.dependencies/checkouts/WWNetworking
builtin-copy -exclude .DS_Store -exclude CVS -exclude .svn -exclude .git -exclude .hg -resolve-src-symlinks -rename /Users/admin/builder/spi-builder-workspace/.derivedData/Build/Intermediates.noindex/WWNetworking.build/Debug-watchos/WWNetworking-t.build/Objects-normal/arm64/WWNetworking.abi.json /Users/admin/builder/spi-builder-workspace/.derivedData/Build/Products/Debug-watchos/WWNetworking.swiftmodule/arm64-apple-watchos.abi.json
Copy /Users/admin/builder/spi-builder-workspace/.derivedData/Build/Products/Debug-watchos/WWNetworking.swiftmodule/Project/arm64_32-apple-watchos.swiftsourceinfo /Users/admin/builder/spi-builder-workspace/.derivedData/Build/Intermediates.noindex/WWNetworking.build/Debug-watchos/WWNetworking-t.build/Objects-normal/arm64_32/WWNetworking.swiftsourceinfo (in target 'WWNetworking' from project 'WWNetworking')
cd /Users/admin/builder/spi-builder-workspace/.dependencies/checkouts/WWNetworking
builtin-copy -exclude .DS_Store -exclude CVS -exclude .svn -exclude .git -exclude .hg -resolve-src-symlinks -rename /Users/admin/builder/spi-builder-workspace/.derivedData/Build/Intermediates.noindex/WWNetworking.build/Debug-watchos/WWNetworking-t.build/Objects-normal/arm64_32/WWNetworking.swiftsourceinfo /Users/admin/builder/spi-builder-workspace/.derivedData/Build/Products/Debug-watchos/WWNetworking.swiftmodule/Project/arm64_32-apple-watchos.swiftsourceinfo
Copy /Users/admin/builder/spi-builder-workspace/.derivedData/Build/Products/Debug-watchos/WWNetworking.swiftmodule/Project/arm64-apple-watchos.swiftsourceinfo /Users/admin/builder/spi-builder-workspace/.derivedData/Build/Intermediates.noindex/WWNetworking.build/Debug-watchos/WWNetworking-t.build/Objects-normal/arm64/WWNetworking.swiftsourceinfo (in target 'WWNetworking' from project 'WWNetworking')
cd /Users/admin/builder/spi-builder-workspace/.dependencies/checkouts/WWNetworking
builtin-copy -exclude .DS_Store -exclude CVS -exclude .svn -exclude .git -exclude .hg -resolve-src-symlinks -rename /Users/admin/builder/spi-builder-workspace/.derivedData/Build/Intermediates.noindex/WWNetworking.build/Debug-watchos/WWNetworking-t.build/Objects-normal/arm64/WWNetworking.swiftsourceinfo /Users/admin/builder/spi-builder-workspace/.derivedData/Build/Products/Debug-watchos/WWNetworking.swiftmodule/Project/arm64-apple-watchos.swiftsourceinfo
SwiftCompile normal arm64_32 Compiling\ Model.swift /Users/admin/builder/spi-builder-workspace/.dependencies/checkouts/WWNetworking/Sources/WWNetworking/Utility/Model.swift (in target 'WWNetworking' from project 'WWNetworking')
SwiftCompile normal arm64_32 /Users/admin/builder/spi-builder-workspace/.dependencies/checkouts/WWNetworking/Sources/WWNetworking/Utility/Model.swift (in target 'WWNetworking' from project 'WWNetworking')
cd /Users/admin/builder/spi-builder-workspace/.swiftpm/xcode
builtin-SwiftPerFileCompile Model.swift
SwiftDriverJobDiscovery normal arm64 Compiling resource_bundle_accessor.swift (in target 'WWNetworking' from project 'WWNetworking')
SwiftDriverJobDiscovery normal arm64 Compiling Model.swift (in target 'WWNetworking' from project 'WWNetworking')
SwiftDriver WWMachineLearning_Resnet50 normal arm64_32 com.apple.xcode.tools.swift.compiler (in target 'WWMachineLearning_Resnet50' from project 'WWMachineLearning_Resnet50')
cd /Users/admin/builder/spi-builder-workspace/.swiftpm/xcode
builtin-SwiftDriver -- /Applications/Xcode-27.0.0-Release.Candidate.app/Contents/Developer/Toolchains/XcodeDefault.xctoolchain/usr/bin/swiftc -parse-as-library -module-name WWMachineLearning_Resnet50 -Onone @/Users/admin/builder/spi-builder-workspace/.derivedData/Build/Intermediates.noindex/WWMachineLearning_Resnet50.build/Debug-watchos/WWMachineLearning_Resnet50-t.build/Objects-normal/arm64_32/WWMachineLearning_Resnet50.SwiftFileList -DSWIFT_PACKAGE -DDEBUG -DSWIFT_MODULE_RESOURCE_BUNDLE_AVAILABLE -DXcode -plugin-path /Applications/Xcode-27.0.0-Release.Candidate.app/Contents/Developer/Toolchains/XcodeDefault.xctoolchain/usr/lib/swift/host/plugins/testing -enable-experimental-feature DebugDescriptionMacro -sdk /Applications/Xcode-27.0.0-Release.Candidate.app/Contents/Developer/Platforms/WatchOS.platform/Developer/SDKs/WatchOS27.0.sdk -target arm64_32-apple-watchos9.0 -g -module-cache-path /Users/admin/builder/spi-builder-workspace/.derivedData/ModuleCache.noindex -Xfrontend -serialize-debugging-options -enable-testing -suppress-warnings -index-store-path /Users/admin/builder/spi-builder-workspace/.derivedData/Index.noindex/DataStore -Xcc -D_LIBCPP_HARDENING_MODE\=_LIBCPP_HARDENING_MODE_DEBUG -swift-version 5 -I /Users/admin/builder/spi-builder-workspace/.derivedData/Build/Products/Debug-watchos -Isystem /Applications/Xcode-27.0.0-Release.Candidate.app/Contents/Developer/Platforms/WatchOS.platform/Developer/usr/lib -F /Users/admin/builder/spi-builder-workspace/.derivedData/Build/Products/Debug-watchos/PackageFrameworks -F /Users/admin/builder/spi-builder-workspace/.derivedData/Build/Products/Debug-watchos -F /Applications/Xcode-27.0.0-Release.Candidate.app/Contents/Developer/Platforms/WatchOS.platform/Developer/Library/Frameworks -F /Applications/Xcode-27.0.0-Release.Candidate.app/Contents/Developer/Platforms/WatchOS.platform/Developer/SDKs/WatchOS27.0.sdk/Developer/Library/Frameworks -c -j10 -enable-batch-mode -incremental -Xcc -ivfsstatcache -Xcc /Users/admin/builder/spi-builder-workspace/.derivedData/SDKStatCaches.noindex/watchos27.0-24R360-e829b21a6f8c9b70876ba0858053c04477534ef55a1706bf4c1112bbb242f0a2.sdkstatcache -output-file-map /Users/admin/builder/spi-builder-workspace/.derivedData/Build/Intermediates.noindex/WWMachineLearning_Resnet50.build/Debug-watchos/WWMachineLearning_Resnet50-t.build/Objects-normal/arm64_32/WWMachineLearning_Resnet50-OutputFileMap.json -save-temps -no-color-diagnostics -explicit-module-build -module-cache-path /Users/admin/builder/spi-builder-workspace/.derivedData/Build/Intermediates.noindex/SwiftExplicitPrecompiledModules -clang-scanner-module-cache-path /Users/admin/builder/spi-builder-workspace/.derivedData/ModuleCache.noindex -sdk-module-cache-path /Users/admin/builder/spi-builder-workspace/.derivedData/SDKExplicitPrecompiledModules -emit-dependencies -emit-module -emit-module-path /Users/admin/builder/spi-builder-workspace/.derivedData/Build/Intermediates.noindex/WWMachineLearning_Resnet50.build/Debug-watchos/WWMachineLearning_Resnet50-t.build/Objects-normal/arm64_32/WWMachineLearning_Resnet50.swiftmodule -serialize-diagnostics -dependency-scan-serialize-diagnostics-path /Users/admin/builder/spi-builder-workspace/.derivedData/Build/Intermediates.noindex/WWMachineLearning_Resnet50.build/Debug-watchos/WWMachineLearning_Resnet50-t.build/Objects-normal/arm64_32/WWMachineLearning_Resnet50-dependency-scan.dia -validate-clang-modules-once -clang-build-session-file /Users/admin/builder/spi-builder-workspace/.derivedData/ModuleCache.noindex/Session.modulevalidation -Xcc -fmodules-prune-interval\=86400 -Xcc -fmodules-prune-after\=345600 -emit-const-values -const-gather-protocols-list /Users/admin/builder/spi-builder-workspace/.derivedData/Build/Intermediates.noindex/WWMachineLearning_Resnet50.build/Debug-watchos/WWMachineLearning_Resnet50-t.build/Objects-normal/arm64_32/WWMachineLearning_Resnet50_const_extract_protocols.json -Xcc -I/Users/admin/builder/spi-builder-workspace/.derivedData/Build/Products/Debug-watchos/include -Xcc -I/Users/admin/builder/spi-builder-workspace/.derivedData/Build/Intermediates.noindex/WWMachineLearning_Resnet50.build/Debug-watchos/WWMachineLearning_Resnet50-t.build/DerivedSources-normal/arm64_32 -Xcc -I/Users/admin/builder/spi-builder-workspace/.derivedData/Build/Intermediates.noindex/WWMachineLearning_Resnet50.build/Debug-watchos/WWMachineLearning_Resnet50-t.build/DerivedSources/arm64_32 -Xcc -I/Users/admin/builder/spi-builder-workspace/.derivedData/Build/Intermediates.noindex/WWMachineLearning_Resnet50.build/Debug-watchos/WWMachineLearning_Resnet50-t.build/DerivedSources -Xcc -DSWIFT_PACKAGE -Xcc -DDEBUG\=1 -emit-objc-header -emit-objc-header-path /Users/admin/builder/spi-builder-workspace/.derivedData/Build/Intermediates.noindex/WWMachineLearning_Resnet50.build/Debug-watchos/WWMachineLearning_Resnet50-t.build/Objects-normal/arm64_32/WWMachineLearning_Resnet50-Swift.h -working-directory /Users/admin/builder/spi-builder-workspace/.swiftpm/xcode -experimental-emit-module-separately -disable-cmo
SwiftDriver WWMachineLearning_Resnet50 normal arm64 com.apple.xcode.tools.swift.compiler (in target 'WWMachineLearning_Resnet50' from project 'WWMachineLearning_Resnet50')
cd /Users/admin/builder/spi-builder-workspace/.swiftpm/xcode
builtin-SwiftDriver -- /Applications/Xcode-27.0.0-Release.Candidate.app/Contents/Developer/Toolchains/XcodeDefault.xctoolchain/usr/bin/swiftc -parse-as-library -module-name WWMachineLearning_Resnet50 -Onone @/Users/admin/builder/spi-builder-workspace/.derivedData/Build/Intermediates.noindex/WWMachineLearning_Resnet50.build/Debug-watchos/WWMachineLearning_Resnet50-t.build/Objects-normal/arm64/WWMachineLearning_Resnet50.SwiftFileList -DSWIFT_PACKAGE -DDEBUG -DSWIFT_MODULE_RESOURCE_BUNDLE_AVAILABLE -DXcode -plugin-path /Applications/Xcode-27.0.0-Release.Candidate.app/Contents/Developer/Toolchains/XcodeDefault.xctoolchain/usr/lib/swift/host/plugins/testing -enable-experimental-feature DebugDescriptionMacro -sdk /Applications/Xcode-27.0.0-Release.Candidate.app/Contents/Developer/Platforms/WatchOS.platform/Developer/SDKs/WatchOS27.0.sdk -target arm64-apple-watchos9.0 -g -module-cache-path /Users/admin/builder/spi-builder-workspace/.derivedData/ModuleCache.noindex -Xfrontend -serialize-debugging-options -enable-testing -suppress-warnings -index-store-path /Users/admin/builder/spi-builder-workspace/.derivedData/Index.noindex/DataStore -Xcc -D_LIBCPP_HARDENING_MODE\=_LIBCPP_HARDENING_MODE_DEBUG -swift-version 5 -I /Users/admin/builder/spi-builder-workspace/.derivedData/Build/Products/Debug-watchos -Isystem /Applications/Xcode-27.0.0-Release.Candidate.app/Contents/Developer/Platforms/WatchOS.platform/Developer/usr/lib -F /Users/admin/builder/spi-builder-workspace/.derivedData/Build/Products/Debug-watchos/PackageFrameworks -F /Users/admin/builder/spi-builder-workspace/.derivedData/Build/Products/Debug-watchos -F /Applications/Xcode-27.0.0-Release.Candidate.app/Contents/Developer/Platforms/WatchOS.platform/Developer/Library/Frameworks -F /Applications/Xcode-27.0.0-Release.Candidate.app/Contents/Developer/Platforms/WatchOS.platform/Developer/SDKs/WatchOS27.0.sdk/Developer/Library/Frameworks -c -j10 -enable-batch-mode -incremental -Xcc -ivfsstatcache -Xcc /Users/admin/builder/spi-builder-workspace/.derivedData/SDKStatCaches.noindex/watchos27.0-24R360-e829b21a6f8c9b70876ba0858053c04477534ef55a1706bf4c1112bbb242f0a2.sdkstatcache -output-file-map /Users/admin/builder/spi-builder-workspace/.derivedData/Build/Intermediates.noindex/WWMachineLearning_Resnet50.build/Debug-watchos/WWMachineLearning_Resnet50-t.build/Objects-normal/arm64/WWMachineLearning_Resnet50-OutputFileMap.json -save-temps -no-color-diagnostics -explicit-module-build -module-cache-path /Users/admin/builder/spi-builder-workspace/.derivedData/Build/Intermediates.noindex/SwiftExplicitPrecompiledModules -clang-scanner-module-cache-path /Users/admin/builder/spi-builder-workspace/.derivedData/ModuleCache.noindex -sdk-module-cache-path /Users/admin/builder/spi-builder-workspace/.derivedData/SDKExplicitPrecompiledModules -emit-dependencies -emit-module -emit-module-path /Users/admin/builder/spi-builder-workspace/.derivedData/Build/Intermediates.noindex/WWMachineLearning_Resnet50.build/Debug-watchos/WWMachineLearning_Resnet50-t.build/Objects-normal/arm64/WWMachineLearning_Resnet50.swiftmodule -serialize-diagnostics -dependency-scan-serialize-diagnostics-path /Users/admin/builder/spi-builder-workspace/.derivedData/Build/Intermediates.noindex/WWMachineLearning_Resnet50.build/Debug-watchos/WWMachineLearning_Resnet50-t.build/Objects-normal/arm64/WWMachineLearning_Resnet50-dependency-scan.dia -validate-clang-modules-once -clang-build-session-file /Users/admin/builder/spi-builder-workspace/.derivedData/ModuleCache.noindex/Session.modulevalidation -Xcc -fmodules-prune-interval\=86400 -Xcc -fmodules-prune-after\=345600 -emit-const-values -const-gather-protocols-list /Users/admin/builder/spi-builder-workspace/.derivedData/Build/Intermediates.noindex/WWMachineLearning_Resnet50.build/Debug-watchos/WWMachineLearning_Resnet50-t.build/Objects-normal/arm64/WWMachineLearning_Resnet50_const_extract_protocols.json -Xcc -I/Users/admin/builder/spi-builder-workspace/.derivedData/Build/Products/Debug-watchos/include -Xcc -I/Users/admin/builder/spi-builder-workspace/.derivedData/Build/Intermediates.noindex/WWMachineLearning_Resnet50.build/Debug-watchos/WWMachineLearning_Resnet50-t.build/DerivedSources-normal/arm64 -Xcc -I/Users/admin/builder/spi-builder-workspace/.derivedData/Build/Intermediates.noindex/WWMachineLearning_Resnet50.build/Debug-watchos/WWMachineLearning_Resnet50-t.build/DerivedSources/arm64 -Xcc -I/Users/admin/builder/spi-builder-workspace/.derivedData/Build/Intermediates.noindex/WWMachineLearning_Resnet50.build/Debug-watchos/WWMachineLearning_Resnet50-t.build/DerivedSources -Xcc -DSWIFT_PACKAGE -Xcc -DDEBUG\=1 -emit-objc-header -emit-objc-header-path /Users/admin/builder/spi-builder-workspace/.derivedData/Build/Intermediates.noindex/WWMachineLearning_Resnet50.build/Debug-watchos/WWMachineLearning_Resnet50-t.build/Objects-normal/arm64/WWMachineLearning_Resnet50-Swift.h -working-directory /Users/admin/builder/spi-builder-workspace/.swiftpm/xcode -experimental-emit-module-separately -disable-cmo
SwiftDriverJobDiscovery normal arm64_32 Compiling resource_bundle_accessor.swift (in target 'WWNetworking' from project 'WWNetworking')
SwiftDriverJobDiscovery normal arm64_32 Compiling Model.swift (in target 'WWNetworking' from project 'WWNetworking')
SwiftDriverJobDiscovery normal arm64 Compiling Networking.swift (in target 'WWNetworking' from project 'WWNetworking')
SwiftDriverJobDiscovery normal arm64_32 Compiling Networking.swift (in target 'WWNetworking' from project 'WWNetworking')
SwiftExplicitDependencyGeneratePcm arm64 /Users/admin/builder/spi-builder-workspace/.derivedData/SDKExplicitPrecompiledModules/Compression-5JXFQ7U2IJ2UHA3THHV3AF2C6.pcm
SwiftExplicitDependencyGeneratePcm arm64 /Users/admin/builder/spi-builder-workspace/.derivedData/SDKExplicitPrecompiledModules/Vision-5XANX6AK1V549XHH4AWW17PDJ.pcm
SwiftExplicitDependencyGeneratePcm arm64 /Users/admin/builder/spi-builder-workspace/.derivedData/SDKExplicitPrecompiledModules/CoreMIDI-DMNFPOXYVF7STUO5GNB3DF2BQ.pcm
SwiftExplicitDependencyGeneratePcm arm64 /Users/admin/builder/spi-builder-workspace/.derivedData/SDKExplicitPrecompiledModules/CoreAudioTypes-A9MF7N5LT63G21HNFVM6BT14B.pcm
SwiftExplicitDependencyGeneratePcm arm64 /Users/admin/builder/spi-builder-workspace/.derivedData/SDKExplicitPrecompiledModules/ImageIO-208F4GO13XRG67XXLAMH07N4X.pcm
SwiftExplicitDependencyGeneratePcm arm64 /Users/admin/builder/spi-builder-workspace/.derivedData/SDKExplicitPrecompiledModules/Accelerate-28ES2UAMDN4QG4BXE6ZO309NT.pcm
SwiftExplicitDependencyGeneratePcm arm64_32 /Users/admin/builder/spi-builder-workspace/.derivedData/SDKExplicitPrecompiledModules/Compression-4LI7BWTMW76ZLLSQKT5AJYQVL.pcm
SwiftExplicitDependencyGeneratePcm arm64_32 /Users/admin/builder/spi-builder-workspace/.derivedData/SDKExplicitPrecompiledModules/Vision-8JD7U36QVYV7P9WXB6ULCJITK.pcm
SwiftExplicitDependencyGeneratePcm arm64_32 /Users/admin/builder/spi-builder-workspace/.derivedData/SDKExplicitPrecompiledModules/CoreAudioTypes-9GVB1DHA32M46R4A9NWSI3I2K.pcm
SwiftExplicitDependencyGeneratePcm arm64_32 /Users/admin/builder/spi-builder-workspace/.derivedData/SDKExplicitPrecompiledModules/CoreMIDI-8Q3SSIDM9J726670QKKYTPP3W.pcm
SwiftExplicitDependencyGeneratePcm arm64 /Users/admin/builder/spi-builder-workspace/.derivedData/SDKExplicitPrecompiledModules/CoreML-9IMR58NS6CRUNQL5H60RIBDD8.pcm
SwiftExplicitDependencyGeneratePcm arm64 /Users/admin/builder/spi-builder-workspace/.derivedData/SDKExplicitPrecompiledModules/CoreAudio-1B79RJJTP71GE6UY9WLESAN3C.pcm
SwiftExplicitDependencyGeneratePcm arm64_32 /Users/admin/builder/spi-builder-workspace/.derivedData/SDKExplicitPrecompiledModules/ImageIO-2Y4S05VUFWLNTRW92S35BUMG8.pcm
SwiftExplicitDependencyGeneratePcm arm64_32 /Users/admin/builder/spi-builder-workspace/.derivedData/SDKExplicitPrecompiledModules/Accelerate-34RID1ZBY3BK39CTD4WYM062U.pcm
SwiftExplicitDependencyGeneratePcm arm64_32 /Users/admin/builder/spi-builder-workspace/.derivedData/SDKExplicitPrecompiledModules/CoreAudio-5W6MX6OUPWBMUR8VD5LHT1PZF.pcm
SwiftExplicitDependencyGeneratePcm arm64 /Users/admin/builder/spi-builder-workspace/.derivedData/SDKExplicitPrecompiledModules/CoreMedia-1AJVCUZNAO74KIKMFVFUUHWDI.pcm
SwiftExplicitDependencyGeneratePcm arm64_32 /Users/admin/builder/spi-builder-workspace/.derivedData/SDKExplicitPrecompiledModules/CoreML-BTANJPQOKEJF4X1ID6TTJCWEW.pcm
SwiftExplicitDependencyGeneratePcm arm64_32 /Users/admin/builder/spi-builder-workspace/.derivedData/SDKExplicitPrecompiledModules/CoreMedia-AO387T8CHWTTZODD1DGT0UAFA.pcm
SwiftExplicitDependencyGeneratePcm arm64 /Users/admin/builder/spi-builder-workspace/.derivedData/SDKExplicitPrecompiledModules/AVFAudio-6A028BJEJQTO3623H6QZ4E26C.pcm
SwiftExplicitDependencyGeneratePcm arm64_32 /Users/admin/builder/spi-builder-workspace/.derivedData/SDKExplicitPrecompiledModules/AVFAudio-E592LPPEJNCSUD5VBNV0IP3RS.pcm
SwiftExplicitDependencyGeneratePcm arm64 /Users/admin/builder/spi-builder-workspace/.derivedData/SDKExplicitPrecompiledModules/AVFoundation-78VW43DHMXH57E9M5JLISD2E9.pcm
SwiftExplicitDependencyGeneratePcm arm64_32 /Users/admin/builder/spi-builder-workspace/.derivedData/SDKExplicitPrecompiledModules/AVFoundation-EPE1OBOP1126QTAL5QEGZFKYT.pcm
SwiftDriverJobDiscovery normal arm64 Compiling Extension.swift (in target 'WWNetworking' from project 'WWNetworking')
SwiftDriverJobDiscovery normal arm64_32 Compiling Extension.swift (in target 'WWNetworking' from project 'WWNetworking')
SwiftDriverJobDiscovery normal arm64 Compiling Constant.swift (in target 'WWNetworking' from project 'WWNetworking')
SwiftDriver\ Compilation WWNetworking normal arm64 com.apple.xcode.tools.swift.compiler (in target 'WWNetworking' from project 'WWNetworking')
cd /Users/admin/builder/spi-builder-workspace/.swiftpm/xcode
builtin-Swift-Compilation -- /Applications/Xcode-27.0.0-Release.Candidate.app/Contents/Developer/Toolchains/XcodeDefault.xctoolchain/usr/bin/swiftc -parse-as-library -module-name WWNetworking -Onone @/Users/admin/builder/spi-builder-workspace/.derivedData/Build/Intermediates.noindex/WWNetworking.build/Debug-watchos/WWNetworking-t.build/Objects-normal/arm64/WWNetworking.SwiftFileList -DSWIFT_PACKAGE -DDEBUG -DSWIFT_MODULE_RESOURCE_BUNDLE_AVAILABLE -DXcode -plugin-path /Applications/Xcode-27.0.0-Release.Candidate.app/Contents/Developer/Toolchains/XcodeDefault.xctoolchain/usr/lib/swift/host/plugins/testing -enable-experimental-feature DebugDescriptionMacro -sdk /Applications/Xcode-27.0.0-Release.Candidate.app/Contents/Developer/Platforms/WatchOS.platform/Developer/SDKs/WatchOS27.0.sdk -target arm64-apple-watchos9.0 -g -module-cache-path /Users/admin/builder/spi-builder-workspace/.derivedData/ModuleCache.noindex -Xfrontend -serialize-debugging-options -enable-testing -suppress-warnings -index-store-path /Users/admin/builder/spi-builder-workspace/.derivedData/Index.noindex/DataStore -Xcc -D_LIBCPP_HARDENING_MODE\=_LIBCPP_HARDENING_MODE_DEBUG -swift-version 5 -I /Users/admin/builder/spi-builder-workspace/.derivedData/Build/Products/Debug-watchos -Isystem /Applications/Xcode-27.0.0-Release.Candidate.app/Contents/Developer/Platforms/WatchOS.platform/Developer/usr/lib -F /Users/admin/builder/spi-builder-workspace/.derivedData/Build/Products/Debug-watchos -F /Applications/Xcode-27.0.0-Release.Candidate.app/Contents/Developer/Platforms/WatchOS.platform/Developer/Library/Frameworks -F /Applications/Xcode-27.0.0-Release.Candidate.app/Contents/Developer/Platforms/WatchOS.platform/Developer/SDKs/WatchOS27.0.sdk/Developer/Library/Frameworks -c -j10 -enable-batch-mode -incremental -Xcc -ivfsstatcache -Xcc /Users/admin/builder/spi-builder-workspace/.derivedData/SDKStatCaches.noindex/watchos27.0-24R360-e829b21a6f8c9b70876ba0858053c04477534ef55a1706bf4c1112bbb242f0a2.sdkstatcache -output-file-map /Users/admin/builder/spi-builder-workspace/.derivedData/Build/Intermediates.noindex/WWNetworking.build/Debug-watchos/WWNetworking-t.build/Objects-normal/arm64/WWNetworking-OutputFileMap.json -save-temps -no-color-diagnostics -explicit-module-build -module-cache-path /Users/admin/builder/spi-builder-workspace/.derivedData/Build/Intermediates.noindex/SwiftExplicitPrecompiledModules -clang-scanner-module-cache-path /Users/admin/builder/spi-builder-workspace/.derivedData/ModuleCache.noindex -sdk-module-cache-path /Users/admin/builder/spi-builder-workspace/.derivedData/SDKExplicitPrecompiledModules -emit-dependencies -emit-module -emit-module-path /Users/admin/builder/spi-builder-workspace/.derivedData/Build/Intermediates.noindex/WWNetworking.build/Debug-watchos/WWNetworking-t.build/Objects-normal/arm64/WWNetworking.swiftmodule -serialize-diagnostics -dependency-scan-serialize-diagnostics-path /Users/admin/builder/spi-builder-workspace/.derivedData/Build/Intermediates.noindex/WWNetworking.build/Debug-watchos/WWNetworking-t.build/Objects-normal/arm64/WWNetworking-dependency-scan.dia -validate-clang-modules-once -clang-build-session-file /Users/admin/builder/spi-builder-workspace/.derivedData/ModuleCache.noindex/Session.modulevalidation -Xcc -fmodules-prune-interval\=86400 -Xcc -fmodules-prune-after\=345600 -emit-const-values -const-gather-protocols-list /Users/admin/builder/spi-builder-workspace/.derivedData/Build/Intermediates.noindex/WWNetworking.build/Debug-watchos/WWNetworking-t.build/Objects-normal/arm64/WWNetworking_const_extract_protocols.json -Xcc -I/Users/admin/builder/spi-builder-workspace/.derivedData/Build/Products/Debug-watchos/include -Xcc -I/Users/admin/builder/spi-builder-workspace/.derivedData/Build/Intermediates.noindex/WWNetworking.build/Debug-watchos/WWNetworking-t.build/DerivedSources-normal/arm64 -Xcc -I/Users/admin/builder/spi-builder-workspace/.derivedData/Build/Intermediates.noindex/WWNetworking.build/Debug-watchos/WWNetworking-t.build/DerivedSources/arm64 -Xcc -I/Users/admin/builder/spi-builder-workspace/.derivedData/Build/Intermediates.noindex/WWNetworking.build/Debug-watchos/WWNetworking-t.build/DerivedSources -Xcc -DSWIFT_PACKAGE -Xcc -DDEBUG\=1 -emit-objc-header -emit-objc-header-path /Users/admin/builder/spi-builder-workspace/.derivedData/Build/Intermediates.noindex/WWNetworking.build/Debug-watchos/WWNetworking-t.build/Objects-normal/arm64/WWNetworking-Swift.h -working-directory /Users/admin/builder/spi-builder-workspace/.swiftpm/xcode -experimental-emit-module-separately -disable-cmo
Ld /Users/admin/builder/spi-builder-workspace/.derivedData/Build/Intermediates.noindex/WWNetworking.build/Debug-watchos/WWNetworking-t.build/Objects-normal/arm64/Binary/WWNetworking.o normal arm64 (in target 'WWNetworking' from project 'WWNetworking')
cd /Users/admin/builder/spi-builder-workspace/.dependencies/checkouts/WWNetworking
/Applications/Xcode-27.0.0-Release.Candidate.app/Contents/Developer/Toolchains/XcodeDefault.xctoolchain/usr/bin/clang -Xlinker -reproducible -target arm64-apple-watchos9.0 -r -isysroot /Applications/Xcode-27.0.0-Release.Candidate.app/Contents/Developer/Platforms/WatchOS.platform/Developer/SDKs/WatchOS27.0.sdk -O0 -w -Xlinker -no_warn_duplicate_libraries -F/Users/admin/builder/spi-builder-workspace/.derivedData/Build/Intermediates.noindex/EagerLinkingTBDs/Debug-watchos -F/Users/admin/builder/spi-builder-workspace/.derivedData/Build/Products/Debug-watchos -iframework /Applications/Xcode-27.0.0-Release.Candidate.app/Contents/Developer/Platforms/WatchOS.platform/Developer/Library/Frameworks -iframework /Applications/Xcode-27.0.0-Release.Candidate.app/Contents/Developer/Platforms/WatchOS.platform/Developer/SDKs/WatchOS27.0.sdk/Developer/Library/Frameworks -filelist /Users/admin/builder/spi-builder-workspace/.derivedData/Build/Intermediates.noindex/WWNetworking.build/Debug-watchos/WWNetworking-t.build/Objects-normal/arm64/WWNetworking.LinkFileList -nostdlib -Xlinker -object_path_lto -Xlinker /Users/admin/builder/spi-builder-workspace/.derivedData/Build/Intermediates.noindex/WWNetworking.build/Debug-watchos/WWNetworking-t.build/Objects-normal/arm64/WWNetworking_lto.o -Xlinker -no_deduplicate -Xlinker -dependency_info -Xlinker /Users/admin/builder/spi-builder-workspace/.derivedData/Build/Intermediates.noindex/WWNetworking.build/Debug-watchos/WWNetworking-t.build/Objects-normal/arm64/WWNetworking_dependency_info.dat -fobjc-link-runtime -L/Applications/Xcode-27.0.0-Release.Candidate.app/Contents/Developer/Toolchains/XcodeDefault.xctoolchain/usr/lib/swift/watchos -L/usr/lib/swift -Xlinker -add_ast_path -Xlinker /Users/admin/builder/spi-builder-workspace/.derivedData/Build/Intermediates.noindex/WWNetworking.build/Debug-watchos/WWNetworking-t.build/Objects-normal/arm64/WWNetworking.swiftmodule -o /Users/admin/builder/spi-builder-workspace/.derivedData/Build/Intermediates.noindex/WWNetworking.build/Debug-watchos/WWNetworking-t.build/Objects-normal/arm64/Binary/WWNetworking.o
SwiftDriverJobDiscovery normal arm64_32 Compiling Constant.swift (in target 'WWNetworking' from project 'WWNetworking')
SwiftDriver\ Compilation WWNetworking normal arm64_32 com.apple.xcode.tools.swift.compiler (in target 'WWNetworking' from project 'WWNetworking')
cd /Users/admin/builder/spi-builder-workspace/.swiftpm/xcode
builtin-Swift-Compilation -- /Applications/Xcode-27.0.0-Release.Candidate.app/Contents/Developer/Toolchains/XcodeDefault.xctoolchain/usr/bin/swiftc -parse-as-library -module-name WWNetworking -Onone @/Users/admin/builder/spi-builder-workspace/.derivedData/Build/Intermediates.noindex/WWNetworking.build/Debug-watchos/WWNetworking-t.build/Objects-normal/arm64_32/WWNetworking.SwiftFileList -DSWIFT_PACKAGE -DDEBUG -DSWIFT_MODULE_RESOURCE_BUNDLE_AVAILABLE -DXcode -plugin-path /Applications/Xcode-27.0.0-Release.Candidate.app/Contents/Developer/Toolchains/XcodeDefault.xctoolchain/usr/lib/swift/host/plugins/testing -enable-experimental-feature DebugDescriptionMacro -sdk /Applications/Xcode-27.0.0-Release.Candidate.app/Contents/Developer/Platforms/WatchOS.platform/Developer/SDKs/WatchOS27.0.sdk -target arm64_32-apple-watchos9.0 -g -module-cache-path /Users/admin/builder/spi-builder-workspace/.derivedData/ModuleCache.noindex -Xfrontend -serialize-debugging-options -enable-testing -suppress-warnings -index-store-path /Users/admin/builder/spi-builder-workspace/.derivedData/Index.noindex/DataStore -Xcc -D_LIBCPP_HARDENING_MODE\=_LIBCPP_HARDENING_MODE_DEBUG -swift-version 5 -I /Users/admin/builder/spi-builder-workspace/.derivedData/Build/Products/Debug-watchos -Isystem /Applications/Xcode-27.0.0-Release.Candidate.app/Contents/Developer/Platforms/WatchOS.platform/Developer/usr/lib -F /Users/admin/builder/spi-builder-workspace/.derivedData/Build/Products/Debug-watchos -F /Applications/Xcode-27.0.0-Release.Candidate.app/Contents/Developer/Platforms/WatchOS.platform/Developer/Library/Frameworks -F /Applications/Xcode-27.0.0-Release.Candidate.app/Contents/Developer/Platforms/WatchOS.platform/Developer/SDKs/WatchOS27.0.sdk/Developer/Library/Frameworks -c -j10 -enable-batch-mode -incremental -Xcc -ivfsstatcache -Xcc /Users/admin/builder/spi-builder-workspace/.derivedData/SDKStatCaches.noindex/watchos27.0-24R360-e829b21a6f8c9b70876ba0858053c04477534ef55a1706bf4c1112bbb242f0a2.sdkstatcache -output-file-map /Users/admin/builder/spi-builder-workspace/.derivedData/Build/Intermediates.noindex/WWNetworking.build/Debug-watchos/WWNetworking-t.build/Objects-normal/arm64_32/WWNetworking-OutputFileMap.json -save-temps -no-color-diagnostics -explicit-module-build -module-cache-path /Users/admin/builder/spi-builder-workspace/.derivedData/Build/Intermediates.noindex/SwiftExplicitPrecompiledModules -clang-scanner-module-cache-path /Users/admin/builder/spi-builder-workspace/.derivedData/ModuleCache.noindex -sdk-module-cache-path /Users/admin/builder/spi-builder-workspace/.derivedData/SDKExplicitPrecompiledModules -emit-dependencies -emit-module -emit-module-path /Users/admin/builder/spi-builder-workspace/.derivedData/Build/Intermediates.noindex/WWNetworking.build/Debug-watchos/WWNetworking-t.build/Objects-normal/arm64_32/WWNetworking.swiftmodule -serialize-diagnostics -dependency-scan-serialize-diagnostics-path /Users/admin/builder/spi-builder-workspace/.derivedData/Build/Intermediates.noindex/WWNetworking.build/Debug-watchos/WWNetworking-t.build/Objects-normal/arm64_32/WWNetworking-dependency-scan.dia -validate-clang-modules-once -clang-build-session-file /Users/admin/builder/spi-builder-workspace/.derivedData/ModuleCache.noindex/Session.modulevalidation -Xcc -fmodules-prune-interval\=86400 -Xcc -fmodules-prune-after\=345600 -emit-const-values -const-gather-protocols-list /Users/admin/builder/spi-builder-workspace/.derivedData/Build/Intermediates.noindex/WWNetworking.build/Debug-watchos/WWNetworking-t.build/Objects-normal/arm64_32/WWNetworking_const_extract_protocols.json -Xcc -I/Users/admin/builder/spi-builder-workspace/.derivedData/Build/Products/Debug-watchos/include -Xcc -I/Users/admin/builder/spi-builder-workspace/.derivedData/Build/Intermediates.noindex/WWNetworking.build/Debug-watchos/WWNetworking-t.build/DerivedSources-normal/arm64_32 -Xcc -I/Users/admin/builder/spi-builder-workspace/.derivedData/Build/Intermediates.noindex/WWNetworking.build/Debug-watchos/WWNetworking-t.build/DerivedSources/arm64_32 -Xcc -I/Users/admin/builder/spi-builder-workspace/.derivedData/Build/Intermediates.noindex/WWNetworking.build/Debug-watchos/WWNetworking-t.build/DerivedSources -Xcc -DSWIFT_PACKAGE -Xcc -DDEBUG\=1 -emit-objc-header -emit-objc-header-path /Users/admin/builder/spi-builder-workspace/.derivedData/Build/Intermediates.noindex/WWNetworking.build/Debug-watchos/WWNetworking-t.build/Objects-normal/arm64_32/WWNetworking-Swift.h -working-directory /Users/admin/builder/spi-builder-workspace/.swiftpm/xcode -experimental-emit-module-separately -disable-cmo
Ld /Users/admin/builder/spi-builder-workspace/.derivedData/Build/Intermediates.noindex/WWNetworking.build/Debug-watchos/WWNetworking-t.build/Objects-normal/arm64_32/Binary/WWNetworking.o normal arm64_32 (in target 'WWNetworking' from project 'WWNetworking')
cd /Users/admin/builder/spi-builder-workspace/.dependencies/checkouts/WWNetworking
/Applications/Xcode-27.0.0-Release.Candidate.app/Contents/Developer/Toolchains/XcodeDefault.xctoolchain/usr/bin/clang -Xlinker -reproducible -target arm64_32-apple-watchos9.0 -r -isysroot /Applications/Xcode-27.0.0-Release.Candidate.app/Contents/Developer/Platforms/WatchOS.platform/Developer/SDKs/WatchOS27.0.sdk -O0 -w -Xlinker -no_warn_duplicate_libraries -F/Users/admin/builder/spi-builder-workspace/.derivedData/Build/Intermediates.noindex/EagerLinkingTBDs/Debug-watchos -F/Users/admin/builder/spi-builder-workspace/.derivedData/Build/Products/Debug-watchos -iframework /Applications/Xcode-27.0.0-Release.Candidate.app/Contents/Developer/Platforms/WatchOS.platform/Developer/Library/Frameworks -iframework /Applications/Xcode-27.0.0-Release.Candidate.app/Contents/Developer/Platforms/WatchOS.platform/Developer/SDKs/WatchOS27.0.sdk/Developer/Library/Frameworks -filelist /Users/admin/builder/spi-builder-workspace/.derivedData/Build/Intermediates.noindex/WWNetworking.build/Debug-watchos/WWNetworking-t.build/Objects-normal/arm64_32/WWNetworking.LinkFileList -nostdlib -Xlinker -object_path_lto -Xlinker /Users/admin/builder/spi-builder-workspace/.derivedData/Build/Intermediates.noindex/WWNetworking.build/Debug-watchos/WWNetworking-t.build/Objects-normal/arm64_32/WWNetworking_lto.o -Xlinker -no_deduplicate -Xlinker -dependency_info -Xlinker /Users/admin/builder/spi-builder-workspace/.derivedData/Build/Intermediates.noindex/WWNetworking.build/Debug-watchos/WWNetworking-t.build/Objects-normal/arm64_32/WWNetworking_dependency_info.dat -fobjc-link-runtime -L/Applications/Xcode-27.0.0-Release.Candidate.app/Contents/Developer/Toolchains/XcodeDefault.xctoolchain/usr/lib/swift/watchos -L/usr/lib/swift -Xlinker -add_ast_path -Xlinker /Users/admin/builder/spi-builder-workspace/.derivedData/Build/Intermediates.noindex/WWNetworking.build/Debug-watchos/WWNetworking-t.build/Objects-normal/arm64_32/WWNetworking.swiftmodule -o /Users/admin/builder/spi-builder-workspace/.derivedData/Build/Intermediates.noindex/WWNetworking.build/Debug-watchos/WWNetworking-t.build/Objects-normal/arm64_32/Binary/WWNetworking.o
CreateUniversalBinary /Users/admin/builder/spi-builder-workspace/.derivedData/Build/Products/Debug-watchos/WWNetworking.o normal arm64\ arm64_32 (in target 'WWNetworking' from project 'WWNetworking')
cd /Users/admin/builder/spi-builder-workspace/.dependencies/checkouts/WWNetworking
/Applications/Xcode-27.0.0-Release.Candidate.app/Contents/Developer/Toolchains/XcodeDefault.xctoolchain/usr/bin/lipo -create /Users/admin/builder/spi-builder-workspace/.derivedData/Build/Intermediates.noindex/WWNetworking.build/Debug-watchos/WWNetworking-t.build/Objects-normal/arm64/Binary/WWNetworking.o /Users/admin/builder/spi-builder-workspace/.derivedData/Build/Intermediates.noindex/WWNetworking.build/Debug-watchos/WWNetworking-t.build/Objects-normal/arm64_32/Binary/WWNetworking.o -output /Users/admin/builder/spi-builder-workspace/.derivedData/Build/Products/Debug-watchos/WWNetworking.o
ExtractAppIntentsMetadata (in target 'WWNetworking' from project 'WWNetworking')
cd /Users/admin/builder/spi-builder-workspace/.dependencies/checkouts/WWNetworking
/Applications/Xcode-27.0.0-Release.Candidate.app/Contents/Developer/Toolchains/XcodeDefault.xctoolchain/usr/bin/appintentsmetadataprocessor --toolchain-dir /var/run/com.apple.security.cryptexd/mnt/com.apple.MobileAsset.MetalToolchain-v27.1.266.1.L1xiCf/Metal.xctoolchain --module-name WWNetworking --sdk-root /Applications/Xcode-27.0.0-Release.Candidate.app/Contents/Developer/Platforms/WatchOS.platform/Developer/SDKs/WatchOS27.0.sdk --xcode-version 27A266a --platform-family watchOS --deployment-target 9.0 --bundle-identifier wwnetworking.WWNetworking --output /Users/admin/builder/spi-builder-workspace/.derivedData/Build/Products/Debug-watchos/WWNetworking.appintents --target-triple arm64-apple-watchos9.0 --target-triple arm64_32-apple-watchos9.0 --binary-file /Users/admin/builder/spi-builder-workspace/.derivedData/Build/Products/Debug-watchos/WWNetworking.o --dependency-file /Users/admin/builder/spi-builder-workspace/.derivedData/Build/Intermediates.noindex/WWNetworking.build/Debug-watchos/WWNetworking-t.build/Objects-normal/arm64/WWNetworking_dependency_info.dat --dependency-file /Users/admin/builder/spi-builder-workspace/.derivedData/Build/Intermediates.noindex/WWNetworking.build/Debug-watchos/WWNetworking-t.build/Objects-normal/arm64_32/WWNetworking_dependency_info.dat --stringsdata-file /Users/admin/builder/spi-builder-workspace/.derivedData/Build/Intermediates.noindex/WWNetworking.build/Debug-watchos/WWNetworking-t.build/Objects-normal/arm64/ExtractedAppShortcutsMetadata.stringsdata --stringsdata-file /Users/admin/builder/spi-builder-workspace/.derivedData/Build/Intermediates.noindex/WWNetworking.build/Debug-watchos/WWNetworking-t.build/Objects-normal/arm64_32/ExtractedAppShortcutsMetadata.stringsdata --source-file-list /Users/admin/builder/spi-builder-workspace/.derivedData/Build/Intermediates.noindex/WWNetworking.build/Debug-watchos/WWNetworking-t.build/Objects-normal/arm64/WWNetworking.SwiftFileList --source-file-list /Users/admin/builder/spi-builder-workspace/.derivedData/Build/Intermediates.noindex/WWNetworking.build/Debug-watchos/WWNetworking-t.build/Objects-normal/arm64_32/WWNetworking.SwiftFileList --metadata-file-list /Users/admin/builder/spi-builder-workspace/.derivedData/Build/Intermediates.noindex/WWNetworking.build/Debug-watchos/WWNetworking-t.build/WWNetworking.DependencyMetadataFileList --static-metadata-file-list /Users/admin/builder/spi-builder-workspace/.derivedData/Build/Intermediates.noindex/WWNetworking.build/Debug-watchos/WWNetworking-t.build/WWNetworking.DependencyStaticMetadataFileList --swift-const-vals-list /Users/admin/builder/spi-builder-workspace/.derivedData/Build/Intermediates.noindex/WWNetworking.build/Debug-watchos/WWNetworking-t.build/Objects-normal/arm64/WWNetworking.SwiftConstValuesFileList --swift-const-vals-list /Users/admin/builder/spi-builder-workspace/.derivedData/Build/Intermediates.noindex/WWNetworking.build/Debug-watchos/WWNetworking-t.build/Objects-normal/arm64_32/WWNetworking.SwiftConstValuesFileList --force --compile-time-extraction --deployment-aware-processing --no-app-shortcuts-localization
2026-09-23 06:40:38.629 appintentsmetadataprocessor[985:5487] Starting appintentsmetadataprocessor export
2026-09-23 06:40:38.783 appintentsmetadataprocessor[985:5487] Extracted no relevant App Intents symbols, skipping writing output
SwiftEmitModule normal arm64 Emitting\ module\ for\ WWMachineLearning_Resnet50 (in target 'WWMachineLearning_Resnet50' from project 'WWMachineLearning_Resnet50')
/Users/admin/builder/spi-builder-workspace/.dependencies/checkouts/WWMachineLearning_Resnet50/Sources/WWMachineLearning_Resnet50/Utility/Extension.swift:120:45: error: 'UIGraphicsImageRendererFormat' is unavailable in watchOS
118 | /// - size: 要改變的尺寸
119 | /// - format: UIGraphicsImageRendererFormat
120 | func _resized(for size: CGSize, format: UIGraphicsImageRendererFormat) -> UIImage {
| `- error: 'UIGraphicsImageRendererFormat' is unavailable in watchOS
121 |
122 | let renderer = UIGraphicsImageRenderer(size: size, format: format)
/Applications/Xcode-27.0.0-Release.Candidate.app/Contents/Developer/Platforms/WatchOS.platform/Developer/SDKs/WatchOS27.0.sdk/System/Library/Frameworks/UIKit.framework/Headers/UIGraphicsImageRenderer.h:27:12: note: 'UIGraphicsImageRendererFormat' has been explicitly marked unavailable here
25 |
26 | UIKIT_EXTERN API_AVAILABLE(ios(10.0)) API_UNAVAILABLE(watchos)
27 | @interface UIGraphicsImageRendererFormat : UIGraphicsRendererFormat
| `- note: 'UIGraphicsImageRendererFormat' has been explicitly marked unavailable here
28 |
29 | @property (nonatomic) CGFloat scale; // display scale of the context. The preferredFormat uses the scale most appropriate for the main screen's current configuration.
/Users/admin/builder/spi-builder-workspace/.dependencies/checkouts/WWMachineLearning_Resnet50/Sources/WWMachineLearning_Resnet50/Utility/Extension.swift:277:11: error: 'UIGraphicsImageRendererFormat' is unavailable in watchOS
275 |
276 | // MARK: - UIGraphicsImageRendererFormat (function)
277 | extension UIGraphicsImageRendererFormat {
| `- error: 'UIGraphicsImageRendererFormat' is unavailable in watchOS
278 |
279 | /// 設定比例
/Applications/Xcode-27.0.0-Release.Candidate.app/Contents/Developer/Platforms/WatchOS.platform/Developer/SDKs/WatchOS27.0.sdk/System/Library/Frameworks/UIKit.framework/Headers/UIGraphicsImageRenderer.h:27:12: note: 'UIGraphicsImageRendererFormat' has been explicitly marked unavailable here
25 |
26 | UIKIT_EXTERN API_AVAILABLE(ios(10.0)) API_UNAVAILABLE(watchos)
27 | @interface UIGraphicsImageRendererFormat : UIGraphicsRendererFormat
| `- note: 'UIGraphicsImageRendererFormat' has been explicitly marked unavailable here
28 |
29 | @property (nonatomic) CGFloat scale; // display scale of the context. The preferredFormat uses the scale most appropriate for the main screen's current configuration.
/Users/admin/builder/spi-builder-workspace/.dependencies/checkouts/WWMachineLearning_Resnet50/Sources/WWMachineLearning_Resnet50/WWMachineLearning+Resnet50.swift:137:70: error: cannot find type 'VNClassificationObservation' in scope
135 | /// - image: UIImage?
136 | /// - result: (Result<[VNClassificationObservation], Error>) -> Void
137 | func prediction(with image: UIImage?, result: @escaping (Result<[VNClassificationObservation], Error>) -> Void) {
| `- error: cannot find type 'VNClassificationObservation' in scope
138 |
139 | guard let image else { return result(.failure(WWMachineLearning.CustomError.isImageEmpty)) }
Failed frontend command:
SwiftCompile normal arm64 (in target 'WWMachineLearning_Resnet50' from project 'WWMachineLearning_Resnet50')
cd /Users/admin/builder/spi-builder-workspace/.swiftpm/xcode
/Applications/Xcode-27.0.0-Release.Candidate.app/Contents/Developer/Toolchains/XcodeDefault.xctoolchain/usr/bin/swift-frontend -frontend -emit-module -experimental-skip-non-inlinable-function-bodies-without-types /Users/admin/builder/spi-builder-workspace/.derivedData/Build/Intermediates.noindex/WWMachineLearning_Resnet50.build/Debug-watchos/WWMachineLearning_Resnet50-t.build/DerivedSources/resource_bundle_accessor.swift /Users/admin/builder/spi-builder-workspace/.dependencies/checkouts/WWMachineLearning_Resnet50/Sources/WWMachineLearning_Resnet50/Utility/Constant.swift /Users/admin/builder/spi-builder-workspace/.dependencies/checkouts/WWMachineLearning_Resnet50/Sources/WWMachineLearning_Resnet50/Utility/Extension.swift /Users/admin/builder/spi-builder-workspace/.dependencies/checkouts/WWMachineLearning_Resnet50/Sources/WWMachineLearning_Resnet50/WWMachineLearning+Resnet50.swift /Users/admin/builder/spi-builder-workspace/.dependencies/checkouts/WWMachineLearning_Resnet50/Sources/WWMachineLearning_Resnet50/WWMachineLearning.swift -target arm64-apple-watchos9.0 -disable-cross-import-overlay-search -swift-module-cross-import Vision /Applications/Xcode-27.0.0-Release.Candidate.app/Contents/Developer/Platforms/WatchOS.platform/Developer/SDKs/WatchOS.sdk/System/Library/Frameworks/Vision.framework/Modules/Vision.swiftcrossimport/FoundationModels.swiftoverlay -swift-module-cross-import Vision /Applications/Xcode-27.0.0-Release.Candidate.app/Contents/Developer/Platforms/WatchOS.platform/Developer/SDKs/WatchOS27.0.sdk/System/Library/Frameworks/Vision.framework/Modules/Vision.swiftcrossimport/FoundationModels.swiftoverlay -load-resolved-plugin /Applications/Xcode-27.0.0-Release.Candidate.app/Contents/Developer/Platforms/WatchOS.platform/Developer/usr/lib/swift/host/plugins/libFoundationMacros.dylib\#/Applications/Xcode-27.0.0-Release.Candidate.app/Contents/Developer/Platforms/WatchOS.platform/Developer/usr/bin/swift-plugin-server\#FoundationMacros -load-resolved-plugin /Applications/Xcode-27.0.0-Release.Candidate.app/Contents/Developer/Platforms/WatchOS.platform/Developer/usr/lib/swift/host/plugins/libObservationMacros.dylib\#/Applications/Xcode-27.0.0-Release.Candidate.app/Contents/Developer/Platforms/WatchOS.platform/Developer/usr/bin/swift-plugin-server\#ObservationMacros -load-resolved-plugin /Applications/Xcode-27.0.0-Release.Candidate.app/Contents/Developer/Platforms/WatchOS.platform/Developer/usr/lib/swift/host/plugins/libSwiftMacros.dylib\#/Applications/Xcode-27.0.0-Release.Candidate.app/Contents/Developer/Platforms/WatchOS.platform/Developer/usr/bin/swift-plugin-server\#SwiftMacros -load-resolved-plugin /Applications/Xcode-27.0.0-Release.Candidate.app/Contents/Developer/Platforms/WatchOS.platform/Developer/usr/lib/swift/host/plugins/libSwiftUIMacros.dylib\#/Applications/Xcode-27.0.0-Release.Candidate.app/Contents/Developer/Platforms/WatchOS.platform/Developer/usr/bin/swift-plugin-server\#SwiftUIMacros -disable-implicit-swift-modules -Xcc -fno-implicit-modules -Xcc -fno-implicit-module-maps -explicit-swift-module-map-file /Users/admin/builder/spi-builder-workspace/.derivedData/Build/Intermediates.noindex/WWMachineLearning_Resnet50.build/Debug-watchos/WWMachineLearning_Resnet50-t.build/Objects-normal/arm64/WWMachineLearning_Resnet50-dependencies-1.json -Xllvm -aarch64-use-tbi -enable-objc-interop -stack-check -sdk /Applications/Xcode-27.0.0-Release.Candidate.app/Contents/Developer/Platforms/WatchOS.platform/Developer/SDKs/WatchOS27.0.sdk -I /Users/admin/builder/spi-builder-workspace/.derivedData/Build/Products/Debug-watchos -Isystem /Applications/Xcode-27.0.0-Release.Candidate.app/Contents/Developer/Platforms/WatchOS.platform/Developer/usr/lib -F /Users/admin/builder/spi-builder-workspace/.derivedData/Build/Products/Debug-watchos/PackageFrameworks -F /Users/admin/builder/spi-builder-workspace/.derivedData/Build/Products/Debug-watchos -F /Applications/Xcode-27.0.0-Release.Candidate.app/Contents/Developer/Platforms/WatchOS.platform/Developer/Library/Frameworks -F /Applications/Xcode-27.0.0-Release.Candidate.app/Contents/Developer/Platforms/WatchOS.platform/Developer/SDKs/WatchOS27.0.sdk/Developer/Library/Frameworks -module-cache-path /Users/admin/builder/spi-builder-workspace/.derivedData/Build/Intermediates.noindex/SwiftExplicitPrecompiledModules -no-color-diagnostics -Xcc -fno-color-diagnostics -enable-testing -g -debug-info-format\=dwarf -dwarf-version\=4 -suppress-warnings -swift-version 5 -Onone -D SWIFT_PACKAGE -D DEBUG -D SWIFT_MODULE_RESOURCE_BUNDLE_AVAILABLE -D Xcode -serialize-debugging-options -enable-experimental-feature DebugDescriptionMacro -empty-abi-descriptor -validate-clang-modules-once -clang-build-session-file /Users/admin/builder/spi-builder-workspace/.derivedData/ModuleCache.noindex/Session.modulevalidation -Xcc -working-directory -Xcc /Users/admin/builder/spi-builder-workspace/.swiftpm/xcode -enable-anonymous-context-mangled-names -file-compilation-dir /Users/admin/builder/spi-builder-workspace/.swiftpm/xcode -Xcc -D_LIBCPP_HARDENING_MODE\=_LIBCPP_HARDENING_MODE_DEBUG -Xcc -ivfsstatcache -Xcc /Users/admin/builder/spi-builder-workspace/.derivedData/SDKStatCaches.noindex/watchos27.0-24R360-e829b21a6f8c9b70876ba0858053c04477534ef55a1706bf4c1112bbb242f0a2.sdkstatcache -Xcc -fmodules-prune-interval\=86400 -Xcc -fmodules-prune-after\=345600 -Xcc -I/Users/admin/builder/spi-builder-workspace/.derivedData/Build/Products/Debug-watchos/include -Xcc -I/Users/admin/builder/spi-builder-workspace/.derivedData/Build/Intermediates.noindex/WWMachineLearning_Resnet50.build/Debug-watchos/WWMachineLearning_Resnet50-t.build/DerivedSources-normal/arm64 -Xcc -I/Users/admin/builder/spi-builder-workspace/.derivedData/Build/Intermediates.noindex/WWMachineLearning_Resnet50.build/Debug-watchos/WWMachineLearning_Resnet50-t.build/DerivedSources/arm64 -Xcc -I/Users/admin/builder/spi-builder-workspace/.derivedData/Build/Intermediates.noindex/WWMachineLearning_Resnet50.build/Debug-watchos/WWMachineLearning_Resnet50-t.build/DerivedSources -Xcc -DSWIFT_PACKAGE -Xcc -DDEBUG\=1 -no-auto-bridging-header-chaining -module-name WWMachineLearning_Resnet50 -const-gather-protocols-file /Users/admin/builder/spi-builder-workspace/.derivedData/Build/Intermediates.noindex/WWMachineLearning_Resnet50.build/Debug-watchos/WWMachineLearning_Resnet50-t.build/Objects-normal/arm64/WWMachineLearning_Resnet50_const_extract_protocols.json -disable-clang-spi -clang-target arm64-apple-watchos27.0 -target-sdk-version 27.0 -target-sdk-name watchos27.0 -in-process-plugin-server-path /Applications/Xcode-27.0.0-Release.Candidate.app/Contents/Developer/Toolchains/XcodeDefault.xctoolchain/usr/lib/swift/host/libSwiftInProcPluginServer.dylib -emit-module-doc-path /Users/admin/builder/spi-builder-workspace/.derivedData/Build/Intermediates.noindex/WWMachineLearning_Resnet50.build/Debug-watchos/WWMachineLearning_Resnet50-t.build/Objects-normal/arm64/WWMachineLearning_Resnet50.swiftdoc -emit-module-source-info-path /Users/admin/builder/spi-builder-workspace/.derivedData/Build/Intermediates.noindex/WWMachineLearning_Resnet50.build/Debug-watchos/WWMachineLearning_Resnet50-t.build/Objects-normal/arm64/WWMachineLearning_Resnet50.swiftsourceinfo -emit-objc-header-path /Users/admin/builder/spi-builder-workspace/.derivedData/Build/Intermediates.noindex/WWMachineLearning_Resnet50.build/Debug-watchos/WWMachineLearning_Resnet50-t.build/Objects-normal/arm64/WWMachineLearning_Resnet50-Swift.h -serialize-diagnostics-path /Users/admin/builder/spi-builder-workspace/.derivedData/Build/Intermediates.noindex/WWMachineLearning_Resnet50.build/Debug-watchos/WWMachineLearning_Resnet50-t.build/Objects-normal/arm64/WWMachineLearning_Resnet50-primary-emit-module.dia -emit-dependencies-path /Users/admin/builder/spi-builder-workspace/.derivedData/Build/Intermediates.noindex/WWMachineLearning_Resnet50.build/Debug-watchos/WWMachineLearning_Resnet50-t.build/Objects-normal/arm64/WWMachineLearning_Resnet50-primary-emit-module.d -parse-as-library -o /Users/admin/builder/spi-builder-workspace/.derivedData/Build/Intermediates.noindex/WWMachineLearning_Resnet50.build/Debug-watchos/WWMachineLearning_Resnet50-t.build/Objects-normal/arm64/WWMachineLearning_Resnet50.swiftmodule -emit-abi-descriptor-path /Users/admin/builder/spi-builder-workspace/.derivedData/Build/Intermediates.noindex/WWMachineLearning_Resnet50.build/Debug-watchos/WWMachineLearning_Resnet50-t.build/Objects-normal/arm64/WWMachineLearning_Resnet50.abi.json
SwiftCompile normal arm64 Compiling\ Constant.swift /Users/admin/builder/spi-builder-workspace/.dependencies/checkouts/WWMachineLearning_Resnet50/Sources/WWMachineLearning_Resnet50/Utility/Constant.swift (in target 'WWMachineLearning_Resnet50' from project 'WWMachineLearning_Resnet50')
SwiftCompile normal arm64 /Users/admin/builder/spi-builder-workspace/.dependencies/checkouts/WWMachineLearning_Resnet50/Sources/WWMachineLearning_Resnet50/Utility/Constant.swift (in target 'WWMachineLearning_Resnet50' from project 'WWMachineLearning_Resnet50')
cd /Users/admin/builder/spi-builder-workspace/.swiftpm/xcode
builtin-SwiftPerFileCompile Constant.swift
SwiftCompile normal arm64 Compiling\ Extension.swift /Users/admin/builder/spi-builder-workspace/.dependencies/checkouts/WWMachineLearning_Resnet50/Sources/WWMachineLearning_Resnet50/Utility/Extension.swift (in target 'WWMachineLearning_Resnet50' from project 'WWMachineLearning_Resnet50')
SwiftCompile normal arm64 /Users/admin/builder/spi-builder-workspace/.dependencies/checkouts/WWMachineLearning_Resnet50/Sources/WWMachineLearning_Resnet50/Utility/Extension.swift (in target 'WWMachineLearning_Resnet50' from project 'WWMachineLearning_Resnet50')
cd /Users/admin/builder/spi-builder-workspace/.swiftpm/xcode
builtin-SwiftPerFileCompile Extension.swift
/Users/admin/builder/spi-builder-workspace/.dependencies/checkouts/WWMachineLearning_Resnet50/Sources/WWMachineLearning_Resnet50/Utility/Extension.swift:120:45: error: 'UIGraphicsImageRendererFormat' is unavailable in watchOS
118 | /// - size: 要改變的尺寸
119 | /// - format: UIGraphicsImageRendererFormat
120 | func _resized(for size: CGSize, format: UIGraphicsImageRendererFormat) -> UIImage {
| `- error: 'UIGraphicsImageRendererFormat' is unavailable in watchOS
121 |
122 | let renderer = UIGraphicsImageRenderer(size: size, format: format)
/Applications/Xcode-27.0.0-Release.Candidate.app/Contents/Developer/Platforms/WatchOS.platform/Developer/SDKs/WatchOS27.0.sdk/System/Library/Frameworks/UIKit.framework/Headers/UIGraphicsImageRenderer.h:27:12: note: 'UIGraphicsImageRendererFormat' has been explicitly marked unavailable here
25 |
26 | UIKIT_EXTERN API_AVAILABLE(ios(10.0)) API_UNAVAILABLE(watchos)
27 | @interface UIGraphicsImageRendererFormat : UIGraphicsRendererFormat
| `- note: 'UIGraphicsImageRendererFormat' has been explicitly marked unavailable here
28 |
29 | @property (nonatomic) CGFloat scale; // display scale of the context. The preferredFormat uses the scale most appropriate for the main screen's current configuration.
/Users/admin/builder/spi-builder-workspace/.dependencies/checkouts/WWMachineLearning_Resnet50/Sources/WWMachineLearning_Resnet50/Utility/Extension.swift:277:11: error: 'UIGraphicsImageRendererFormat' is unavailable in watchOS
275 |
276 | // MARK: - UIGraphicsImageRendererFormat (function)
277 | extension UIGraphicsImageRendererFormat {
| `- error: 'UIGraphicsImageRendererFormat' is unavailable in watchOS
278 |
279 | /// 設定比例
/Applications/Xcode-27.0.0-Release.Candidate.app/Contents/Developer/Platforms/WatchOS.platform/Developer/SDKs/WatchOS27.0.sdk/System/Library/Frameworks/UIKit.framework/Headers/UIGraphicsImageRenderer.h:27:12: note: 'UIGraphicsImageRendererFormat' has been explicitly marked unavailable here
25 |
26 | UIKIT_EXTERN API_AVAILABLE(ios(10.0)) API_UNAVAILABLE(watchos)
27 | @interface UIGraphicsImageRendererFormat : UIGraphicsRendererFormat
| `- note: 'UIGraphicsImageRendererFormat' has been explicitly marked unavailable here
28 |
29 | @property (nonatomic) CGFloat scale; // display scale of the context. The preferredFormat uses the scale most appropriate for the main screen's current configuration.
/Users/admin/builder/spi-builder-workspace/.dependencies/checkouts/WWMachineLearning_Resnet50/Sources/WWMachineLearning_Resnet50/Utility/Extension.swift:106:22: error: 'UIGraphicsImageRendererFormat' is unavailable in watchOS
104 | func _resized(for size: CGSize, scale: CGFloat) -> UIImage {
105 |
106 | let format = UIGraphicsImageRendererFormat()
| `- error: 'UIGraphicsImageRendererFormat' is unavailable in watchOS
107 | format.scale = scale
108 |
/Applications/Xcode-27.0.0-Release.Candidate.app/Contents/Developer/Platforms/WatchOS.platform/Developer/SDKs/WatchOS27.0.sdk/System/Library/Frameworks/UIKit.framework/Headers/UIGraphicsImageRenderer.h:27:12: note: 'UIGraphicsImageRendererFormat' has been explicitly marked unavailable here
25 |
26 | UIKIT_EXTERN API_AVAILABLE(ios(10.0)) API_UNAVAILABLE(watchos)
27 | @interface UIGraphicsImageRendererFormat : UIGraphicsRendererFormat
| `- note: 'UIGraphicsImageRendererFormat' has been explicitly marked unavailable here
28 |
29 | @property (nonatomic) CGFloat scale; // display scale of the context. The preferredFormat uses the scale most appropriate for the main screen's current configuration.
/Users/admin/builder/spi-builder-workspace/.dependencies/checkouts/WWMachineLearning_Resnet50/Sources/WWMachineLearning_Resnet50/Utility/Extension.swift:109:24: error: 'UIGraphicsImageRenderer' is unavailable in watchOS
107 | format.scale = scale
108 |
109 | let renderer = UIGraphicsImageRenderer(size: size, format: format)
| `- error: 'UIGraphicsImageRenderer' is unavailable in watchOS
110 | let resizeImage = renderer.image { (context) in draw(in: renderer.format.bounds) }
111 |
/Applications/Xcode-27.0.0-Release.Candidate.app/Contents/Developer/Platforms/WatchOS.platform/Developer/SDKs/WatchOS27.0.sdk/System/Library/Frameworks/UIKit.framework/Headers/UIGraphicsImageRenderer.h:47:12: note: 'UIGraphicsImageRenderer' has been explicitly marked unavailable here
45 |
46 | UIKIT_EXTERN API_AVAILABLE(ios(10.0)) API_UNAVAILABLE(watchos)
47 | @interface UIGraphicsImageRenderer : UIGraphicsRenderer
| `- note: 'UIGraphicsImageRenderer' has been explicitly marked unavailable here
48 | - (instancetype)initWithSize:(CGSize)size;
49 | - (instancetype)initWithSize:(CGSize)size format:(UIGraphicsImageRendererFormat *)format NS_DESIGNATED_INITIALIZER;
/Users/admin/builder/spi-builder-workspace/.dependencies/checkouts/WWMachineLearning_Resnet50/Sources/WWMachineLearning_Resnet50/Utility/Extension.swift:122:24: error: 'UIGraphicsImageRenderer' is unavailable in watchOS
120 | func _resized(for size: CGSize, format: UIGraphicsImageRendererFormat) -> UIImage {
121 |
122 | let renderer = UIGraphicsImageRenderer(size: size, format: format)
| `- error: 'UIGraphicsImageRenderer' is unavailable in watchOS
123 | let resizeImage = renderer.image { (context) in draw(in: renderer.format.bounds) }
124 |
/Applications/Xcode-27.0.0-Release.Candidate.app/Contents/Developer/Platforms/WatchOS.platform/Developer/SDKs/WatchOS27.0.sdk/System/Library/Frameworks/UIKit.framework/Headers/UIGraphicsImageRenderer.h:47:12: note: 'UIGraphicsImageRenderer' has been explicitly marked unavailable here
45 |
46 | UIKIT_EXTERN API_AVAILABLE(ios(10.0)) API_UNAVAILABLE(watchos)
47 | @interface UIGraphicsImageRenderer : UIGraphicsRenderer
| `- note: 'UIGraphicsImageRenderer' has been explicitly marked unavailable here
48 | - (instancetype)initWithSize:(CGSize)size;
49 | - (instancetype)initWithSize:(CGSize)size format:(UIGraphicsImageRendererFormat *)format NS_DESIGNATED_INITIALIZER;
/Users/admin/builder/spi-builder-workspace/.dependencies/checkouts/WWMachineLearning_Resnet50/Sources/WWMachineLearning_Resnet50/Utility/Extension.swift:148:22: error: 'UIGraphicsImageRendererFormat' is unavailable in watchOS
146 | func _normalize(with size: CGSize, bitsPerComponent: Int, bitsPerPixel: Int) -> UIImage? {
147 |
148 | let format = UIGraphicsImageRendererFormat.default()._scale(1.0)
| `- error: 'UIGraphicsImageRendererFormat' is unavailable in watchOS
149 | let resizedImage = self._resized(for: size, format: format)
150 |
/Applications/Xcode-27.0.0-Release.Candidate.app/Contents/Developer/Platforms/WatchOS.platform/Developer/SDKs/WatchOS27.0.sdk/System/Library/Frameworks/UIKit.framework/Headers/UIGraphicsImageRenderer.h:27:12: note: 'UIGraphicsImageRendererFormat' has been explicitly marked unavailable here
25 |
26 | UIKIT_EXTERN API_AVAILABLE(ios(10.0)) API_UNAVAILABLE(watchos)
27 | @interface UIGraphicsImageRendererFormat : UIGraphicsRendererFormat
| `- note: 'UIGraphicsImageRendererFormat' has been explicitly marked unavailable here
28 |
29 | @property (nonatomic) CGFloat scale; // display scale of the context. The preferredFormat uses the scale most appropriate for the main screen's current configuration.
SwiftCompile normal arm64 Compiling\ WWMachineLearning+Resnet50.swift /Users/admin/builder/spi-builder-workspace/.dependencies/checkouts/WWMachineLearning_Resnet50/Sources/WWMachineLearning_Resnet50/WWMachineLearning+Resnet50.swift (in target 'WWMachineLearning_Resnet50' from project 'WWMachineLearning_Resnet50')
/Users/admin/builder/spi-builder-workspace/.dependencies/checkouts/WWMachineLearning_Resnet50/Sources/WWMachineLearning_Resnet50/WWMachineLearning+Resnet50.swift:137:70: error: cannot find type 'VNClassificationObservation' in scope
135 | /// - image: UIImage?
136 | /// - result: (Result<[VNClassificationObservation], Error>) -> Void
137 | func prediction(with image: UIImage?, result: @escaping (Result<[VNClassificationObservation], Error>) -> Void) {
| `- error: cannot find type 'VNClassificationObservation' in scope
138 |
139 | guard let image else { return result(.failure(WWMachineLearning.CustomError.isImageEmpty)) }
/Users/admin/builder/spi-builder-workspace/.dependencies/checkouts/WWMachineLearning_Resnet50/Sources/WWMachineLearning_Resnet50/WWMachineLearning+Resnet50.swift:144:35: error: cannot find 'VNCoreMLModel' in scope
142 |
143 | do {
144 | let coreMLModel = try VNCoreMLModel(for: model)
| `- error: cannot find 'VNCoreMLModel' in scope
145 |
146 | let request = VNCoreMLRequest(model: coreMLModel) { (request, error) in
/Users/admin/builder/spi-builder-workspace/.dependencies/checkouts/WWMachineLearning_Resnet50/Sources/WWMachineLearning_Resnet50/WWMachineLearning+Resnet50.swift:146:27: error: cannot find 'VNCoreMLRequest' in scope
144 | let coreMLModel = try VNCoreMLModel(for: model)
145 |
146 | let request = VNCoreMLRequest(model: coreMLModel) { (request, error) in
| `- error: cannot find 'VNCoreMLRequest' in scope
147 |
148 | if let error = error { return result(.failure(error)) }
SwiftCompile normal arm64 /Users/admin/builder/spi-builder-workspace/.dependencies/checkouts/WWMachineLearning_Resnet50/Sources/WWMachineLearning_Resnet50/WWMachineLearning+Resnet50.swift (in target 'WWMachineLearning_Resnet50' from project 'WWMachineLearning_Resnet50')
cd /Users/admin/builder/spi-builder-workspace/.swiftpm/xcode
builtin-SwiftPerFileCompile WWMachineLearning+Resnet50.swift
SwiftCompile normal arm64 Compiling\ WWMachineLearning.swift /Users/admin/builder/spi-builder-workspace/.dependencies/checkouts/WWMachineLearning_Resnet50/Sources/WWMachineLearning_Resnet50/WWMachineLearning.swift (in target 'WWMachineLearning_Resnet50' from project 'WWMachineLearning_Resnet50')
SwiftCompile normal arm64 /Users/admin/builder/spi-builder-workspace/.dependencies/checkouts/WWMachineLearning_Resnet50/Sources/WWMachineLearning_Resnet50/WWMachineLearning.swift (in target 'WWMachineLearning_Resnet50' from project 'WWMachineLearning_Resnet50')
cd /Users/admin/builder/spi-builder-workspace/.swiftpm/xcode
builtin-SwiftPerFileCompile WWMachineLearning.swift
SwiftCompile normal arm64 Compiling\ resource_bundle_accessor.swift /Users/admin/builder/spi-builder-workspace/.derivedData/Build/Intermediates.noindex/WWMachineLearning_Resnet50.build/Debug-watchos/WWMachineLearning_Resnet50-t.build/DerivedSources/resource_bundle_accessor.swift (in target 'WWMachineLearning_Resnet50' from project 'WWMachineLearning_Resnet50')
SwiftCompile normal arm64 /Users/admin/builder/spi-builder-workspace/.derivedData/Build/Intermediates.noindex/WWMachineLearning_Resnet50.build/Debug-watchos/WWMachineLearning_Resnet50-t.build/DerivedSources/resource_bundle_accessor.swift (in target 'WWMachineLearning_Resnet50' from project 'WWMachineLearning_Resnet50')
cd /Users/admin/builder/spi-builder-workspace/.swiftpm/xcode
builtin-SwiftPerFileCompile resource_bundle_accessor.swift
SwiftEmitModule normal arm64_32 Emitting\ module\ for\ WWMachineLearning_Resnet50 (in target 'WWMachineLearning_Resnet50' from project 'WWMachineLearning_Resnet50')
SwiftCompile normal arm64_32 (in target 'WWMachineLearning_Resnet50' from project 'WWMachineLearning_Resnet50')
cd /Users/admin/builder/spi-builder-workspace/.swiftpm/xcode
SwiftCompile normal arm64_32 Compiling\ Extension.swift /Users/admin/builder/spi-builder-workspace/.dependencies/checkouts/WWMachineLearning_Resnet50/Sources/WWMachineLearning_Resnet50/Utility/Extension.swift (in target 'WWMachineLearning_Resnet50' from project 'WWMachineLearning_Resnet50')
/Users/admin/builder/spi-builder-workspace/.dependencies/checkouts/WWMachineLearning_Resnet50/Sources/WWMachineLearning_Resnet50/Utility/Extension.swift:120:45: error: 'UIGraphicsImageRendererFormat' is unavailable in watchOS
118 | /// - size: 要改變的尺寸
119 | /// - format: UIGraphicsImageRendererFormat
120 | func _resized(for size: CGSize, format: UIGraphicsImageRendererFormat) -> UIImage {
| `- error: 'UIGraphicsImageRendererFormat' is unavailable in watchOS
121 |
122 | let renderer = UIGraphicsImageRenderer(size: size, format: format)
/Applications/Xcode-27.0.0-Release.Candidate.app/Contents/Developer/Platforms/WatchOS.platform/Developer/SDKs/WatchOS27.0.sdk/System/Library/Frameworks/UIKit.framework/Headers/UIGraphicsImageRenderer.h:27:12: note: 'UIGraphicsImageRendererFormat' has been explicitly marked unavailable here
25 |
26 | UIKIT_EXTERN API_AVAILABLE(ios(10.0)) API_UNAVAILABLE(watchos)
27 | @interface UIGraphicsImageRendererFormat : UIGraphicsRendererFormat
| `- note: 'UIGraphicsImageRendererFormat' has been explicitly marked unavailable here
28 |
29 | @property (nonatomic) CGFloat scale; // display scale of the context. The preferredFormat uses the scale most appropriate for the main screen's current configuration.
SwiftCompile normal arm64_32 /Users/admin/builder/spi-builder-workspace/.dependencies/checkouts/WWMachineLearning_Resnet50/Sources/WWMachineLearning_Resnet50/Utility/Extension.swift (in target 'WWMachineLearning_Resnet50' from project 'WWMachineLearning_Resnet50')
cd /Users/admin/builder/spi-builder-workspace/.swiftpm/xcode
builtin-SwiftPerFileCompile Extension.swift
SwiftCompile normal arm64_32 Compiling\ Constant.swift /Users/admin/builder/spi-builder-workspace/.dependencies/checkouts/WWMachineLearning_Resnet50/Sources/WWMachineLearning_Resnet50/Utility/Constant.swift (in target 'WWMachineLearning_Resnet50' from project 'WWMachineLearning_Resnet50')
SwiftCompile normal arm64_32 /Users/admin/builder/spi-builder-workspace/.dependencies/checkouts/WWMachineLearning_Resnet50/Sources/WWMachineLearning_Resnet50/Utility/Constant.swift (in target 'WWMachineLearning_Resnet50' from project 'WWMachineLearning_Resnet50')
cd /Users/admin/builder/spi-builder-workspace/.swiftpm/xcode
builtin-SwiftPerFileCompile Constant.swift
SwiftCompile normal arm64_32 Compiling\ WWMachineLearning+Resnet50.swift /Users/admin/builder/spi-builder-workspace/.dependencies/checkouts/WWMachineLearning_Resnet50/Sources/WWMachineLearning_Resnet50/WWMachineLearning+Resnet50.swift (in target 'WWMachineLearning_Resnet50' from project 'WWMachineLearning_Resnet50')
SwiftCompile normal arm64_32 /Users/admin/builder/spi-builder-workspace/.dependencies/checkouts/WWMachineLearning_Resnet50/Sources/WWMachineLearning_Resnet50/WWMachineLearning+Resnet50.swift (in target 'WWMachineLearning_Resnet50' from project 'WWMachineLearning_Resnet50')
cd /Users/admin/builder/spi-builder-workspace/.swiftpm/xcode
builtin-SwiftPerFileCompile WWMachineLearning+Resnet50.swift
SwiftCompile normal arm64_32 Compiling\ WWMachineLearning.swift /Users/admin/builder/spi-builder-workspace/.dependencies/checkouts/WWMachineLearning_Resnet50/Sources/WWMachineLearning_Resnet50/WWMachineLearning.swift (in target 'WWMachineLearning_Resnet50' from project 'WWMachineLearning_Resnet50')
SwiftCompile normal arm64_32 /Users/admin/builder/spi-builder-workspace/.dependencies/checkouts/WWMachineLearning_Resnet50/Sources/WWMachineLearning_Resnet50/WWMachineLearning.swift (in target 'WWMachineLearning_Resnet50' from project 'WWMachineLearning_Resnet50')
cd /Users/admin/builder/spi-builder-workspace/.swiftpm/xcode
builtin-SwiftPerFileCompile WWMachineLearning.swift
SwiftDriverJobDiscovery normal arm64 Compiling Constant.swift (in target 'WWMachineLearning_Resnet50' from project 'WWMachineLearning_Resnet50')
SwiftCompile normal arm64_32 Compiling\ resource_bundle_accessor.swift /Users/admin/builder/spi-builder-workspace/.derivedData/Build/Intermediates.noindex/WWMachineLearning_Resnet50.build/Debug-watchos/WWMachineLearning_Resnet50-t.build/DerivedSources/resource_bundle_accessor.swift (in target 'WWMachineLearning_Resnet50' from project 'WWMachineLearning_Resnet50')
SwiftCompile normal arm64_32 /Users/admin/builder/spi-builder-workspace/.derivedData/Build/Intermediates.noindex/WWMachineLearning_Resnet50.build/Debug-watchos/WWMachineLearning_Resnet50-t.build/DerivedSources/resource_bundle_accessor.swift (in target 'WWMachineLearning_Resnet50' from project 'WWMachineLearning_Resnet50')
cd /Users/admin/builder/spi-builder-workspace/.swiftpm/xcode
builtin-SwiftPerFileCompile resource_bundle_accessor.swift
SwiftDriverJobDiscovery normal arm64 Compiling resource_bundle_accessor.swift (in target 'WWMachineLearning_Resnet50' from project 'WWMachineLearning_Resnet50')
PruneExplicitPrecompiledModules /Users/admin/builder/spi-builder-workspace/.derivedData/SDKExplicitPrecompiledModules
PruneExplicitPrecompiledModules /Users/admin/builder/spi-builder-workspace/.derivedData/Build/Intermediates.noindex/SwiftExplicitPrecompiledModules
PruneExplicitPrecompiledModules /Users/admin/builder/spi-builder-workspace/.derivedData/Build/Intermediates.noindex/ExplicitPrecompiledModules
2026-09-23 06:40:29.894 xcodebuild[729:4507] [MT] IDERunDestination: Supported platforms for the buildables in the current scheme is empty.
** BUILD FAILED **
The following build commands failed:
SwiftCompile normal arm64 (in target 'WWMachineLearning_Resnet50' from project 'WWMachineLearning_Resnet50')
SwiftEmitModule normal arm64 Emitting\ module\ for\ WWMachineLearning_Resnet50 (in target 'WWMachineLearning_Resnet50' from project 'WWMachineLearning_Resnet50')
Building workspace WWMachineLearning_ImageColorizer with scheme WWMachineLearning_ImageColorizer
(3 failures)
Command line invocation:
/Applications/Xcode-27.0.0-Release.Candidate.app/Contents/Developer/usr/bin/xcodebuild -IDEClonedSourcePackagesDirPathOverride=/Users/admin/builder/spi-builder-workspace/.dependencies -resolvePackageDependencies
Resolve Package Graph
Resolved source packages:
WWNetworking: https://github.com/William-Weng/WWNetworking @ 1.9.1
WWMachineLearning_ImageColorizer: /Users/admin/builder/spi-builder-workspace
WWMachineLearning_Resnet50: https://github.com/William-Weng/WWMachineLearning_Resnet50 @ 1.1.4
resolved source packages: WWNetworking, WWMachineLearning_ImageColorizer, WWMachineLearning_Resnet50
2026-09-23 06:40:39.991 xcodebuild[998:5548] [MT] IDERunDestination: Supported platforms for the buildables in the current scheme is empty.
{
"dependencies" : [
{
"identity" : "wwmachinelearning_resnet50",
"requirement" : {
"range" : [
{
"lower_bound" : "1.1.3",
"upper_bound" : "2.0.0"
}
]
},
"type" : "sourceControl",
"url" : "https://github.com/William-Weng/WWMachineLearning_Resnet50"
}
],
"manifest_display_name" : "WWMachineLearning_ImageColorizer",
"name" : "WWMachineLearning_ImageColorizer",
"path" : "/Users/admin/builder/spi-builder-workspace",
"platforms" : [
{
"name" : "ios",
"version" : "16.0"
}
],
"products" : [
{
"name" : "WWMachineLearning_ImageColorizer",
"targets" : [
"WWMachineLearning_ImageColorizer"
],
"type" : {
"library" : [
"automatic"
]
}
}
],
"swift_languages_versions" : [
"5"
],
"targets" : [
{
"c99name" : "WWMachineLearning_ImageColorizer",
"module_type" : "SwiftTarget",
"name" : "WWMachineLearning_ImageColorizer",
"path" : "Sources/WWMachineLearning_ImageColorizer",
"product_dependencies" : [
"WWMachineLearning_Resnet50"
],
"product_memberships" : [
"WWMachineLearning_ImageColorizer"
],
"resources" : [
{
"path" : "/Users/admin/builder/spi-builder-workspace/Sources/WWMachineLearning_ImageColorizer/ICC/Makefile.am",
"rule" : {
"process" : {
}
}
},
{
"path" : "/Users/admin/builder/spi-builder-workspace/Sources/WWMachineLearning_ImageColorizer/ICC/Makefile.in",
"rule" : {
"process" : {
}
}
},
{
"path" : "/Users/admin/builder/spi-builder-workspace/Sources/WWMachineLearning_ImageColorizer/ICC/sRGB_ICC_v4_Appearance.icc",
"rule" : {
"process" : {
}
}
},
{
"path" : "/Users/admin/builder/spi-builder-workspace/Sources/WWMachineLearning_ImageColorizer/ICC/sRGB_v4_ICC_preference.icc",
"rule" : {
"process" : {
}
}
},
{
"path" : "/Users/admin/builder/spi-builder-workspace/Sources/WWMachineLearning_ImageColorizer/Privacy",
"rule" : {
"copy" : {
}
}
}
],
"sources" : [
"Utility/Constant.swift",
"Utility/Extension.swift",
"Utility/ImageColorizerTool.swift",
"Utility/LCM2Utility.swift",
"Utility/Model.swift",
"WWMachineLearning_ImageColorizer.swift"
],
"target_dependencies" : [
"CLittleCMS"
],
"type" : "library"
},
{
"c99name" : "CLittleCMS",
"module_type" : "ClangTarget",
"name" : "CLittleCMS",
"path" : "Sources/CLittleCMS",
"product_memberships" : [
"WWMachineLearning_ImageColorizer"
],
"sources" : [
"littlecms/cmsalpha.c",
"littlecms/cmscam02.c",
"littlecms/cmscgats.c",
"littlecms/cmscnvrt.c",
"littlecms/cmserr.c",
"littlecms/cmsgamma.c",
"littlecms/cmsgmt.c",
"littlecms/cmshalf.c",
"littlecms/cmsintrp.c",
"littlecms/cmsio0.c",
"littlecms/cmsio1.c",
"littlecms/cmslut.c",
"littlecms/cmsmd5.c",
"littlecms/cmsmtrx.c",
"littlecms/cmsnamed.c",
"littlecms/cmsopt.c",
"littlecms/cmspack.c",
"littlecms/cmspcs.c",
"littlecms/cmsplugin.c",
"littlecms/cmsps2.c",
"littlecms/cmssamp.c",
"littlecms/cmssm.c",
"littlecms/cmstypes.c",
"littlecms/cmsvirt.c",
"littlecms/cmswtpnt.c",
"littlecms/cmsxform.c"
],
"type" : "library"
}
],
"tools_version" : "5.7"
}
{
"workspace" : {
"name" : "WWMachineLearning_ImageColorizer",
"schemes" : [
"WWMachineLearning_ImageColorizer"
]
}
}
2026-09-23 06:40:41.262 xcodebuild[1006:5619] [MT] IDERunDestination: Supported platforms for the buildables in the current scheme is empty.
Running build ...
env DEVELOPER_DIR=/Applications/Xcode-27.0.0-Release.Candidate.app xcrun xcodebuild -IDEClonedSourcePackagesDirPathOverride=$PWD/.dependencies -skipMacroValidation -skipPackagePluginValidation -derivedDataPath $PWD/.derivedData build -scheme WWMachineLearning_ImageColorizer -destination generic/platform=watchOS
Command line invocation:
/Applications/Xcode-27.0.0-Release.Candidate.app/Contents/Developer/usr/bin/xcodebuild -IDEClonedSourcePackagesDirPathOverride=/Users/admin/builder/spi-builder-workspace/.dependencies -skipMacroValidation -skipPackagePluginValidation -derivedDataPath /Users/admin/builder/spi-builder-workspace/.derivedData build -scheme WWMachineLearning_ImageColorizer -destination generic/platform=watchOS
Resolve Package Graph
Resolved source packages:
WWNetworking: https://github.com/William-Weng/WWNetworking @ 1.9.1
WWMachineLearning_ImageColorizer: /Users/admin/builder/spi-builder-workspace
WWMachineLearning_Resnet50: https://github.com/William-Weng/WWMachineLearning_Resnet50 @ 1.1.4
ComputePackagePrebuildTargetDependencyGraph
Prepare packages
CreateBuildRequest
SendProjectDescription
CreateBuildOperation
ComputeTargetDependencyGraph
note: Building targets in dependency order
note: Target dependency graph (10 targets)
Target 'WWMachineLearning_ImageColorizer-product' in project 'WWMachineLearning_ImageColorizer'
➜ Explicit dependency on target 'WWMachineLearning_ImageColorizer' in project 'WWMachineLearning_ImageColorizer'
➜ Explicit dependency on target 'WWMachineLearning_ImageColorizer_WWMachineLearning_ImageColorizer' in project 'WWMachineLearning_ImageColorizer'
➜ Explicit dependency on target 'CLittleCMS' in project 'WWMachineLearning_ImageColorizer'
➜ Explicit dependency on target 'WWMachineLearning_Resnet50-product' in project 'WWMachineLearning_Resnet50'
Target 'WWMachineLearning_ImageColorizer' in project 'WWMachineLearning_ImageColorizer'
➜ Explicit dependency on target 'WWMachineLearning_ImageColorizer_WWMachineLearning_ImageColorizer' in project 'WWMachineLearning_ImageColorizer'
➜ Explicit dependency on target 'CLittleCMS' in project 'WWMachineLearning_ImageColorizer'
➜ Explicit dependency on target 'WWMachineLearning_Resnet50-product' in project 'WWMachineLearning_Resnet50'
Target 'WWMachineLearning_Resnet50-product' in project 'WWMachineLearning_Resnet50'
➜ Explicit dependency on target 'WWMachineLearning_Resnet50' in project 'WWMachineLearning_Resnet50'
➜ Explicit dependency on target 'WWMachineLearning_Resnet50_WWMachineLearning_Resnet50' in project 'WWMachineLearning_Resnet50'
➜ Explicit dependency on target 'WWNetworking-product' in project 'WWNetworking'
Target 'WWMachineLearning_Resnet50' in project 'WWMachineLearning_Resnet50'
➜ Explicit dependency on target 'WWMachineLearning_Resnet50_WWMachineLearning_Resnet50' in project 'WWMachineLearning_Resnet50'
➜ Explicit dependency on target 'WWNetworking-product' in project 'WWNetworking'
Target 'WWNetworking-product' in project 'WWNetworking'
➜ Explicit dependency on target 'WWNetworking' in project 'WWNetworking'
➜ Explicit dependency on target 'WWNetworking_WWNetworking' in project 'WWNetworking'
Target 'WWNetworking' in project 'WWNetworking'
➜ Explicit dependency on target 'WWNetworking_WWNetworking' in project 'WWNetworking'
Target 'WWNetworking_WWNetworking' in project 'WWNetworking' (no dependencies)
Target 'WWMachineLearning_Resnet50_WWMachineLearning_Resnet50' in project 'WWMachineLearning_Resnet50' (no dependencies)
Target 'CLittleCMS' in project 'WWMachineLearning_ImageColorizer' (no dependencies)
Target 'WWMachineLearning_ImageColorizer_WWMachineLearning_ImageColorizer' in project 'WWMachineLearning_ImageColorizer' (no dependencies)
GatherProvisioningInputs
CreateBuildDescription
ClangStatCache /Applications/Xcode-27.0.0-Release.Candidate.app/Contents/Developer/Toolchains/XcodeDefault.xctoolchain/usr/bin/clang-stat-cache /Applications/Xcode-27.0.0-Release.Candidate.app/Contents/Developer/Platforms/WatchOS.platform/Developer/SDKs/WatchOS27.0.sdk /Users/admin/builder/spi-builder-workspace/.derivedData/SDKStatCaches.noindex/watchos27.0-24R360-e829b21a6f8c9b70876ba0858053c04477534ef55a1706bf4c1112bbb242f0a2.sdkstatcache
cd /Users/admin/builder/spi-builder-workspace/.swiftpm/xcode
/Applications/Xcode-27.0.0-Release.Candidate.app/Contents/Developer/Toolchains/XcodeDefault.xctoolchain/usr/bin/clang-stat-cache /Applications/Xcode-27.0.0-Release.Candidate.app/Contents/Developer/Platforms/WatchOS.platform/Developer/SDKs/WatchOS27.0.sdk -o /Users/admin/builder/spi-builder-workspace/.derivedData/SDKStatCaches.noindex/watchos27.0-24R360-e829b21a6f8c9b70876ba0858053c04477534ef55a1706bf4c1112bbb242f0a2.sdkstatcache
SwiftDriver WWMachineLearning_Resnet50 normal arm64_32 com.apple.xcode.tools.swift.compiler (in target 'WWMachineLearning_Resnet50' from project 'WWMachineLearning_Resnet50')
cd /Users/admin/builder/spi-builder-workspace/.swiftpm/xcode
builtin-SwiftDriver -- /Applications/Xcode-27.0.0-Release.Candidate.app/Contents/Developer/Toolchains/XcodeDefault.xctoolchain/usr/bin/swiftc -parse-as-library -module-name WWMachineLearning_Resnet50 -Onone @/Users/admin/builder/spi-builder-workspace/.derivedData/Build/Intermediates.noindex/WWMachineLearning_Resnet50.build/Debug-watchos/WWMachineLearning_Resnet50-t.build/Objects-normal/arm64_32/WWMachineLearning_Resnet50.SwiftFileList -DSWIFT_PACKAGE -DDEBUG -DSWIFT_MODULE_RESOURCE_BUNDLE_AVAILABLE -DXcode -plugin-path /Applications/Xcode-27.0.0-Release.Candidate.app/Contents/Developer/Toolchains/XcodeDefault.xctoolchain/usr/lib/swift/host/plugins/testing -enable-experimental-feature DebugDescriptionMacro -sdk /Applications/Xcode-27.0.0-Release.Candidate.app/Contents/Developer/Platforms/WatchOS.platform/Developer/SDKs/WatchOS27.0.sdk -target arm64_32-apple-watchos9.0 -g -module-cache-path /Users/admin/builder/spi-builder-workspace/.derivedData/ModuleCache.noindex -Xfrontend -serialize-debugging-options -enable-testing -suppress-warnings -index-store-path /Users/admin/builder/spi-builder-workspace/.derivedData/Index.noindex/DataStore -Xcc -D_LIBCPP_HARDENING_MODE\=_LIBCPP_HARDENING_MODE_DEBUG -swift-version 5 -I /Users/admin/builder/spi-builder-workspace/.derivedData/Build/Products/Debug-watchos -Isystem /Applications/Xcode-27.0.0-Release.Candidate.app/Contents/Developer/Platforms/WatchOS.platform/Developer/usr/lib -F /Users/admin/builder/spi-builder-workspace/.derivedData/Build/Products/Debug-watchos/PackageFrameworks -F /Users/admin/builder/spi-builder-workspace/.derivedData/Build/Products/Debug-watchos -F /Applications/Xcode-27.0.0-Release.Candidate.app/Contents/Developer/Platforms/WatchOS.platform/Developer/Library/Frameworks -F /Applications/Xcode-27.0.0-Release.Candidate.app/Contents/Developer/Platforms/WatchOS.platform/Developer/SDKs/WatchOS27.0.sdk/Developer/Library/Frameworks -c -j10 -enable-batch-mode -incremental -Xcc -ivfsstatcache -Xcc /Users/admin/builder/spi-builder-workspace/.derivedData/SDKStatCaches.noindex/watchos27.0-24R360-e829b21a6f8c9b70876ba0858053c04477534ef55a1706bf4c1112bbb242f0a2.sdkstatcache -output-file-map /Users/admin/builder/spi-builder-workspace/.derivedData/Build/Intermediates.noindex/WWMachineLearning_Resnet50.build/Debug-watchos/WWMachineLearning_Resnet50-t.build/Objects-normal/arm64_32/WWMachineLearning_Resnet50-OutputFileMap.json -save-temps -no-color-diagnostics -explicit-module-build -module-cache-path /Users/admin/builder/spi-builder-workspace/.derivedData/Build/Intermediates.noindex/SwiftExplicitPrecompiledModules -clang-scanner-module-cache-path /Users/admin/builder/spi-builder-workspace/.derivedData/ModuleCache.noindex -sdk-module-cache-path /Users/admin/builder/spi-builder-workspace/.derivedData/SDKExplicitPrecompiledModules -emit-dependencies -emit-module -emit-module-path /Users/admin/builder/spi-builder-workspace/.derivedData/Build/Intermediates.noindex/WWMachineLearning_Resnet50.build/Debug-watchos/WWMachineLearning_Resnet50-t.build/Objects-normal/arm64_32/WWMachineLearning_Resnet50.swiftmodule -serialize-diagnostics -dependency-scan-serialize-diagnostics-path /Users/admin/builder/spi-builder-workspace/.derivedData/Build/Intermediates.noindex/WWMachineLearning_Resnet50.build/Debug-watchos/WWMachineLearning_Resnet50-t.build/Objects-normal/arm64_32/WWMachineLearning_Resnet50-dependency-scan.dia -validate-clang-modules-once -clang-build-session-file /Users/admin/builder/spi-builder-workspace/.derivedData/ModuleCache.noindex/Session.modulevalidation -Xcc -fmodules-prune-interval\=86400 -Xcc -fmodules-prune-after\=345600 -emit-const-values -const-gather-protocols-list /Users/admin/builder/spi-builder-workspace/.derivedData/Build/Intermediates.noindex/WWMachineLearning_Resnet50.build/Debug-watchos/WWMachineLearning_Resnet50-t.build/Objects-normal/arm64_32/WWMachineLearning_Resnet50_const_extract_protocols.json -Xcc -I/Users/admin/builder/spi-builder-workspace/.derivedData/Build/Products/Debug-watchos/include -Xcc -I/Users/admin/builder/spi-builder-workspace/.derivedData/Build/Intermediates.noindex/WWMachineLearning_Resnet50.build/Debug-watchos/WWMachineLearning_Resnet50-t.build/DerivedSources-normal/arm64_32 -Xcc -I/Users/admin/builder/spi-builder-workspace/.derivedData/Build/Intermediates.noindex/WWMachineLearning_Resnet50.build/Debug-watchos/WWMachineLearning_Resnet50-t.build/DerivedSources/arm64_32 -Xcc -I/Users/admin/builder/spi-builder-workspace/.derivedData/Build/Intermediates.noindex/WWMachineLearning_Resnet50.build/Debug-watchos/WWMachineLearning_Resnet50-t.build/DerivedSources -Xcc -DSWIFT_PACKAGE -Xcc -DDEBUG\=1 -emit-objc-header -emit-objc-header-path /Users/admin/builder/spi-builder-workspace/.derivedData/Build/Intermediates.noindex/WWMachineLearning_Resnet50.build/Debug-watchos/WWMachineLearning_Resnet50-t.build/Objects-normal/arm64_32/WWMachineLearning_Resnet50-Swift.h -working-directory /Users/admin/builder/spi-builder-workspace/.swiftpm/xcode -experimental-emit-module-separately -disable-cmo
SwiftDriver WWMachineLearning_Resnet50 normal arm64 com.apple.xcode.tools.swift.compiler (in target 'WWMachineLearning_Resnet50' from project 'WWMachineLearning_Resnet50')
cd /Users/admin/builder/spi-builder-workspace/.swiftpm/xcode
builtin-SwiftDriver -- /Applications/Xcode-27.0.0-Release.Candidate.app/Contents/Developer/Toolchains/XcodeDefault.xctoolchain/usr/bin/swiftc -parse-as-library -module-name WWMachineLearning_Resnet50 -Onone @/Users/admin/builder/spi-builder-workspace/.derivedData/Build/Intermediates.noindex/WWMachineLearning_Resnet50.build/Debug-watchos/WWMachineLearning_Resnet50-t.build/Objects-normal/arm64/WWMachineLearning_Resnet50.SwiftFileList -DSWIFT_PACKAGE -DDEBUG -DSWIFT_MODULE_RESOURCE_BUNDLE_AVAILABLE -DXcode -plugin-path /Applications/Xcode-27.0.0-Release.Candidate.app/Contents/Developer/Toolchains/XcodeDefault.xctoolchain/usr/lib/swift/host/plugins/testing -enable-experimental-feature DebugDescriptionMacro -sdk /Applications/Xcode-27.0.0-Release.Candidate.app/Contents/Developer/Platforms/WatchOS.platform/Developer/SDKs/WatchOS27.0.sdk -target arm64-apple-watchos9.0 -g -module-cache-path /Users/admin/builder/spi-builder-workspace/.derivedData/ModuleCache.noindex -Xfrontend -serialize-debugging-options -enable-testing -suppress-warnings -index-store-path /Users/admin/builder/spi-builder-workspace/.derivedData/Index.noindex/DataStore -Xcc -D_LIBCPP_HARDENING_MODE\=_LIBCPP_HARDENING_MODE_DEBUG -swift-version 5 -I /Users/admin/builder/spi-builder-workspace/.derivedData/Build/Products/Debug-watchos -Isystem /Applications/Xcode-27.0.0-Release.Candidate.app/Contents/Developer/Platforms/WatchOS.platform/Developer/usr/lib -F /Users/admin/builder/spi-builder-workspace/.derivedData/Build/Products/Debug-watchos/PackageFrameworks -F /Users/admin/builder/spi-builder-workspace/.derivedData/Build/Products/Debug-watchos -F /Applications/Xcode-27.0.0-Release.Candidate.app/Contents/Developer/Platforms/WatchOS.platform/Developer/Library/Frameworks -F /Applications/Xcode-27.0.0-Release.Candidate.app/Contents/Developer/Platforms/WatchOS.platform/Developer/SDKs/WatchOS27.0.sdk/Developer/Library/Frameworks -c -j10 -enable-batch-mode -incremental -Xcc -ivfsstatcache -Xcc /Users/admin/builder/spi-builder-workspace/.derivedData/SDKStatCaches.noindex/watchos27.0-24R360-e829b21a6f8c9b70876ba0858053c04477534ef55a1706bf4c1112bbb242f0a2.sdkstatcache -output-file-map /Users/admin/builder/spi-builder-workspace/.derivedData/Build/Intermediates.noindex/WWMachineLearning_Resnet50.build/Debug-watchos/WWMachineLearning_Resnet50-t.build/Objects-normal/arm64/WWMachineLearning_Resnet50-OutputFileMap.json -save-temps -no-color-diagnostics -explicit-module-build -module-cache-path /Users/admin/builder/spi-builder-workspace/.derivedData/Build/Intermediates.noindex/SwiftExplicitPrecompiledModules -clang-scanner-module-cache-path /Users/admin/builder/spi-builder-workspace/.derivedData/ModuleCache.noindex -sdk-module-cache-path /Users/admin/builder/spi-builder-workspace/.derivedData/SDKExplicitPrecompiledModules -emit-dependencies -emit-module -emit-module-path /Users/admin/builder/spi-builder-workspace/.derivedData/Build/Intermediates.noindex/WWMachineLearning_Resnet50.build/Debug-watchos/WWMachineLearning_Resnet50-t.build/Objects-normal/arm64/WWMachineLearning_Resnet50.swiftmodule -serialize-diagnostics -dependency-scan-serialize-diagnostics-path /Users/admin/builder/spi-builder-workspace/.derivedData/Build/Intermediates.noindex/WWMachineLearning_Resnet50.build/Debug-watchos/WWMachineLearning_Resnet50-t.build/Objects-normal/arm64/WWMachineLearning_Resnet50-dependency-scan.dia -validate-clang-modules-once -clang-build-session-file /Users/admin/builder/spi-builder-workspace/.derivedData/ModuleCache.noindex/Session.modulevalidation -Xcc -fmodules-prune-interval\=86400 -Xcc -fmodules-prune-after\=345600 -emit-const-values -const-gather-protocols-list /Users/admin/builder/spi-builder-workspace/.derivedData/Build/Intermediates.noindex/WWMachineLearning_Resnet50.build/Debug-watchos/WWMachineLearning_Resnet50-t.build/Objects-normal/arm64/WWMachineLearning_Resnet50_const_extract_protocols.json -Xcc -I/Users/admin/builder/spi-builder-workspace/.derivedData/Build/Products/Debug-watchos/include -Xcc -I/Users/admin/builder/spi-builder-workspace/.derivedData/Build/Intermediates.noindex/WWMachineLearning_Resnet50.build/Debug-watchos/WWMachineLearning_Resnet50-t.build/DerivedSources-normal/arm64 -Xcc -I/Users/admin/builder/spi-builder-workspace/.derivedData/Build/Intermediates.noindex/WWMachineLearning_Resnet50.build/Debug-watchos/WWMachineLearning_Resnet50-t.build/DerivedSources/arm64 -Xcc -I/Users/admin/builder/spi-builder-workspace/.derivedData/Build/Intermediates.noindex/WWMachineLearning_Resnet50.build/Debug-watchos/WWMachineLearning_Resnet50-t.build/DerivedSources -Xcc -DSWIFT_PACKAGE -Xcc -DDEBUG\=1 -emit-objc-header -emit-objc-header-path /Users/admin/builder/spi-builder-workspace/.derivedData/Build/Intermediates.noindex/WWMachineLearning_Resnet50.build/Debug-watchos/WWMachineLearning_Resnet50-t.build/Objects-normal/arm64/WWMachineLearning_Resnet50-Swift.h -working-directory /Users/admin/builder/spi-builder-workspace/.swiftpm/xcode -experimental-emit-module-separately -disable-cmo
SwiftCompile normal arm64 Compiling\ Extension.swift /Users/admin/builder/spi-builder-workspace/.dependencies/checkouts/WWMachineLearning_Resnet50/Sources/WWMachineLearning_Resnet50/Utility/Extension.swift (in target 'WWMachineLearning_Resnet50' from project 'WWMachineLearning_Resnet50')
SwiftCompile normal arm64 /Users/admin/builder/spi-builder-workspace/.dependencies/checkouts/WWMachineLearning_Resnet50/Sources/WWMachineLearning_Resnet50/Utility/Extension.swift (in target 'WWMachineLearning_Resnet50' from project 'WWMachineLearning_Resnet50')
cd /Users/admin/builder/spi-builder-workspace/.swiftpm/xcode
builtin-SwiftPerFileCompile Extension.swift
/Users/admin/builder/spi-builder-workspace/.dependencies/checkouts/WWMachineLearning_Resnet50/Sources/WWMachineLearning_Resnet50/Utility/Extension.swift:120:45: error: 'UIGraphicsImageRendererFormat' is unavailable in watchOS
118 | /// - size: 要改變的尺寸
119 | /// - format: UIGraphicsImageRendererFormat
120 | func _resized(for size: CGSize, format: UIGraphicsImageRendererFormat) -> UIImage {
| `- error: 'UIGraphicsImageRendererFormat' is unavailable in watchOS
121 |
122 | let renderer = UIGraphicsImageRenderer(size: size, format: format)
/Applications/Xcode-27.0.0-Release.Candidate.app/Contents/Developer/Platforms/WatchOS.platform/Developer/SDKs/WatchOS27.0.sdk/System/Library/Frameworks/UIKit.framework/Headers/UIGraphicsImageRenderer.h:27:12: note: 'UIGraphicsImageRendererFormat' has been explicitly marked unavailable here
25 |
26 | UIKIT_EXTERN API_AVAILABLE(ios(10.0)) API_UNAVAILABLE(watchos)
27 | @interface UIGraphicsImageRendererFormat : UIGraphicsRendererFormat
| `- note: 'UIGraphicsImageRendererFormat' has been explicitly marked unavailable here
28 |
29 | @property (nonatomic) CGFloat scale; // display scale of the context. The preferredFormat uses the scale most appropriate for the main screen's current configuration.
/Users/admin/builder/spi-builder-workspace/.dependencies/checkouts/WWMachineLearning_Resnet50/Sources/WWMachineLearning_Resnet50/Utility/Extension.swift:277:11: error: 'UIGraphicsImageRendererFormat' is unavailable in watchOS
275 |
276 | // MARK: - UIGraphicsImageRendererFormat (function)
277 | extension UIGraphicsImageRendererFormat {
| `- error: 'UIGraphicsImageRendererFormat' is unavailable in watchOS
278 |
279 | /// 設定比例
/Applications/Xcode-27.0.0-Release.Candidate.app/Contents/Developer/Platforms/WatchOS.platform/Developer/SDKs/WatchOS27.0.sdk/System/Library/Frameworks/UIKit.framework/Headers/UIGraphicsImageRenderer.h:27:12: note: 'UIGraphicsImageRendererFormat' has been explicitly marked unavailable here
25 |
26 | UIKIT_EXTERN API_AVAILABLE(ios(10.0)) API_UNAVAILABLE(watchos)
27 | @interface UIGraphicsImageRendererFormat : UIGraphicsRendererFormat
| `- note: 'UIGraphicsImageRendererFormat' has been explicitly marked unavailable here
28 |
29 | @property (nonatomic) CGFloat scale; // display scale of the context. The preferredFormat uses the scale most appropriate for the main screen's current configuration.
/Users/admin/builder/spi-builder-workspace/.dependencies/checkouts/WWMachineLearning_Resnet50/Sources/WWMachineLearning_Resnet50/Utility/Extension.swift:106:22: error: 'UIGraphicsImageRendererFormat' is unavailable in watchOS
104 | func _resized(for size: CGSize, scale: CGFloat) -> UIImage {
105 |
106 | let format = UIGraphicsImageRendererFormat()
| `- error: 'UIGraphicsImageRendererFormat' is unavailable in watchOS
107 | format.scale = scale
108 |
/Applications/Xcode-27.0.0-Release.Candidate.app/Contents/Developer/Platforms/WatchOS.platform/Developer/SDKs/WatchOS27.0.sdk/System/Library/Frameworks/UIKit.framework/Headers/UIGraphicsImageRenderer.h:27:12: note: 'UIGraphicsImageRendererFormat' has been explicitly marked unavailable here
25 |
26 | UIKIT_EXTERN API_AVAILABLE(ios(10.0)) API_UNAVAILABLE(watchos)
27 | @interface UIGraphicsImageRendererFormat : UIGraphicsRendererFormat
| `- note: 'UIGraphicsImageRendererFormat' has been explicitly marked unavailable here
28 |
29 | @property (nonatomic) CGFloat scale; // display scale of the context. The preferredFormat uses the scale most appropriate for the main screen's current configuration.
/Users/admin/builder/spi-builder-workspace/.dependencies/checkouts/WWMachineLearning_Resnet50/Sources/WWMachineLearning_Resnet50/Utility/Extension.swift:109:24: error: 'UIGraphicsImageRenderer' is unavailable in watchOS
107 | format.scale = scale
108 |
109 | let renderer = UIGraphicsImageRenderer(size: size, format: format)
| `- error: 'UIGraphicsImageRenderer' is unavailable in watchOS
110 | let resizeImage = renderer.image { (context) in draw(in: renderer.format.bounds) }
111 |
/Applications/Xcode-27.0.0-Release.Candidate.app/Contents/Developer/Platforms/WatchOS.platform/Developer/SDKs/WatchOS27.0.sdk/System/Library/Frameworks/UIKit.framework/Headers/UIGraphicsImageRenderer.h:47:12: note: 'UIGraphicsImageRenderer' has been explicitly marked unavailable here
45 |
46 | UIKIT_EXTERN API_AVAILABLE(ios(10.0)) API_UNAVAILABLE(watchos)
47 | @interface UIGraphicsImageRenderer : UIGraphicsRenderer
| `- note: 'UIGraphicsImageRenderer' has been explicitly marked unavailable here
48 | - (instancetype)initWithSize:(CGSize)size;
49 | - (instancetype)initWithSize:(CGSize)size format:(UIGraphicsImageRendererFormat *)format NS_DESIGNATED_INITIALIZER;
/Users/admin/builder/spi-builder-workspace/.dependencies/checkouts/WWMachineLearning_Resnet50/Sources/WWMachineLearning_Resnet50/Utility/Extension.swift:122:24: error: 'UIGraphicsImageRenderer' is unavailable in watchOS
120 | func _resized(for size: CGSize, format: UIGraphicsImageRendererFormat) -> UIImage {
121 |
122 | let renderer = UIGraphicsImageRenderer(size: size, format: format)
| `- error: 'UIGraphicsImageRenderer' is unavailable in watchOS
123 | let resizeImage = renderer.image { (context) in draw(in: renderer.format.bounds) }
124 |
/Applications/Xcode-27.0.0-Release.Candidate.app/Contents/Developer/Platforms/WatchOS.platform/Developer/SDKs/WatchOS27.0.sdk/System/Library/Frameworks/UIKit.framework/Headers/UIGraphicsImageRenderer.h:47:12: note: 'UIGraphicsImageRenderer' has been explicitly marked unavailable here
45 |
46 | UIKIT_EXTERN API_AVAILABLE(ios(10.0)) API_UNAVAILABLE(watchos)
47 | @interface UIGraphicsImageRenderer : UIGraphicsRenderer
| `- note: 'UIGraphicsImageRenderer' has been explicitly marked unavailable here
48 | - (instancetype)initWithSize:(CGSize)size;
49 | - (instancetype)initWithSize:(CGSize)size format:(UIGraphicsImageRendererFormat *)format NS_DESIGNATED_INITIALIZER;
/Users/admin/builder/spi-builder-workspace/.dependencies/checkouts/WWMachineLearning_Resnet50/Sources/WWMachineLearning_Resnet50/Utility/Extension.swift:148:22: error: 'UIGraphicsImageRendererFormat' is unavailable in watchOS
146 | func _normalize(with size: CGSize, bitsPerComponent: Int, bitsPerPixel: Int) -> UIImage? {
147 |
148 | let format = UIGraphicsImageRendererFormat.default()._scale(1.0)
| `- error: 'UIGraphicsImageRendererFormat' is unavailable in watchOS
149 | let resizedImage = self._resized(for: size, format: format)
150 |
/Applications/Xcode-27.0.0-Release.Candidate.app/Contents/Developer/Platforms/WatchOS.platform/Developer/SDKs/WatchOS27.0.sdk/System/Library/Frameworks/UIKit.framework/Headers/UIGraphicsImageRenderer.h:27:12: note: 'UIGraphicsImageRendererFormat' has been explicitly marked unavailable here
25 |
26 | UIKIT_EXTERN API_AVAILABLE(ios(10.0)) API_UNAVAILABLE(watchos)
27 | @interface UIGraphicsImageRendererFormat : UIGraphicsRendererFormat
| `- note: 'UIGraphicsImageRendererFormat' has been explicitly marked unavailable here
28 |
29 | @property (nonatomic) CGFloat scale; // display scale of the context. The preferredFormat uses the scale most appropriate for the main screen's current configuration.
SwiftEmitModule normal arm64 Emitting\ module\ for\ WWMachineLearning_Resnet50 (in target 'WWMachineLearning_Resnet50' from project 'WWMachineLearning_Resnet50')
/Users/admin/builder/spi-builder-workspace/.dependencies/checkouts/WWMachineLearning_Resnet50/Sources/WWMachineLearning_Resnet50/Utility/Extension.swift:120:45: error: 'UIGraphicsImageRendererFormat' is unavailable in watchOS
118 | /// - size: 要改變的尺寸
119 | /// - format: UIGraphicsImageRendererFormat
120 | func _resized(for size: CGSize, format: UIGraphicsImageRendererFormat) -> UIImage {
| `- error: 'UIGraphicsImageRendererFormat' is unavailable in watchOS
121 |
122 | let renderer = UIGraphicsImageRenderer(size: size, format: format)
/Applications/Xcode-27.0.0-Release.Candidate.app/Contents/Developer/Platforms/WatchOS.platform/Developer/SDKs/WatchOS27.0.sdk/System/Library/Frameworks/UIKit.framework/Headers/UIGraphicsImageRenderer.h:27:12: note: 'UIGraphicsImageRendererFormat' has been explicitly marked unavailable here
25 |
26 | UIKIT_EXTERN API_AVAILABLE(ios(10.0)) API_UNAVAILABLE(watchos)
27 | @interface UIGraphicsImageRendererFormat : UIGraphicsRendererFormat
| `- note: 'UIGraphicsImageRendererFormat' has been explicitly marked unavailable here
28 |
29 | @property (nonatomic) CGFloat scale; // display scale of the context. The preferredFormat uses the scale most appropriate for the main screen's current configuration.
/Users/admin/builder/spi-builder-workspace/.dependencies/checkouts/WWMachineLearning_Resnet50/Sources/WWMachineLearning_Resnet50/Utility/Extension.swift:277:11: error: 'UIGraphicsImageRendererFormat' is unavailable in watchOS
275 |
276 | // MARK: - UIGraphicsImageRendererFormat (function)
277 | extension UIGraphicsImageRendererFormat {
| `- error: 'UIGraphicsImageRendererFormat' is unavailable in watchOS
278 |
279 | /// 設定比例
/Applications/Xcode-27.0.0-Release.Candidate.app/Contents/Developer/Platforms/WatchOS.platform/Developer/SDKs/WatchOS27.0.sdk/System/Library/Frameworks/UIKit.framework/Headers/UIGraphicsImageRenderer.h:27:12: note: 'UIGraphicsImageRendererFormat' has been explicitly marked unavailable here
25 |
26 | UIKIT_EXTERN API_AVAILABLE(ios(10.0)) API_UNAVAILABLE(watchos)
27 | @interface UIGraphicsImageRendererFormat : UIGraphicsRendererFormat
| `- note: 'UIGraphicsImageRendererFormat' has been explicitly marked unavailable here
28 |
29 | @property (nonatomic) CGFloat scale; // display scale of the context. The preferredFormat uses the scale most appropriate for the main screen's current configuration.
/Users/admin/builder/spi-builder-workspace/.dependencies/checkouts/WWMachineLearning_Resnet50/Sources/WWMachineLearning_Resnet50/WWMachineLearning+Resnet50.swift:137:70: error: cannot find type 'VNClassificationObservation' in scope
135 | /// - image: UIImage?
136 | /// - result: (Result<[VNClassificationObservation], Error>) -> Void
137 | func prediction(with image: UIImage?, result: @escaping (Result<[VNClassificationObservation], Error>) -> Void) {
| `- error: cannot find type 'VNClassificationObservation' in scope
138 |
139 | guard let image else { return result(.failure(WWMachineLearning.CustomError.isImageEmpty)) }
Failed frontend command:
/Applications/Xcode-27.0.0-Release.Candidate.app/Contents/Developer/Toolchains/XcodeDefault.xctoolchain/usr/bin/swift-frontend -frontend -emit-module -experimental-skip-non-inlinable-function-bodies-without-types /Users/admin/builder/spi-builder-workspace/.derivedData/Build/Intermediates.noindex/WWMachineLearning_Resnet50.build/Debug-watchos/WWMachineLearning_Resnet50-t.build/DerivedSources/resource_bundle_accessor.swift /Users/admin/builder/spi-builder-workspace/.dependencies/checkouts/WWMachineLearning_Resnet50/Sources/WWMachineLearning_Resnet50/Utility/Constant.swift /Users/admin/builder/spi-builder-workspace/.dependencies/checkouts/WWMachineLearning_Resnet50/Sources/WWMachineLearning_Resnet50/Utility/Extension.swift /Users/admin/builder/spi-builder-workspace/.dependencies/checkouts/WWMachineLearning_Resnet50/Sources/WWMachineLearning_Resnet50/WWMachineLearning+Resnet50.swift /Users/admin/builder/spi-builder-workspace/.dependencies/checkouts/WWMachineLearning_Resnet50/Sources/WWMachineLearning_Resnet50/WWMachineLearning.swift -target arm64-apple-watchos9.0 -disable-cross-import-overlay-search -swift-module-cross-import Vision /Applications/Xcode-27.0.0-Release.Candidate.app/Contents/Developer/Platforms/WatchOS.platform/Developer/SDKs/WatchOS.sdk/System/Library/Frameworks/Vision.framework/Modules/Vision.swiftcrossimport/FoundationModels.swiftoverlay -swift-module-cross-import Vision /Applications/Xcode-27.0.0-Release.Candidate.app/Contents/Developer/Platforms/WatchOS.platform/Developer/SDKs/WatchOS27.0.sdk/System/Library/Frameworks/Vision.framework/Modules/Vision.swiftcrossimport/FoundationModels.swiftoverlay -load-resolved-plugin /Applications/Xcode-27.0.0-Release.Candidate.app/Contents/Developer/Platforms/WatchOS.platform/Developer/usr/lib/swift/host/plugins/libFoundationMacros.dylib\#/Applications/Xcode-27.0.0-Release.Candidate.app/Contents/Developer/Platforms/WatchOS.platform/Developer/usr/bin/swift-plugin-server\#FoundationMacros -load-resolved-plugin /Applications/Xcode-27.0.0-Release.Candidate.app/Contents/Developer/Platforms/WatchOS.platform/Developer/usr/lib/swift/host/plugins/libObservationMacros.dylib\#/Applications/Xcode-27.0.0-Release.Candidate.app/Contents/Developer/Platforms/WatchOS.platform/Developer/usr/bin/swift-plugin-server\#ObservationMacros -load-resolved-plugin /Applications/Xcode-27.0.0-Release.Candidate.app/Contents/Developer/Platforms/WatchOS.platform/Developer/usr/lib/swift/host/plugins/libSwiftMacros.dylib\#/Applications/Xcode-27.0.0-Release.Candidate.app/Contents/Developer/Platforms/WatchOS.platform/Developer/usr/bin/swift-plugin-server\#SwiftMacros -load-resolved-plugin /Applications/Xcode-27.0.0-Release.Candidate.app/Contents/Developer/Platforms/WatchOS.platform/Developer/usr/lib/swift/host/plugins/libSwiftUIMacros.dylib\#/Applications/Xcode-27.0.0-Release.Candidate.app/Contents/Developer/Platforms/WatchOS.platform/Developer/usr/bin/swift-plugin-server\#SwiftUIMacros -disable-implicit-swift-modules -Xcc -fno-implicit-modules -Xcc -fno-implicit-module-maps -explicit-swift-module-map-file /Users/admin/builder/spi-builder-workspace/.derivedData/Build/Intermediates.noindex/WWMachineLearning_Resnet50.build/Debug-watchos/WWMachineLearning_Resnet50-t.build/Objects-normal/arm64/WWMachineLearning_Resnet50-dependencies-1.json -Xllvm -aarch64-use-tbi -enable-objc-interop -stack-check -sdk /Applications/Xcode-27.0.0-Release.Candidate.app/Contents/Developer/Platforms/WatchOS.platform/Developer/SDKs/WatchOS27.0.sdk -I /Users/admin/builder/spi-builder-workspace/.derivedData/Build/Products/Debug-watchos -Isystem /Applications/Xcode-27.0.0-Release.Candidate.app/Contents/Developer/Platforms/WatchOS.platform/Developer/usr/lib -F /Users/admin/builder/spi-builder-workspace/.derivedData/Build/Products/Debug-watchos/PackageFrameworks -F /Users/admin/builder/spi-builder-workspace/.derivedData/Build/Products/Debug-watchos -F /Applications/Xcode-27.0.0-Release.Candidate.app/Contents/Developer/Platforms/WatchOS.platform/Developer/Library/Frameworks -F /Applications/Xcode-27.0.0-Release.Candidate.app/Contents/Developer/Platforms/WatchOS.platform/Developer/SDKs/WatchOS27.0.sdk/Developer/Library/Frameworks -module-cache-path /Users/admin/builder/spi-builder-workspace/.derivedData/Build/Intermediates.noindex/SwiftExplicitPrecompiledModules -no-color-diagnostics -Xcc -fno-color-diagnostics -enable-testing -g -debug-info-format\=dwarf -dwarf-version\=4 -suppress-warnings -swift-version 5 -Onone -D SWIFT_PACKAGE -D DEBUG -D SWIFT_MODULE_RESOURCE_BUNDLE_AVAILABLE -D Xcode -serialize-debugging-options -enable-experimental-feature DebugDescriptionMacro -empty-abi-descriptor -validate-clang-modules-once -clang-build-session-file /Users/admin/builder/spi-builder-workspace/.derivedData/ModuleCache.noindex/Session.modulevalidation -Xcc -working-directory -Xcc /Users/admin/builder/spi-builder-workspace/.swiftpm/xcode -enable-anonymous-context-mangled-names -file-compilation-dir /Users/admin/builder/spi-builder-workspace/.swiftpm/xcode -Xcc -D_LIBCPP_HARDENING_MODE\=_LIBCPP_HARDENING_MODE_DEBUG -Xcc -ivfsstatcache -Xcc /Users/admin/builder/spi-builder-workspace/.derivedData/SDKStatCaches.noindex/watchos27.0-24R360-e829b21a6f8c9b70876ba0858053c04477534ef55a1706bf4c1112bbb242f0a2.sdkstatcache -Xcc -fmodules-prune-interval\=86400 -Xcc -fmodules-prune-after\=345600 -Xcc -I/Users/admin/builder/spi-builder-workspace/.derivedData/Build/Products/Debug-watchos/include -Xcc -I/Users/admin/builder/spi-builder-workspace/.derivedData/Build/Intermediates.noindex/WWMachineLearning_Resnet50.build/Debug-watchos/WWMachineLearning_Resnet50-t.build/DerivedSources-normal/arm64 -Xcc -I/Users/admin/builder/spi-builder-workspace/.derivedData/Build/Intermediates.noindex/WWMachineLearning_Resnet50.build/Debug-watchos/WWMachineLearning_Resnet50-t.build/DerivedSources/arm64 -Xcc -I/Users/admin/builder/spi-builder-workspace/.derivedData/Build/Intermediates.noindex/WWMachineLearning_Resnet50.build/Debug-watchos/WWMachineLearning_Resnet50-t.build/DerivedSources -Xcc -DSWIFT_PACKAGE -Xcc -DDEBUG\=1 -no-auto-bridging-header-chaining -module-name WWMachineLearning_Resnet50 -const-gather-protocols-file /Users/admin/builder/spi-builder-workspace/.derivedData/Build/Intermediates.noindex/WWMachineLearning_Resnet50.build/Debug-watchos/WWMachineLearning_Resnet50-t.build/Objects-normal/arm64/WWMachineLearning_Resnet50_const_extract_protocols.json -disable-clang-spi -clang-target arm64-apple-watchos27.0 -target-sdk-version 27.0 -target-sdk-name watchos27.0 -in-process-plugin-server-path /Applications/Xcode-27.0.0-Release.Candidate.app/Contents/Developer/Toolchains/XcodeDefault.xctoolchain/usr/lib/swift/host/libSwiftInProcPluginServer.dylib -emit-module-doc-path /Users/admin/builder/spi-builder-workspace/.derivedData/Build/Intermediates.noindex/WWMachineLearning_Resnet50.build/Debug-watchos/WWMachineLearning_Resnet50-t.build/Objects-normal/arm64/WWMachineLearning_Resnet50.swiftdoc -emit-module-source-info-path /Users/admin/builder/spi-builder-workspace/.derivedData/Build/Intermediates.noindex/WWMachineLearning_Resnet50.build/Debug-watchos/WWMachineLearning_Resnet50-t.build/Objects-normal/arm64/WWMachineLearning_Resnet50.swiftsourceinfo -emit-objc-header-path /Users/admin/builder/spi-builder-workspace/.derivedData/Build/Intermediates.noindex/WWMachineLearning_Resnet50.build/Debug-watchos/WWMachineLearning_Resnet50-t.build/Objects-normal/arm64/WWMachineLearning_Resnet50-Swift.h -serialize-diagnostics-path /Users/admin/builder/spi-builder-workspace/.derivedData/Build/Intermediates.noindex/WWMachineLearning_Resnet50.build/Debug-watchos/WWMachineLearning_Resnet50-t.build/Objects-normal/arm64/WWMachineLearning_Resnet50-primary-emit-module.dia -emit-dependencies-path /Users/admin/builder/spi-builder-workspace/.derivedData/Build/Intermediates.noindex/WWMachineLearning_Resnet50.build/Debug-watchos/WWMachineLearning_Resnet50-t.build/Objects-normal/arm64/WWMachineLearning_Resnet50-primary-emit-module.d -parse-as-library -o /Users/admin/builder/spi-builder-workspace/.derivedData/Build/Intermediates.noindex/WWMachineLearning_Resnet50.build/Debug-watchos/WWMachineLearning_Resnet50-t.build/Objects-normal/arm64/WWMachineLearning_Resnet50.swiftmodule -emit-abi-descriptor-path /Users/admin/builder/spi-builder-workspace/.derivedData/Build/Intermediates.noindex/WWMachineLearning_Resnet50.build/Debug-watchos/WWMachineLearning_Resnet50-t.build/Objects-normal/arm64/WWMachineLearning_Resnet50.abi.json
SwiftCompile normal arm64 (in target 'WWMachineLearning_Resnet50' from project 'WWMachineLearning_Resnet50')
cd /Users/admin/builder/spi-builder-workspace/.swiftpm/xcode
SwiftCompile normal arm64 Compiling\ WWMachineLearning.swift /Users/admin/builder/spi-builder-workspace/.dependencies/checkouts/WWMachineLearning_Resnet50/Sources/WWMachineLearning_Resnet50/WWMachineLearning.swift (in target 'WWMachineLearning_Resnet50' from project 'WWMachineLearning_Resnet50')
SwiftCompile normal arm64 /Users/admin/builder/spi-builder-workspace/.dependencies/checkouts/WWMachineLearning_Resnet50/Sources/WWMachineLearning_Resnet50/WWMachineLearning.swift (in target 'WWMachineLearning_Resnet50' from project 'WWMachineLearning_Resnet50')
cd /Users/admin/builder/spi-builder-workspace/.swiftpm/xcode
builtin-SwiftPerFileCompile WWMachineLearning.swift
SwiftCompile normal arm64 Compiling\ WWMachineLearning+Resnet50.swift /Users/admin/builder/spi-builder-workspace/.dependencies/checkouts/WWMachineLearning_Resnet50/Sources/WWMachineLearning_Resnet50/WWMachineLearning+Resnet50.swift (in target 'WWMachineLearning_Resnet50' from project 'WWMachineLearning_Resnet50')
SwiftCompile normal arm64 /Users/admin/builder/spi-builder-workspace/.dependencies/checkouts/WWMachineLearning_Resnet50/Sources/WWMachineLearning_Resnet50/WWMachineLearning+Resnet50.swift (in target 'WWMachineLearning_Resnet50' from project 'WWMachineLearning_Resnet50')
cd /Users/admin/builder/spi-builder-workspace/.swiftpm/xcode
builtin-SwiftPerFileCompile WWMachineLearning+Resnet50.swift
/Users/admin/builder/spi-builder-workspace/.dependencies/checkouts/WWMachineLearning_Resnet50/Sources/WWMachineLearning_Resnet50/WWMachineLearning+Resnet50.swift:137:70: error: cannot find type 'VNClassificationObservation' in scope
135 | /// - image: UIImage?
136 | /// - result: (Result<[VNClassificationObservation], Error>) -> Void
137 | func prediction(with image: UIImage?, result: @escaping (Result<[VNClassificationObservation], Error>) -> Void) {
| `- error: cannot find type 'VNClassificationObservation' in scope
138 |
139 | guard let image else { return result(.failure(WWMachineLearning.CustomError.isImageEmpty)) }
/Users/admin/builder/spi-builder-workspace/.dependencies/checkouts/WWMachineLearning_Resnet50/Sources/WWMachineLearning_Resnet50/WWMachineLearning+Resnet50.swift:144:35: error: cannot find 'VNCoreMLModel' in scope
142 |
143 | do {
144 | let coreMLModel = try VNCoreMLModel(for: model)
| `- error: cannot find 'VNCoreMLModel' in scope
145 |
146 | let request = VNCoreMLRequest(model: coreMLModel) { (request, error) in
/Users/admin/builder/spi-builder-workspace/.dependencies/checkouts/WWMachineLearning_Resnet50/Sources/WWMachineLearning_Resnet50/WWMachineLearning+Resnet50.swift:146:27: error: cannot find 'VNCoreMLRequest' in scope
144 | let coreMLModel = try VNCoreMLModel(for: model)
145 |
146 | let request = VNCoreMLRequest(model: coreMLModel) { (request, error) in
| `- error: cannot find 'VNCoreMLRequest' in scope
147 |
148 | if let error = error { return result(.failure(error)) }
SwiftEmitModule normal arm64_32 Emitting\ module\ for\ WWMachineLearning_Resnet50 (in target 'WWMachineLearning_Resnet50' from project 'WWMachineLearning_Resnet50')
/Users/admin/builder/spi-builder-workspace/.dependencies/checkouts/WWMachineLearning_Resnet50/Sources/WWMachineLearning_Resnet50/Utility/Extension.swift:120:45: error: 'UIGraphicsImageRendererFormat' is unavailable in watchOS
118 | /// - size: 要改變的尺寸
119 | /// - format: UIGraphicsImageRendererFormat
120 | func _resized(for size: CGSize, format: UIGraphicsImageRendererFormat) -> UIImage {
| `- error: 'UIGraphicsImageRendererFormat' is unavailable in watchOS
121 |
122 | let renderer = UIGraphicsImageRenderer(size: size, format: format)
/Applications/Xcode-27.0.0-Release.Candidate.app/Contents/Developer/Platforms/WatchOS.platform/Developer/SDKs/WatchOS27.0.sdk/System/Library/Frameworks/UIKit.framework/Headers/UIGraphicsImageRenderer.h:27:12: note: 'UIGraphicsImageRendererFormat' has been explicitly marked unavailable here
25 |
26 | UIKIT_EXTERN API_AVAILABLE(ios(10.0)) API_UNAVAILABLE(watchos)
27 | @interface UIGraphicsImageRendererFormat : UIGraphicsRendererFormat
| `- note: 'UIGraphicsImageRendererFormat' has been explicitly marked unavailable here
28 |
29 | @property (nonatomic) CGFloat scale; // display scale of the context. The preferredFormat uses the scale most appropriate for the main screen's current configuration.
/Users/admin/builder/spi-builder-workspace/.dependencies/checkouts/WWMachineLearning_Resnet50/Sources/WWMachineLearning_Resnet50/Utility/Extension.swift:277:11: error: 'UIGraphicsImageRendererFormat' is unavailable in watchOS
275 |
276 | // MARK: - UIGraphicsImageRendererFormat (function)
277 | extension UIGraphicsImageRendererFormat {
| `- error: 'UIGraphicsImageRendererFormat' is unavailable in watchOS
278 |
279 | /// 設定比例
/Applications/Xcode-27.0.0-Release.Candidate.app/Contents/Developer/Platforms/WatchOS.platform/Developer/SDKs/WatchOS27.0.sdk/System/Library/Frameworks/UIKit.framework/Headers/UIGraphicsImageRenderer.h:27:12: note: 'UIGraphicsImageRendererFormat' has been explicitly marked unavailable here
25 |
26 | UIKIT_EXTERN API_AVAILABLE(ios(10.0)) API_UNAVAILABLE(watchos)
27 | @interface UIGraphicsImageRendererFormat : UIGraphicsRendererFormat
| `- note: 'UIGraphicsImageRendererFormat' has been explicitly marked unavailable here
28 |
29 | @property (nonatomic) CGFloat scale; // display scale of the context. The preferredFormat uses the scale most appropriate for the main screen's current configuration.
/Users/admin/builder/spi-builder-workspace/.dependencies/checkouts/WWMachineLearning_Resnet50/Sources/WWMachineLearning_Resnet50/WWMachineLearning+Resnet50.swift:137:70: error: cannot find type 'VNClassificationObservation' in scope
135 | /// - image: UIImage?
136 | /// - result: (Result<[VNClassificationObservation], Error>) -> Void
137 | func prediction(with image: UIImage?, result: @escaping (Result<[VNClassificationObservation], Error>) -> Void) {
| `- error: cannot find type 'VNClassificationObservation' in scope
138 |
139 | guard let image else { return result(.failure(WWMachineLearning.CustomError.isImageEmpty)) }
Failed frontend command:
/Applications/Xcode-27.0.0-Release.Candidate.app/Contents/Developer/Toolchains/XcodeDefault.xctoolchain/usr/bin/swift-frontend -frontend -emit-module -experimental-skip-non-inlinable-function-bodies-without-types /Users/admin/builder/spi-builder-workspace/.derivedData/Build/Intermediates.noindex/WWMachineLearning_Resnet50.build/Debug-watchos/WWMachineLearning_Resnet50-t.build/DerivedSources/resource_bundle_accessor.swift /Users/admin/builder/spi-builder-workspace/.dependencies/checkouts/WWMachineLearning_Resnet50/Sources/WWMachineLearning_Resnet50/Utility/Constant.swift /Users/admin/builder/spi-builder-workspace/.dependencies/checkouts/WWMachineLearning_Resnet50/Sources/WWMachineLearning_Resnet50/Utility/Extension.swift /Users/admin/builder/spi-builder-workspace/.dependencies/checkouts/WWMachineLearning_Resnet50/Sources/WWMachineLearning_Resnet50/WWMachineLearning+Resnet50.swift /Users/admin/builder/spi-builder-workspace/.dependencies/checkouts/WWMachineLearning_Resnet50/Sources/WWMachineLearning_Resnet50/WWMachineLearning.swift -target arm64_32-apple-watchos9.0 -disable-cross-import-overlay-search -swift-module-cross-import Vision /Applications/Xcode-27.0.0-Release.Candidate.app/Contents/Developer/Platforms/WatchOS.platform/Developer/SDKs/WatchOS.sdk/System/Library/Frameworks/Vision.framework/Modules/Vision.swiftcrossimport/FoundationModels.swiftoverlay -swift-module-cross-import Vision /Applications/Xcode-27.0.0-Release.Candidate.app/Contents/Developer/Platforms/WatchOS.platform/Developer/SDKs/WatchOS27.0.sdk/System/Library/Frameworks/Vision.framework/Modules/Vision.swiftcrossimport/FoundationModels.swiftoverlay -load-resolved-plugin /Applications/Xcode-27.0.0-Release.Candidate.app/Contents/Developer/Platforms/WatchOS.platform/Developer/usr/lib/swift/host/plugins/libFoundationMacros.dylib\#/Applications/Xcode-27.0.0-Release.Candidate.app/Contents/Developer/Platforms/WatchOS.platform/Developer/usr/bin/swift-plugin-server\#FoundationMacros -load-resolved-plugin /Applications/Xcode-27.0.0-Release.Candidate.app/Contents/Developer/Platforms/WatchOS.platform/Developer/usr/lib/swift/host/plugins/libObservationMacros.dylib\#/Applications/Xcode-27.0.0-Release.Candidate.app/Contents/Developer/Platforms/WatchOS.platform/Developer/usr/bin/swift-plugin-server\#ObservationMacros -load-resolved-plugin /Applications/Xcode-27.0.0-Release.Candidate.app/Contents/Developer/Platforms/WatchOS.platform/Developer/usr/lib/swift/host/plugins/libSwiftMacros.dylib\#/Applications/Xcode-27.0.0-Release.Candidate.app/Contents/Developer/Platforms/WatchOS.platform/Developer/usr/bin/swift-plugin-server\#SwiftMacros -load-resolved-plugin /Applications/Xcode-27.0.0-Release.Candidate.app/Contents/Developer/Platforms/WatchOS.platform/Developer/usr/lib/swift/host/plugins/libSwiftUIMacros.dylib\#/Applications/Xcode-27.0.0-Release.Candidate.app/Contents/Developer/Platforms/WatchOS.platform/Developer/usr/bin/swift-plugin-server\#SwiftUIMacros -disable-implicit-swift-modules -Xcc -fno-implicit-modules -Xcc -fno-implicit-module-maps -explicit-swift-module-map-file /Users/admin/builder/spi-builder-workspace/.derivedData/Build/Intermediates.noindex/WWMachineLearning_Resnet50.build/Debug-watchos/WWMachineLearning_Resnet50-t.build/Objects-normal/arm64_32/WWMachineLearning_Resnet50-dependencies-2.json -enable-objc-interop -sdk /Applications/Xcode-27.0.0-Release.Candidate.app/Contents/Developer/Platforms/WatchOS.platform/Developer/SDKs/WatchOS27.0.sdk -I /Users/admin/builder/spi-builder-workspace/.derivedData/Build/Products/Debug-watchos -Isystem /Applications/Xcode-27.0.0-Release.Candidate.app/Contents/Developer/Platforms/WatchOS.platform/Developer/usr/lib -F /Users/admin/builder/spi-builder-workspace/.derivedData/Build/Products/Debug-watchos/PackageFrameworks -F /Users/admin/builder/spi-builder-workspace/.derivedData/Build/Products/Debug-watchos -F /Applications/Xcode-27.0.0-Release.Candidate.app/Contents/Developer/Platforms/WatchOS.platform/Developer/Library/Frameworks -F /Applications/Xcode-27.0.0-Release.Candidate.app/Contents/Developer/Platforms/WatchOS.platform/Developer/SDKs/WatchOS27.0.sdk/Developer/Library/Frameworks -module-cache-path /Users/admin/builder/spi-builder-workspace/.derivedData/Build/Intermediates.noindex/SwiftExplicitPrecompiledModules -no-color-diagnostics -Xcc -fno-color-diagnostics -enable-testing -g -debug-info-format\=dwarf -dwarf-version\=4 -suppress-warnings -swift-version 5 -Onone -D SWIFT_PACKAGE -D DEBUG -D SWIFT_MODULE_RESOURCE_BUNDLE_AVAILABLE -D Xcode -serialize-debugging-options -enable-experimental-feature DebugDescriptionMacro -empty-abi-descriptor -validate-clang-modules-once -clang-build-session-file /Users/admin/builder/spi-builder-workspace/.derivedData/ModuleCache.noindex/Session.modulevalidation -Xcc -working-directory -Xcc /Users/admin/builder/spi-builder-workspace/.swiftpm/xcode -enable-anonymous-context-mangled-names -file-compilation-dir /Users/admin/builder/spi-builder-workspace/.swiftpm/xcode -Xcc -D_LIBCPP_HARDENING_MODE\=_LIBCPP_HARDENING_MODE_DEBUG -Xcc -ivfsstatcache -Xcc /Users/admin/builder/spi-builder-workspace/.derivedData/SDKStatCaches.noindex/watchos27.0-24R360-e829b21a6f8c9b70876ba0858053c04477534ef55a1706bf4c1112bbb242f0a2.sdkstatcache -Xcc -fmodules-prune-interval\=86400 -Xcc -fmodules-prune-after\=345600 -Xcc -I/Users/admin/builder/spi-builder-workspace/.derivedData/Build/Products/Debug-watchos/include -Xcc -I/Users/admin/builder/spi-builder-workspace/.derivedData/Build/Intermediates.noindex/WWMachineLearning_Resnet50.build/Debug-watchos/WWMachineLearning_Resnet50-t.build/DerivedSources-normal/arm64_32 -Xcc -I/Users/admin/builder/spi-builder-workspace/.derivedData/Build/Intermediates.noindex/WWMachineLearning_Resnet50.build/Debug-watchos/WWMachineLearning_Resnet50-t.build/DerivedSources/arm64_32 -Xcc -I/Users/admin/builder/spi-builder-workspace/.derivedData/Build/Intermediates.noindex/WWMachineLearning_Resnet50.build/Debug-watchos/WWMachineLearning_Resnet50-t.build/DerivedSources -Xcc -DSWIFT_PACKAGE -Xcc -DDEBUG\=1 -no-auto-bridging-header-chaining -module-name WWMachineLearning_Resnet50 -const-gather-protocols-file /Users/admin/builder/spi-builder-workspace/.derivedData/Build/Intermediates.noindex/WWMachineLearning_Resnet50.build/Debug-watchos/WWMachineLearning_Resnet50-t.build/Objects-normal/arm64_32/WWMachineLearning_Resnet50_const_extract_protocols.json -disable-clang-spi -clang-target arm64_32-apple-watchos27.0 -target-sdk-version 27.0 -target-sdk-name watchos27.0 -in-process-plugin-server-path /Applications/Xcode-27.0.0-Release.Candidate.app/Contents/Developer/Toolchains/XcodeDefault.xctoolchain/usr/lib/swift/host/libSwiftInProcPluginServer.dylib -emit-module-doc-path /Users/admin/builder/spi-builder-workspace/.derivedData/Build/Intermediates.noindex/WWMachineLearning_Resnet50.build/Debug-watchos/WWMachineLearning_Resnet50-t.build/Objects-normal/arm64_32/WWMachineLearning_Resnet50.swiftdoc -emit-module-source-info-path /Users/admin/builder/spi-builder-workspace/.derivedData/Build/Intermediates.noindex/WWMachineLearning_Resnet50.build/Debug-watchos/WWMachineLearning_Resnet50-t.build/Objects-normal/arm64_32/WWMachineLearning_Resnet50.swiftsourceinfo -emit-objc-header-path /Users/admin/builder/spi-builder-workspace/.derivedData/Build/Intermediates.noindex/WWMachineLearning_Resnet50.build/Debug-watchos/WWMachineLearning_Resnet50-t.build/Objects-normal/arm64_32/WWMachineLearning_Resnet50-Swift.h -serialize-diagnostics-path /Users/admin/builder/spi-builder-workspace/.derivedData/Build/Intermediates.noindex/WWMachineLearning_Resnet50.build/Debug-watchos/WWMachineLearning_Resnet50-t.build/Objects-normal/arm64_32/WWMachineLearning_Resnet50-primary-emit-module.dia -emit-dependencies-path /Users/admin/builder/spi-builder-workspace/.derivedData/Build/Intermediates.noindex/WWMachineLearning_Resnet50.build/Debug-watchos/WWMachineLearning_Resnet50-t.build/Objects-normal/arm64_32/WWMachineLearning_Resnet50-primary-emit-module.d -parse-as-library -o /Users/admin/builder/spi-builder-workspace/.derivedData/Build/Intermediates.noindex/WWMachineLearning_Resnet50.build/Debug-watchos/WWMachineLearning_Resnet50-t.build/Objects-normal/arm64_32/WWMachineLearning_Resnet50.swiftmodule -emit-abi-descriptor-path /Users/admin/builder/spi-builder-workspace/.derivedData/Build/Intermediates.noindex/WWMachineLearning_Resnet50.build/Debug-watchos/WWMachineLearning_Resnet50-t.build/Objects-normal/arm64_32/WWMachineLearning_Resnet50.abi.json
SwiftCompile normal arm64_32 (in target 'WWMachineLearning_Resnet50' from project 'WWMachineLearning_Resnet50')
cd /Users/admin/builder/spi-builder-workspace/.swiftpm/xcode
SwiftCompile normal arm64_32 Compiling\ resource_bundle_accessor.swift /Users/admin/builder/spi-builder-workspace/.derivedData/Build/Intermediates.noindex/WWMachineLearning_Resnet50.build/Debug-watchos/WWMachineLearning_Resnet50-t.build/DerivedSources/resource_bundle_accessor.swift (in target 'WWMachineLearning_Resnet50' from project 'WWMachineLearning_Resnet50')
SwiftCompile normal arm64_32 /Users/admin/builder/spi-builder-workspace/.derivedData/Build/Intermediates.noindex/WWMachineLearning_Resnet50.build/Debug-watchos/WWMachineLearning_Resnet50-t.build/DerivedSources/resource_bundle_accessor.swift (in target 'WWMachineLearning_Resnet50' from project 'WWMachineLearning_Resnet50')
cd /Users/admin/builder/spi-builder-workspace/.swiftpm/xcode
builtin-SwiftPerFileCompile resource_bundle_accessor.swift
SwiftCompile normal arm64_32 Compiling\ WWMachineLearning.swift /Users/admin/builder/spi-builder-workspace/.dependencies/checkouts/WWMachineLearning_Resnet50/Sources/WWMachineLearning_Resnet50/WWMachineLearning.swift (in target 'WWMachineLearning_Resnet50' from project 'WWMachineLearning_Resnet50')
SwiftCompile normal arm64_32 /Users/admin/builder/spi-builder-workspace/.dependencies/checkouts/WWMachineLearning_Resnet50/Sources/WWMachineLearning_Resnet50/WWMachineLearning.swift (in target 'WWMachineLearning_Resnet50' from project 'WWMachineLearning_Resnet50')
cd /Users/admin/builder/spi-builder-workspace/.swiftpm/xcode
builtin-SwiftPerFileCompile WWMachineLearning.swift
SwiftCompile normal arm64_32 Compiling\ Constant.swift /Users/admin/builder/spi-builder-workspace/.dependencies/checkouts/WWMachineLearning_Resnet50/Sources/WWMachineLearning_Resnet50/Utility/Constant.swift (in target 'WWMachineLearning_Resnet50' from project 'WWMachineLearning_Resnet50')
SwiftCompile normal arm64_32 /Users/admin/builder/spi-builder-workspace/.dependencies/checkouts/WWMachineLearning_Resnet50/Sources/WWMachineLearning_Resnet50/Utility/Constant.swift (in target 'WWMachineLearning_Resnet50' from project 'WWMachineLearning_Resnet50')
cd /Users/admin/builder/spi-builder-workspace/.swiftpm/xcode
builtin-SwiftPerFileCompile Constant.swift
SwiftCompile normal arm64_32 Compiling\ Extension.swift /Users/admin/builder/spi-builder-workspace/.dependencies/checkouts/WWMachineLearning_Resnet50/Sources/WWMachineLearning_Resnet50/Utility/Extension.swift (in target 'WWMachineLearning_Resnet50' from project 'WWMachineLearning_Resnet50')
SwiftCompile normal arm64_32 /Users/admin/builder/spi-builder-workspace/.dependencies/checkouts/WWMachineLearning_Resnet50/Sources/WWMachineLearning_Resnet50/Utility/Extension.swift (in target 'WWMachineLearning_Resnet50' from project 'WWMachineLearning_Resnet50')
cd /Users/admin/builder/spi-builder-workspace/.swiftpm/xcode
builtin-SwiftPerFileCompile Extension.swift
/Users/admin/builder/spi-builder-workspace/.dependencies/checkouts/WWMachineLearning_Resnet50/Sources/WWMachineLearning_Resnet50/Utility/Extension.swift:120:45: error: 'UIGraphicsImageRendererFormat' is unavailable in watchOS
118 | /// - size: 要改變的尺寸
119 | /// - format: UIGraphicsImageRendererFormat
120 | func _resized(for size: CGSize, format: UIGraphicsImageRendererFormat) -> UIImage {
| `- error: 'UIGraphicsImageRendererFormat' is unavailable in watchOS
121 |
122 | let renderer = UIGraphicsImageRenderer(size: size, format: format)
/Applications/Xcode-27.0.0-Release.Candidate.app/Contents/Developer/Platforms/WatchOS.platform/Developer/SDKs/WatchOS27.0.sdk/System/Library/Frameworks/UIKit.framework/Headers/UIGraphicsImageRenderer.h:27:12: note: 'UIGraphicsImageRendererFormat' has been explicitly marked unavailable here
25 |
26 | UIKIT_EXTERN API_AVAILABLE(ios(10.0)) API_UNAVAILABLE(watchos)
27 | @interface UIGraphicsImageRendererFormat : UIGraphicsRendererFormat
| `- note: 'UIGraphicsImageRendererFormat' has been explicitly marked unavailable here
28 |
29 | @property (nonatomic) CGFloat scale; // display scale of the context. The preferredFormat uses the scale most appropriate for the main screen's current configuration.
/Users/admin/builder/spi-builder-workspace/.dependencies/checkouts/WWMachineLearning_Resnet50/Sources/WWMachineLearning_Resnet50/Utility/Extension.swift:277:11: error: 'UIGraphicsImageRendererFormat' is unavailable in watchOS
275 |
276 | // MARK: - UIGraphicsImageRendererFormat (function)
277 | extension UIGraphicsImageRendererFormat {
| `- error: 'UIGraphicsImageRendererFormat' is unavailable in watchOS
278 |
279 | /// 設定比例
/Applications/Xcode-27.0.0-Release.Candidate.app/Contents/Developer/Platforms/WatchOS.platform/Developer/SDKs/WatchOS27.0.sdk/System/Library/Frameworks/UIKit.framework/Headers/UIGraphicsImageRenderer.h:27:12: note: 'UIGraphicsImageRendererFormat' has been explicitly marked unavailable here
25 |
26 | UIKIT_EXTERN API_AVAILABLE(ios(10.0)) API_UNAVAILABLE(watchos)
27 | @interface UIGraphicsImageRendererFormat : UIGraphicsRendererFormat
| `- note: 'UIGraphicsImageRendererFormat' has been explicitly marked unavailable here
28 |
29 | @property (nonatomic) CGFloat scale; // display scale of the context. The preferredFormat uses the scale most appropriate for the main screen's current configuration.
/Users/admin/builder/spi-builder-workspace/.dependencies/checkouts/WWMachineLearning_Resnet50/Sources/WWMachineLearning_Resnet50/Utility/Extension.swift:106:22: error: 'UIGraphicsImageRendererFormat' is unavailable in watchOS
104 | func _resized(for size: CGSize, scale: CGFloat) -> UIImage {
105 |
106 | let format = UIGraphicsImageRendererFormat()
| `- error: 'UIGraphicsImageRendererFormat' is unavailable in watchOS
107 | format.scale = scale
108 |
/Applications/Xcode-27.0.0-Release.Candidate.app/Contents/Developer/Platforms/WatchOS.platform/Developer/SDKs/WatchOS27.0.sdk/System/Library/Frameworks/UIKit.framework/Headers/UIGraphicsImageRenderer.h:27:12: note: 'UIGraphicsImageRendererFormat' has been explicitly marked unavailable here
25 |
26 | UIKIT_EXTERN API_AVAILABLE(ios(10.0)) API_UNAVAILABLE(watchos)
27 | @interface UIGraphicsImageRendererFormat : UIGraphicsRendererFormat
| `- note: 'UIGraphicsImageRendererFormat' has been explicitly marked unavailable here
28 |
29 | @property (nonatomic) CGFloat scale; // display scale of the context. The preferredFormat uses the scale most appropriate for the main screen's current configuration.
/Users/admin/builder/spi-builder-workspace/.dependencies/checkouts/WWMachineLearning_Resnet50/Sources/WWMachineLearning_Resnet50/Utility/Extension.swift:109:24: error: 'UIGraphicsImageRenderer' is unavailable in watchOS
107 | format.scale = scale
108 |
109 | let renderer = UIGraphicsImageRenderer(size: size, format: format)
| `- error: 'UIGraphicsImageRenderer' is unavailable in watchOS
110 | let resizeImage = renderer.image { (context) in draw(in: renderer.format.bounds) }
111 |
/Applications/Xcode-27.0.0-Release.Candidate.app/Contents/Developer/Platforms/WatchOS.platform/Developer/SDKs/WatchOS27.0.sdk/System/Library/Frameworks/UIKit.framework/Headers/UIGraphicsImageRenderer.h:47:12: note: 'UIGraphicsImageRenderer' has been explicitly marked unavailable here
45 |
46 | UIKIT_EXTERN API_AVAILABLE(ios(10.0)) API_UNAVAILABLE(watchos)
47 | @interface UIGraphicsImageRenderer : UIGraphicsRenderer
| `- note: 'UIGraphicsImageRenderer' has been explicitly marked unavailable here
48 | - (instancetype)initWithSize:(CGSize)size;
49 | - (instancetype)initWithSize:(CGSize)size format:(UIGraphicsImageRendererFormat *)format NS_DESIGNATED_INITIALIZER;
/Users/admin/builder/spi-builder-workspace/.dependencies/checkouts/WWMachineLearning_Resnet50/Sources/WWMachineLearning_Resnet50/Utility/Extension.swift:122:24: error: 'UIGraphicsImageRenderer' is unavailable in watchOS
120 | func _resized(for size: CGSize, format: UIGraphicsImageRendererFormat) -> UIImage {
121 |
122 | let renderer = UIGraphicsImageRenderer(size: size, format: format)
| `- error: 'UIGraphicsImageRenderer' is unavailable in watchOS
123 | let resizeImage = renderer.image { (context) in draw(in: renderer.format.bounds) }
124 |
/Applications/Xcode-27.0.0-Release.Candidate.app/Contents/Developer/Platforms/WatchOS.platform/Developer/SDKs/WatchOS27.0.sdk/System/Library/Frameworks/UIKit.framework/Headers/UIGraphicsImageRenderer.h:47:12: note: 'UIGraphicsImageRenderer' has been explicitly marked unavailable here
45 |
46 | UIKIT_EXTERN API_AVAILABLE(ios(10.0)) API_UNAVAILABLE(watchos)
47 | @interface UIGraphicsImageRenderer : UIGraphicsRenderer
| `- note: 'UIGraphicsImageRenderer' has been explicitly marked unavailable here
48 | - (instancetype)initWithSize:(CGSize)size;
49 | - (instancetype)initWithSize:(CGSize)size format:(UIGraphicsImageRendererFormat *)format NS_DESIGNATED_INITIALIZER;
/Users/admin/builder/spi-builder-workspace/.dependencies/checkouts/WWMachineLearning_Resnet50/Sources/WWMachineLearning_Resnet50/Utility/Extension.swift:148:22: error: 'UIGraphicsImageRendererFormat' is unavailable in watchOS
146 | func _normalize(with size: CGSize, bitsPerComponent: Int, bitsPerPixel: Int) -> UIImage? {
147 |
148 | let format = UIGraphicsImageRendererFormat.default()._scale(1.0)
| `- error: 'UIGraphicsImageRendererFormat' is unavailable in watchOS
149 | let resizedImage = self._resized(for: size, format: format)
150 |
/Applications/Xcode-27.0.0-Release.Candidate.app/Contents/Developer/Platforms/WatchOS.platform/Developer/SDKs/WatchOS27.0.sdk/System/Library/Frameworks/UIKit.framework/Headers/UIGraphicsImageRenderer.h:27:12: note: 'UIGraphicsImageRendererFormat' has been explicitly marked unavailable here
25 |
26 | UIKIT_EXTERN API_AVAILABLE(ios(10.0)) API_UNAVAILABLE(watchos)
27 | @interface UIGraphicsImageRendererFormat : UIGraphicsRendererFormat
| `- note: 'UIGraphicsImageRendererFormat' has been explicitly marked unavailable here
28 |
29 | @property (nonatomic) CGFloat scale; // display scale of the context. The preferredFormat uses the scale most appropriate for the main screen's current configuration.
SwiftCompile normal arm64_32 Compiling\ WWMachineLearning+Resnet50.swift /Users/admin/builder/spi-builder-workspace/.dependencies/checkouts/WWMachineLearning_Resnet50/Sources/WWMachineLearning_Resnet50/WWMachineLearning+Resnet50.swift (in target 'WWMachineLearning_Resnet50' from project 'WWMachineLearning_Resnet50')
/Users/admin/builder/spi-builder-workspace/.dependencies/checkouts/WWMachineLearning_Resnet50/Sources/WWMachineLearning_Resnet50/WWMachineLearning+Resnet50.swift:137:70: error: cannot find type 'VNClassificationObservation' in scope
135 | /// - image: UIImage?
136 | /// - result: (Result<[VNClassificationObservation], Error>) -> Void
137 | func prediction(with image: UIImage?, result: @escaping (Result<[VNClassificationObservation], Error>) -> Void) {
| `- error: cannot find type 'VNClassificationObservation' in scope
138 |
139 | guard let image else { return result(.failure(WWMachineLearning.CustomError.isImageEmpty)) }
/Users/admin/builder/spi-builder-workspace/.dependencies/checkouts/WWMachineLearning_Resnet50/Sources/WWMachineLearning_Resnet50/WWMachineLearning+Resnet50.swift:144:35: error: cannot find 'VNCoreMLModel' in scope
142 |
143 | do {
144 | let coreMLModel = try VNCoreMLModel(for: model)
| `- error: cannot find 'VNCoreMLModel' in scope
145 |
146 | let request = VNCoreMLRequest(model: coreMLModel) { (request, error) in
/Users/admin/builder/spi-builder-workspace/.dependencies/checkouts/WWMachineLearning_Resnet50/Sources/WWMachineLearning_Resnet50/WWMachineLearning+Resnet50.swift:146:27: error: cannot find 'VNCoreMLRequest' in scope
144 | let coreMLModel = try VNCoreMLModel(for: model)
145 |
146 | let request = VNCoreMLRequest(model: coreMLModel) { (request, error) in
| `- error: cannot find 'VNCoreMLRequest' in scope
147 |
148 | if let error = error { return result(.failure(error)) }
SwiftCompile normal arm64_32 /Users/admin/builder/spi-builder-workspace/.dependencies/checkouts/WWMachineLearning_Resnet50/Sources/WWMachineLearning_Resnet50/WWMachineLearning+Resnet50.swift (in target 'WWMachineLearning_Resnet50' from project 'WWMachineLearning_Resnet50')
cd /Users/admin/builder/spi-builder-workspace/.swiftpm/xcode
builtin-SwiftPerFileCompile WWMachineLearning+Resnet50.swift
SwiftDriverJobDiscovery normal arm64_32 Compiling Constant.swift (in target 'WWMachineLearning_Resnet50' from project 'WWMachineLearning_Resnet50')
SwiftDriverJobDiscovery normal arm64_32 Compiling resource_bundle_accessor.swift (in target 'WWMachineLearning_Resnet50' from project 'WWMachineLearning_Resnet50')
PruneExplicitPrecompiledModules /Users/admin/builder/spi-builder-workspace/.derivedData/Build/Intermediates.noindex/SwiftExplicitPrecompiledModules
PruneExplicitPrecompiledModules /Users/admin/builder/spi-builder-workspace/.derivedData/SDKExplicitPrecompiledModules
PruneExplicitPrecompiledModules /Users/admin/builder/spi-builder-workspace/.derivedData/Build/Intermediates.noindex/ExplicitPrecompiledModules
2026-09-23 06:40:42.267 xcodebuild[1007:5644] [MT] IDERunDestination: Supported platforms for the buildables in the current scheme is empty.
** BUILD FAILED **
The following build commands failed:
SwiftEmitModule normal arm64 Emitting\ module\ for\ WWMachineLearning_Resnet50 (in target 'WWMachineLearning_Resnet50' from project 'WWMachineLearning_Resnet50')
SwiftCompile normal arm64 (in target 'WWMachineLearning_Resnet50' from project 'WWMachineLearning_Resnet50')
SwiftEmitModule normal arm64_32 Emitting\ module\ for\ WWMachineLearning_Resnet50 (in target 'WWMachineLearning_Resnet50' from project 'WWMachineLearning_Resnet50')
SwiftCompile normal arm64_32 (in target 'WWMachineLearning_Resnet50' from project 'WWMachineLearning_Resnet50')
Building workspace WWMachineLearning_ImageColorizer with scheme WWMachineLearning_ImageColorizer
(5 failures)
BUILD FAILURE 6.4 watchOS